Back
From: metabase:user:320bfe00-2aae-11df-837a-5e0a49663a4f
Subject: FAIL Catalyst-View-Mason-0.19 v5.23.7 GNU/Linux
Date: 2015-12-22T14:25:54Z
This distribution has been tested as part of the CPAN Testers
project, supporting the Perl programming language. See
http://wiki.cpantesters.org/ for more information or email
questions to cpan-testers-discuss@perl.org
--
Dear John Napiorkowski,
This is a computer-generated report for Catalyst-View-Mason-0.19
on perl 5.23.7, created by CPAN-Reporter-1.2015.
Thank you for uploading your work to CPAN. However, there was a problem
testing your distribution.
If you think this report is invalid, please consult the CPAN Testers Wiki
for suggestions on how to avoid getting FAIL reports for missing library
or binary dependencies, unsupported operating systems, and so on:
http://wiki.cpantesters.org/wiki/CPANAuthorNotes
Sections of this report:
* Tester comments
* Program output
* Prerequisites
* Environment and other context
------------------------------
TESTER COMMENTS
------------------------------
Additional comments from tester:
this report is from an automated smoke testing program
and was not reviewed by a human for accuracy
------------------------------
PROGRAM OUTPUT
------------------------------
Output from '/usr/bin/make test':
"/tmp/basesmoker-reloperl-zWVh/bin/perl" "-Iinc" "-MModule::Install::ExtraTests" "-e" "Module::Install::ExtraTests::__harness('Test::Harness', 0, '', 'xt/release', '', 0, 'blib/lib', 'blib/arch')" t/*.t
t/01use.t ............. ok
t/action.t ............ ok
t/appconfig.t ......... ok
t/comp_path.t ......... ok
t/comp_root.t ......... ok
t/comp_root_ref.t ..... ok
[debug] Catalyst encoding config is set to encode in 'UTF-8', content type is 'iso8859-1', not encoding
t/content_type.t ...... ok
t/data_dir_default.t .. ok
# Failed test 'use Catalyst::Test;'
# at t/debug.t line 20.
# Tried to use 'Catalyst::Test'.
# Error: Can't locate object method "BINMODE" via package "IO::Capture::Tie_STDx" at /home/sand/src/perl/repoperls/installed-perls/perl/v5.23.6-5-gca81472/127e/lib/site_perl/5.23.7/Catalyst/Log.pm line 144.
# Compilation failed in require at /home/sand/src/perl/repoperls/installed-perls/perl/v5.23.6-5-gca81472/127e/lib/site_perl/5.23.7/Catalyst/Test.pm line 155.
# BEGIN failed--compilation aborted at t/debug.t line 20.
# Looks like you planned 3 tests but ran 1.
# Looks like you failed 1 test of 1 run.
# Looks like your test exited with 29 just after 1.
t/debug.t .............
Dubious, test returned 29 (wstat 7424, 0x1d00)
Failed 3/3 subtests
t/deprecation.t ....... ok
t/exception.t ......... ok
t/extension.t ......... ok
[warn] Attempted to use view 'TestApp::View::Mason::AppConfig', but does not exist
t/extension_always.t .. ok
[warn] Attempted to use view 'TestApp::View::Mason::PkgConfig', but does not exist
[warn] Attempted to use view 'TestApp::View::Mason::PkgConfig', but does not exist
t/globals.t ........... ok
t/helper.t ............ ok
t/pkgconfig.t ......... ok
t/render.t ............ ok
t/stringify.t ......... ok
Test Summary Report
-------------------
t/debug.t (Wstat: 7424 Tests: 1 Failed: 1)
Failed test: 1
Non-zero exit status: 29
Parse errors: Bad plan. You planned 3 tests but ran 1.
Files=18, Tests=77, 19 wallclock secs ( 0.08 usr 0.09 sys + 15.72 cusr 2.60 csys = 18.49 CPU)
Result: FAIL
Failed 1/18 test programs. 1/77 subtests failed.
Makefile:777: recipe for target 'test_dynamic' failed
make: *** [test_dynamic] Error 255
------------------------------
PREREQUISITES
------------------------------
Prerequisite modules loaded:
requires:
Module Need Have
------------------- ---- -------
Catalyst 5.50 5.90103
File::Spec 0 3.60
HTML::Mason 0 1.56
MRO::Compat 0 0.12
parent 0 0.234
Scalar::Util 0 1.42_01
build_requires:
Module Need Have
------------------- ---- -------
ExtUtils::MakeMaker 6.36 7.10
configure_requires:
Module Need Have
------------------- ---- -------
ExtUtils::MakeMaker 6.36 7.10
------------------------------
ENVIRONMENT AND OTHER CONTEXT
------------------------------
Environment variables:
AUTOMATED_TESTING = 1
LANG = en_US.UTF-8
LANGUAGE = en_US:en
PATH = /home/sand/bin:/usr/local/bin:/usr/bin:/bin:/usr/games:/usr/local/perl/bin:/usr/X11/bin:/sbin:/usr/sbin
PERL = /tmp/basesmoker-reloperl-zWVh/bin/perl
PERL5LIB =
PERL5OPT =
PERL5_CPANPLUS_IS_RUNNING = 14719
PERL5_CPAN_IS_RUNNING = 14719
PERL_MM_USE_DEFAULT = 1
SHELL = /usr/bin/zsh
TERM = screen
Perl special variables (and OS-specific diagnostics, for MSWin32):
$^X = /tmp/basesmoker-reloperl-zWVh/bin/perl
$UID/$EUID = 1005 / 1005
$GID = 1005 1005
$EGID = 1005 1005
Perl module toolchain versions installed:
Module Have
------------------- --------
CPAN 2.10
CPAN::Meta 2.150005
Cwd 3.60
ExtUtils::CBuilder 0.280224
ExtUtils::Command 7.10
ExtUtils::Install 2.04
ExtUtils::MakeMaker 7.10
ExtUtils::Manifest 1.70
ExtUtils::ParseXS 3.30
File::Spec 3.60
JSON 2.90
JSON::PP 2.27300
Module::Build 0.4214
Module::Signature 0.79
Parse::CPAN::Meta 1.4417
Test::Harness 3.35
Test::More 1.001014
YAML 1.15
YAML::Syck 1.29
version 0.9909
--
Summary of my perl5 (revision 5 version 23 subversion 7) configuration:
Commit id: ca81472c4bd9286992e89c470022cc79c0eb3739
Platform:
osname=linux, osvers=4.2.0-1-amd64, archname=x86_64-linux-ld
uname='linux k83 4.2.0-1-amd64 #1 smp debian 4.2.6-2 (2015-12-04) x86_64 gnulinux '
config_args='-Dprefix=/home/sand/src/perl/repoperls/installed-perls/perl/v5.23.6-5-gca81472/127e -Dmyhostname=k83 -Dinstallusrbinperl=n -Uversiononly -Dusedevel -des -Ui_db -Uuseithreads -Duselongdouble -DDEBUGGING=-g'
hint=recommended, useposix=true, d_sigaction=define
useithreads=undef, usemultiplicity=undef
use64bitint=define, use64bitall=define, uselongdouble=define
usemymalloc=n, bincompat5005=undef
Compiler:
cc='cc', ccflags ='-fwrapv -fno-strict-aliasing -pipe -fstack-protector-strong -I/usr/local/include -D_LARGEFILE_SOURCE -D_FILE_OFFSET_BITS=64 -D_FORTIFY_SOURCE=2',
optimize='-O2 -g',
cppflags='-fwrapv -fno-strict-aliasing -pipe -fstack-protector-strong -I/usr/local/include'
ccversion='', gccversion='5.3.0 20151204', gccosandvers=''
intsize=4, longsize=8, ptrsize=8, doublesize=8, byteorder=12345678, doublekind=3
d_longlong=define, longlongsize=8, d_longdbl=define, longdblsize=16, longdblkind=3
ivtype='long', ivsize=8, nvtype='long double', nvsize=16, Off_t='off_t', lseeksize=8
alignbytes=16, prototype=define
Linker and Libraries:
ld='cc', ldflags =' -fstack-protector-strong -L/usr/local/lib'
libpth=/usr/local/lib /usr/lib/gcc/x86_64-linux-gnu/5/include-fixed /usr/include/x86_64-linux-gnu /usr/lib /lib/x86_64-linux-gnu /lib/../lib /usr/lib/x86_64-linux-gnu /usr/lib/../lib /lib
libs=-lpthread -lnsl -lgdbm -ldb -ldl -lm -lcrypt -lutil -lc -lgdbm_compat
perllibs=-lpthread -lnsl -ldl -lm -lcrypt -lutil -lc
libc=libc-2.21.so, so=so, useshrplib=false, libperl=libperl.a
gnulibc_version='2.21'
Dynamic Linking:
dlsrc=dl_dlopen.xs, dlext=so, d_dlsymun=undef, ccdlflags='-Wl,-E'
cccdlflags='-fPIC', lddlflags='-shared -O2 -g -L/usr/local/lib -fstack-protector-strong'
Characteristics of this binary (from libperl):
Compile-time options: HAS_TIMES PERLIO_LAYERS PERL_COPY_ON_WRITE
PERL_DONT_CREATE_GVSV
PERL_HASH_FUNC_ONE_AT_A_TIME_HARD PERL_MALLOC_WRAP
PERL_PRESERVE_IVUV PERL_USE_DEVEL USE_64_BIT_ALL
USE_64_BIT_INT USE_LARGE_FILES USE_LOCALE
USE_LOCALE_COLLATE USE_LOCALE_CTYPE
USE_LOCALE_NUMERIC USE_LOCALE_TIME USE_LONG_DOUBLE
USE_PERLIO USE_PERL_ATOF
Built under linux
Compiled at Dec 22 2015 06:50:12
%ENV:
PERL="/tmp/basesmoker-reloperl-zWVh/bin/perl"
PERL5LIB=""
PERL5OPT=""
PERL5_CPANPLUS_IS_RUNNING="14719"
PERL5_CPAN_IS_RUNNING="14719"
PERL_MM_USE_DEFAULT="1"
@INC:
/home/sand/src/perl/repoperls/installed-perls/perl/v5.23.6-5-gca81472/127e/lib/site_perl/5.23.7/x86_64-linux-ld
/home/sand/src/perl/repoperls/installed-perls/perl/v5.23.6-5-gca81472/127e/lib/site_perl/5.23.7
/home/sand/src/perl/repoperls/installed-perls/perl/v5.23.6-5-gca81472/127e/lib/5.23.7/x86_64-linux-ld
/home/sand/src/perl/repoperls/installed-perls/perl/v5.23.6-5-gca81472/127e/lib/5.23.7
.