Hadoop-HDFS-Command v0.005 Perl 5 v5.26.0 MSWin32-x64-multi-thread

Status
Fail
From
David Solimano
Dist
Hadoop-HDFS-Command v0.005
Platform
Perl 5 v5.26.0 MSWin32-x64-multi-thread
Date
2017-09-21 03:50:14
ID
e9162a57-d74c-1014-81e7-04cd5f496936
This distribution has been tested as part of the CPAN Testers
project, supporting the Perl programming language.  See
http://wiki.cpantesters.org/ for more information or email
questions to cpan-testers-discuss@perl.org


--
Dear Pedro Silva,

This is a computer-generated report for Hadoop-HDFS-Command-0.005
on perl 5.26.0, created by CPAN-Reporter-1.2018.

Thank you for uploading your work to CPAN.  However, there was a problem
testing your distribution.

If you think this report is invalid, please consult the CPAN Testers Wiki
for suggestions on how to avoid getting FAIL reports for missing library
or binary dependencies, unsupported operating systems, and so on:

http://wiki.cpantesters.org/wiki/CPANAuthorNotes

Sections of this report:

    * Tester comments
    * Program output
    * Prerequisites
    * Environment and other context

------------------------------
TESTER COMMENTS
------------------------------

Additional comments from tester:

this report is from an automated smoke testing program
and was not reviewed by a human for accuracy

------------------------------
PROGRAM OUTPUT
------------------------------

Output from 'C:\STRAWB~1\c\bin\gmake.exe test':

"C:\Strawberry\perl\bin\perl.exe" "-MExtUtils::Command::MM" "-MTest::Harness" "-e" "undef *Test::Harness::Switches; test_harness(0, 'blib\lib', 'blib\arch')" t/*.t

#   Failed test 'Hadoop/HDFS/Command.pm loaded ok'
#   at t/00-compile.t line 43.
#          got: '65280'
#     expected: '0'
The getpwuid function is unimplemented at C:\STRAWB~1\cpan\build\Hadoop-HDFS-Command-0.005-0\blib\lib/Hadoop/HDFS/Command.pm line 39.
Compilation failed in require at -e line 1.
# Looks like you failed 1 test of 1.
t/00-compile.t ........... 
Dubious, test returned 1 (wstat 256, 0x100)
Failed 1/1 subtests 
# 
# Versions for all modules listed in MYMETA.json (including optional ones):
# 
# === Configure Requires ===
# 
#     Module              Want Have
#     ------------------- ---- ----
#     ExtUtils::MakeMaker  any 7.28
# 
# === Build Requires ===
# 
#     Module              Want Have
#     ------------------- ---- ----
#     ExtUtils::MakeMaker  any 7.28
# 
# === Test Requires ===
# 
#     Module              Want     Have
#     ------------------- ---- --------
#     ExtUtils::MakeMaker  any     7.28
#     File::Spec           any     3.67
#     IO::Handle           any     1.36
#     IPC::Open3           any     1.20
#     Test::More           any 1.302085
#     blib                1.01     1.06
# 
# === Test Recommends ===
# 
#     Module         Want     Have
#     ---------- -------- --------
#     CPAN::Meta 2.120900 2.150010
# 
# === Runtime Requires ===
# 
#     Module                     Want     Have
#     -------------------------- ---- --------
#     Capture::Tiny               any     0.46
#     Carp                        any     1.42
#     Data::Dumper                any    2.167
#     DateTime                    any     1.43
#     DateTime::Format::Strptime  any     1.74
#     Getopt::Long                any      2.5
#     IPC::Cmd                    any     0.98
#     IPC::Open3                  any     1.20
#     Moo                         any 2.003002
#     Ref::Util                   any    0.203
#     Time::HiRes                 any   1.9742
#     Types::Standard             any 1.002001
#     strict                      any     1.11
#     warnings                    any     1.37
# 
t/00-report-prereqs.t .... ok
The getpwuid function is unimplemented at C:\STRAWB~1\cpan\build\Hadoop-HDFS-Command-0.005-0\blib\lib/Hadoop/HDFS/Command.pm line 39.
Compilation failed in require at t/01-use.t line 6.
BEGIN failed--compilation aborted at t/01-use.t line 6.
t/01-use.t ............... 
Dubious, test returned 255 (wstat 65280, 0xff00)
No subtests run 
t/author-pod-coverage.t .. skipped: these tests are for testing by the author
t/author-pod-syntax.t .... skipped: these tests are for testing by the author
t/release-distmeta.t ..... skipped: these tests are for release candidate testing

Test Summary Report
-------------------
t/00-compile.t         (Wstat: 256 Tests: 1 Failed: 1)
  Failed test:  1
  Non-zero exit status: 1
t/01-use.t             (Wstat: 65280 Tests: 0 Failed: 0)
  Non-zero exit status: 255
  Parse errors: No plan found in TAP output
Files=6, Tests=2,  3 wallclock secs ( 0.03 usr +  0.03 sys =  0.06 CPU)
Result: FAIL
Failed 2/6 test programs. 1/2 subtests failed.
gmake: *** [Makefile:890: test_dynamic] Error 255

------------------------------
PREREQUISITES
------------------------------

Prerequisite modules loaded:

requires:

    Module                     Need     Have    
    -------------------------- -------- --------
    Capture::Tiny              0        0.46    
    Carp                       0        1.42    
    Data::Dumper               0        2.167   
    DateTime                   0        1.43    
    DateTime::Format::Strptime 0        1.74    
    Getopt::Long               0        2.5     
    IPC::Cmd                   0        0.98    
    IPC::Open3                 0        1.20    
    Moo                        0        2.003002
    perl                       5.010    5.026000
    Ref::Util                  0        0.203   
    strict                     0        1.11    
    Time::HiRes                0        1.9742  
    Types::Standard            0        1.002001
    warnings                   0        1.37    

build_requires:

    Module                     Need     Have    
    -------------------------- -------- --------
    blib                       1.01     1.06    
    ExtUtils::MakeMaker        0        7.28    
    File::Spec                 0        3.67    
    IO::Handle                 0        1.36    
    IPC::Open3                 0        1.20    
    Test::More                 0        1.302085

configure_requires:

    Module                     Need     Have    
    -------------------------- -------- --------
    ExtUtils::MakeMaker        0        7.28    

opt_build_requires:

    Module                     Need     Have    
    -------------------------- -------- --------
    CPAN::Meta                 2.120900 2.150010


------------------------------
ENVIRONMENT AND OTHER CONTEXT
------------------------------

Environment variables:

    AUTOMATED_TESTING = 1
    COMSPEC = C:\Windows\system32\cmd.exe
    INCLUDE = C:\Program Files\IBM\WebSphere MQ\tools\c\include;C:\Program Files\IBM\WebSphere MQ\tools\cplus\include
    LIB = C:\Program Files\IBM\WebSphere MQ\tools\lib64;C:\Program Files\IBM\WebSphere MQ\tools\lib
    NUMBER_OF_PROCESSORS = 2
    PATH = C:\ProgramData\Oracle\Java\javapath;C:\Program Files\IBM\WebSphere MQ\java\lib;C:\Program Files\IBM\WebSphere MQ\java\lib64;C:\Windows\system32;C:\Windows;C:\Windows\System32\Wbem;C:\Windows\System32\WindowsPowerShell\v1.0\;C:\Program Files\IBM\WebSphere MQ\bin64;C:\Program Files\IBM\WebSphere MQ\bin;C:\Program Files\IBM\WebSphere MQ\tools\c\samples\bin;C:\RV\BIN;C:\Strawberry\c\bin;C:\Strawberry\perl\site\bin;C:\Strawberry\perl\bin
    PERL5LIB = C:\STRAWB~1\cpan\build\Devel-LexAlias-0.05-0/blib/arch;C:\STRAWB~1\cpan\build\Devel-LexAlias-0.05-0/blib/lib;C:\STRAWB~1\cpan\build\Devel-Caller-2.06-0/blib/arch;C:\STRAWB~1\cpan\build\Devel-Caller-2.06-0/blib/lib;C:\STRAWB~1\cpan\build\PadWalker-2.2-0/blib/arch;C:\STRAWB~1\cpan\build\PadWalker-2.2-0/blib/lib;C:\STRAWB~1\cpan\build\Regexp-Util-0.003-0/blib/arch;C:\STRAWB~1\cpan\build\Regexp-Util-0.003-0/blib/lib;C:\STRAWB~1\cpan\build\Hash-FieldHash-0.15-0/blib/arch;C:\STRAWB~1\cpan\build\Hash-FieldHash-0.15-0/blib/lib;C:\STRAWB~1\cpan\build\Type-Tie-0.009-0/blib/arch;C:\STRAWB~1\cpan\build\Type-Tie-0.009-0/blib/lib;C:\STRAWB~1\cpan\build\Type-Tiny-XS-0.012-0/blib/arch;C:\STRAWB~1\cpan\build\Type-Tiny-XS-0.012-0/blib/lib;C:\STRAWB~1\cpan\build\Type-Tiny-1.002001-0/blib/arch;C:\STRAWB~1\cpan\build\Type-Tiny-1.002001-0/blib/lib;C:\STRAWB~1\cpan\build\Ref-Util-0.203-0/blib/arch;C:\STRAWB~1\cpan\build\Ref-Util-0.203-0/blib/lib;C:\STRAWB~1\cpan\build\Ref-Util-XS-0.116-0/blib/arch;C:\STRAWB~1\cpan\build\Ref-Util-XS-0.116-0/blib/lib;C:\STRAWB~1\cpan\build\DateTime-Format-Strptime-1.74-1/blib/arch;C:\STRAWB~1\cpan\build\DateTime-Format-Strptime-1.74-1/blib/lib
    PERL5OPT = 
    PERL5_CPANPLUS_IS_RUNNING = 7284
    PERL5_CPAN_IS_RUNNING = 7284
    PERL5_CPAN_IS_RUNNING_IN_RECURSION = 6516,7284
    PERL_CR_SMOKER_CURRENT = Hadoop-HDFS-Command-0.005
    PERL_EXTUTILS_AUTOINSTALL = --defaultdeps
    PERL_MM_USE_DEFAULT = 1
    PERL_USE_UNSAFE_INC = 1
    PROCESSOR_IDENTIFIER = Intel64 Family 6 Model 37 Stepping 1, GenuineIntel
    TEMP = C:\Users\SOLIMA~1\AppData\Local\Temp

Perl special variables (and OS-specific diagnostics, for MSWin32):

    $^X = C:\Strawberry\perl\bin\perl.exe
    $UID/$EUID = 0 / 0
    $GID = 0
    $EGID = 0
    Win32::GetOSName = Win2012
    Win32::GetOSVersion = , 6, 3, 9600, 2, 0, 0, 272, 3
    Win32::FsType = NTFS
    Win32::IsAdminUser = 1

Perl module toolchain versions installed:

    Module              Have    
    ------------------- --------
    CPAN                2.18    
    CPAN::Meta          2.150010
    Cwd                 3.67    
    ExtUtils::CBuilder  0.280225
    ExtUtils::Command   7.28    
    ExtUtils::Install   2.14    
    ExtUtils::MakeMaker 7.28    
    ExtUtils::Manifest  1.70    
    ExtUtils::ParseXS   3.34    
    File::Spec          3.67    
    JSON                2.94    
    JSON::PP            2.94    
    Module::Build       0.4224  
    Module::Signature   n/a     
    Parse::CPAN::Meta   2.150010
    Test::Harness       3.39    
    Test::More          1.302085
    YAML                1.23    
    YAML::Syck          n/a     
    version             0.9918  


--

Summary of my perl5 (revision 5 version 26 subversion 0) configuration:
   
  Platform:
    osname=MSWin32
    osvers=6.3
    archname=MSWin32-x64-multi-thread
    uname='Win32 strawberry-perl 5.26.0.1 #1 Wed May 31 04:42:31 2017 x64'
    config_args='undef'
    hint=recommended
    useposix=true
    d_sigaction=undef
    useithreads=define
    usemultiplicity=define
    use64bitint=define
    use64bitall=undef
    uselongdouble=undef
    usemymalloc=n
    default_inc_excludes_dot=define
    bincompat5005=undef
  Compiler:
    cc='gcc'
    ccflags =' -s -O2 -DWIN32 -DWIN64 -DCONSERVATIVE -D__USE_MINGW_ANSI_STDIO -DPERL_TEXTMODE_SCRIPTS -DPERL_IMPLICIT_CONTEXT -DPERL_IMPLICIT_SYS -DUSE_PERLIO -fwrapv -fno-strict-aliasing -mms-bitfields'
    optimize='-s -O2'
    cppflags='-DWIN32'
    ccversion=''
    gccversion='7.1.0'
    gccosandvers=''
    intsize=4
    longsize=4
    ptrsize=8
    doublesize=8
    byteorder=12345678
    doublekind=3
    d_longlong=define
    longlongsize=8
    d_longdbl=define
    longdblsize=16
    longdblkind=3
    ivtype='long long'
    ivsize=8
    nvtype='double'
    nvsize=8
    Off_t='long long'
    lseeksize=8
    alignbytes=8
    prototype=define
  Linker and Libraries:
    ld='g++'
    ldflags ='-s -L"C:\STRAWB~1\perl\lib\CORE" -L"C:\STRAWB~1\c\lib"'
    libpth=C:\STRAWB~1\c\lib C:\STRAWB~1\c\x86_64-w64-mingw32\lib C:\STRAWB~1\c\lib\gcc\x86_64-w64-mingw32\7.1.0
    libs= -lmoldname -lkernel32 -luser32 -lgdi32 -lwinspool -lcomdlg32 -ladvapi32 -lshell32 -lole32 -loleaut32 -lnetapi32 -luuid -lws2_32 -lmpr -lwinmm -lversion -lodbc32 -lodbccp32 -lcomctl32
    perllibs= -lmoldname -lkernel32 -luser32 -lgdi32 -lwinspool -lcomdlg32 -ladvapi32 -lshell32 -lole32 -loleaut32 -lnetapi32 -luuid -lws2_32 -lmpr -lwinmm -lversion -lodbc32 -lodbccp32 -lcomctl32
    libc=
    so=dll
    useshrplib=true
    libperl=libperl526.a
    gnulibc_version=''
  Dynamic Linking:
    dlsrc=dl_win32.xs
    dlext=xs.dll
    d_dlsymun=undef
    ccdlflags=' '
    cccdlflags=' '
    lddlflags='-mdll -s -L"C:\STRAWB~1\perl\lib\CORE" -L"C:\STRAWB~1\c\lib"'


Characteristics of this binary (from libperl): 
  Compile-time options:
    HAS_TIMES
    HAVE_INTERP_INTERN
    MULTIPLICITY
    PERLIO_LAYERS
    PERL_COPY_ON_WRITE
    PERL_DONT_CREATE_GVSV
    PERL_IMPLICIT_CONTEXT
    PERL_IMPLICIT_SYS
    PERL_MALLOC_WRAP
    PERL_OP_PARENT
    PERL_PRESERVE_IVUV
    USE_64_BIT_INT
    USE_ITHREADS
    USE_LARGE_FILES
    USE_LOCALE
    USE_LOCALE_COLLATE
    USE_LOCALE_CTYPE
    USE_LOCALE_NUMERIC
    USE_LOCALE_TIME
    USE_PERLIO
    USE_PERL_ATOF
  Built under MSWin32
  Compiled at May 31 2017 04:57:43
  %ENV:
    PERL5LIB="C:\STRAWB~1\cpan\build\Devel-LexAlias-0.05-0/blib/arch;C:\STRAWB~1\cpan\build\Devel-LexAlias-0.05-0/blib/lib;C:\STRAWB~1\cpan\build\Devel-Caller-2.06-0/blib/arch;C:\STRAWB~1\cpan\build\Devel-Caller-2.06-0/blib/lib;C:\STRAWB~1\cpan\build\PadWalker-2.2-0/blib/arch;C:\STRAWB~1\cpan\build\PadWalker-2.2-0/blib/lib;C:\STRAWB~1\cpan\build\Regexp-Util-0.003-0/blib/arch;C:\STRAWB~1\cpan\build\Regexp-Util-0.003-0/blib/lib;C:\STRAWB~1\cpan\build\Hash-FieldHash-0.15-0/blib/arch;C:\STRAWB~1\cpan\build\Hash-FieldHash-0.15-0/blib/lib;C:\STRAWB~1\cpan\build\Type-Tie-0.009-0/blib/arch;C:\STRAWB~1\cpan\build\Type-Tie-0.009-0/blib/lib;C:\STRAWB~1\cpan\build\Type-Tiny-XS-0.012-0/blib/arch;C:\STRAWB~1\cpan\build\Type-Tiny-XS-0.012-0/blib/lib;C:\STRAWB~1\cpan\build\Type-Tiny-1.002001-0/blib/arch;C:\STRAWB~1\cpan\build\Type-Tiny-1.002001-0/blib/lib;C:\STRAWB~1\cpan\build\Ref-Util-0.203-0/blib/arch;C:\STRAWB~1\cpan\build\Ref-Util-0.203-0/blib/lib;C:\STRAWB~1\cpan\build\Ref-Util-XS-0.116-0/blib/arch;C:\STRAWB~1\cpan\build\Ref-Util-XS-0.116-0/blib/lib;C:\STRAWB~1\cpan\build\DateTime-Format-Strptime-1.74-1/blib/arch;C:\STRAWB~1\cpan\build\DateTime-Format-Strptime-1.74-1/blib/lib"
    PERL5_CPANPLUS_IS_RUNNING="7284"
    PERL5_CPAN_IS_RUNNING="7284"
    PERL5_CPAN_IS_RUNNING_IN_RECURSION="6516,7284"
    PERL_CR_SMOKER_CURRENT="Hadoop-HDFS-Command-0.005"
    PERL_EXTUTILS_AUTOINSTALL="--defaultdeps"
    PERL_MM_USE_DEFAULT="1"
    PERL_USE_UNSAFE_INC="1"
  @INC:
    C:\STRAWB~1\cpan\build\Devel-LexAlias-0.05-0/blib/arch
    C:\STRAWB~1\cpan\build\Devel-LexAlias-0.05-0/blib/lib
    C:\STRAWB~1\cpan\build\Devel-Caller-2.06-0/blib/arch
    C:\STRAWB~1\cpan\build\Devel-Caller-2.06-0/blib/lib
    C:\STRAWB~1\cpan\build\PadWalker-2.2-0/blib/arch
    C:\STRAWB~1\cpan\build\PadWalker-2.2-0/blib/lib
    C:\STRAWB~1\cpan\build\Regexp-Util-0.003-0/blib/arch
    C:\STRAWB~1\cpan\build\Regexp-Util-0.003-0/blib/lib
    C:\STRAWB~1\cpan\build\Hash-FieldHash-0.15-0/blib/arch
    C:\STRAWB~1\cpan\build\Hash-FieldHash-0.15-0/blib/lib
    C:\STRAWB~1\cpan\build\Type-Tie-0.009-0/blib/arch
    C:\STRAWB~1\cpan\build\Type-Tie-0.009-0/blib/lib
    C:\STRAWB~1\cpan\build\Type-Tiny-XS-0.012-0/blib/arch
    C:\STRAWB~1\cpan\build\Type-Tiny-XS-0.012-0/blib/lib
    C:\STRAWB~1\cpan\build\Type-Tiny-1.002001-0/blib/arch
    C:\STRAWB~1\cpan\build\Type-Tiny-1.002001-0/blib/lib
    C:\STRAWB~1\cpan\build\Ref-Util-0.203-0/blib/arch
    C:\STRAWB~1\cpan\build\Ref-Util-0.203-0/blib/lib
    C:\STRAWB~1\cpan\build\Ref-Util-XS-0.116-0/blib/arch
    C:\STRAWB~1\cpan\build\Ref-Util-XS-0.116-0/blib/lib
    C:\STRAWB~1\cpan\build\DateTime-Format-Strptime-1.74-1/blib/arch
    C:\STRAWB~1\cpan\build\DateTime-Format-Strptime-1.74-1/blib/lib
    C:/Strawberry/perl/site/lib/MSWin32-x64-multi-thread
    C:/Strawberry/perl/site/lib
    C:/Strawberry/perl/vendor/lib
    C:/Strawberry/perl/lib
    .