Plack-Middleware-Debug-Mongo v0.03 Perl 5 v5.37.11 x86_64-linux-thread-multi

Status
Fail
From
Andreas J. König (ANDK)
Dist
Plack-Middleware-Debug-Mongo v0.03
Platform
Perl 5 v5.37.11 x86_64-linux-thread-multi
Date
2023-04-30 10:43:57
ID
e8dd8968-e743-11ed-8bb0-2b6bc5f35b9c
This distribution has been tested as part of the CPAN Testers
project, supporting the Perl programming language.  See
http://wiki.cpantesters.org/ for more information or email
questions to cpan-testers-discuss@perl.org


--
Dear Anton Gerasimov,

This is a computer-generated report for Plack-Middleware-Debug-Mongo-0.03
on perl 5.37.11, created by CPAN-Reporter-1.2018.

Thank you for uploading your work to CPAN.  However, there was a problem
testing your distribution.

If you think this report is invalid, please consult the CPAN Testers Wiki
for suggestions on how to avoid getting FAIL reports for missing library
or binary dependencies, unsupported operating systems, and so on:

http://wiki.cpantesters.org/wiki/CPANAuthorNotes

Sections of this report:

    * Tester comments
    * Program output
    * Prerequisites
    * Environment and other context

------------------------------
TESTER COMMENTS
------------------------------

Additional comments from tester:

this report is from an automated smoke testing program
and was not reviewed by a human for accuracy

------------------------------
PROGRAM OUTPUT
------------------------------

Output from '/usr/bin/make test':

PERL_DL_NONLAZY=1 "/tmp/basesmoker-reloperl-IEkk/bin/perl" "-MExtUtils::Command::MM" "-MTest::Harness" "-e" "undef *Test::Harness::Switches; test_harness(0, 'blib/lib', 'blib/arch')" t/*.t
t/00-compile.t ............ ok

#   Failed test 'got expected value for ok'
#   at t/01-serverstatus.t line 57.
#                   '<html><body>OK<script src="/debug_toolbar/jquery.js"></script>
# <script src="/debug_toolbar/toolbar.min.js"></script>
# <style type="text/css">
#     @import url(/debug_toolbar/toolbar.min.css);
# </style>
# <div id="plDebug">
#     <div style="display:none;" id="plDebugToolbar">
#         <ul id="plDebugPanelList">
#             <li><a id="plHideToolBarButton" href="#" title="Hide Toolbar">Hide &raquo;</a></li>
#                 <li>
#                         <a href="#" title="Mongo::ServerStatus" class="plDebugServerStatus94233955496624Panel">
#                     Mongo::ServerStatus
#                     <br><small>Version: 2.2.0</small>
#                     </a>
#                 </li>
#         </ul>
#     </div>
#     <div style="display:none;" id="plDebugToolbarHandle">
#         <a title="Show Toolbar" id="plShowToolBarButton" href="#">&laquo;</a>
#     </div>
#             <div id="plDebugServerStatus94233955496624Panel" class="panelContent">
#                 <div class="plDebugPanelTitle">
#                     <a href="" class="plDebugClose">Close</a>
#                     <h3>Mongo::ServerStatus</h3>
#                 </div>
#                 <div class="plDebugPanelContent">
#                     <div class="scroll">
#                         <table>
#     <thead>
#         <tr>
#             <th>Key</th>
#             <th>Value</th>
#         </tr>
#     </thead>
#     <tbody>
#             <tr class="plDebugOdd">
#                 <td>mem.bits</td>
#                 <td><pre>64</pre></td>
#             </tr>
#             <tr class="plDebugEven">
#                 <td>mem.mapped</td>
#                 <td><pre>1056</pre></td>
#             </tr>
#             <tr class="plDebugOdd">
#                 <td>mem.mappedWithJournal</td>
#                 <td><pre>2112</pre></td>
#             </tr>
#             <tr class="plDebugEven">
#                 <td>mem.note</td>
#                 <td><pre>not all mem info support on this platform</pre></td>
#             </tr>
#             <tr class="plDebugOdd">
#                 <td>mem.supported</td>
#                 <td><pre>false</pre></td>
#             </tr>
#             <tr class="plDebugEven">
#                 <td>network.bytesIn</td>
#                 <td><pre>43218</pre></td>
#             </tr>
#             <tr class="plDebugOdd">
#                 <td>network.bytesOut</td>
#                 <td><pre>9235789924</pre></td>
#             </tr>
#             <tr class="plDebugEven">
#                 <td>network.numRequests</td>
#                 <td><pre>548</pre></td>
#             </tr>
#             <tr class="plDebugOdd">
#                 <td>ok</td>
#                 <td><pre>1</pre></td>
#             </tr>
#             <tr class="plDebugEven">
#                 <td>process</td>
#                 <td><pre>mongod</pre></td>
#             </tr>
#             <tr class="plDebugOdd">
#                 <td>uptime</td>
#                 <td><pre>1738371</pre></td>
#             </tr>
#             <tr class="plDebugEven">
#                 <td>version</td>
#                 <td><pre>2.2.0</pre></td>
#             </tr>
#             <tr class="plDebugOdd">
#                 <td>writeBacksQueued</td>
#                 <td><pre>true</pre></td>
#             </tr>
#     </tbody>
# </table>
# 
#                     </div>
#                 </div>
#             </div>
#     <div id="plDebugWindow" class="panelContent"></div>
# </div>
# </body></html>'
#     doesn't match '(?^m:<td>ok</td>[.\s\n\r]*<td>1</td>)'

#   Failed test 'got expected value for version'
#   at t/01-serverstatus.t line 57.
#                   '<html><body>OK<script src="/debug_toolbar/jquery.js"></script>
# <script src="/debug_toolbar/toolbar.min.js"></script>
# <style type="text/css">
#     @import url(/debug_toolbar/toolbar.min.css);
# </style>
# <div id="plDebug">
#     <div style="display:none;" id="plDebugToolbar">
#         <ul id="plDebugPanelList">
#             <li><a id="plHideToolBarButton" href="#" title="Hide Toolbar">Hide &raquo;</a></li>
#                 <li>
#                         <a href="#" title="Mongo::ServerStatus" class="plDebugServerStatus94233955496624Panel">
#                     Mongo::ServerStatus
#                     <br><small>Version: 2.2.0</small>
#                     </a>
#                 </li>
#         </ul>
#     </div>
#     <div style="display:none;" id="plDebugToolbarHandle">
#         <a title="Show Toolbar" id="plShowToolBarButton" href="#">&laquo;</a>
#     </div>
#             <div id="plDebugServerStatus94233955496624Panel" class="panelContent">
#                 <div class="plDebugPanelTitle">
#                     <a href="" class="plDebugClose">Close</a>
#                     <h3>Mongo::ServerStatus</h3>
#                 </div>
#                 <div class="plDebugPanelContent">
#                     <div class="scroll">
#                         <table>
#     <thead>
#         <tr>
#             <th>Key</th>
#             <th>Value</th>
#         </tr>
#     </thead>
#     <tbody>
#             <tr class="plDebugOdd">
#                 <td>mem.bits</td>
#                 <td><pre>64</pre></td>
#             </tr>
#             <tr class="plDebugEven">
#                 <td>mem.mapped</td>
#                 <td><pre>1056</pre></td>
#             </tr>
#             <tr class="plDebugOdd">
#                 <td>mem.mappedWithJournal</td>
#                 <td><pre>2112</pre></td>
#             </tr>
#             <tr class="plDebugEven">
#                 <td>mem.note</td>
#                 <td><pre>not all mem info support on this platform</pre></td>
#             </tr>
#             <tr class="plDebugOdd">
#                 <td>mem.supported</td>
#                 <td><pre>false</pre></td>
#             </tr>
#             <tr class="plDebugEven">
#                 <td>network.bytesIn</td>
#                 <td><pre>43218</pre></td>
#             </tr>
#             <tr class="plDebugOdd">
#                 <td>network.bytesOut</td>
#                 <td><pre>9235789924</pre></td>
#             </tr>
#             <tr class="plDebugEven">
#                 <td>network.numRequests</td>
#                 <td><pre>548</pre></td>
#             </tr>
#             <tr class="plDebugOdd">
#                 <td>ok</td>
#                 <td><pre>1</pre></td>
#             </tr>
#             <tr class="plDebugEven">
#                 <td>process</td>
#                 <td><pre>mongod</pre></td>
#             </tr>
#             <tr class="plDebugOdd">
#                 <td>uptime</td>
#                 <td><pre>1738371</pre></td>
#             </tr>
#             <tr class="plDebugEven">
#                 <td>version</td>
#                 <td><pre>2.2.0</pre></td>
#             </tr>
#             <tr class="plDebugOdd">
#                 <td>writeBacksQueued</td>
#                 <td><pre>true</pre></td>
#             </tr>
#     </tbody>
# </table>
# 
#                     </div>
#                 </div>
#             </div>
#     <div id="plDebugWindow" class="panelContent"></div>
# </div>
# </body></html>'
#     doesn't match '(?^m:<td>version</td>[.\s\n\r]*<td>2.2.0</td>)'

#   Failed test 'got expected value for uptime'
#   at t/01-serverstatus.t line 57.
#                   '<html><body>OK<script src="/debug_toolbar/jquery.js"></script>
# <script src="/debug_toolbar/toolbar.min.js"></script>
# <style type="text/css">
#     @import url(/debug_toolbar/toolbar.min.css);
# </style>
# <div id="plDebug">
#     <div style="display:none;" id="plDebugToolbar">
#         <ul id="plDebugPanelList">
#             <li><a id="plHideToolBarButton" href="#" title="Hide Toolbar">Hide &raquo;</a></li>
#                 <li>
#                         <a href="#" title="Mongo::ServerStatus" class="plDebugServerStatus94233955496624Panel">
#                     Mongo::ServerStatus
#                     <br><small>Version: 2.2.0</small>
#                     </a>
#                 </li>
#         </ul>
#     </div>
#     <div style="display:none;" id="plDebugToolbarHandle">
#         <a title="Show Toolbar" id="plShowToolBarButton" href="#">&laquo;</a>
#     </div>
#             <div id="plDebugServerStatus94233955496624Panel" class="panelContent">
#                 <div class="plDebugPanelTitle">
#                     <a href="" class="plDebugClose">Close</a>
#                     <h3>Mongo::ServerStatus</h3>
#                 </div>
#                 <div class="plDebugPanelContent">
#                     <div class="scroll">
#                         <table>
#     <thead>
#         <tr>
#             <th>Key</th>
#             <th>Value</th>
#         </tr>
#     </thead>
#     <tbody>
#             <tr class="plDebugOdd">
#                 <td>mem.bits</td>
#                 <td><pre>64</pre></td>
#             </tr>
#             <tr class="plDebugEven">
#                 <td>mem.mapped</td>
#                 <td><pre>1056</pre></td>
#             </tr>
#             <tr class="plDebugOdd">
#                 <td>mem.mappedWithJournal</td>
#                 <td><pre>2112</pre></td>
#             </tr>
#             <tr class="plDebugEven">
#                 <td>mem.note</td>
#                 <td><pre>not all mem info support on this platform</pre></td>
#             </tr>
#             <tr class="plDebugOdd">
#                 <td>mem.supported</td>
#                 <td><pre>false</pre></td>
#             </tr>
#             <tr class="plDebugEven">
#                 <td>network.bytesIn</td>
#                 <td><pre>43218</pre></td>
#             </tr>
#             <tr class="plDebugOdd">
#                 <td>network.bytesOut</td>
#                 <td><pre>9235789924</pre></td>
#             </tr>
#             <tr class="plDebugEven">
#                 <td>network.numRequests</td>
#                 <td><pre>548</pre></td>
#             </tr>
#             <tr class="plDebugOdd">
#                 <td>ok</td>
#                 <td><pre>1</pre></td>
#             </tr>
#             <tr class="plDebugEven">
#                 <td>process</td>
#                 <td><pre>mongod</pre></td>
#             </tr>
#             <tr class="plDebugOdd">
#                 <td>uptime</td>
#                 <td><pre>1738371</pre></td>
#             </tr>
#             <tr class="plDebugEven">
#                 <td>version</td>
#                 <td><pre>2.2.0</pre></td>
#             </tr>
#             <tr class="plDebugOdd">
#                 <td>writeBacksQueued</td>
#                 <td><pre>true</pre></td>
#             </tr>
#     </tbody>
# </table>
# 
#                     </div>
#                 </div>
#             </div>
#     <div id="plDebugWindow" class="panelContent"></div>
# </div>
# </body></html>'
#     doesn't match '(?^m:<td>uptime</td>[.\s\n\r]*<td>1738371</td>)'

#   Failed test 'got expected value for process'
#   at t/01-serverstatus.t line 57.
#                   '<html><body>OK<script src="/debug_toolbar/jquery.js"></script>
# <script src="/debug_toolbar/toolbar.min.js"></script>
# <style type="text/css">
#     @import url(/debug_toolbar/toolbar.min.css);
# </style>
# <div id="plDebug">
#     <div style="display:none;" id="plDebugToolbar">
#         <ul id="plDebugPanelList">
#             <li><a id="plHideToolBarButton" href="#" title="Hide Toolbar">Hide &raquo;</a></li>
#                 <li>
#                         <a href="#" title="Mongo::ServerStatus" class="plDebugServerStatus94233955496624Panel">
#                     Mongo::ServerStatus
#                     <br><small>Version: 2.2.0</small>
#                     </a>
#                 </li>
#         </ul>
#     </div>
#     <div style="display:none;" id="plDebugToolbarHandle">
#         <a title="Show Toolbar" id="plShowToolBarButton" href="#">&laquo;</a>
#     </div>
#             <div id="plDebugServerStatus94233955496624Panel" class="panelContent">
#                 <div class="plDebugPanelTitle">
#                     <a href="" class="plDebugClose">Close</a>
#                     <h3>Mongo::ServerStatus</h3>
#                 </div>
#                 <div class="plDebugPanelContent">
#                     <div class="scroll">
#                         <table>
#     <thead>
#         <tr>
#             <th>Key</th>
#             <th>Value</th>
#         </tr>
#     </thead>
#     <tbody>
#             <tr class="plDebugOdd">
#                 <td>mem.bits</td>
#                 <td><pre>64</pre></td>
#             </tr>
#             <tr class="plDebugEven">
#                 <td>mem.mapped</td>
#                 <td><pre>1056</pre></td>
#             </tr>
#             <tr class="plDebugOdd">
#                 <td>mem.mappedWithJournal</td>
#                 <td><pre>2112</pre></td>
#             </tr>
#             <tr class="plDebugEven">
#                 <td>mem.note</td>
#                 <td><pre>not all mem info support on this platform</pre></td>
#             </tr>
#             <tr class="plDebugOdd">
#                 <td>mem.supported</td>
#                 <td><pre>false</pre></td>
#             </tr>
#             <tr class="plDebugEven">
#                 <td>network.bytesIn</td>
#                 <td><pre>43218</pre></td>
#             </tr>
#             <tr class="plDebugOdd">
#                 <td>network.bytesOut</td>
#                 <td><pre>9235789924</pre></td>
#             </tr>
#             <tr class="plDebugEven">
#                 <td>network.numRequests</td>
#                 <td><pre>548</pre></td>
#             </tr>
#             <tr class="plDebugOdd">
#                 <td>ok</td>
#                 <td><pre>1</pre></td>
#             </tr>
#             <tr class="plDebugEven">
#                 <td>process</td>
#                 <td><pre>mongod</pre></td>
#             </tr>
#             <tr class="plDebugOdd">
#                 <td>uptime</td>
#                 <td><pre>1738371</pre></td>
#             </tr>
#             <tr class="plDebugEven">
#                 <td>version</td>
#                 <td><pre>2.2.0</pre></td>
#             </tr>
#             <tr class="plDebugOdd">
#                 <td>writeBacksQueued</td>
#                 <td><pre>true</pre></td>
#             </tr>
#     </tbody>
# </table>
# 
#                     </div>
#                 </div>
#             </div>
#     <div id="plDebugWindow" class="panelContent"></div>
# </div>
# </body></html>'
#     doesn't match '(?^m:<td>process</td>[.\s\n\r]*<td>mongod</td>)'

#   Failed test 'got expected value for network.bytesIn'
#   at t/01-serverstatus.t line 57.
#                   '<html><body>OK<script src="/debug_toolbar/jquery.js"></script>
# <script src="/debug_toolbar/toolbar.min.js"></script>
# <style type="text/css">
#     @import url(/debug_toolbar/toolbar.min.css);
# </style>
# <div id="plDebug">
#     <div style="display:none;" id="plDebugToolbar">
#         <ul id="plDebugPanelList">
#             <li><a id="plHideToolBarButton" href="#" title="Hide Toolbar">Hide &raquo;</a></li>
#                 <li>
#                         <a href="#" title="Mongo::ServerStatus" class="plDebugServerStatus94233955496624Panel">
#                     Mongo::ServerStatus
#                     <br><small>Version: 2.2.0</small>
#                     </a>
#                 </li>
#         </ul>
#     </div>
#     <div style="display:none;" id="plDebugToolbarHandle">
#         <a title="Show Toolbar" id="plShowToolBarButton" href="#">&laquo;</a>
#     </div>
#             <div id="plDebugServerStatus94233955496624Panel" class="panelContent">
#                 <div class="plDebugPanelTitle">
#                     <a href="" class="plDebugClose">Close</a>
#                     <h3>Mongo::ServerStatus</h3>
#                 </div>
#                 <div class="plDebugPanelContent">
#                     <div class="scroll">
#                         <table>
#     <thead>
#         <tr>
#             <th>Key</th>
#             <th>Value</th>
#         </tr>
#     </thead>
#     <tbody>
#             <tr class="plDebugOdd">
#                 <td>mem.bits</td>
#                 <td><pre>64</pre></td>
#             </tr>
#             <tr class="plDebugEven">
#                 <td>mem.mapped</td>
#                 <td><pre>1056</pre></td>
#             </tr>
#             <tr class="plDebugOdd">
#                 <td>mem.mappedWithJournal</td>
#                 <td><pre>2112</pre></td>
#             </tr>
#             <tr class="plDebugEven">
#                 <td>mem.note</td>
#                 <td><pre>not all mem info support on this platform</pre></td>
#             </tr>
#             <tr class="plDebugOdd">
#                 <td>mem.supported</td>
#                 <td><pre>false</pre></td>
#             </tr>
#             <tr class="plDebugEven">
#                 <td>network.bytesIn</td>
#                 <td><pre>43218</pre></td>
#             </tr>
#             <tr class="plDebugOdd">
#                 <td>network.bytesOut</td>
#                 <td><pre>9235789924</pre></td>
#             </tr>
#             <tr class="plDebugEven">
#                 <td>network.numRequests</td>
#                 <td><pre>548</pre></td>
#             </tr>
#             <tr class="plDebugOdd">
#                 <td>ok</td>
#                 <td><pre>1</pre></td>
#             </tr>
#             <tr class="plDebugEven">
#                 <td>process</td>
#                 <td><pre>mongod</pre></td>
#             </tr>
#             <tr class="plDebugOdd">
#                 <td>uptime</td>
#                 <td><pre>1738371</pre></td>
#             </tr>
#             <tr class="plDebugEven">
#                 <td>version</td>
#                 <td><pre>2.2.0</pre></td>
#             </tr>
#             <tr class="plDebugOdd">
#                 <td>writeBacksQueued</td>
#                 <td><pre>true</pre></td>
#             </tr>
#     </tbody>
# </table>
# 
#                     </div>
#                 </div>
#             </div>
#     <div id="plDebugWindow" class="panelContent"></div>
# </div>
# </body></html>'
#     doesn't match '(?^m:<td>network.bytesIn</td>[.\s\n\r]*<td>43218</td>)'

#   Failed test 'got expected value for network.bytesOut'
#   at t/01-serverstatus.t line 57.
#                   '<html><body>OK<script src="/debug_toolbar/jquery.js"></script>
# <script src="/debug_toolbar/toolbar.min.js"></script>
# <style type="text/css">
#     @import url(/debug_toolbar/toolbar.min.css);
# </style>
# <div id="plDebug">
#     <div style="display:none;" id="plDebugToolbar">
#         <ul id="plDebugPanelList">
#             <li><a id="plHideToolBarButton" href="#" title="Hide Toolbar">Hide &raquo;</a></li>
#                 <li>
#                         <a href="#" title="Mongo::ServerStatus" class="plDebugServerStatus94233955496624Panel">
#                     Mongo::ServerStatus
#                     <br><small>Version: 2.2.0</small>
#                     </a>
#                 </li>
#         </ul>
#     </div>
#     <div style="display:none;" id="plDebugToolbarHandle">
#         <a title="Show Toolbar" id="plShowToolBarButton" href="#">&laquo;</a>
#     </div>
#             <div id="plDebugServerStatus94233955496624Panel" class="panelContent">
#                 <div class="plDebugPanelTitle">
#                     <a href="" class="plDebugClose">Close</a>
#                     <h3>Mongo::ServerStatus</h3>
#                 </div>
#                 <div class="plDebugPanelContent">
#                     <div class="scroll">
#                         <table>
#     <thead>
#         <tr>
#             <th>Key</th>
#             <th>Value</th>
#         </tr>
#     </thead>
#     <tbody>
#             <tr class="plDebugOdd">
#                 <td>mem.bits</td>
#                 <td><pre>64</pre></td>
#             </tr>
#             <tr class="plDebugEven">
#                 <td>mem.mapped</td>
#                 <td><pre>1056</pre></td>
#             </tr>
#             <tr class="plDebugOdd">
#                 <td>mem.mappedWithJournal</td>
#                 <td><pre>2112</pre></td>
#             </tr>
#             <tr class="plDebugEven">
#                 <td>mem.note</td>
#                 <td><pre>not all mem info support on this platform</pre></td>
#             </tr>
#             <tr class="plDebugOdd">
#                 <td>mem.supported</td>
#                 <td><pre>false</pre></td>
#             </tr>
#             <tr class="plDebugEven">
#                 <td>network.bytesIn</td>
#                 <td><pre>43218</pre></td>
#             </tr>
#             <tr class="plDebugOdd">
#                 <td>network.bytesOut</td>
#                 <td><pre>9235789924</pre></td>
#             </tr>
#             <tr class="plDebugEven">
#                 <td>network.numRequests</td>
#                 <td><pre>548</pre></td>
#             </tr>
#             <tr class="plDebugOdd">
#                 <td>ok</td>
#                 <td><pre>1</pre></td>
#             </tr>
#             <tr class="plDebugEven">
#                 <td>process</td>
#                 <td><pre>mongod</pre></td>
#             </tr>
#             <tr class="plDebugOdd">
#                 <td>uptime</td>
#                 <td><pre>1738371</pre></td>
#             </tr>
#             <tr class="plDebugEven">
#                 <td>version</td>
#                 <td><pre>2.2.0</pre></td>
#             </tr>
#             <tr class="plDebugOdd">
#                 <td>writeBacksQueued</td>
#                 <td><pre>true</pre></td>
#             </tr>
#     </tbody>
# </table>
# 
#                     </div>
#                 </div>
#             </div>
#     <div id="plDebugWindow" class="panelContent"></div>
# </div>
# </body></html>'
#     doesn't match '(?^m:<td>network.bytesOut</td>[.\s\n\r]*<td>9235789924</td>)'

#   Failed test 'got expected value for network.numRequests'
#   at t/01-serverstatus.t line 57.
#                   '<html><body>OK<script src="/debug_toolbar/jquery.js"></script>
# <script src="/debug_toolbar/toolbar.min.js"></script>
# <style type="text/css">
#     @import url(/debug_toolbar/toolbar.min.css);
# </style>
# <div id="plDebug">
#     <div style="display:none;" id="plDebugToolbar">
#         <ul id="plDebugPanelList">
#             <li><a id="plHideToolBarButton" href="#" title="Hide Toolbar">Hide &raquo;</a></li>
#                 <li>
#                         <a href="#" title="Mongo::ServerStatus" class="plDebugServerStatus94233955496624Panel">
#                     Mongo::ServerStatus
#                     <br><small>Version: 2.2.0</small>
#                     </a>
#                 </li>
#         </ul>
#     </div>
#     <div style="display:none;" id="plDebugToolbarHandle">
#         <a title="Show Toolbar" id="plShowToolBarButton" href="#">&laquo;</a>
#     </div>
#             <div id="plDebugServerStatus94233955496624Panel" class="panelContent">
#                 <div class="plDebugPanelTitle">
#                     <a href="" class="plDebugClose">Close</a>
#                     <h3>Mongo::ServerStatus</h3>
#                 </div>
#                 <div class="plDebugPanelContent">
#                     <div class="scroll">
#                         <table>
#     <thead>
#         <tr>
#             <th>Key</th>
#             <th>Value</th>
#         </tr>
#     </thead>
#     <tbody>
#             <tr class="plDebugOdd">
#                 <td>mem.bits</td>
#                 <td><pre>64</pre></td>
#             </tr>
#             <tr class="plDebugEven">
#                 <td>mem.mapped</td>
#                 <td><pre>1056</pre></td>
#             </tr>
#             <tr class="plDebugOdd">
#                 <td>mem.mappedWithJournal</td>
#                 <td><pre>2112</pre></td>
#             </tr>
#             <tr class="plDebugEven">
#                 <td>mem.note</td>
#                 <td><pre>not all mem info support on this platform</pre></td>
#             </tr>
#             <tr class="plDebugOdd">
#                 <td>mem.supported</td>
#                 <td><pre>false</pre></td>
#             </tr>
#             <tr class="plDebugEven">
#                 <td>network.bytesIn</td>
#                 <td><pre>43218</pre></td>
#             </tr>
#             <tr class="plDebugOdd">
#                 <td>network.bytesOut</td>
#                 <td><pre>9235789924</pre></td>
#             </tr>
#             <tr class="plDebugEven">
#                 <td>network.numRequests</td>
#                 <td><pre>548</pre></td>
#             </tr>
#             <tr class="plDebugOdd">
#                 <td>ok</td>
#                 <td><pre>1</pre></td>
#             </tr>
#             <tr class="plDebugEven">
#                 <td>process</td>
#                 <td><pre>mongod</pre></td>
#             </tr>
#             <tr class="plDebugOdd">
#                 <td>uptime</td>
#                 <td><pre>1738371</pre></td>
#             </tr>
#             <tr class="plDebugEven">
#                 <td>version</td>
#                 <td><pre>2.2.0</pre></td>
#             </tr>
#             <tr class="plDebugOdd">
#                 <td>writeBacksQueued</td>
#                 <td><pre>true</pre></td>
#             </tr>
#     </tbody>
# </table>
# 
#                     </div>
#                 </div>
#             </div>
#     <div id="plDebugWindow" class="panelContent"></div>
# </div>
# </body></html>'
#     doesn't match '(?^m:<td>network.numRequests</td>[.\s\n\r]*<td>548</td>)'

#   Failed test 'got expected value for mem.bits'
#   at t/01-serverstatus.t line 57.
#                   '<html><body>OK<script src="/debug_toolbar/jquery.js"></script>
# <script src="/debug_toolbar/toolbar.min.js"></script>
# <style type="text/css">
#     @import url(/debug_toolbar/toolbar.min.css);
# </style>
# <div id="plDebug">
#     <div style="display:none;" id="plDebugToolbar">
#         <ul id="plDebugPanelList">
#             <li><a id="plHideToolBarButton" href="#" title="Hide Toolbar">Hide &raquo;</a></li>
#                 <li>
#                         <a href="#" title="Mongo::ServerStatus" class="plDebugServerStatus94233955496624Panel">
#                     Mongo::ServerStatus
#                     <br><small>Version: 2.2.0</small>
#                     </a>
#                 </li>
#         </ul>
#     </div>
#     <div style="display:none;" id="plDebugToolbarHandle">
#         <a title="Show Toolbar" id="plShowToolBarButton" href="#">&laquo;</a>
#     </div>
#             <div id="plDebugServerStatus94233955496624Panel" class="panelContent">
#                 <div class="plDebugPanelTitle">
#                     <a href="" class="plDebugClose">Close</a>
#                     <h3>Mongo::ServerStatus</h3>
#                 </div>
#                 <div class="plDebugPanelContent">
#                     <div class="scroll">
#                         <table>
#     <thead>
#         <tr>
#             <th>Key</th>
#             <th>Value</th>
#         </tr>
#     </thead>
#     <tbody>
#             <tr class="plDebugOdd">
#                 <td>mem.bits</td>
#                 <td><pre>64</pre></td>
#             </tr>
#             <tr class="plDebugEven">
#                 <td>mem.mapped</td>
#                 <td><pre>1056</pre></td>
#             </tr>
#             <tr class="plDebugOdd">
#                 <td>mem.mappedWithJournal</td>
#                 <td><pre>2112</pre></td>
#             </tr>
#             <tr class="plDebugEven">
#                 <td>mem.note</td>
#                 <td><pre>not all mem info support on this platform</pre></td>
#             </tr>
#             <tr class="plDebugOdd">
#                 <td>mem.supported</td>
#                 <td><pre>false</pre></td>
#             </tr>
#             <tr class="plDebugEven">
#                 <td>network.bytesIn</td>
#                 <td><pre>43218</pre></td>
#             </tr>
#             <tr class="plDebugOdd">
#                 <td>network.bytesOut</td>
#                 <td><pre>9235789924</pre></td>
#             </tr>
#             <tr class="plDebugEven">
#                 <td>network.numRequests</td>
#                 <td><pre>548</pre></td>
#             </tr>
#             <tr class="plDebugOdd">
#                 <td>ok</td>
#                 <td><pre>1</pre></td>
#             </tr>
#             <tr class="plDebugEven">
#                 <td>process</td>
#                 <td><pre>mongod</pre></td>
#             </tr>
#             <tr class="plDebugOdd">
#                 <td>uptime</td>
#                 <td><pre>1738371</pre></td>
#             </tr>
#             <tr class="plDebugEven">
#                 <td>version</td>
#                 <td><pre>2.2.0</pre></td>
#             </tr>
#             <tr class="plDebugOdd">
#                 <td>writeBacksQueued</td>
#                 <td><pre>true</pre></td>
#             </tr>
#     </tbody>
# </table>
# 
#                     </div>
#                 </div>
#             </div>
#     <div id="plDebugWindow" class="panelContent"></div>
# </div>
# </body></html>'
#     doesn't match '(?^m:<td>mem.bits</td>[.\s\n\r]*<td>64</td>)'

#   Failed test 'got expected value for mem.mapped'
#   at t/01-serverstatus.t line 57.
#                   '<html><body>OK<script src="/debug_toolbar/jquery.js"></script>
# <script src="/debug_toolbar/toolbar.min.js"></script>
# <style type="text/css">
#     @import url(/debug_toolbar/toolbar.min.css);
# </style>
# <div id="plDebug">
#     <div style="display:none;" id="plDebugToolbar">
#         <ul id="plDebugPanelList">
#             <li><a id="plHideToolBarButton" href="#" title="Hide Toolbar">Hide &raquo;</a></li>
#                 <li>
#                         <a href="#" title="Mongo::ServerStatus" class="plDebugServerStatus94233955496624Panel">
#                     Mongo::ServerStatus
#                     <br><small>Version: 2.2.0</small>
#                     </a>
#                 </li>
#         </ul>
#     </div>
#     <div style="display:none;" id="plDebugToolbarHandle">
#         <a title="Show Toolbar" id="plShowToolBarButton" href="#">&laquo;</a>
#     </div>
#             <div id="plDebugServerStatus94233955496624Panel" class="panelContent">
#                 <div class="plDebugPanelTitle">
#                     <a href="" class="plDebugClose">Close</a>
#                     <h3>Mongo::ServerStatus</h3>
#                 </div>
#                 <div class="plDebugPanelContent">
#                     <div class="scroll">
#                         <table>
#     <thead>
#         <tr>
#             <th>Key</th>
#             <th>Value</th>
#         </tr>
#     </thead>
#     <tbody>
#             <tr class="plDebugOdd">
#                 <td>mem.bits</td>
#                 <td><pre>64</pre></td>
#             </tr>
#             <tr class="plDebugEven">
#                 <td>mem.mapped</td>
#                 <td><pre>1056</pre></td>
#             </tr>
#             <tr class="plDebugOdd">
#                 <td>mem.mappedWithJournal</td>
#                 <td><pre>2112</pre></td>
#             </tr>
#             <tr class="plDebugEven">
#                 <td>mem.note</td>
#                 <td><pre>not all mem info support on this platform</pre></td>
#             </tr>
#             <tr class="plDebugOdd">
#                 <td>mem.supported</td>
#                 <td><pre>false</pre></td>
#             </tr>
#             <tr class="plDebugEven">
#                 <td>network.bytesIn</td>
#                 <td><pre>43218</pre></td>
#             </tr>
#             <tr class="plDebugOdd">
#                 <td>network.bytesOut</td>
#                 <td><pre>9235789924</pre></td>
#             </tr>
#             <tr class="plDebugEven">
#                 <td>network.numRequests</td>
#                 <td><pre>548</pre></td>
#             </tr>
#             <tr class="plDebugOdd">
#                 <td>ok</td>
#                 <td><pre>1</pre></td>
#             </tr>
#             <tr class="plDebugEven">
#                 <td>process</td>
#                 <td><pre>mongod</pre></td>
#             </tr>
#             <tr class="plDebugOdd">
#                 <td>uptime</td>
#                 <td><pre>1738371</pre></td>
#             </tr>
#             <tr class="plDebugEven">
#                 <td>version</td>
#                 <td><pre>2.2.0</pre></td>
#             </tr>
#             <tr class="plDebugOdd">
#                 <td>writeBacksQueued</td>
#                 <td><pre>true</pre></td>
#             </tr>
#     </tbody>
# </table>
# 
#                     </div>
#                 </div>
#             </div>
#     <div id="plDebugWindow" class="panelContent"></div>
# </div>
# </body></html>'
#     doesn't match '(?^m:<td>mem.mapped</td>[.\s\n\r]*<td>1056</td>)'

#   Failed test 'got expected value for mem.mappedWithJournal'
#   at t/01-serverstatus.t line 57.
#                   '<html><body>OK<script src="/debug_toolbar/jquery.js"></script>
# <script src="/debug_toolbar/toolbar.min.js"></script>
# <style type="text/css">
#     @import url(/debug_toolbar/toolbar.min.css);
# </style>
# <div id="plDebug">
#     <div style="display:none;" id="plDebugToolbar">
#         <ul id="plDebugPanelList">
#             <li><a id="plHideToolBarButton" href="#" title="Hide Toolbar">Hide &raquo;</a></li>
#                 <li>
#                         <a href="#" title="Mongo::ServerStatus" class="plDebugServerStatus94233955496624Panel">
#                     Mongo::ServerStatus
#                     <br><small>Version: 2.2.0</small>
#                     </a>
#                 </li>
#         </ul>
#     </div>
#     <div style="display:none;" id="plDebugToolbarHandle">
#         <a title="Show Toolbar" id="plShowToolBarButton" href="#">&laquo;</a>
#     </div>
#             <div id="plDebugServerStatus94233955496624Panel" class="panelContent">
#                 <div class="plDebugPanelTitle">
#                     <a href="" class="plDebugClose">Close</a>
#                     <h3>Mongo::ServerStatus</h3>
#                 </div>
#                 <div class="plDebugPanelContent">
#                     <div class="scroll">
#                         <table>
#     <thead>
#         <tr>
#             <th>Key</th>
#             <th>Value</th>
#         </tr>
#     </thead>
#     <tbody>
#             <tr class="plDebugOdd">
#                 <td>mem.bits</td>
#                 <td><pre>64</pre></td>
#             </tr>
#             <tr class="plDebugEven">
#                 <td>mem.mapped</td>
#                 <td><pre>1056</pre></td>
#             </tr>
#             <tr class="plDebugOdd">
#                 <td>mem.mappedWithJournal</td>
#                 <td><pre>2112</pre></td>
#             </tr>
#             <tr class="plDebugEven">
#                 <td>mem.note</td>
#                 <td><pre>not all mem info support on this platform</pre></td>
#             </tr>
#             <tr class="plDebugOdd">
#                 <td>mem.supported</td>
#                 <td><pre>false</pre></td>
#             </tr>
#             <tr class="plDebugEven">
#                 <td>network.bytesIn</td>
#                 <td><pre>43218</pre></td>
#             </tr>
#             <tr class="plDebugOdd">
#                 <td>network.bytesOut</td>
#                 <td><pre>9235789924</pre></td>
#             </tr>
#             <tr class="plDebugEven">
#                 <td>network.numRequests</td>
#                 <td><pre>548</pre></td>
#             </tr>
#             <tr class="plDebugOdd">
#                 <td>ok</td>
#                 <td><pre>1</pre></td>
#             </tr>
#             <tr class="plDebugEven">
#                 <td>process</td>
#                 <td><pre>mongod</pre></td>
#             </tr>
#             <tr class="plDebugOdd">
#                 <td>uptime</td>
#                 <td><pre>1738371</pre></td>
#             </tr>
#             <tr class="plDebugEven">
#                 <td>version</td>
#                 <td><pre>2.2.0</pre></td>
#             </tr>
#             <tr class="plDebugOdd">
#                 <td>writeBacksQueued</td>
#                 <td><pre>true</pre></td>
#             </tr>
#     </tbody>
# </table>
# 
#                     </div>
#                 </div>
#             </div>
#     <div id="plDebugWindow" class="panelContent"></div>
# </div>
# </body></html>'
#     doesn't match '(?^m:<td>mem.mappedWithJournal</td>[.\s\n\r]*<td>2112</td>)'

#   Failed test 'got expected value for mem.note'
#   at t/01-serverstatus.t line 57.
#                   '<html><body>OK<script src="/debug_toolbar/jquery.js"></script>
# <script src="/debug_toolbar/toolbar.min.js"></script>
# <style type="text/css">
#     @import url(/debug_toolbar/toolbar.min.css);
# </style>
# <div id="plDebug">
#     <div style="display:none;" id="plDebugToolbar">
#         <ul id="plDebugPanelList">
#             <li><a id="plHideToolBarButton" href="#" title="Hide Toolbar">Hide &raquo;</a></li>
#                 <li>
#                         <a href="#" title="Mongo::ServerStatus" class="plDebugServerStatus94233955496624Panel">
#                     Mongo::ServerStatus
#                     <br><small>Version: 2.2.0</small>
#                     </a>
#                 </li>
#         </ul>
#     </div>
#     <div style="display:none;" id="plDebugToolbarHandle">
#         <a title="Show Toolbar" id="plShowToolBarButton" href="#">&laquo;</a>
#     </div>
#             <div id="plDebugServerStatus94233955496624Panel" class="panelContent">
#                 <div class="plDebugPanelTitle">
#                     <a href="" class="plDebugClose">Close</a>
#                     <h3>Mongo::ServerStatus</h3>
#                 </div>
#                 <div class="plDebugPanelContent">
#                     <div class="scroll">
#                         <table>
#     <thead>
#         <tr>
#             <th>Key</th>
#             <th>Value</th>
#         </tr>
#     </thead>
#     <tbody>
#             <tr class="plDebugOdd">
#                 <td>mem.bits</td>
#                 <td><pre>64</pre></td>
#             </tr>
#             <tr class="plDebugEven">
#                 <td>mem.mapped</td>
#                 <td><pre>1056</pre></td>
#             </tr>
#             <tr class="plDebugOdd">
#                 <td>mem.mappedWithJournal</td>
#                 <td><pre>2112</pre></td>
#             </tr>
#             <tr class="plDebugEven">
#                 <td>mem.note</td>
#                 <td><pre>not all mem info support on this platform</pre></td>
#             </tr>
#             <tr class="plDebugOdd">
#                 <td>mem.supported</td>
#                 <td><pre>false</pre></td>
#             </tr>
#             <tr class="plDebugEven">
#                 <td>network.bytesIn</td>
#                 <td><pre>43218</pre></td>
#             </tr>
#             <tr class="plDebugOdd">
#                 <td>network.bytesOut</td>
#                 <td><pre>9235789924</pre></td>
#             </tr>
#             <tr class="plDebugEven">
#                 <td>network.numRequests</td>
#                 <td><pre>548</pre></td>
#             </tr>
#             <tr class="plDebugOdd">
#                 <td>ok</td>
#                 <td><pre>1</pre></td>
#             </tr>
#             <tr class="plDebugEven">
#                 <td>process</td>
#                 <td><pre>mongod</pre></td>
#             </tr>
#             <tr class="plDebugOdd">
#                 <td>uptime</td>
#                 <td><pre>1738371</pre></td>
#             </tr>
#             <tr class="plDebugEven">
#                 <td>version</td>
#                 <td><pre>2.2.0</pre></td>
#             </tr>
#             <tr class="plDebugOdd">
#                 <td>writeBacksQueued</td>
#                 <td><pre>true</pre></td>
#             </tr>
#     </tbody>
# </table>
# 
#                     </div>
#                 </div>
#             </div>
#     <div id="plDebugWindow" class="panelContent"></div>
# </div>
# </body></html>'
#     doesn't match '(?^m:<td>mem.note</td>[.\s\n\r]*<td>not all mem.*</td>)'

#   Failed test 'got expected value for mem.supported'
#   at t/01-serverstatus.t line 57.
#                   '<html><body>OK<script src="/debug_toolbar/jquery.js"></script>
# <script src="/debug_toolbar/toolbar.min.js"></script>
# <style type="text/css">
#     @import url(/debug_toolbar/toolbar.min.css);
# </style>
# <div id="plDebug">
#     <div style="display:none;" id="plDebugToolbar">
#         <ul id="plDebugPanelList">
#             <li><a id="plHideToolBarButton" href="#" title="Hide Toolbar">Hide &raquo;</a></li>
#                 <li>
#                         <a href="#" title="Mongo::ServerStatus" class="plDebugServerStatus94233955496624Panel">
#                     Mongo::ServerStatus
#                     <br><small>Version: 2.2.0</small>
#                     </a>
#                 </li>
#         </ul>
#     </div>
#     <div style="display:none;" id="plDebugToolbarHandle">
#         <a title="Show Toolbar" id="plShowToolBarButton" href="#">&laquo;</a>
#     </div>
#             <div id="plDebugServerStatus94233955496624Panel" class="panelContent">
#                 <div class="plDebugPanelTitle">
#                     <a href="" class="plDebugClose">Close</a>
#                     <h3>Mongo::ServerStatus</h3>
#                 </div>
#                 <div class="plDebugPanelContent">
#                     <div class="scroll">
#                         <table>
#     <thead>
#         <tr>
#             <th>Key</th>
#             <th>Value</th>
#         </tr>
#     </thead>
#     <tbody>
#             <tr class="plDebugOdd">
#                 <td>mem.bits</td>
#                 <td><pre>64</pre></td>
#             </tr>
#             <tr class="plDebugEven">
#                 <td>mem.mapped</td>
#                 <td><pre>1056</pre></td>
#             </tr>
#             <tr class="plDebugOdd">
#                 <td>mem.mappedWithJournal</td>
#                 <td><pre>2112</pre></td>
#             </tr>
#             <tr class="plDebugEven">
#                 <td>mem.note</td>
#                 <td><pre>not all mem info support on this platform</pre></td>
#             </tr>
#             <tr class="plDebugOdd">
#                 <td>mem.supported</td>
#                 <td><pre>false</pre></td>
#             </tr>
#             <tr class="plDebugEven">
#                 <td>network.bytesIn</td>
#                 <td><pre>43218</pre></td>
#             </tr>
#             <tr class="plDebugOdd">
#                 <td>network.bytesOut</td>
#                 <td><pre>9235789924</pre></td>
#             </tr>
#             <tr class="plDebugEven">
#                 <td>network.numRequests</td>
#                 <td><pre>548</pre></td>
#             </tr>
#             <tr class="plDebugOdd">
#                 <td>ok</td>
#                 <td><pre>1</pre></td>
#             </tr>
#             <tr class="plDebugEven">
#                 <td>process</td>
#                 <td><pre>mongod</pre></td>
#             </tr>
#             <tr class="plDebugOdd">
#                 <td>uptime</td>
#                 <td><pre>1738371</pre></td>
#             </tr>
#             <tr class="plDebugEven">
#                 <td>version</td>
#                 <td><pre>2.2.0</pre></td>
#             </tr>
#             <tr class="plDebugOdd">
#                 <td>writeBacksQueued</td>
#                 <td><pre>true</pre></td>
#             </tr>
#     </tbody>
# </table>
# 
#                     </div>
#                 </div>
#             </div>
#     <div id="plDebugWindow" class="panelContent"></div>
# </div>
# </body></html>'
#     doesn't match '(?^m:<td>mem.supported</td>[.\s\n\r]*<td>false</td>)'

#   Failed test 'got expected value for writeBacksQueued'
#   at t/01-serverstatus.t line 57.
#                   '<html><body>OK<script src="/debug_toolbar/jquery.js"></script>
# <script src="/debug_toolbar/toolbar.min.js"></script>
# <style type="text/css">
#     @import url(/debug_toolbar/toolbar.min.css);
# </style>
# <div id="plDebug">
#     <div style="display:none;" id="plDebugToolbar">
#         <ul id="plDebugPanelList">
#             <li><a id="plHideToolBarButton" href="#" title="Hide Toolbar">Hide &raquo;</a></li>
#                 <li>
#                         <a href="#" title="Mongo::ServerStatus" class="plDebugServerStatus94233955496624Panel">
#                     Mongo::ServerStatus
#                     <br><small>Version: 2.2.0</small>
#                     </a>
#                 </li>
#         </ul>
#     </div>
#     <div style="display:none;" id="plDebugToolbarHandle">
#         <a title="Show Toolbar" id="plShowToolBarButton" href="#">&laquo;</a>
#     </div>
#             <div id="plDebugServerStatus94233955496624Panel" class="panelContent">
#                 <div class="plDebugPanelTitle">
#                     <a href="" class="plDebugClose">Close</a>
#                     <h3>Mongo::ServerStatus</h3>
#                 </div>
#                 <div class="plDebugPanelContent">
#                     <div class="scroll">
#                         <table>
#     <thead>
#         <tr>
#             <th>Key</th>
#             <th>Value</th>
#         </tr>
#     </thead>
#     <tbody>
#             <tr class="plDebugOdd">
#                 <td>mem.bits</td>
#                 <td><pre>64</pre></td>
#             </tr>
#             <tr class="plDebugEven">
#                 <td>mem.mapped</td>
#                 <td><pre>1056</pre></td>
#             </tr>
#             <tr class="plDebugOdd">
#                 <td>mem.mappedWithJournal</td>
#                 <td><pre>2112</pre></td>
#             </tr>
#             <tr class="plDebugEven">
#                 <td>mem.note</td>
#                 <td><pre>not all mem info support on this platform</pre></td>
#             </tr>
#             <tr class="plDebugOdd">
#                 <td>mem.supported</td>
#                 <td><pre>false</pre></td>
#             </tr>
#             <tr class="plDebugEven">
#                 <td>network.bytesIn</td>
#                 <td><pre>43218</pre></td>
#             </tr>
#             <tr class="plDebugOdd">
#                 <td>network.bytesOut</td>
#                 <td><pre>9235789924</pre></td>
#             </tr>
#             <tr class="plDebugEven">
#                 <td>network.numRequests</td>
#                 <td><pre>548</pre></td>
#             </tr>
#             <tr class="plDebugOdd">
#                 <td>ok</td>
#                 <td><pre>1</pre></td>
#             </tr>
#             <tr class="plDebugEven">
#                 <td>process</td>
#                 <td><pre>mongod</pre></td>
#             </tr>
#             <tr class="plDebugOdd">
#                 <td>uptime</td>
#                 <td><pre>1738371</pre></td>
#             </tr>
#             <tr class="plDebugEven">
#                 <td>version</td>
#                 <td><pre>2.2.0</pre></td>
#             </tr>
#             <tr class="plDebugOdd">
#                 <td>writeBacksQueued</td>
#                 <td><pre>true</pre></td>
#             </tr>
#     </tbody>
# </table>
# 
#                     </div>
#                 </div>
#             </div>
#     <div id="plDebugWindow" class="panelContent"></div>
# </div>
# </body></html>'
#     doesn't match '(?^m:<td>writeBacksQueued</td>[.\s\n\r]*<td>true</td>)'
# Looks like you failed 13 tests of 18.
t/01-serverstatus.t ....... 
Dubious, test returned 13 (wstat 3328, 0xd00)
Failed 13/18 subtests 
t/02-database.t ........... ok
t/release-distmeta.t ...... skipped: these tests are for release candidate testing
t/release-kwalitee.t ...... skipped: these tests are for release candidate testing
t/release-pod-coverage.t .. skipped: these tests are for release candidate testing
t/release-pod-syntax.t .... skipped: these tests are for release candidate testing
t/release-test-version.t .. skipped: these tests are for release candidate testing

Test Summary Report
-------------------
t/01-serverstatus.t     (Wstat: 3328 (exited 13) Tests: 18 Failed: 13)
  Failed tests:  6-18
  Non-zero exit status: 13
Files=8, Tests=67,  5 wallclock secs ( 0.05 usr  0.01 sys +  3.94 cusr  0.54 csys =  4.54 CPU)
Result: FAIL
Failed 1/8 test programs. 13/67 subtests failed.
make: *** [Makefile:875: test_dynamic] Error 255

------------------------------
PREREQUISITES
------------------------------

Prerequisite modules loaded:

requires:

    Module                   Need   Have      
    ------------------------ ------ ----------
    Carp                     0      1.54      
    MongoDB                  0.502  v2.2.2    
    parent                   0      0.241     
    Plack                    0.9979 1.0050    
    Plack::Middleware::Debug 0      0.18      
    strict                   0      1.12      
    warnings                 0      1.64      

build_requires:

    Module                   Need   Have      
    ------------------------ ------ ----------
    boolean                  0      0.46      
    HTTP::Message            0      6.44      
    Plack                    0.9979 1.0050    
    Test::MockObject         0      1.20200122
    Test::More               0.98   1.302194  
    Test::Pod                1.22   1.52      

configure_requires:

    Module                   Need   Have      
    ------------------------ ------ ----------
    ExtUtils::MakeMaker      6.30   7.70      


------------------------------
ENVIRONMENT AND OTHER CONTEXT
------------------------------

Environment variables:

    AUTOMATED_TESTING = 1
    LANG = en_US.UTF-8
    PATH = /home/sand/bin:/usr/local/bin:/usr/local/sbin:/usr/sbin:/usr/bin:/sbin:/bin:/usr/games:/usr/local/games:/snap/bin:/usr/local/perl/bin:/usr/X11/bin
    PERL = /tmp/basesmoker-reloperl-IEkk/bin/perl
    PERL5LIB = /tmp/loop_over_bdir-168724-BYJVd6/shishi-0.0.1-0/blib/arch:/tmp/loop_over_bdir-168724-BYJVd6/shishi-0.0.1-0/blib/lib:/tmp/loop_over_bdir-168724-BYJVd6/Net-Async-WebService-lxd-0.03-0/blib/arch:/tmp/loop_over_bdir-168724-BYJVd6/Net-Async-WebService-lxd-0.03-0/blib/lib:/tmp/loop_over_bdir-168724-BYJVd6/App-oo_modulino_zsh_completion_helper-0.04-0/blib/arch:/tmp/loop_over_bdir-168724-BYJVd6/App-oo_modulino_zsh_completion_helper-0.04-0/blib/lib:/tmp/loop_over_bdir-168724-BYJVd6/perl-Hardware-UPS-Perl-0.43-0/blib/arch:/tmp/loop_over_bdir-168724-BYJVd6/perl-Hardware-UPS-Perl-0.43-0/blib/lib:/tmp/loop_over_bdir-168724-BYJVd6/makepp-1.19-0/blib/arch:/tmp/loop_over_bdir-168724-BYJVd6/makepp-1.19-0/blib/lib:/tmp/loop_over_bdir-168724-BYJVd6/CGI-Application-NetNewsIface-0.0204-0/blib/arch:/tmp/loop_over_bdir-168724-BYJVd6/CGI-Application-NetNewsIface-0.0204-0/blib/lib:/tmp/loop_over_bdir-168724-BYJVd6/Net-OpenVPN-DDNS-0.1-0/blib/arch:/tmp/loop_over_bdir-168724-BYJVd6/Net-OpenVPN-DDNS-0.1-0/blib/lib:/tmp/loop_over_bdir-168724-BYJVd6/ProjectBuilder-0.14.1-0/blib/arch:/tmp/loop_over_bdir-168724-BYJVd6/ProjectBuilder-0.14.1-0/blib/lib:/tmp/loop_over_bdir-168724-BYJVd6/RDF-NLP-SPARQLQuery-0.1-0/blib/arch:/tmp/loop_over_bdir-168724-BYJVd6/RDF-NLP-SPARQLQuery-0.1-0/blib/lib:/tmp/loop_over_bdir-168724-BYJVd6/Captive-Portal-4.10-0/blib/arch:/tmp/loop_over_bdir-168724-BYJVd6/Captive-Portal-4.10-0/blib/lib:/tmp/loop_over_bdir-168724-BYJVd6/dta-tokwrap-0.98-0/blib/arch:/tmp/loop_over_bdir-168724-BYJVd6/dta-tokwrap-0.98-0/blib/lib:/tmp/loop_over_bdir-168724-BYJVd6/Dpkg-1.21.19-0/blib/arch:/tmp/loop_over_bdir-168724-BYJVd6/Dpkg-1.21.19-0/blib/lib:/tmp/loop_over_bdir-168724-BYJVd6/MP3-PodcastFetch-1.05-0/blib/arch:/tmp/loop_over_bdir-168724-BYJVd6/MP3-PodcastFetch-1.05-0/blib/lib:/tmp/loop_over_bdir-168724-BYJVd6/Net-Async-DigitalOcean-0.04-0/blib/arch:/tmp/loop_over_bdir-168724-BYJVd6/Net-Async-DigitalOcean-0.04-0/blib/lib:/tmp/loop_over_bdir-168724-BYJVd6/Linux-InitFS-0.2-0/blib/arch:/tmp/loop_over_bdir-168724-BYJVd6/Linux-InitFS-0.2-0/blib/lib:/tmp/loop_over_bdir-168724-BYJVd6/triceps-2.1.0-0/blib/arch:/tmp/loop_over_bdir-168724-BYJVd6/triceps-2.1.0-0/blib/lib:/tmp/loop_over_bdir-168724-BYJVd6/Business-Shipping-DataFiles-1.02-0/blib/arch:/tmp/loop_over_bdir-168724-BYJVd6/Business-Shipping-DataFiles-1.02-0/blib/lib:/tmp/loop_over_bdir-168724-BYJVd6/mmds-1.902-0/blib/arch:/tmp/loop_over_bdir-168724-BYJVd6/mmds-1.902-0/blib/lib:/tmp/loop_over_bdir-168724-BYJVd6/Devel-Required-0.16-0/blib/arch:/tmp/loop_over_bdir-168724-BYJVd6/Devel-Required-0.16-0/blib/lib:/tmp/loop_over_bdir-168724-BYJVd6/Lingua-YaTeA-0.626-0/blib/arch:/tmp/loop_over_bdir-168724-BYJVd6/Lingua-YaTeA-0.626-0/blib/lib
    PERL5OPT = 
    PERL5_CPANPLUS_IS_RUNNING = 168734
    PERL5_CPAN_IS_RUNNING = 168734
    PERL_CANARY_STABILITY_NOPROMPT = 1
    PERL_MM_USE_DEFAULT = 1
    PERL_USE_UNSAFE_INC = 1
    SHELL = /usr/bin/zsh
    TERM = screen

Perl special variables (and OS-specific diagnostics, for MSWin32):

    $^X = /tmp/basesmoker-reloperl-IEkk/bin/perl
    $UID/$EUID = 1005 / 1005
    $GID = 1005 1005
    $EGID = 1005 1005

Perl module toolchain versions installed:

    Module              Have    
    ------------------- --------
    CPAN                2.34    
    CPAN::Meta          2.150010
    Cwd                 3.89    
    ExtUtils::CBuilder  0.280238
    ExtUtils::Command   7.70    
    ExtUtils::Install   2.22    
    ExtUtils::MakeMaker 7.70    
    ExtUtils::Manifest  1.73    
    ExtUtils::ParseXS   3.50    
    File::Spec          3.88    
    JSON                4.10    
    JSON::PP            4.16    
    Module::Build       0.4232  
    Module::Signature   0.88    
    Parse::CPAN::Meta   2.150010
    Test::Harness       3.44    
    Test::More          1.302194
    YAML                1.30    
    YAML::Syck          1.34    
    version             0.9929  


--

Summary of my perl5 (revision 5 version 37 subversion 11) configuration:
  Commit id: f94aafcf7b0649f7058ce2679b1be428d0b1bca8
  Platform:
    osname=linux
    osvers=5.4.0-146-generic
    archname=x86_64-linux-thread-multi
    uname='linux k93focal 5.4.0-146-generic #163-ubuntu smp fri mar 17 18:26:02 utc 2023 x86_64 x86_64 x86_64 gnulinux '
    config_args='-Dprefix=/home/sand/src/perl/repoperls/installed-perls/host/k93focal/v5.37.11/d119 -Dmyhostname=k93focal -Dinstallusrbinperl=n -Uversiononly -Dusedevel -des -Ui_db -Dlibswanted=cl pthread socket inet nsl gdbm dbm malloc dl ld sun m crypt sec util c cposix posix ucb BSD gdbm_compat -Duseithreads -Uuselongdouble -DEBUGGING=both'
    hint=recommended
    useposix=true
    d_sigaction=define
    useithreads=define
    usemultiplicity=define
    use64bitint=define
    use64bitall=define
    uselongdouble=undef
    usemymalloc=n
    default_inc_excludes_dot=define
  Compiler:
    cc='cc'
    ccflags ='-D_REENTRANT -D_GNU_SOURCE -fwrapv -DDEBUGGING -fno-strict-aliasing -pipe -fstack-protector-strong -I/usr/local/include -D_LARGEFILE_SOURCE -D_FILE_OFFSET_BITS=64'
    optimize='-O2 -g'
    cppflags='-D_REENTRANT -D_GNU_SOURCE -fwrapv -DDEBUGGING -fno-strict-aliasing -pipe -fstack-protector-strong -I/usr/local/include'
    ccversion=''
    gccversion='9.4.0'
    gccosandvers=''
    intsize=4
    longsize=8
    ptrsize=8
    doublesize=8
    byteorder=12345678
    doublekind=3
    d_longlong=define
    longlongsize=8
    d_longdbl=define
    longdblsize=16
    longdblkind=3
    ivtype='long'
    ivsize=8
    nvtype='double'
    nvsize=8
    Off_t='off_t'
    lseeksize=8
    alignbytes=8
    prototype=define
  Linker and Libraries:
    ld='cc'
    ldflags =' -fstack-protector-strong -L/usr/local/lib'
    libpth=/usr/local/lib /usr/lib/x86_64-linux-gnu /usr/lib /usr/lib64
    libs=-lpthread -lnsl -ldl -lm -lcrypt -lutil -lc
    perllibs=-lpthread -lnsl -ldl -lm -lcrypt -lutil -lc
    libc=libc-2.31.so
    so=so
    useshrplib=false
    libperl=libperl.a
    gnulibc_version='2.31'
  Dynamic Linking:
    dlsrc=dl_dlopen.xs
    dlext=so
    d_dlsymun=undef
    ccdlflags='-Wl,-E'
    cccdlflags='-fPIC'
    lddlflags='-shared -O2 -g -L/usr/local/lib -fstack-protector-strong'


Characteristics of this binary (from libperl): 
  Compile-time options:
    DEBUGGING
    HAS_LONG_DOUBLE
    HAS_STRTOLD
    HAS_TIMES
    MULTIPLICITY
    PERLIO_LAYERS
    PERL_COPY_ON_WRITE
    PERL_DONT_CREATE_GVSV
    PERL_HASH_FUNC_SIPHASH13
    PERL_HASH_USE_SBOX32
    PERL_MALLOC_WRAP
    PERL_OP_PARENT
    PERL_PRESERVE_IVUV
    PERL_TRACK_MEMPOOL
    PERL_USE_DEVEL
    PERL_USE_SAFE_PUTENV
    USE_64_BIT_ALL
    USE_64_BIT_INT
    USE_ITHREADS
    USE_LARGE_FILES
    USE_LOCALE
    USE_LOCALE_COLLATE
    USE_LOCALE_CTYPE
    USE_LOCALE_NUMERIC
    USE_LOCALE_TIME
    USE_PERLIO
    USE_PERL_ATOF
    USE_REENTRANT_API
    USE_THREAD_SAFE_LOCALE
  Built under linux
  Compiled at Apr 23 2023 19:32:15
  %ENV:
    PERL="/tmp/basesmoker-reloperl-IEkk/bin/perl"
    PERL5LIB="/tmp/loop_over_bdir-168724-BYJVd6/shishi-0.0.1-0/blib/arch:/tmp/loop_over_bdir-168724-BYJVd6/shishi-0.0.1-0/blib/lib:/tmp/loop_over_bdir-168724-BYJVd6/Net-Async-WebService-lxd-0.03-0/blib/arch:/tmp/loop_over_bdir-168724-BYJVd6/Net-Async-WebService-lxd-0.03-0/blib/lib:/tmp/loop_over_bdir-168724-BYJVd6/App-oo_modulino_zsh_completion_helper-0.04-0/blib/arch:/tmp/loop_over_bdir-168724-BYJVd6/App-oo_modulino_zsh_completion_helper-0.04-0/blib/lib:/tmp/loop_over_bdir-168724-BYJVd6/perl-Hardware-UPS-Perl-0.43-0/blib/arch:/tmp/loop_over_bdir-168724-BYJVd6/perl-Hardware-UPS-Perl-0.43-0/blib/lib:/tmp/loop_over_bdir-168724-BYJVd6/makepp-1.19-0/blib/arch:/tmp/loop_over_bdir-168724-BYJVd6/makepp-1.19-0/blib/lib:/tmp/loop_over_bdir-168724-BYJVd6/CGI-Application-NetNewsIface-0.0204-0/blib/arch:/tmp/loop_over_bdir-168724-BYJVd6/CGI-Application-NetNewsIface-0.0204-0/blib/lib:/tmp/loop_over_bdir-168724-BYJVd6/Net-OpenVPN-DDNS-0.1-0/blib/arch:/tmp/loop_over_bdir-168724-BYJVd6/Net-OpenVPN-DDNS-0.1-0/blib/lib:/tmp/loop_over_bdir-168724-BYJVd6/ProjectBuilder-0.14.1-0/blib/arch:/tmp/loop_over_bdir-168724-BYJVd6/ProjectBuilder-0.14.1-0/blib/lib:/tmp/loop_over_bdir-168724-BYJVd6/RDF-NLP-SPARQLQuery-0.1-0/blib/arch:/tmp/loop_over_bdir-168724-BYJVd6/RDF-NLP-SPARQLQuery-0.1-0/blib/lib:/tmp/loop_over_bdir-168724-BYJVd6/Captive-Portal-4.10-0/blib/arch:/tmp/loop_over_bdir-168724-BYJVd6/Captive-Portal-4.10-0/blib/lib:/tmp/loop_over_bdir-168724-BYJVd6/dta-tokwrap-0.98-0/blib/arch:/tmp/loop_over_bdir-168724-BYJVd6/dta-tokwrap-0.98-0/blib/lib:/tmp/loop_over_bdir-168724-BYJVd6/Dpkg-1.21.19-0/blib/arch:/tmp/loop_over_bdir-168724-BYJVd6/Dpkg-1.21.19-0/blib/lib:/tmp/loop_over_bdir-168724-BYJVd6/MP3-PodcastFetch-1.05-0/blib/arch:/tmp/loop_over_bdir-168724-BYJVd6/MP3-PodcastFetch-1.05-0/blib/lib:/tmp/loop_over_bdir-168724-BYJVd6/Net-Async-DigitalOcean-0.04-0/blib/arch:/tmp/loop_over_bdir-168724-BYJVd6/Net-Async-DigitalOcean-0.04-0/blib/lib:/tmp/loop_over_bdir-168724-BYJVd6/Linux-InitFS-0.2-0/blib/arch:/tmp/loop_over_bdir-168724-BYJVd6/Linux-InitFS-0.2-0/blib/lib:/tmp/loop_over_bdir-168724-BYJVd6/triceps-2.1.0-0/blib/arch:/tmp/loop_over_bdir-168724-BYJVd6/triceps-2.1.0-0/blib/lib:/tmp/loop_over_bdir-168724-BYJVd6/Business-Shipping-DataFiles-1.02-0/blib/arch:/tmp/loop_over_bdir-168724-BYJVd6/Business-Shipping-DataFiles-1.02-0/blib/lib:/tmp/loop_over_bdir-168724-BYJVd6/mmds-1.902-0/blib/arch:/tmp/loop_over_bdir-168724-BYJVd6/mmds-1.902-0/blib/lib:/tmp/loop_over_bdir-168724-BYJVd6/Devel-Required-0.16-0/blib/arch:/tmp/loop_over_bdir-168724-BYJVd6/Devel-Required-0.16-0/blib/lib:/tmp/loop_over_bdir-168724-BYJVd6/Lingua-YaTeA-0.626-0/blib/arch:/tmp/loop_over_bdir-168724-BYJVd6/Lingua-YaTeA-0.626-0/blib/lib"
    PERL5OPT=""
    PERL5_CPANPLUS_IS_RUNNING="168734"
    PERL5_CPAN_IS_RUNNING="168734"
    PERL_CANARY_STABILITY_NOPROMPT="1"
    PERL_MM_USE_DEFAULT="1"
    PERL_USE_UNSAFE_INC="1"
  @INC:
    /tmp/loop_over_bdir-168724-BYJVd6/shishi-0.0.1-0/blib/arch
    /tmp/loop_over_bdir-168724-BYJVd6/shishi-0.0.1-0/blib/lib
    /tmp/loop_over_bdir-168724-BYJVd6/Net-Async-WebService-lxd-0.03-0/blib/arch
    /tmp/loop_over_bdir-168724-BYJVd6/Net-Async-WebService-lxd-0.03-0/blib/lib
    /tmp/loop_over_bdir-168724-BYJVd6/App-oo_modulino_zsh_completion_helper-0.04-0/blib/arch
    /tmp/loop_over_bdir-168724-BYJVd6/App-oo_modulino_zsh_completion_helper-0.04-0/blib/lib
    /tmp/loop_over_bdir-168724-BYJVd6/perl-Hardware-UPS-Perl-0.43-0/blib/arch
    /tmp/loop_over_bdir-168724-BYJVd6/perl-Hardware-UPS-Perl-0.43-0/blib/lib
    /tmp/loop_over_bdir-168724-BYJVd6/makepp-1.19-0/blib/arch
    /tmp/loop_over_bdir-168724-BYJVd6/makepp-1.19-0/blib/lib
    /tmp/loop_over_bdir-168724-BYJVd6/CGI-Application-NetNewsIface-0.0204-0/blib/arch
    /tmp/loop_over_bdir-168724-BYJVd6/CGI-Application-NetNewsIface-0.0204-0/blib/lib
    /tmp/loop_over_bdir-168724-BYJVd6/Net-OpenVPN-DDNS-0.1-0/blib/arch
    /tmp/loop_over_bdir-168724-BYJVd6/Net-OpenVPN-DDNS-0.1-0/blib/lib
    /tmp/loop_over_bdir-168724-BYJVd6/ProjectBuilder-0.14.1-0/blib/arch
    /tmp/loop_over_bdir-168724-BYJVd6/ProjectBuilder-0.14.1-0/blib/lib
    /tmp/loop_over_bdir-168724-BYJVd6/RDF-NLP-SPARQLQuery-0.1-0/blib/arch
    /tmp/loop_over_bdir-168724-BYJVd6/RDF-NLP-SPARQLQuery-0.1-0/blib/lib
    /tmp/loop_over_bdir-168724-BYJVd6/Captive-Portal-4.10-0/blib/arch
    /tmp/loop_over_bdir-168724-BYJVd6/Captive-Portal-4.10-0/blib/lib
    /tmp/loop_over_bdir-168724-BYJVd6/dta-tokwrap-0.98-0/blib/arch
    /tmp/loop_over_bdir-168724-BYJVd6/dta-tokwrap-0.98-0/blib/lib
    /tmp/loop_over_bdir-168724-BYJVd6/Dpkg-1.21.19-0/blib/arch
    /tmp/loop_over_bdir-168724-BYJVd6/Dpkg-1.21.19-0/blib/lib
    /tmp/loop_over_bdir-168724-BYJVd6/MP3-PodcastFetch-1.05-0/blib/arch
    /tmp/loop_over_bdir-168724-BYJVd6/MP3-PodcastFetch-1.05-0/blib/lib
    /tmp/loop_over_bdir-168724-BYJVd6/Net-Async-DigitalOcean-0.04-0/blib/arch
    /tmp/loop_over_bdir-168724-BYJVd6/Net-Async-DigitalOcean-0.04-0/blib/lib
    /tmp/loop_over_bdir-168724-BYJVd6/Linux-InitFS-0.2-0/blib/arch
    /tmp/loop_over_bdir-168724-BYJVd6/Linux-InitFS-0.2-0/blib/lib
    /tmp/loop_over_bdir-168724-BYJVd6/triceps-2.1.0-0/blib/arch
    /tmp/loop_over_bdir-168724-BYJVd6/triceps-2.1.0-0/blib/lib
    /tmp/loop_over_bdir-168724-BYJVd6/Business-Shipping-DataFiles-1.02-0/blib/arch
    /tmp/loop_over_bdir-168724-BYJVd6/Business-Shipping-DataFiles-1.02-0/blib/lib
    /tmp/loop_over_bdir-168724-BYJVd6/mmds-1.902-0/blib/arch
    /tmp/loop_over_bdir-168724-BYJVd6/mmds-1.902-0/blib/lib
    /tmp/loop_over_bdir-168724-BYJVd6/Devel-Required-0.16-0/blib/arch
    /tmp/loop_over_bdir-168724-BYJVd6/Devel-Required-0.16-0/blib/lib
    /tmp/loop_over_bdir-168724-BYJVd6/Lingua-YaTeA-0.626-0/blib/arch
    /tmp/loop_over_bdir-168724-BYJVd6/Lingua-YaTeA-0.626-0/blib/lib
    /home/sand/src/perl/repoperls/installed-perls/host/k93focal/v5.37.11/d119/lib/site_perl/5.37.11/x86_64-linux-thread-multi
    /home/sand/src/perl/repoperls/installed-perls/host/k93focal/v5.37.11/d119/lib/site_perl/5.37.11
    /home/sand/src/perl/repoperls/installed-perls/host/k93focal/v5.37.11/d119/lib/5.37.11/x86_64-linux-thread-multi
    /home/sand/src/perl/repoperls/installed-perls/host/k93focal/v5.37.11/d119/lib/5.37.11
    .