Report for Catalyst-Model-Akismet-0.04

Back
From: metabase:user:314402c4-2aae-11df-837a-5e0a49663a4f
Subject: FAIL Catalyst-Model-Akismet-0.04 v5.15.9 GNU/Linux
Date: 2012-04-12T20:20:12Z

This distribution has been tested as part of the CPAN Testers
project, supporting the Perl programming language.  See
http://wiki.cpantesters.org/ for more information or email
questions to cpan-testers-discuss@perl.org


--
Dear Tomas Doran,

This is a computer-generated report for Catalyst-Model-Akismet-0.04
on perl 5.15.9, created by CPAN-Reporter-1.2005.

Thank you for uploading your work to CPAN.  However, there was a problem
testing your distribution.

If you think this report is invalid, please consult the CPAN Testers Wiki
for suggestions on how to avoid getting FAIL reports for missing library
or binary dependencies, unsupported operating systems, and so on:

http://wiki.cpantesters.org/wiki/CPANAuthorNotes

Sections of this report:

    * Tester comments
    * Program output
    * Prerequisites
    * Environment and other context

------------------------------
TESTER COMMENTS
------------------------------

Additional comments from tester:

none provided

------------------------------
PROGRAM OUTPUT
------------------------------

Output from '/usr/bin/make test':

PERL_DL_NONLAZY=1 /bbbike/ctps/5159linux/install/perl-v5.15.9-123-gbd9cbc4/bin/perl "-MExtUtils::Command::MM" "-e" "test_harness(0, 'inc', 'blib/lib', 'blib/arch')" t/*.t
# Testing Catalyst::Model::Akismet 0.04
t/00.load.t ........... ok
t/01.functionality.t .. ok

#   Failed test 'Test::Perl::Critic for "blib/lib/Catalyst/Model/Akismet.pm"'
#   at /home/eserte/var/ctps/5159linux/install/perl-v5.15.9-123-gbd9cbc4/lib/site_perl/5.15.9/Test/Perl/Critic.pm line 110.
# 
# Perl::Critic found these violations in "blib/lib/Catalyst/Model/Akismet.pm":
# Variable, subroutine, and package names have to be in CamelCase at line 66, column 8.  (no explanation).  (Severity: 5)
# Variable, subroutine, and package names have to be in CamelCase at line 67, column 8.  (no explanation).  (Severity: 5)
# Variable, subroutine, and package names have to be in CamelCase at line 67, column 21.  (no explanation).  (Severity: 5)
# Variable, subroutine, and package names have to be in CamelCase at line 69, column 10.  (no explanation).  (Severity: 5)
# Variable, subroutine, and package names have to be in CamelCase at line 69, column 14.  (no explanation).  (Severity: 5)
# Variable, subroutine, and package names have to be in CamelCase at line 73, column 16.  (no explanation).  (Severity: 5)
# Variable, subroutine, and package names have to be in CamelCase at line 75, column 16.  (no explanation).  (Severity: 5)
# Variable, subroutine, and package names have to be in CamelCase at line 78, column 5.  (no explanation).  (Severity: 5)
# Variable, subroutine, and package names have to be in CamelCase at line 79, column 40.  (no explanation).  (Severity: 5)
# Variable, subroutine, and package names have to be in CamelCase at line 79, column 50.  (no explanation).  (Severity: 5)
# Method invokation should use "()" at line 79, column 55.  Use "->MethodName()" instead of "->MethodName".  (Severity: 5)
# Variable, subroutine, and package names have to be in CamelCase at line 82, column 12.  (no explanation).  (Severity: 5)
# Variable, subroutine, and package names have to be in CamelCase at line 86, column 1.  (no explanation).  (Severity: 5)
# Variable, subroutine, and package names have to be in CamelCase at line 87, column 9.  (no explanation).  (Severity: 5)
# Variable, subroutine, and package names have to be in CamelCase at line 87, column 15.  (no explanation).  (Severity: 5)
# Variable, subroutine, and package names have to be in CamelCase at line 88, column 12.  (no explanation).  (Severity: 5)
# Variable, subroutine, and package names have to be in CamelCase at line 89, column 9.  (no explanation).  (Severity: 5)
# Variable, subroutine, and package names have to be in CamelCase at line 89, column 19.  (no explanation).  (Severity: 5)
# Variable, subroutine, and package names have to be in CamelCase at line 92, column 1.  (no explanation).  (Severity: 5)
# Variable, subroutine, and package names have to be in CamelCase at line 93, column 8.  (no explanation).  (Severity: 5)
# Variable, subroutine, and package names have to be in CamelCase at line 94, column 12.  (no explanation).  (Severity: 5)
# Variable, subroutine, and package names have to be in CamelCase at line 97, column 1.  (no explanation).  (Severity: 5)
# Variable, subroutine, and package names have to be in CamelCase at line 98, column 5.  (no explanation).  (Severity: 5)
# Variable, subroutine, and package names have to be in CamelCase at line 98, column 12.  (no explanation).  (Severity: 5)
# Variable, subroutine, and package names have to be in CamelCase at line 100, column 11.  (no explanation).  (Severity: 5)
# Variable, subroutine, and package names have to be in CamelCase at line 100, column 28.  (no explanation).  (Severity: 5)
# Variable, subroutine, and package names have to be in CamelCase at line 101, column 4.  (no explanation).  (Severity: 5)
# Variable, subroutine, and package names have to be in CamelCase at line 102, column 22.  (no explanation).  (Severity: 5)
# Method invokation should use "()" at line 102, column 24.  Use "->MethodName()" instead of "->MethodName".  (Severity: 5)
# Method invokation should use "()" at line 102, column 29.  Use "->MethodName()" instead of "->MethodName".  (Severity: 5)
# Variable, subroutine, and package names have to be in CamelCase at line 103, column 19.  (no explanation).  (Severity: 5)
# Method invokation should use "()" at line 103, column 21.  Use "->MethodName()" instead of "->MethodName".  (Severity: 5)
# Method invokation should use "()" at line 103, column 26.  Use "->MethodName()" instead of "->MethodName".  (Severity: 5)
# Variable, subroutine, and package names have to be in CamelCase at line 104, column 15.  (no explanation).  (Severity: 5)
# Method invokation should use "()" at line 104, column 17.  Use "->MethodName()" instead of "->MethodName".  (Severity: 5)
# Method invokation should use "()" at line 104, column 22.  Use "->MethodName()" instead of "->MethodName".  (Severity: 5)
# Variable, subroutine, and package names have to be in CamelCase at line 107, column 11.  (no explanation).  (Severity: 5)

#   Failed test 'Test::Perl::Critic for "blib/lib/Catalyst/Helper/Model/Akismet.pm"'
#   at /home/eserte/var/ctps/5159linux/install/perl-v5.15.9-123-gbd9cbc4/lib/site_perl/5.15.9/Test/Perl/Critic.pm line 110.
# 
# Perl::Critic found these violations in "blib/lib/Catalyst/Helper/Model/Akismet.pm":
# Variable, subroutine, and package names have to be in CamelCase at line 48, column 1.  (no explanation).  (Severity: 5)
# Variable, subroutine, and package names have to be in CamelCase at line 49, column 10.  (no explanation).  (Severity: 5)
# Variable, subroutine, and package names have to be in CamelCase at line 49, column 17.  (no explanation).  (Severity: 5)
# Variable, subroutine, and package names have to be in CamelCase at line 49, column 26.  (no explanation).  (Severity: 5)
# Variable, subroutine, and package names have to be in CamelCase at line 52, column 14.  (no explanation).  (Severity: 5)
# Variable, subroutine, and package names have to be in CamelCase at line 54, column 13.  (no explanation).  (Severity: 5)
# Private Member Data shouldn't be accessed directly at line 54, column 13.  Accessing an objects data directly breaks encapsulation and should be avoided.  Example: $object->{ some_key }.  (Severity: 5)
# Variable, subroutine, and package names have to be in CamelCase at line 57, column 13.  (no explanation).  (Severity: 5)
# Private Member Data shouldn't be accessed directly at line 57, column 13.  Accessing an objects data directly breaks encapsulation and should be avoided.  Example: $object->{ some_key }.  (Severity: 5)
# Variable, subroutine, and package names have to be in CamelCase at line 61, column 5.  (no explanation).  (Severity: 5)
# Private Member Data shouldn't be accessed directly at line 61, column 5.  Accessing an objects data directly breaks encapsulation and should be avoided.  Example: $object->{ some_key }.  (Severity: 5)
# Variable, subroutine, and package names have to be in CamelCase at line 62, column 16.  (no explanation).  (Severity: 5)
# Private Member Data shouldn't be accessed directly at line 62, column 16.  Accessing an objects data directly breaks encapsulation and should be avoided.  Example: $object->{ some_key }.  (Severity: 5)
# Variable, subroutine, and package names have to be in CamelCase at line 63, column 16.  (no explanation).  (Severity: 5)
# Private Member Data shouldn't be accessed directly at line 63, column 16.  Accessing an objects data directly breaks encapsulation and should be avoided.  Example: $object->{ some_key }.  (Severity: 5)
# Variable, subroutine, and package names have to be in CamelCase at line 66, column 5.  (no explanation).  (Severity: 5)
# Variable, subroutine, and package names have to be in CamelCase at line 66, column 43.  (no explanation).  (Severity: 5)
# Private Member Data shouldn't be accessed directly at line 66, column 43.  Accessing an objects data directly breaks encapsulation and should be avoided.  Example: $object->{ some_key }.  (Severity: 5)
# Looks like you failed 2 tests of 2.
t/02.perlcritic.t ..... 
Dubious, test returned 2 (wstat 512, 0x200)
Failed 2/2 subtests 
t/03.pod.t ............ ok
t/04.pod-coverage.t ... ok

Test Summary Report
-------------------
t/02.perlcritic.t   (Wstat: 512 Tests: 2 Failed: 2)
  Failed tests:  1-2
  Non-zero exit status: 2
Files=5, Tests=10,  3 wallclock secs ( 0.03 usr  0.01 sys +  1.71 cusr  0.16 csys =  1.91 CPU)
Result: FAIL
Failed 1/5 test programs. 2/10 subtests failed.
make: *** [test_dynamic] Error 255

------------------------------
PREREQUISITES
------------------------------

Prerequisite modules loaded:

requires:

    Module                                  Need     Have    
    --------------------------------------- -------- --------
    Carp                                    0        1.25    
    Catalyst::Component::InstancePerContext 0.001000 0.001001
    Catalyst::Runtime                       5.70     5.90011 
    Class::C3                               0.20     0.23    
    Moose                                   0        2.0403  
    Net::Akismet::Protocol                  0        0.02    

build_requires:

    Module                                  Need     Have    
    --------------------------------------- -------- --------
    ExtUtils::MakeMaker                     6.42     6.63_02 
    Test::More                              0        0.98    

configure_requires:

    Module                                  Need     Have    
    --------------------------------------- -------- --------
    ExtUtils::MakeMaker                     6.42     6.63_02 


------------------------------
ENVIRONMENT AND OTHER CONTEXT
------------------------------

Environment variables:

    DBIC_NO_WARN_BAD_PERL = 1
    LANG = C
    PATH = /usr/local/bin:/usr/bin:/bin:/usr/local/sbin:/usr/sbin:/sbin:/home/eserte/bin/linux-gnu:/home/eserte/bin/sh:/home/eserte/bin:/usr/X11R6/bin:/usr/X11/bin:/usr/games:/home/eserte/devel:/home/eserte/work/cpan-testers-parallelsmoker/utils
    PERL5LIB = 
    PERL5OPT = 
    PERL5_CPANPLUS_IS_RUNNING = 18387
    PERL5_CPAN_IS_RUNNING = 18387
    PERL5_CPAN_IS_RUNNING_IN_RECURSION = 6332,18387
    PERLDOC = -MPod::Perldoc::ToTextOverstrike
    PERL_BATCH = yes
    PERL_CPAN_REPORTER_DIR = /home/eserte/var/ctps/5159linux/config/perl-v5.15.9-123-gbd9cbc4/cpanreporter
    PERL_EXTUTILS_AUTOINSTALL = --defaultdeps
    PERL_HTML_DISPLAY_CLASS = HTML::Display::Mozilla
    PERL_PARALLEL_SMOKER = yes
    PERL_TEST_UNPATCHED = 1
    SHELL = /bin/zsh
    TERM = screen
    TMPDIR = /var/tmp/cpansmoker-1001

Perl special variables (and OS-specific diagnostics, for MSWin32):

    $^X = /bbbike/ctps/5159linux/install/perl-v5.15.9-123-gbd9cbc4/bin/perl
    $UID/$EUID = 1001 / 1001
    $GID = 1001 4 1001
    $EGID = 1001 4 1001

Perl module toolchain versions installed:

    Module              Have    
    ------------------- --------
    CPAN                1.9800  
    CPAN::Meta          2.120921
    Cwd                 3.39_02 
    ExtUtils::CBuilder  0.280206
    ExtUtils::Command   1.17    
    ExtUtils::Install   1.58    
    ExtUtils::MakeMaker 6.63_02 
    ExtUtils::Manifest  1.61    
    ExtUtils::ParseXS   3.16    
    File::Spec          3.39_02 
    JSON                2.53    
    JSON::PP            2.27200 
    Module::Build       0.40    
    Module::Signature   0.68    
    Parse::CPAN::Meta   1.4404  
    Test::Harness       3.23    
    Test::More          0.98    
    YAML                0.80    
    YAML::Syck          1.20    
    version             0.97    


--

Summary of my perl5 (revision 5 version 15 subversion 9) configuration:
  Commit id: bd9cbc460bc6144f7e4cfc82772b389efe6331e3
  Platform:
    osname=linux, osvers=2.6.32-5-xen-amd64, archname=x86_64-linux
    uname='linux eserte 2.6.32-5-xen-amd64 #1 smp mon jan 16 20:48:30 utc 2012 x86_64 gnulinux '
    config_args='-ds -e -Uversiononly -Dinstallusrbinperl=n -Dusedevel -Dprefix=/home/eserte/var/ctps/5159linux/install/perl-v5.15.9-123-gbd9cbc4'
    hint=recommended, useposix=true, d_sigaction=define
    useithreads=undef, usemultiplicity=undef
    useperlio=define, d_sfio=undef, uselargefiles=define, usesocks=undef
    use64bitint=define, use64bitall=define, uselongdouble=undef
    usemymalloc=n, bincompat5005=undef
  Compiler:
    cc='cc', ccflags ='-fno-strict-aliasing -pipe -fstack-protector -I/usr/local/include -D_LARGEFILE_SOURCE -D_FILE_OFFSET_BITS=64',
    optimize='-O2',
    cppflags='-fno-strict-aliasing -pipe -fstack-protector -I/usr/local/include'
    ccversion='', gccversion='4.4.5', gccosandvers=''
    intsize=4, longsize=8, ptrsize=8, doublesize=8, byteorder=12345678
    d_longlong=define, longlongsize=8, d_longdbl=define, longdblsize=16
    ivtype='long', ivsize=8, nvtype='double', nvsize=8, Off_t='off_t', lseeksize=8
    alignbytes=8, prototype=define
  Linker and Libraries:
    ld='cc', ldflags =' -fstack-protector -L/usr/local/lib'
    libpth=/usr/local/lib /lib/../lib /usr/lib/../lib /lib /usr/lib /lib64 /usr/lib64
    libs=-lnsl -ldl -lm -lcrypt -lutil -lc
    perllibs=-lnsl -ldl -lm -lcrypt -lutil -lc
    libc=/lib/libc-2.11.3.so, so=so, useshrplib=false, libperl=libperl.a
    gnulibc_version='2.11.3'
  Dynamic Linking:
    dlsrc=dl_dlopen.xs, dlext=so, d_dlsymun=undef, ccdlflags='-Wl,-E'
    cccdlflags='-fPIC', lddlflags='-shared -O2 -L/usr/local/lib -fstack-protector'


Characteristics of this binary (from libperl): 
  Compile-time options: HAS_TIMES PERLIO_LAYERS PERL_DONT_CREATE_GVSV
                        PERL_MALLOC_WRAP PERL_PRESERVE_IVUV PERL_USE_DEVEL
                        USE_64_BIT_ALL USE_64_BIT_INT USE_LARGE_FILES
                        USE_LOCALE USE_LOCALE_COLLATE USE_LOCALE_CTYPE
                        USE_LOCALE_NUMERIC USE_PERLIO USE_PERL_ATOF
  Built under linux
  Compiled at Apr  8 2012 23:00:53
  %ENV:
    PERL5LIB=""
    PERL5OPT=""
    PERL5_CPANPLUS_IS_RUNNING="18387"
    PERL5_CPAN_IS_RUNNING="18387"
    PERL5_CPAN_IS_RUNNING_IN_RECURSION="6332,18387"
    PERLDOC="-MPod::Perldoc::ToTextOverstrike"
    PERL_BATCH="yes"
    PERL_CPAN_REPORTER_DIR="/home/eserte/var/ctps/5159linux/config/perl-v5.15.9-123-gbd9cbc4/cpanreporter"
    PERL_EXTUTILS_AUTOINSTALL="--defaultdeps"
    PERL_HTML_DISPLAY_CLASS="HTML::Display::Mozilla"
    PERL_PARALLEL_SMOKER="yes"
    PERL_TEST_UNPATCHED="1"
  @INC:
    /home/eserte/var/ctps/5159linux/install/perl-v5.15.9-123-gbd9cbc4/lib/site_perl/5.15.9/x86_64-linux
    /home/eserte/var/ctps/5159linux/install/perl-v5.15.9-123-gbd9cbc4/lib/site_perl/5.15.9
    /home/eserte/var/ctps/5159linux/install/perl-v5.15.9-123-gbd9cbc4/lib/5.15.9/x86_64-linux
    /home/eserte/var/ctps/5159linux/install/perl-v5.15.9-123-gbd9cbc4/lib/5.15.9
    .