Report for Text-Tradition-Analysis-1.2_clean

Back
From: metabase:user:320bfe00-2aae-11df-837a-5e0a49663a4f
Subject: FAIL Text-Tradition-Analysis-1.2_clean v5.18.0 GNU/Linux
Date: 2013-08-10T19:13:15Z

This distribution has been tested as part of the CPAN Testers
project, supporting the Perl programming language.  See
http://wiki.cpantesters.org/ for more information or email
questions to cpan-testers-discuss@perl.org


--
Dear Tara Andrews,

This is a computer-generated report for Text-Tradition-Analysis-1.2_clean
on perl 5.18.0, created by CPAN-Reporter-1.2010.

Thank you for uploading your work to CPAN.  However, there was a problem
testing your distribution.

If you think this report is invalid, please consult the CPAN Testers Wiki
for suggestions on how to avoid getting FAIL reports for missing library
or binary dependencies, unsupported operating systems, and so on:

http://wiki.cpantesters.org/wiki/CPANAuthorNotes

Sections of this report:

    * Tester comments
    * Program output
    * Prerequisites
    * Environment and other context

------------------------------
TESTER COMMENTS
------------------------------

Additional comments from tester:

this report is from an automated smoke testing program
and was not reviewed by a human for accuracy

------------------------------
PROGRAM OUTPUT
------------------------------

Output from '/usr/bin/make test':

PERL_DL_NONLAZY=1 /home/sand/src/perl/repoperls/installed-perls/perl/v5.18.0/165a/bin/perl "-MExtUtils::Command::MM" "-e" "test_harness(0, 'inc', 'blib/lib', 'blib/arch')" t/*.t
t/00dependencies.t .................. ok
t/02pod.t ........................... ok
t/03podcoverage.t ................... skipped: set TEST_POD to enable this test
Found problem in evident symmetry with reading r1013.4 at lib/Text/Tradition/Analysis.pm line 525.
Found problem in evident symmetry with reading r1013.3 at lib/Text/Tradition/Analysis.pm line 525.
Found problem in evident symmetry with reading r1004.2 at lib/Text/Tradition/Analysis.pm line 525.
Use of uninitialized value $expected in string eq at t/analysis.t line 189.

#   Failed test 'Got expected genealogical result for rank 1013'
#   at t/analysis.t line 190.
#          got: 'genealogical'
#     expected: undef

#   Failed test 'Ran analysis for all expected rows'
#   at t/analysis.t line 217.
#     Structures begin differing at:
#          $got->[146] = Does not exist
#     $expected->[146] = '1013'
Found problem in evident symmetry with reading r1013.4 at lib/Text/Tradition/Analysis.pm line 525.
Found problem in evident symmetry with reading r1013.3 at lib/Text/Tradition/Analysis.pm line 525.
Found problem in evident symmetry with reading r1004.2 at lib/Text/Tradition/Analysis.pm line 525.
Found problem in evident symmetry with reading r1004.3 at lib/Text/Tradition/Analysis.pm line 525.

#   Failed test 'Got expected genealogical result on exclude_type1 run for rank 1013'
#   at t/analysis.t line 235.
#          got: 'genealogical'
#     expected: undef

#   Failed test 'Ran analysis for all useful rows'
#   at t/analysis.t line 237.
#     Structures begin differing at:
#          $got->[60] = '1013'
#     $expected->[60] = Does not exist
Found problem in evident symmetry with reading r1013.4 at lib/Text/Tradition/Analysis.pm line 525.
Found problem in evident symmetry with reading r1013.3 at lib/Text/Tradition/Analysis.pm line 525.
Found problem in evident symmetry with reading r1004.3 at lib/Text/Tradition/Analysis.pm line 525.
Found problem in evident symmetry with reading r1004.2 at lib/Text/Tradition/Analysis.pm line 525.

#   Failed test 'Got expected genealogical result on merge_types run for rank 1013'
#   at t/analysis.t line 261.
#          got: 'genealogical'
#     expected: undef

#   Failed test 'Ran analysis for all useful unmerged rows'
#   at t/analysis.t line 264.
#     Structures begin differing at:
#          $got->[42] = '1013'
#     $expected->[42] = Does not exist
# Looks like you failed 6 tests of 931.
t/analysis.t ........................ 
Dubious, test returned 6 (wstat 1536, 0x600)
Failed 6/931 subtests 
t/stemma.t .......................... ok
t/text_tradition_analysis.t ......... ok
t/text_tradition_analysis_result.t .. ok
t/text_tradition_hasstemma.t ........ ok
t/text_tradition_stemma.t ........... ok

Test Summary Report
-------------------
t/analysis.t                      (Wstat: 1536 Tests: 931 Failed: 6)
  Failed tests:  673, 678, 800-801, 929, 931
  Non-zero exit status: 6
Files=9, Tests=1234, 43 wallclock secs ( 0.09 usr  0.03 sys + 30.14 cusr  0.95 csys = 31.21 CPU)
Result: FAIL
Failed 1/9 test programs. 6/1234 subtests failed.
make: *** [test_dynamic] Error 255

------------------------------
PREREQUISITES
------------------------------

Prerequisite modules loaded:

requires:

    Module                     Need  Have    
    -------------------------- ----- --------
    Algorithm::Diff            0     1.1902  
    Bio::Phylo::IO             0     0       
    File::chdir                0     0.1008  
    File::Which                0     1.09    
    Graph                      0     0.96    
    Graph::Reader::Dot         0     1.03    
    IPC::Run                   0     0.92    
    JSON                       0     2.59    
    LWP::UserAgent             0     6.05    
    Moose                      0     2.1005  
    Moose::Role                0     2.1005  
    perl                       5.012 5.018000
    Set::Scalar                0     1.26    
    Text::Tradition            1.2   1.2     
    Text::Tradition::Error     0     0       
    TryCatch                   0     1.003002

build_requires:

    Module                     Need  Have    
    -------------------------- ----- --------
    ExtUtils::MakeMaker        6.59  6.73_09 
    Test::More::UTF8           0     0.04    
    Text::Tradition::Directory 0     1.1     

configure_requires:

    Module                     Need  Have    
    -------------------------- ----- --------
    ExtUtils::MakeMaker        6.59  6.73_09 


------------------------------
ENVIRONMENT AND OTHER CONTEXT
------------------------------

Environment variables:

    AUTOMATED_TESTING = 1
    LANG = en_US.UTF-8
    LANGUAGE = en_US:en
    PATH = /usr/lib/ccache:/home/sand/bin:/usr/local/bin:/usr/bin:/bin:/usr/bin/X11:/usr/games:/usr/local/perl/bin:/usr/X11/bin:/sbin:/usr/sbin
    PERL5LIB = 
    PERL5OPT = 
    PERL5_CPANPLUS_IS_RUNNING = 19383
    PERL5_CPAN_IS_RUNNING = 19383
    PERL_MM_USE_DEFAULT = 1
    SHELL = /usr/bin/zsh
    TERM = screen

Perl special variables (and OS-specific diagnostics, for MSWin32):

    $^X = /home/sand/src/perl/repoperls/installed-perls/perl/v5.18.0/165a/bin/perl
    $UID/$EUID = 1005 / 1005
    $GID = 1005 1005
    $EGID = 1005 1005

Perl module toolchain versions installed:

    Module              Have    
    ------------------- --------
    CPAN                2.00    
    CPAN::Meta          2.132140
    Cwd                 3.40    
    ExtUtils::CBuilder  0.280210
    ExtUtils::Command   1.17    
    ExtUtils::Install   1.59    
    ExtUtils::MakeMaker 6.73_09 
    ExtUtils::Manifest  1.63    
    ExtUtils::ParseXS   3.21    
    File::Spec          3.40    
    JSON                2.59    
    JSON::PP            2.27202 
    Module::Build       0.4007  
    Module::Signature   0.73    
    Parse::CPAN::Meta   1.4405  
    Test::Harness       3.28    
    Test::More          0.98    
    YAML                0.84    
    YAML::Syck          1.27    
    version             0.9902  


--

Summary of my perl5 (revision 5 version 18 subversion 0) configuration:
  Commit id: a9acda3b5f74585852a57b51b724804ac586cb0b
  Platform:
    osname=linux, osvers=3.9-1-amd64, archname=x86_64-linux
    uname='linux k83 3.9-1-amd64 #1 smp debian 3.9.8-1 x86_64 gnulinux '
    config_args='-Dprefix=/home/sand/src/perl/repoperls/installed-perls/perl/v5.18.0/165a -Dmyhostname=k83 -Dinstallusrbinperl=n -Uversiononly -Dusedevel -des -Ui_db -Uuseithreads -Uuselongdouble -DDEBUGGING=-g'
    hint=recommended, useposix=true, d_sigaction=define
    useithreads=undef, usemultiplicity=undef
    useperlio=define, d_sfio=undef, uselargefiles=define, usesocks=undef
    use64bitint=define, use64bitall=define, uselongdouble=undef
    usemymalloc=n, bincompat5005=undef
  Compiler:
    cc='cc', ccflags ='-fno-strict-aliasing -pipe -fstack-protector -I/usr/local/include -D_LARGEFILE_SOURCE -D_FILE_OFFSET_BITS=64',
    optimize='-O2 -g',
    cppflags='-fno-strict-aliasing -pipe -fstack-protector -I/usr/local/include'
    ccversion='', gccversion='4.8.1', gccosandvers=''
    intsize=4, longsize=8, ptrsize=8, doublesize=8, byteorder=12345678
    d_longlong=define, longlongsize=8, d_longdbl=define, longdblsize=16
    ivtype='long', ivsize=8, nvtype='double', nvsize=8, Off_t='off_t', lseeksize=8
    alignbytes=8, prototype=define
  Linker and Libraries:
    ld='cc', ldflags =' -fstack-protector -L/usr/local/lib'
    libpth=/usr/local/lib /lib/x86_64-linux-gnu /lib/../lib /usr/lib/x86_64-linux-gnu /usr/lib/../lib /lib /usr/lib
    libs=-lnsl -lgdbm -ldb -ldl -lm -lcrypt -lutil -lc -lgdbm_compat
    perllibs=-lnsl -ldl -lm -lcrypt -lutil -lc
    libc=, so=so, useshrplib=false, libperl=libperl.a
    gnulibc_version='2.17'
  Dynamic Linking:
    dlsrc=dl_dlopen.xs, dlext=so, d_dlsymun=undef, ccdlflags='-Wl,-E'
    cccdlflags='-fPIC', lddlflags='-shared -O2 -g -L/usr/local/lib -fstack-protector'


Characteristics of this binary (from libperl): 
  Compile-time options: HAS_TIMES PERLIO_LAYERS PERL_DONT_CREATE_GVSV
                        PERL_HASH_FUNC_ONE_AT_A_TIME_HARD PERL_MALLOC_WRAP
                        PERL_PRESERVE_IVUV PERL_SAWAMPERSAND PERL_USE_DEVEL
                        USE_64_BIT_ALL USE_64_BIT_INT USE_LARGE_FILES
                        USE_LOCALE USE_LOCALE_COLLATE USE_LOCALE_CTYPE
                        USE_LOCALE_NUMERIC USE_PERLIO USE_PERL_ATOF
  Built under linux
  Compiled at Jul  3 2013 00:38:41
  %ENV:
    PERL5LIB=""
    PERL5OPT=""
    PERL5_CPANPLUS_IS_RUNNING="19383"
    PERL5_CPAN_IS_RUNNING="19383"
    PERL_MM_USE_DEFAULT="1"
  @INC:
    /home/sand/src/perl/repoperls/installed-perls/perl/v5.18.0/165a/lib/site_perl/5.18.0/x86_64-linux
    /home/sand/src/perl/repoperls/installed-perls/perl/v5.18.0/165a/lib/site_perl/5.18.0
    /home/sand/src/perl/repoperls/installed-perls/perl/v5.18.0/165a/lib/5.18.0/x86_64-linux
    /home/sand/src/perl/repoperls/installed-perls/perl/v5.18.0/165a/lib/5.18.0
    .