Net-Google-DataAPI v0.2805 Perl 5 v5.26.1 x86_64-linux
- Status
- Fail
- From
- Slaven Rezić (SREZIC)
- Dist
-
Net-Google-DataAPI v0.2805
- Platform
- Perl 5 v5.26.1 x86_64-linux
- Date
- 2018-03-22 20:23:38
- ID
- e7d3c2b0-2e0e-11e8-a99f-9cadcceb348a
This distribution has been tested as part of the CPAN Testers
project, supporting the Perl programming language. See
http://wiki.cpantesters.org/ for more information or email
questions to cpan-testers-discuss@perl.org
--
Dear Nobuo Danjou,
This is a computer-generated report for Net-Google-DataAPI-0.2805
on perl 5.26.1, created by CPAN-Reporter-1.2018.
Thank you for uploading your work to CPAN. However, there was a problem
testing your distribution.
If you think this report is invalid, please consult the CPAN Testers Wiki
for suggestions on how to avoid getting FAIL reports for missing library
or binary dependencies, unsupported operating systems, and so on:
http://wiki.cpantesters.org/wiki/CPANAuthorNotes
Sections of this report:
* Tester comments
* Program output
* Prerequisites
* Environment and other context
------------------------------
TESTER COMMENTS
------------------------------
Additional comments from tester:
none provided
------------------------------
PROGRAM OUTPUT
------------------------------
Output from '/usr/bin/make test':
PERL_DL_NONLAZY=1 "/opt/perl-5.26.1/bin/perl" "-MExtUtils::Command::MM" "-MTest::Harness" "-e" "undef *Test::Harness::Switches; test_harness(0, 'inc', 'blib/lib', 'blib/arch')" t/*.t t/01_role/01_service/*.t t/01_role/02_entry/*.t t/01_role/03_has_content/*.t t/02_feedurl/*.t t/03_entry_has/*.t t/04_auth/*.t
Any::Moose is deprecated. Please use Moo instead at /home/cpansand/.cpan/build/2018032206/Net-Google-DataAPI-0.2805-8/blib/lib/Net/Google/DataAPI.pm line 3.
t/00_compile.t ......................................... ok
Any::Moose is deprecated. Please use Moo instead at /home/cpansand/.cpan/build/2018032206/Net-Google-DataAPI-0.2805-8/blib/lib/Net/Google/DataAPI/Role/Service.pm line 2.
t/01_role/01_service/01_instanciate.t .................. ok
Any::Moose is deprecated. Please use Moo instead at /home/cpansand/.cpan/build/2018032206/Net-Google-DataAPI-0.2805-8/blib/lib/Net/Google/DataAPI/Role/Service.pm line 2.
t/01_role/01_service/02_namespace.t .................... ok
Any::Moose is deprecated. Please use Moo instead at t/01_role/01_service/03_request.t line 11.
t/01_role/01_service/03_request.t ...................... ok
Any::Moose is deprecated. Please use Moo instead at t/01_role/01_service/04_methods.t line 9.
t/01_role/01_service/04_methods.t ...................... ok
Any::Moose is deprecated. Please use Moo instead at t/lib/MyService.pm line 2.
t/01_role/01_service/05_debug.t ........................ ok
Any::Moose is deprecated. Please use Moo instead at /home/cpansand/.cpan/build/2018032206/Net-Google-DataAPI-0.2805-8/blib/lib/Net/Google/DataAPI/Role/Service.pm line 2.
t/01_role/01_service/06_pass_through.t ................. ok
Any::Moose is deprecated. Please use Moo instead at /home/cpansand/.cpan/build/2018032206/Net-Google-DataAPI-0.2805-8/blib/lib/Net/Google/DataAPI/Role/Service.pm line 2.
t/01_role/01_service/07_max_line_length.t .............. ok
Any::Moose is deprecated. Please use Moo instead at /home/cpansand/.cpan/build/2018032206/Net-Google-DataAPI-0.2805-8/blib/lib/Net/Google/DataAPI/Role/Service.pm line 2.
t/01_role/01_service/08_max_line_length_custom_size.t .. ok
Any::Moose is deprecated. Please use Moo instead at /home/cpansand/.cpan/build/2018032206/Net-Google-DataAPI-0.2805-8/blib/lib/Net/Google/DataAPI/Role/Entry.pm line 2.
t/01_role/02_entry/01_instanciate.t .................... ok
Any::Moose is deprecated. Please use Moo instead at t/01_role/02_entry/02_update.t line 10.
t/01_role/02_entry/02_update.t ......................... ok
Any::Moose is deprecated. Please use Moo instead at /home/cpansand/.cpan/build/2018032206/Net-Google-DataAPI-0.2805-8/blib/lib/Net/Google/DataAPI/Role/HasContent.pm line 2.
t/01_role/03_has_content/01_basic.t .................... ok
Any::Moose is deprecated. Please use Moo instead at t/lib/MyService.pm line 2.
t/02_feedurl/01_basic.t ................................ ok
Any::Moose is deprecated. Please use Moo instead at t/lib/MyService.pm line 2.
t/02_feedurl/02_add.t .................................. ok
Any::Moose is deprecated. Please use Moo instead at t/lib/MyService.pm line 2.
t/02_feedurl/03_list.t ................................. ok
Any::Moose is deprecated. Please use Moo instead at t/lib/MyService.pm line 2.
t/02_feedurl/04_delete.t ............................... ok
Any::Moose is deprecated. Please use Moo instead at t/02_feedurl/05_error.t line 10.
t/02_feedurl/05_error.t ................................ ok
Any::Moose is deprecated. Please use Moo instead at t/03_entry_has/01_basic.t line 116.
t/03_entry_has/01_basic.t .............................. ok
Any::Moose is deprecated. Please use Moo instead at t/03_entry_has/02_error.t line 8.
t/03_entry_has/02_error.t .............................. ok
Any::Moose is deprecated. Please use Moo instead at t/lib/MyService.pm line 2.
t/04_auth/01_authsub.t ................................. ok
Any::Moose is deprecated. Please use Moo instead at /home/cpansand/.cpan/build/2018032206/Net-Google-DataAPI-0.2805-8/blib/lib/Net/Google/DataAPI/Auth/OAuth.pm line 2.
t/04_auth/02_oauth.t ................................... ok
Any::Moose is deprecated. Please use Moo instead at /home/cpansand/.cpan/build/2018032206/Net-Google-DataAPI-0.2805-8/blib/lib/Net/Google/DataAPI/Auth/ClientLogin/Multiple.pm line 2.
t/04_auth/03_multiple.t ................................ ok
Any::Moose is deprecated. Please use Moo instead at /home/cpansand/.cpan/build/2018032206/Net-Google-DataAPI-0.2805-8/blib/lib/Net/Google/DataAPI/Auth/OAuth2.pm line 2.
# Failed test at t/04_auth/04_oauth2.t line 72.
# Structures begin differing at:
# $got->{hd} = ''
# $expected->{hd} = Does not exist
# Failed test at t/04_auth/04_oauth2.t line 101.
# Structures begin differing at:
# $got->{hd} = ''
# $expected->{hd} = Does not exist
# Failed test at t/04_auth/04_oauth2.t line 124.
# Structures begin differing at:
# $got->{hd} = ''
# $expected->{hd} = Does not exist
# Looks like you failed 3 tests of 28.
t/04_auth/04_oauth2.t ..................................
Dubious, test returned 3 (wstat 768, 0x300)
Failed 3/28 subtests
Any::Moose is deprecated. Please use Moo instead at t/05_types.t line 6.
t/05_types.t ........................................... ok
Test Summary Report
-------------------
t/04_auth/04_oauth2.t (Wstat: 768 Tests: 28 Failed: 3)
Failed tests: 9, 22, 28
Non-zero exit status: 3
Files=24, Tests=423, 4 wallclock secs ( 0.09 usr 0.12 sys + 3.34 cusr 0.74 csys = 4.29 CPU)
Result: FAIL
Failed 1/24 test programs. 3/423 subtests failed.
Makefile:808: recipe for target 'test_dynamic' failed
make: *** [test_dynamic] Error 255
------------------------------
PREREQUISITES
------------------------------
Prerequisite modules loaded:
requires:
Module Need Have
--------------------------- -------- ----------
Any::Moose 0.04 0.27
Carp 0 1.42
Digest::SHA1 0 2.13
Lingua::EN::Inflect::Number 0 1.12
LWP::Protocol::https 0 6.07
LWP::UserAgent 0 6.27
Mouse 0.51 v2.5.1
Net::Google::AuthSub 0.5 0.5
Net::OAuth 0 0.28
Net::OAuth2 0.60 0.64
perl 5.008001 5.026001
Text::Glob 0 0.11
URI 0 1.72
XML::Atom 0 0.42
XML::LibXML 0 2.0132
build_requires:
Module Need Have
--------------------------- -------- ----------
ExtUtils::MakeMaker 6.59 7.24
Test::Exception 0 0.43
Test::MockModule 0 0.13
Test::MockObject 0 1.20161202
Test::More 0.88 1.302106
Test::Warn 0 0.32
UNIVERSAL::can 0 1.20140328
UNIVERSAL::isa 0 1.20171012
configure_requires:
Module Need Have
--------------------------- -------- ----------
ExtUtils::MakeMaker 6.59 7.24
opt_requires:
Module Need Have
--------------------------- -------- ----------
Moose 0.56 2.2006
------------------------------
ENVIRONMENT AND OTHER CONTEXT
------------------------------
Environment variables:
LANG = C
PATH = /usr/local/bin:/usr/bin:/bin:/usr/local/sbin:/usr/sbin:/sbin:/home/cpansand/bin/linux-gnu:/home/cpansand/bin/sh:/home/cpansand/bin:/usr/games:/home/cpansand/devel:/home/eserte/src/srezic-misc/scripts
PERL5LIB = /home/cpansand/.cpan/build/2018032206/XML-Atom-0.42-0/blib/arch:/home/cpansand/.cpan/build/2018032206/XML-Atom-0.42-0/blib/lib:/home/cpansand/.cpan/build/2018032206/Net-OAuth2-0.64-0/blib/arch:/home/cpansand/.cpan/build/2018032206/Net-OAuth2-0.64-0/blib/lib:/home/cpansand/.cpan/build/2018032206/Net-OAuth-0.28-0/blib/arch:/home/cpansand/.cpan/build/2018032206/Net-OAuth-0.28-0/blib/lib:/home/cpansand/.cpan/build/2018032206/Net-Google-AuthSub-0.5-7/blib/arch:/home/cpansand/.cpan/build/2018032206/Net-Google-AuthSub-0.5-7/blib/lib
PERL5OPT =
PERL5_CPANPLUS_IS_RUNNING = 15379
PERL5_CPAN_IS_RUNNING = 15379
PERL5_CPAN_IS_RUNNING_IN_RECURSION = 25752,15379
PERLDOC = -MPod::Perldoc::ToTextOverstrike
PERL_BATCH = yes
PERL_CANARY_STABILITY_NOPROMPT = 1
PERL_CPAN_REPORTER_CONFIG = /var/tmp/cpansmoker-1023/2018032206/cpanreporter_000_config.ini
PERL_EXTUTILS_AUTOINSTALL = --defaultdeps
PERL_USE_UNSAFE_INC = 1
SHELL = /usr/bin/zsh
TERM = screen
TMPDIR = /var/tmp/cpansmoker-1023/2018032206
Perl special variables (and OS-specific diagnostics, for MSWin32):
$^X = /opt/perl-5.26.1/bin/perl
$UID/$EUID = 1023 / 1023
$GID = 1023 1023
$EGID = 1023 1023
Perl module toolchain versions installed:
Module Have
------------------- ----------
CPAN 2.18
CPAN::Meta 2.150010
Cwd 3.67
ExtUtils::CBuilder 0.280225
ExtUtils::Command 7.24
ExtUtils::Install 2.04
ExtUtils::MakeMaker 7.24
ExtUtils::Manifest 1.70
ExtUtils::ParseXS 3.34
File::Spec 3.67
JSON 2.94
JSON::PP 2.27400_02
Module::Build 0.4224
Module::Signature n/a
Parse::CPAN::Meta 2.150010
Test::Harness 3.38
Test::More 1.302106
YAML 1.24
YAML::Syck 1.30
version 0.9917
--
Summary of my perl5 (revision 5 version 26 subversion 1) configuration:
Platform:
osname=linux
osvers=4.9.0-3-amd64
archname=x86_64-linux
uname='linux debian9 4.9.0-3-amd64 #1 smp debian 4.9.30-2+deb9u5 (2017-09-19) x86_64 gnulinux '
config_args='-ds -e -Dprefix=/opt/perl-5.26.1 -Dcf_email=srezic@cpan.org'
hint=recommended
useposix=true
d_sigaction=define
useithreads=undef
usemultiplicity=undef
use64bitint=define
use64bitall=define
uselongdouble=undef
usemymalloc=n
default_inc_excludes_dot=define
bincompat5005=undef
Compiler:
cc='cc'
ccflags ='-fwrapv -fno-strict-aliasing -pipe -fstack-protector-strong -I/usr/local/include -D_LARGEFILE_SOURCE -D_FILE_OFFSET_BITS=64 -D_FORTIFY_SOURCE=2'
optimize='-O2'
cppflags='-fwrapv -fno-strict-aliasing -pipe -fstack-protector-strong -I/usr/local/include'
ccversion=''
gccversion='6.3.0 20170516'
gccosandvers=''
intsize=4
longsize=8
ptrsize=8
doublesize=8
byteorder=12345678
doublekind=3
d_longlong=define
longlongsize=8
d_longdbl=define
longdblsize=16
longdblkind=3
ivtype='long'
ivsize=8
nvtype='double'
nvsize=8
Off_t='off_t'
lseeksize=8
alignbytes=8
prototype=define
Linker and Libraries:
ld='cc'
ldflags =' -fstack-protector-strong -L/usr/local/lib'
libpth=/usr/local/lib /usr/lib/gcc/x86_64-linux-gnu/6/include-fixed /usr/include/x86_64-linux-gnu /usr/lib /lib/x86_64-linux-gnu /lib/../lib /usr/lib/x86_64-linux-gnu /usr/lib/../lib /lib
libs=-lpthread -lnsl -lgdbm -ldb -ldl -lm -lcrypt -lutil -lc -lgdbm_compat
perllibs=-lpthread -lnsl -ldl -lm -lcrypt -lutil -lc
libc=libc-2.24.so
so=so
useshrplib=false
libperl=libperl.a
gnulibc_version='2.24'
Dynamic Linking:
dlsrc=dl_dlopen.xs
dlext=so
d_dlsymun=undef
ccdlflags='-Wl,-E'
cccdlflags='-fPIC'
lddlflags='-shared -O2 -L/usr/local/lib -fstack-protector-strong'
Characteristics of this binary (from libperl):
Compile-time options:
HAS_TIMES
PERLIO_LAYERS
PERL_COPY_ON_WRITE
PERL_DONT_CREATE_GVSV
PERL_MALLOC_WRAP
PERL_OP_PARENT
PERL_PRESERVE_IVUV
USE_64_BIT_ALL
USE_64_BIT_INT
USE_LARGE_FILES
USE_LOCALE
USE_LOCALE_COLLATE
USE_LOCALE_CTYPE
USE_LOCALE_NUMERIC
USE_LOCALE_TIME
USE_PERLIO
USE_PERL_ATOF
Built under linux
Compiled at Oct 31 2017 08:49:47
%ENV:
PERL5LIB="/home/cpansand/.cpan/build/2018032206/XML-Atom-0.42-0/blib/arch:/home/cpansand/.cpan/build/2018032206/XML-Atom-0.42-0/blib/lib:/home/cpansand/.cpan/build/2018032206/Net-OAuth2-0.64-0/blib/arch:/home/cpansand/.cpan/build/2018032206/Net-OAuth2-0.64-0/blib/lib:/home/cpansand/.cpan/build/2018032206/Net-OAuth-0.28-0/blib/arch:/home/cpansand/.cpan/build/2018032206/Net-OAuth-0.28-0/blib/lib:/home/cpansand/.cpan/build/2018032206/Net-Google-AuthSub-0.5-7/blib/arch:/home/cpansand/.cpan/build/2018032206/Net-Google-AuthSub-0.5-7/blib/lib"
PERL5OPT=""
PERL5_CPANPLUS_IS_RUNNING="15379"
PERL5_CPAN_IS_RUNNING="15379"
PERL5_CPAN_IS_RUNNING_IN_RECURSION="25752,15379"
PERLDOC="-MPod::Perldoc::ToTextOverstrike"
PERL_BATCH="yes"
PERL_CANARY_STABILITY_NOPROMPT="1"
PERL_CPAN_REPORTER_CONFIG="/var/tmp/cpansmoker-1023/2018032206/cpanreporter_000_config.ini"
PERL_EXTUTILS_AUTOINSTALL="--defaultdeps"
PERL_USE_UNSAFE_INC="1"
@INC:
/home/cpansand/.cpan/build/2018032206/XML-Atom-0.42-0/blib/arch
/home/cpansand/.cpan/build/2018032206/XML-Atom-0.42-0/blib/lib
/home/cpansand/.cpan/build/2018032206/Net-OAuth2-0.64-0/blib/arch
/home/cpansand/.cpan/build/2018032206/Net-OAuth2-0.64-0/blib/lib
/home/cpansand/.cpan/build/2018032206/Net-OAuth-0.28-0/blib/arch
/home/cpansand/.cpan/build/2018032206/Net-OAuth-0.28-0/blib/lib
/home/cpansand/.cpan/build/2018032206/Net-Google-AuthSub-0.5-7/blib/arch
/home/cpansand/.cpan/build/2018032206/Net-Google-AuthSub-0.5-7/blib/lib
/opt/perl-5.26.1/lib/site_perl/5.26.1/x86_64-linux
/opt/perl-5.26.1/lib/site_perl/5.26.1
/opt/perl-5.26.1/lib/5.26.1/x86_64-linux
/opt/perl-5.26.1/lib/5.26.1
.