Test-PostgreSQL v1.26 Perl 5 v5.18.2 amd64-freebsd

Status
Fail
From
Slaven Rezić (SREZIC)
Dist
Test-PostgreSQL v1.26
Platform
Perl 5 v5.18.2 amd64-freebsd
Date
2018-04-03 06:40:31
ID
e7c14c6c-3709-11e8-a94a-ff024f78475b
This distribution has been tested as part of the CPAN Testers
project, supporting the Perl programming language.  See
http://wiki.cpantesters.org/ for more information or email
questions to cpan-testers-discuss@perl.org


--
Dear Toby Corkindale,

This is a computer-generated report for Test-PostgreSQL-1.26
on perl 5.18.2, created by CPAN-Reporter-1.2018.

Thank you for uploading your work to CPAN.  However, there was a problem
testing your distribution.

If you think this report is invalid, please consult the CPAN Testers Wiki
for suggestions on how to avoid getting FAIL reports for missing library
or binary dependencies, unsupported operating systems, and so on:

http://wiki.cpantesters.org/wiki/CPANAuthorNotes

Sections of this report:

    * Tester comments
    * Program output
    * Prerequisites
    * Environment and other context

------------------------------
TESTER COMMENTS
------------------------------

Additional comments from tester:

none provided

------------------------------
PROGRAM OUTPUT
------------------------------

Output from '/usr/bin/make test':

PERL_DL_NONLAZY=1 "/usr/perl5.18.2/bin/perl" "-MExtUtils::Command::MM" "-MTest::Harness" "-e" "undef *Test::Harness::Switches; test_harness(0, 'inc', 'blib/lib', 'blib/arch')" t/*.t
t/00-base.t .............. ok
t/01-raii.t .............. ok
t/02-multi.t ............. ok
t/04-multiprocess.t ...... ok
t/05-recycle-base-dir.t .. ok
t/06-unix-socket.t ....... ok
t/07-configs.t ........... ok
t/08-postgresql_conf.t ... ok

#   Failed test 'run_psql no exception: Error executing psql: psql: invalid option -- b
# Versuchen Sie "psql --help" für weitere Informationen.
# '
#   at t/09-run_psql.t line 24.
#          got: 'Error executing psql: psql: invalid option -- b
# Versuchen Sie "psql --help" für weitere Informationen.
# '
#     expected: ''
DBD::Pg::db selectrow_array failed: FEHLER:  Relation "foo" existiert nicht
ZEILE 1: SELECT * FROM foo
                       ^ at t/09-run_psql.t line 28.

#   Failed test 'seed values match'
#   at t/09-run_psql.t line 30.
#     Structures begin differing at:
#          $got->[0] = Does not exist
#     $expected->[0] = '42'
# Looks like you failed 2 tests of 3.
t/09-run_psql.t .......... 
Dubious, test returned 2 (wstat 512, 0x200)
Failed 2/3 subtests 
t/10-seed_scripts.t ...... skipped: Error executing psql: psql: invalid option -- b
# elapsed: 0
t/deadlock.t ............. ok
t/pod.t .................. ok

Test Summary Report
-------------------
t/09-run_psql.t        (Wstat: 512 Tests: 3 Failed: 2)
  Failed tests:  2-3
  Non-zero exit status: 2
Files=12, Tests=38, 57 wallclock secs ( 0.03 usr  0.02 sys +  7.96 cusr  8.76 csys = 16.77 CPU)
Result: FAIL
Failed 1/12 test programs. 2/38 subtests failed.
*** [test_dynamic] Error code 255

Stop in /usr/home/eserte/.cpan/build/2018040300/Test-PostgreSQL-1.26-1.

------------------------------
PREREQUISITES
------------------------------

Prerequisite modules loaded:

requires:

    Module               Need  Have    
    -------------------- ----- --------
    DBD::Pg              0     3.7.4   
    DBI                  0     1.636   
    File::Spec           0     3.74    
    File::Which          0     1.22    
    Function::Parameters 0     2.001003
    Moo                  0     2.003004
    perl                 5.014 5.018002
    POSIX                0     1.32    
    Tie::Hash::Method    0     0.02    
    Try::Tiny            0     0.30    
    Types::Standard      0     1.002001
    User::pwent          0     1.00    

build_requires:

    Module               Need  Have    
    -------------------- ----- --------
    DBD::Pg              0     3.7.4   
    ExtUtils::MakeMaker  6.59  7.34    
    Test::SharedFork     0.06  0.34    

configure_requires:

    Module               Need  Have    
    -------------------- ----- --------
    ExtUtils::MakeMaker  0     7.34    


------------------------------
ENVIRONMENT AND OTHER CONTEXT
------------------------------

Environment variables:

    LC_ALL = de_DE.ISO8859-1
    PATH = /usr/local/bin:/usr/bin:/bin:/usr/local/sbin:/usr/sbin:/sbin:/home/cpansand/bin/freebsd9.3:/home/cpansand/bin/sh:/home/cpansand/bin:/usr/games:/home/cpansand/devel:/usr/home/eserte/src/srezic-misc/scripts
    PERL5LIB = /home/eserte/.cpan/build/2018040300/slot-0.01-1/blib/arch:/home/eserte/.cpan/build/2018040300/slot-0.01-1/blib/lib
    PERL5OPT = 
    PERL5_CPANPLUS_IS_RUNNING = 34008
    PERL5_CPAN_IS_RUNNING = 34008
    PERL5_CPAN_IS_RUNNING_IN_RECURSION = 33965,34008
    PERLDOC = -MPod::Perldoc::ToTextOverstrike
    PERL_BATCH = yes
    PERL_CANARY_STABILITY_NOPROMPT = 1
    PERL_CPAN_REPORTER_CONFIG = /var/tmp/cpansmoker-1023/2018040300/cpanreporter_000_config.ini
    PERL_EXTUTILS_AUTOINSTALL = --defaultdeps
    SHELL = /usr/local/bin/zsh
    TERM = screen
    TMPDIR = /var/tmp/cpansmoker-1023/2018040300

Perl special variables (and OS-specific diagnostics, for MSWin32):

    $^X = /usr/perl5.18.2/bin/perl
    $UID/$EUID = 1023 / 1023
    $GID = 1023 1023
    $EGID = 1023 1023

Perl module toolchain versions installed:

    Module              Have    
    ------------------- --------
    CPAN                2.16    
    CPAN::Meta          2.150010
    Cwd                 3.74    
    ExtUtils::CBuilder  0.280230
    ExtUtils::Command   7.34    
    ExtUtils::Install   2.14    
    ExtUtils::MakeMaker 7.34    
    ExtUtils::Manifest  1.70    
    ExtUtils::ParseXS   3.35    
    File::Spec          3.74    
    JSON                2.97001 
    JSON::PP            2.97001 
    Module::Build       0.4224  
    Module::Signature   0.81    
    Parse::CPAN::Meta   2.150010
    Test::Harness       3.41    
    Test::More          1.302133
    YAML                1.24    
    YAML::Syck          1.30    
    version             0.9918  


--

Summary of my perl5 (revision 5 version 18 subversion 2) configuration:
   
  Platform:
    osname=freebsd, osvers=9.2-release-p4, archname=amd64-freebsd
    uname='freebsd cvrsnica-freebsd-92 9.2-release-p4 freebsd 9.2-release-p4 #0: tue apr 8 18:08:22 utc 2014 root@amd64-builder.daemonology.net:usrobjusrsrcsysgeneric amd64 '
    config_args='-ds -e -Dprefix=/usr/perl5.18.2'
    hint=recommended, useposix=true, d_sigaction=define
    useithreads=undef, usemultiplicity=undef
    useperlio=define, d_sfio=undef, uselargefiles=define, usesocks=undef
    use64bitint=define, use64bitall=define, uselongdouble=undef
    usemymalloc=n, bincompat5005=undef
  Compiler:
    cc='cc', ccflags ='-DHAS_FPSETMASK -DHAS_FLOATINGPOINT_H -fno-strict-aliasing -pipe -fstack-protector -I/usr/local/include',
    optimize='-O',
    cppflags='-DHAS_FPSETMASK -DHAS_FLOATINGPOINT_H -fno-strict-aliasing -pipe -fstack-protector -I/usr/local/include'
    ccversion='', gccversion='4.2.1 20070831 patched [FreeBSD]', gccosandvers=''
    intsize=4, longsize=8, ptrsize=8, doublesize=8, byteorder=12345678
    d_longlong=define, longlongsize=8, d_longdbl=define, longdblsize=16
    ivtype='long', ivsize=8, nvtype='double', nvsize=8, Off_t='off_t', lseeksize=8
    alignbytes=8, prototype=define
  Linker and Libraries:
    ld='cc', ldflags ='-Wl,-E  -fstack-protector -L/usr/local/lib'
    libpth=/usr/lib /usr/local/lib
    libs=-lgdbm -lm -lcrypt -lutil -lc
    perllibs=-lm -lcrypt -lutil -lc
    libc=, so=so, useshrplib=false, libperl=libperl.a
    gnulibc_version=''
  Dynamic Linking:
    dlsrc=dl_dlopen.xs, dlext=so, d_dlsymun=undef, ccdlflags=' '
    cccdlflags='-DPIC -fPIC', lddlflags='-shared  -L/usr/local/lib -fstack-protector'


Characteristics of this binary (from libperl): 
  Compile-time options: HAS_TIMES PERLIO_LAYERS PERL_DONT_CREATE_GVSV
                        PERL_HASH_FUNC_ONE_AT_A_TIME_HARD PERL_MALLOC_WRAP
                        PERL_PRESERVE_IVUV PERL_SAWAMPERSAND USE_64_BIT_ALL
                        USE_64_BIT_INT USE_LARGE_FILES USE_LOCALE
                        USE_LOCALE_COLLATE USE_LOCALE_CTYPE
                        USE_LOCALE_NUMERIC USE_PERLIO USE_PERL_ATOF
  Built under freebsd
  Compiled at May 16 2014 01:27:28
  %ENV:
    PERL5LIB="/home/eserte/.cpan/build/2018040300/slot-0.01-1/blib/arch:/home/eserte/.cpan/build/2018040300/slot-0.01-1/blib/lib"
    PERL5OPT=""
    PERL5_CPANPLUS_IS_RUNNING="34008"
    PERL5_CPAN_IS_RUNNING="34008"
    PERL5_CPAN_IS_RUNNING_IN_RECURSION="33965,34008"
    PERLDOC="-MPod::Perldoc::ToTextOverstrike"
    PERL_BATCH="yes"
    PERL_CANARY_STABILITY_NOPROMPT="1"
    PERL_CPAN_REPORTER_CONFIG="/var/tmp/cpansmoker-1023/2018040300/cpanreporter_000_config.ini"
    PERL_EXTUTILS_AUTOINSTALL="--defaultdeps"
  @INC:
    /home/eserte/.cpan/build/2018040300/slot-0.01-1/blib/arch
    /home/eserte/.cpan/build/2018040300/slot-0.01-1/blib/lib
    /usr/perl5.18.2/lib/site_perl/5.18.2/amd64-freebsd
    /usr/perl5.18.2/lib/site_perl/5.18.2
    /usr/perl5.18.2/lib/5.18.2/amd64-freebsd
    /usr/perl5.18.2/lib/5.18.2
    .