Report for Catalyst-Action-REST-1.19

Back
From: metabase:user:7298ebcc-b357-11e4-8d18-8eca7e4756b9
Subject: FAIL Catalyst-Action-REST-1.19 v5.10.1 GNU/Linux
Date: 2015-07-13T23:50:13Z

This distribution has been tested as part of the CPAN Testers
project, supporting the Perl programming language.  See
http://wiki.cpantesters.org/ for more information or email
questions to cpan-testers-discuss@perl.org


--
Dear FREW,

This is a computer-generated report for Catalyst-Action-REST-1.19
on perl 5.10.1, created by App::cpanminus::reporter 0.12 (1.7027).

Thank you for uploading your work to CPAN.  However, there was a problem
testing your distribution.

If you think this report is invalid, please consult the CPAN Testers Wiki
for suggestions on how to avoid getting FAIL reports for missing library
or binary dependencies, unsupported operating systems, and so on:

http://wiki.cpantesters.org/wiki/CPANAuthorNotes

Sections of this report:

    * Tester comments
    * Program output
    * Prerequisites
    * Environment and other context

------------------------------
TESTER COMMENTS
------------------------------

Additional comments from tester:

none provided

------------------------------
PROGRAM OUTPUT
------------------------------

Output from '':

Building and testing Catalyst-Action-REST-1.19
cp lib/Catalyst/Action/Serialize/XML/Simple.pm blib/lib/Catalyst/Action/Serialize/XML/Simple.pm
cp lib/Catalyst/TraitFor/Request/REST.pm blib/lib/Catalyst/TraitFor/Request/REST.pm
cp lib/Catalyst/Action/Serialize/JSON.pm blib/lib/Catalyst/Action/Serialize/JSON.pm
cp lib/Catalyst/Action/Serialize.pm blib/lib/Catalyst/Action/Serialize.pm
cp lib/Catalyst/Controller/REST.pm blib/lib/Catalyst/Controller/REST.pm
cp lib/Catalyst/Action/Serialize/View.pm blib/lib/Catalyst/Action/Serialize/View.pm
cp lib/Catalyst/Action/Deserialize/JSON.pm blib/lib/Catalyst/Action/Deserialize/JSON.pm
cp lib/Catalyst/Action/REST/ForBrowsers.pm blib/lib/Catalyst/Action/REST/ForBrowsers.pm
cp lib/Catalyst/TraitFor/Request/REST/ForBrowsers.pm blib/lib/Catalyst/TraitFor/Request/REST/ForBrowsers.pm
cp lib/Catalyst/Action/Deserialize/JSON/XS.pm blib/lib/Catalyst/Action/Deserialize/JSON/XS.pm
cp lib/Catalyst/Action/Deserialize/XML/Simple.pm blib/lib/Catalyst/Action/Deserialize/XML/Simple.pm
cp lib/Catalyst/Action/Serialize/YAML/HTML.pm blib/lib/Catalyst/Action/Serialize/YAML/HTML.pm
cp lib/Catalyst/Action/Deserialize.pm blib/lib/Catalyst/Action/Deserialize.pm
cp lib/Catalyst/Action/Deserialize/View.pm blib/lib/Catalyst/Action/Deserialize/View.pm
cp lib/Catalyst/Request/REST/ForBrowsers.pm blib/lib/Catalyst/Request/REST/ForBrowsers.pm
cp lib/Catalyst/Action/Deserialize/Callback.pm blib/lib/Catalyst/Action/Deserialize/Callback.pm
cp lib/Catalyst/Action/Deserialize/YAML.pm blib/lib/Catalyst/Action/Deserialize/YAML.pm
cp lib/Catalyst/Action/REST.pm blib/lib/Catalyst/Action/REST.pm
cp lib/Catalyst/Action/Serialize/JSON/XS.pm blib/lib/Catalyst/Action/Serialize/JSON/XS.pm
cp lib/Catalyst/Action/DeserializeMultiPart.pm blib/lib/Catalyst/Action/DeserializeMultiPart.pm
cp lib/Catalyst/Action/Serialize/YAML.pm blib/lib/Catalyst/Action/Serialize/YAML.pm
cp lib/Catalyst/Action/Serialize/Callback.pm blib/lib/Catalyst/Action/Serialize/Callback.pm
cp lib/Catalyst/Action/SerializeBase.pm blib/lib/Catalyst/Action/SerializeBase.pm
cp lib/Catalyst/Action/Serialize/JSONP.pm blib/lib/Catalyst/Action/Serialize/JSONP.pm
cp lib/Catalyst/Request/REST.pm blib/lib/Catalyst/Request/REST.pm
Manifying 11 pod documents
PERL_DL_NONLAZY=1 "/home/mojolicious/perl5/perlbrew/perls/perl-5.10.1/bin/perl" "-MExtUtils::Command::MM" "-MTest::Harness" "-e" "undef *Test::Harness::Switches; test_harness(0, 'blib/lib', 'blib/arch')" t/*.t
t/callback.t ............................................ ok
t/catalyst-action-deserialize-multipart.t ............... skipped: Test requires module 'YAML::Syck' but it's not found
t/catalyst-action-deserialize.t ......................... skipped: Test requires module 'YAML::Syck' but it's not found
t/catalyst-action-rest-action-dispatch-for-browsers.t ... ok
t/catalyst-action-rest-action-dispatch.t ................ ok
t/catalyst-action-rest.t ................................ ok
t/catalyst-action-serialize-accept.t .................... skipped: Test requires module 'YAML::Syck' but it's not found
t/catalyst-action-serialize-query.t ..................... skipped: Test requires module 'YAML::Syck' but it's not found
t/catalyst-action-serialize.t ........................... skipped: Test requires module 'YAML::Syck' but it's not found
t/catalyst-controller-rest.t ............................ skipped: Test requires module 'YAML::Syck' but it's not found
t/catalyst-request-rest-custom-nonrest-request-class.t .. ok
t/catalyst-request-rest-custom-rest-request-class.t ..... ok
Can't use an undefined value as a HASH reference at /home/mojolicious/catalystlib/5.10.1/5.90050/lib/perl5/Catalyst/Request.pm line 246.
# Tests were run but no plan was declared and done_testing() was not seen.
# Looks like your test exited with 255 just after 6.
t/catalyst-traitfor-request-rest-forbrowsers.t .......... 
Dubious, test returned 255 (wstat 65280, 0xff00)
All 6 subtests passed 
t/catalyst-traitfor-request-rest.t ...................... ok
t/isa.t ................................................. ok
t/json.t ................................................ ok
t/jsonp.t ............................................... ok
t/release-pod-syntax.t .................................. skipped: these tests are for release candidate testing
t/view.t ................................................ ok
t/xml-simple.t .......................................... ok
t/yaml-html.t ........................................... skipped: Test requires module 'YAML::Syck' but it's not found
t/yaml.t ................................................ ok

Test Summary Report
-------------------
t/catalyst-traitfor-request-rest-forbrowsers.t        (Wstat: 65280 Tests: 6 Failed: 0)
  Non-zero exit status: 255
  Parse errors: No plan found in TAP output
Files=22, Tests=186, 14 wallclock secs ( 0.07 usr  0.04 sys + 10.86 cusr  0.58 csys = 11.55 CPU)
Result: FAIL

------------------------------
PREREQUISITES
------------------------------

Prerequisite modules loaded:

runtime:

    Module                    Need    Have
    ------------------------- ------- ----
  ! Catalyst::Runtime         5.80030 n/a 
  ! Class::Inspector          1.13    n/a 
  ! JSON::MaybeXS             0       n/a 
    Module::Pluggable::Object 0       3.9 
  ! Moose                     1.03    n/a 
  ! MRO::Compat               0.10    n/a 
  ! namespace::autoclean      0       n/a 
  ! Params::Validate          0.76    n/a 
  ! URI::Find                 0       n/a 

configure:

    Module                    Need    Have
    ------------------------- ------- ----
    ExtUtils::MakeMaker       0       7.04


------------------------------
ENVIRONMENT AND OTHER CONTEXT
------------------------------

Environment variables:

    PATH = /home/mojolicious/perl5/perlbrew/bin:/home/mojolicious/perl5/perlbrew/perls/perl-5.20.1/bin:/usr/local/bin:/usr/bin:/bin:/usr/local/games:/usr/games:/home/mojolicious/catalystlib/5.10.1/5.90050/bin
    PERLBREW_BASHRC_VERSION = 0.73
    PERLBREW_HOME = /home/mojolicious/.perlbrew
    PERLBREW_MANPATH = /home/mojolicious/perl5/perlbrew/perls/perl-5.20.1/man
    PERLBREW_PATH = /home/mojolicious/perl5/perlbrew/bin:/home/mojolicious/perl5/perlbrew/perls/perl-5.20.1/bin
    PERLBREW_PERL = perl-5.20.1
    PERLBREW_ROOT = /home/mojolicious/perl5/perlbrew
    PERLBREW_VERSION = 0.73
    SHELL = /bin/bash
    TERM = xterm

Perl special variables (and OS-specific diagnostics, for MSWin32):

    EGID = 1003 1003
    EUID = 1003
    EXECUTABLE_NAME = /home/mojolicious/perl5/perlbrew/perls/perl-5.10.1/bin/perl
    GID = 1003 1003
    UID = 1003

Perl module toolchain versions installed:

    Module              Have    
    ------------------- --------
    CPAN                1.9402  
    CPAN::Meta          2.143240
    Cwd                 3.30    
    ExtUtils::CBuilder  0.280220
    ExtUtils::Command   1.16    
    ExtUtils::Install   1.54    
    ExtUtils::MakeMaker 7.04    
    ExtUtils::Manifest  1.65    
    ExtUtils::ParseXS   3.24    
    File::Spec          3.30    
    JSON                2.90    
    JSON::PP            2.27203 
    Module::Build       0.4211  
    Module::Signature   n/a     
    Parse::CPAN::Meta   1.4414  
    Test::Harness       3.17    
    Test::More          1.001014
    YAML                n/a     
    YAML::Syck          n/a     
    version             0.9912  


--

Summary of my perl5 (revision 5 version 10 subversion 1) configuration:
   
  Platform:
    osname=linux, osvers=3.13.0-042stab094.8, archname=x86_64-linux
    uname='linux lvps92-51-161-142.dedicated.hosteurope.de 3.13.0-042stab094.8 #1 smp tue dec 16 20:36:56 msk 2014 x86_64 x86_64 x86_64 gnulinux '
    config_args='-de -Dprefix=/home/mojolicious/perl5/perlbrew/perls/perl-5.10.1 -Aeval:scriptdir=/home/mojolicious/perl5/perlbrew/perls/perl-5.10.1/bin'
    hint=recommended, useposix=true, d_sigaction=define
    useithreads=undef, usemultiplicity=undef
    useperlio=define, d_sfio=undef, uselargefiles=define, usesocks=undef
    use64bitint=define, use64bitall=define, uselongdouble=undef
    usemymalloc=n, bincompat5005=undef
  Compiler:
    cc='cc', ccflags ='-fno-strict-aliasing -pipe -fstack-protector -I/usr/local/include -D_LARGEFILE_SOURCE -D_FILE_OFFSET_BITS=64',
    optimize='-O2',
    cppflags='-fno-strict-aliasing -pipe -fstack-protector -I/usr/local/include'
    ccversion='', gccversion='4.8.2', gccosandvers=''
    intsize=4, longsize=8, ptrsize=8, doublesize=8, byteorder=12345678
    d_longlong=define, longlongsize=8, d_longdbl=define, longdblsize=16
    ivtype='long', ivsize=8, nvtype='double', nvsize=8, Off_t='off_t', lseeksize=8
    alignbytes=8, prototype=define
  Linker and Libraries:
    ld='cc', ldflags =' -fstack-protector -L/usr/local/lib'
    libpth=/usr/local/lib /lib/x86_64-linux-gnu /lib/../lib /usr/lib/x86_64-linux-gnu /usr/lib/../lib /lib /usr/lib
    libs=-lnsl -ldl -lm -lcrypt -lutil -lc
    perllibs=-lnsl -ldl -lm -lcrypt -lutil -lc
    libc=libc-2.19.so, so=so, useshrplib=false, libperl=libperl.a
    gnulibc_version='2.19'
  Dynamic Linking:
    dlsrc=dl_dlopen.xs, dlext=so, d_dlsymun=undef, ccdlflags='-Wl,-E'
    cccdlflags='-fPIC', lddlflags='-shared -O2 -L/usr/local/lib -fstack-protector'


Characteristics of this binary (from libperl): 
  Compile-time options: PERL_DONT_CREATE_GVSV PERL_MALLOC_WRAP USE_64_BIT_ALL
                        USE_64_BIT_INT USE_LARGE_FILES USE_PERLIO
  Locally applied patches:
	Devel::PatchPerl 1.30
  Built under linux
  Compiled at Mar  5 2015 11:33:38
  %ENV:
    PERLBREW_BASHRC_VERSION="0.73"
    PERLBREW_HOME="/home/mojolicious/.perlbrew"
    PERLBREW_MANPATH="/home/mojolicious/perl5/perlbrew/perls/perl-5.20.1/man"
    PERLBREW_PATH="/home/mojolicious/perl5/perlbrew/bin:/home/mojolicious/perl5/perlbrew/perls/perl-5.20.1/bin"
    PERLBREW_PERL="perl-5.20.1"
    PERLBREW_ROOT="/home/mojolicious/perl5/perlbrew"
    PERLBREW_VERSION="0.73"
  @INC:
    /home/mojolicious/perl5/perlbrew/perls/perl-5.10.1/lib/5.10.1/x86_64-linux
    /home/mojolicious/perl5/perlbrew/perls/perl-5.10.1/lib/5.10.1
    /home/mojolicious/perl5/perlbrew/perls/perl-5.10.1/lib/site_perl/5.10.1/x86_64-linux
    /home/mojolicious/perl5/perlbrew/perls/perl-5.10.1/lib/site_perl/5.10.1
    .