CGI-JSONRPC v0.11 Perl 5 v5.12.0 i386-freebsd

Status
Fail
From
Chris Williams (BINGOS)
Dist
CGI-JSONRPC v0.11
Platform
Perl 5 v5.12.0 i386-freebsd
Date
2010-04-27 20:46:07
ID
e7737064-523d-11df-b9fc-021a90befd91
This distribution has been tested as part of the CPAN Testers
project, supporting the Perl programming language.  See
http://wiki.cpantesters.org/ for more information or email
questions to cpan-testers-discuss@perl.org


--

Dear CRAKRJACK,
    
This is a computer-generated error report created automatically by
CPANPLUS, version 0.9003. Testers personal comments may appear 
at the end of this report.


Thank you for uploading your work to CPAN.  However, it appears that
there were some problems testing your distribution.

TEST RESULTS:

Below is the error stack from stage 'make test':

[MSG] [Tue Apr 27 21:45:59 2010] Module 'Test::Warn' requires 'Tree::DAG_Node' version '0' to be installed 
[MSG] [Tue Apr 27 21:45:59 2010] Trying to get 'http://cpan.hexten.net/authors/id/C/CO/COGENT/CHECKSUMS'
[MSG] [Tue Apr 27 21:46:00 2010] Checksum matches for 'Tree-DAG_Node-1.06.tar.gz'
[MSG] [Tue Apr 27 21:46:00 2010] Extracted 'Tree::DAG_Node' to '/usr/home/cpan/pit/bare/conf/perl-5.12.0/.cpanplus/5.12.0/build/Tree-DAG_Node-1.06'
[MSG] [Tue Apr 27 21:46:00 2010] CPANPLUS is prefering Build.PL
[MSG] [Tue Apr 27 21:46:00 2010] Checking if your kit is complete...
Looks good
Writing Makefile for Tree::DAG_Node

[MSG] [Tue Apr 27 21:46:00 2010] DEFAULT 'filter_prereqs' HANDLER RETURNING 'sub return value'
[MSG] [Tue Apr 27 21:46:00 2010] Checking for previous PASS result for "Tree-DAG_Node-1.06"
[MSG] [Tue Apr 27 21:46:00 2010] Found previous PASS result for "Tree-DAG_Node-1.06" skipping tests.
[MSG] [Tue Apr 27 21:46:02 2010] cp lib/Tree/DAG_Node.pm blib/lib/Tree/DAG_Node.pm
Manifying blib/man3/Tree::DAG_Node.3

[MSG] [Tue Apr 27 21:46:02 2010] Sending test report for 'Tree-DAG_Node-1.06'
[MSG] [Tue Apr 27 21:46:02 2010] Ok, not sending test report
[MSG] [Tue Apr 27 21:46:03 2010] cp Warn.pm blib/lib/Test/Warn.pm
Manifying blib/man3/Test::Warn.3

[MSG] [Tue Apr 27 21:46:03 2010] Sending test report for 'Test-Warn-0.21'
[MSG] [Tue Apr 27 21:46:03 2010] Ok, not sending test report
[MSG] [Tue Apr 27 21:46:04 2010] cp lib/Apache2/JSONRPC.pm blib/lib/Apache2/JSONRPC.pm
cp lib/CGI/JSONRPC/Session/Obj.pm blib/lib/CGI/JSONRPC/Session/Obj.pm
cp lib/CGI/JSONRPC/Dispatcher/Session.pm blib/lib/CGI/JSONRPC/Dispatcher/Session.pm
cp lib/Apache2/JSONRPC/Session.pm blib/lib/Apache2/JSONRPC/Session.pm
cp lib/CGI/JSONRPC/Dispatcher.pm blib/lib/CGI/JSONRPC/Dispatcher.pm
cp lib/CGI/JSONRPC/Session.pm blib/lib/CGI/JSONRPC/Session.pm
cp lib/CGI/JSONRPC/Base.pm blib/lib/CGI/JSONRPC/Base.pm
cp lib/CGI/JSONRPC/Obj.pm blib/lib/CGI/JSONRPC/Obj.pm
cp lib/CGI/JSONRPC/Base.js blib/lib/CGI/JSONRPC/Base.js
cp lib/CGI/JSONRPC.pm blib/lib/CGI/JSONRPC.pm
Manifying blib/man3/Apache2::JSONRPC.3
Manifying blib/man3/CGI::JSONRPC::Dispatcher::Session.3
Manifying blib/man3/CGI::JSONRPC::Session::Obj.3
Manifying blib/man3/CGI::JSONRPC::Session.3
Manifying blib/man3/CGI::JSONRPC::Dispatcher.3
Manifying blib/man3/Apache2::JSONRPC::Session.3
Manifying blib/man3/CGI::JSONRPC::Obj.3
Manifying blib/man3/CGI::JSONRPC.3

[ERROR] [Tue Apr 27 21:46:07 2010] MAKE TEST failed: No such file or directory PERL_DL_NONLAZY=1 /usr/home/cpan/pit/bare/perl-5.12.0/bin/perl "-MExtUtils::Command::MM" "-e" "test_harness(0, 'blib/lib', 'blib/arch')" t/*.t
Use of uninitialized value $_[0] in join or string at /usr/home/cpan/pit/bare/perl-5.12.0/lib/5.12.0/i386-freebsd/File/Spec/Unix.pm line 86.
Use of uninitialized value $_[0] in join or string at /usr/home/cpan/pit/bare/perl-5.12.0/lib/5.12.0/i386-freebsd/File/Spec/Unix.pm line 86.
The path '' is not an absolute path. Please specify an absolute path
The path '' is not an absolute path. Please specify an absolute path
The path '' is not an absolute path. Please specify an absolute path
The path '' is not an absolute path. Please specify an absolute path
The path '' is not an absolute path. Please specify an absolute path
[  error] Skipping the test suite execution, while returning success status
# No tests run!
t/Apache2-JSONRPC-Session.t .. 
Dubious, test returned 255 (wstat 65280, 0xff00)
Failed 10/10 subtests 
Use of uninitialized value $_[0] in join or string at /usr/home/cpan/pit/bare/perl-5.12.0/lib/5.12.0/i386-freebsd/File/Spec/Unix.pm line 86.
Use of uninitialized value $_[0] in join or string at /usr/home/cpan/pit/bare/perl-5.12.0/lib/5.12.0/i386-freebsd/File/Spec/Unix.pm line 86.
The path '' is not an absolute path. Please specify an absolute path
The path '' is not an absolute path. Please specify an absolute path
The path '' is not an absolute path. Please specify an absolute path
The path '' is not an absolute path. Please specify an absolute path
The path '' is not an absolute path. Please specify an absolute path
[  error] Skipping the test suite execution, while returning success status
# No tests run!
t/Apache2-JSONRPC.t .......... 
Dubious, test returned 255 (wstat 65280, 0xff00)
Failed 6/6 subtests 
t/CGI-JSONRPC-Dispatcher.t ... ok
Use of uninitialized value $_[0] in join or string at /usr/home/cpan/pit/bare/perl-5.12.0/lib/5.12.0/i386-freebsd/File/Spec/Unix.pm line 86.
Use of uninitialized value $_[0] in join or string at /usr/home/cpan/pit/bare/perl-5.12.0/lib/5.12.0/i386-freebsd/File/Spec/Unix.pm line 86.
The path '' is not an absolute path. Please specify an absolute path
The path '' is not an absolute path. Please specify an absolute path
The path '' is not an absolute path. Please specify an absolute path
The path '' is not an absolute path. Please specify an absolute path
The path '' is not an absolute path. Please specify an absolute path
[  error] Skipping the test suite execution, while returning success status
# No tests run!
t/CGI-JSONRPC-Session.t ...... 
Dubious, test returned 255 (wstat 65280, 0xff00)
Failed 10/10 subtests 
Use of uninitialized value $_[0] in join or string at /usr/home/cpan/pit/bare/perl-5.12.0/lib/5.12.0/i386-freebsd/File/Spec/Unix.pm line 86.
Use of uninitialized value $_[0] in join or string at /usr/home/cpan/pit/bare/perl-5.12.0/lib/5.12.0/i386-freebsd/File/Spec/Unix.pm line 86.
The path '' is not an absolute path. Please specify an absolute path
The path '' is not an absolute path. Please specify an absolute path
The path '' is not an absolute path. Please specify an absolute path
The path '' is not an absolute path. Please specify an absolute path
The path '' is not an absolute path. Please specify an absolute path
[  error] Skipping the test suite execution, while returning success status
t/CGI-JSONRPC.t .............. 
No subtests run 

Test Summary Report
-------------------
t/Apache2-JSONRPC-Session.t (Wstat: 65280 Tests: 0 Failed: 0)
  Non-zero exit status: 255
  Parse errors: Bad plan.  You planned 10 tests but ran 0.
t/Apache2-JSONRPC.t        (Wstat: 65280 Tests: 0 Failed: 0)
  Non-zero exit status: 255
  Parse errors: Bad plan.  You planned 6 tests but ran 0.
t/CGI-JSONRPC-Session.t    (Wstat: 65280 Tests: 0 Failed: 0)
  Non-zero exit status: 255
  Parse errors: Bad plan.  You planned 10 tests but ran 0.
t/CGI-JSONRPC.t            (Wstat: 0 Tests: 0 Failed: 0)
  Parse errors: No plan found in TAP output
Files=5, Tests=6,  3 wallclock secs ( 0.05 usr  0.09 sys +  1.52 cusr  0.79 csys =  2.45 CPU)
Result: FAIL
Failed 4/5 test programs. 0/6 subtests failed.
*** Error code 255

Stop in /usr/home/cpan/pit/bare/conf/perl-5.12.0/.cpanplus/5.12.0/build/CGI-JSONRPC-0.11.

[MSG] [Tue Apr 27 21:46:07 2010] DEFAULT 'proceed_on_test_failure' HANDLER RETURNING 'sub return value'

PREREQUISITES:

Here is a list of prerequisites you specified and versions we 
managed to load:
                                
	  Module Name                        Have     Want
	  Apache::Test                       1.32        0
	  CGI                                3.48     3.11
	  JSON::Syck                         0.30        0
	  Test::Exception                    0.29        0
	  Test::Warn                         0.21        0

Perl module toolchain versions installed:
	Module Name                        Have
	CPANPLUS                         0.9003
	CPANPLUS::Dist::Build              0.46
	Cwd                                3.31
	ExtUtils::CBuilder               0.2703
	ExtUtils::Command                  1.16
	ExtUtils::Install                  1.55
	ExtUtils::MakeMaker                6.56
	ExtUtils::Manifest                 1.58
	ExtUtils::ParseXS                2.2205
	File::Spec                         3.31
	Module::Build                    0.3607
	Test::Harness                      3.21
	Test::More                         0.94
	version                            0.82

******************************** NOTE ********************************
The comments above are created mechanically, possibly without manual
checking by the sender.  As there are many people performing automatic
tests on each upload to CPAN, it is likely that you will receive 
identical messages about the same problem.

If you believe that the message is mistaken, please reply to the first
one with correction and/or additional informations, and do not take
it personally.  We appreciate your patience. :)
**********************************************************************

Additional comments:
 

This report was machine-generated by CPANPLUS::Dist::YACSmoke 0.56.
Powered by minismokebox version 0.26

------------------------------
ENVIRONMENT AND OTHER CONTEXT
------------------------------

Environment variables:

    AUTOMATED_TESTING = 1
    PATH = /sbin:/bin:/usr/sbin:/usr/bin:/usr/games:/usr/local/sbin:/usr/local/bin:/home/cpan/bin
    PERL5LIB = :/usr/home/cpan/pit/bare/conf/perl-5.12.0/.cpanplus/5.12.0/build/Apache-Test-1.32/blib/lib:/usr/home/cpan/pit/bare/conf/perl-5.12.0/.cpanplus/5.12.0/build/Apache-Test-1.32/blib/arch:/usr/home/cpan/pit/bare/conf/perl-5.12.0/.cpanplus/5.12.0/build/Devel-Leak-0.03/blib/lib:/usr/home/cpan/pit/bare/conf/perl-5.12.0/.cpanplus/5.12.0/build/Devel-Leak-0.03/blib/arch:/usr/home/cpan/pit/bare/conf/perl-5.12.0/.cpanplus/5.12.0/build/YAML-Syck-1.07/blib/lib:/usr/home/cpan/pit/bare/conf/perl-5.12.0/.cpanplus/5.12.0/build/YAML-Syck-1.07/blib/arch:/usr/home/cpan/pit/bare/conf/perl-5.12.0/.cpanplus/5.12.0/build/Sub-Uplevel-0.22/blib/lib:/usr/home/cpan/pit/bare/conf/perl-5.12.0/.cpanplus/5.12.0/build/Sub-Uplevel-0.22/blib/arch:/usr/home/cpan/pit/bare/conf/perl-5.12.0/.cpanplus/5.12.0/build/Test-Exception-0.29/blib/lib:/usr/home/cpan/pit/bare/conf/perl-5.12.0/.cpanplus/5.12.0/build/Test-Exception-0.29/blib/arch:/usr/home/cpan/pit/bare/conf/perl-5.12.0/.cpanplus/5.12.0/build/Tree-DAG_Node-1.06/blib/lib:/usr/home/cpan/pit/bare/conf/perl-5.12.0/.cpanplus/5.12.0/build/Tree-DAG_Node-1.06/blib/arch:/usr/home/cpan/pit/bare/conf/perl-5.12.0/.cpanplus/5.12.0/build/Test-Warn-0.21/blib/lib:/usr/home/cpan/pit/bare/conf/perl-5.12.0/.cpanplus/5.12.0/build/Test-Warn-0.21/blib/arch:/usr/home/cpan/pit/bare/conf/perl-5.12.0/.cpanplus/5.12.0/build/CGI-JSONRPC-0.11/blib/lib:/usr/home/cpan/pit/bare/conf/perl-5.12.0/.cpanplus/5.12.0/build/CGI-JSONRPC-0.11/blib/arch
    PERL5_CPANPLUS_IS_RUNNING = 98392
    PERL5_CPANPLUS_IS_VERSION = 0.9003
    PERL5_MINISMOKEBOX = 0.26
    PERL5_YACSMOKE_BASE = /usr/home/cpan/pit/bare/conf/perl-5.12.0/
    PERL_EXTUTILS_AUTOINSTALL = --defaultdeps
    PERL_MM_USE_DEFAULT = 1
    SHELL = /usr/local/bin/bash
    TERM = screen

Perl special variables (and OS-specific diagnostics, for MSWin32):

    Perl: $^X = /usr/home/cpan/pit/bare/perl-5.12.0/bin/perl
    UID:  $<  = 1003
    EUID: $>  = 1003
    GID:  $(  = 1003 1003 1003
    EGID: $)  = 1003 1003 1003


-------------------------------


--

Summary of my perl5 (revision 5 version 12 subversion 0) configuration:
   
  Platform:
    osname=freebsd, osvers=7.2-release, archname=i386-freebsd
    uname='freebsd wintermute.staffordshire.gov.uk 7.2-release freebsd 7.2-release #0: fri may 1 08:49:13 utc 2009 root@walker.cse.buffalo.edu:usrobjusrsrcsysgeneric i386 '
    config_args='-de -Dprefix=/usr/home/cpan/pit/bare/perl-5.12.0'
    hint=recommended, useposix=true, d_sigaction=define
    useithreads=undef, usemultiplicity=undef
    useperlio=define, d_sfio=undef, uselargefiles=define, usesocks=undef
    use64bitint=undef, use64bitall=undef, uselongdouble=undef
    usemymalloc=n, bincompat5005=undef
  Compiler:
    cc='cc', ccflags ='-DHAS_FPSETMASK -DHAS_FLOATINGPOINT_H -fno-strict-aliasing -pipe -fstack-protector -I/usr/local/include',
    optimize='-O',
    cppflags='-DHAS_FPSETMASK -DHAS_FLOATINGPOINT_H -fno-strict-aliasing -pipe -fstack-protector -I/usr/local/include'
    ccversion='', gccversion='4.2.1 20070719  [FreeBSD]', gccosandvers=''
    intsize=4, longsize=4, ptrsize=4, doublesize=8, byteorder=1234
    d_longlong=define, longlongsize=8, d_longdbl=define, longdblsize=12
    ivtype='long', ivsize=4, nvtype='double', nvsize=8, Off_t='off_t', lseeksize=8
    alignbytes=4, prototype=define
  Linker and Libraries:
    ld='cc', ldflags ='-Wl,-E  -fstack-protector -L/usr/local/lib'
    libpth=/usr/lib /usr/local/lib
    libs=-lgdbm -lm -lcrypt -lutil -lc
    perllibs=-lm -lcrypt -lutil -lc
    libc=, so=so, useshrplib=false, libperl=libperl.a
    gnulibc_version=''
  Dynamic Linking:
    dlsrc=dl_dlopen.xs, dlext=so, d_dlsymun=undef, ccdlflags=' '
    cccdlflags='-DPIC -fPIC', lddlflags='-shared  -L/usr/local/lib -fstack-protector'


Characteristics of this binary (from libperl): 
  Compile-time options: PERL_DONT_CREATE_GVSV PERL_MALLOC_WRAP
                        USE_LARGE_FILES USE_PERLIO USE_PERL_ATOF
  Built under freebsd
  Compiled at Apr 25 2010 21:18:12
  %ENV:
    PERL5LIB=":/usr/home/cpan/pit/bare/conf/perl-5.12.0/.cpanplus/5.12.0/build/Apache-Test-1.32/blib/lib:/usr/home/cpan/pit/bare/conf/perl-5.12.0/.cpanplus/5.12.0/build/Apache-Test-1.32/blib/arch:/usr/home/cpan/pit/bare/conf/perl-5.12.0/.cpanplus/5.12.0/build/Devel-Leak-0.03/blib/lib:/usr/home/cpan/pit/bare/conf/perl-5.12.0/.cpanplus/5.12.0/build/Devel-Leak-0.03/blib/arch:/usr/home/cpan/pit/bare/conf/perl-5.12.0/.cpanplus/5.12.0/build/YAML-Syck-1.07/blib/lib:/usr/home/cpan/pit/bare/conf/perl-5.12.0/.cpanplus/5.12.0/build/YAML-Syck-1.07/blib/arch:/usr/home/cpan/pit/bare/conf/perl-5.12.0/.cpanplus/5.12.0/build/Sub-Uplevel-0.22/blib/lib:/usr/home/cpan/pit/bare/conf/perl-5.12.0/.cpanplus/5.12.0/build/Sub-Uplevel-0.22/blib/arch:/usr/home/cpan/pit/bare/conf/perl-5.12.0/.cpanplus/5.12.0/build/Test-Exception-0.29/blib/lib:/usr/home/cpan/pit/bare/conf/perl-5.12.0/.cpanplus/5.12.0/build/Test-Exception-0.29/blib/arch:/usr/home/cpan/pit/bare/conf/perl-5.12.0/.cpanplus/5.12.0/build/Tree-DAG_Node-1.06/blib/lib:/usr/home/cpan/pit/bare/conf/perl-5.12.0/.cpanplus/5.12.0/build/Tree-DAG_Node-1.06/blib/arch:/usr/home/cpan/pit/bare/conf/perl-5.12.0/.cpanplus/5.12.0/build/Test-Warn-0.21/blib/lib:/usr/home/cpan/pit/bare/conf/perl-5.12.0/.cpanplus/5.12.0/build/Test-Warn-0.21/blib/arch:/usr/home/cpan/pit/bare/conf/perl-5.12.0/.cpanplus/5.12.0/build/CGI-JSONRPC-0.11/blib/lib:/usr/home/cpan/pit/bare/conf/perl-5.12.0/.cpanplus/5.12.0/build/CGI-JSONRPC-0.11/blib/arch"
    PERL5_CPANPLUS_IS_RUNNING="98392"
    PERL5_CPANPLUS_IS_VERSION="0.9003"
    PERL5_MINISMOKEBOX="0.26"
    PERL5_YACSMOKE_BASE="/usr/home/cpan/pit/bare/conf/perl-5.12.0/"
    PERL_EXTUTILS_AUTOINSTALL="--defaultdeps"
    PERL_MM_USE_DEFAULT="1"
  @INC:
    /usr/home/cpan/pit/bare/conf/perl-5.12.0/.cpanplus/5.12.0/build/Apache-Test-1.32/blib/lib
    /usr/home/cpan/pit/bare/conf/perl-5.12.0/.cpanplus/5.12.0/build/Apache-Test-1.32/blib/arch
    /usr/home/cpan/pit/bare/conf/perl-5.12.0/.cpanplus/5.12.0/build/Devel-Leak-0.03/blib/lib
    /usr/home/cpan/pit/bare/conf/perl-5.12.0/.cpanplus/5.12.0/build/Devel-Leak-0.03/blib/arch
    /usr/home/cpan/pit/bare/conf/perl-5.12.0/.cpanplus/5.12.0/build/YAML-Syck-1.07/blib/lib
    /usr/home/cpan/pit/bare/conf/perl-5.12.0/.cpanplus/5.12.0/build/YAML-Syck-1.07/blib/arch
    /usr/home/cpan/pit/bare/conf/perl-5.12.0/.cpanplus/5.12.0/build/Sub-Uplevel-0.22/blib/lib
    /usr/home/cpan/pit/bare/conf/perl-5.12.0/.cpanplus/5.12.0/build/Sub-Uplevel-0.22/blib/arch
    /usr/home/cpan/pit/bare/conf/perl-5.12.0/.cpanplus/5.12.0/build/Test-Exception-0.29/blib/lib
    /usr/home/cpan/pit/bare/conf/perl-5.12.0/.cpanplus/5.12.0/build/Test-Exception-0.29/blib/arch
    /usr/home/cpan/pit/bare/conf/perl-5.12.0/.cpanplus/5.12.0/build/Tree-DAG_Node-1.06/blib/lib
    /usr/home/cpan/pit/bare/conf/perl-5.12.0/.cpanplus/5.12.0/build/Tree-DAG_Node-1.06/blib/arch
    /usr/home/cpan/pit/bare/conf/perl-5.12.0/.cpanplus/5.12.0/build/Test-Warn-0.21/blib/lib
    /usr/home/cpan/pit/bare/conf/perl-5.12.0/.cpanplus/5.12.0/build/Test-Warn-0.21/blib/arch
    /usr/home/cpan/pit/bare/conf/perl-5.12.0/.cpanplus/5.12.0/build/CGI-JSONRPC-0.11/blib/lib
    /usr/home/cpan/pit/bare/conf/perl-5.12.0/.cpanplus/5.12.0/build/CGI-JSONRPC-0.11/blib/arch
    /usr/home/cpan/pit/bare/perl-5.12.0/lib/site_perl/5.12.0/i386-freebsd
    /usr/home/cpan/pit/bare/perl-5.12.0/lib/site_perl/5.12.0
    /usr/home/cpan/pit/bare/perl-5.12.0/lib/5.12.0/i386-freebsd
    /usr/home/cpan/pit/bare/perl-5.12.0/lib/5.12.0
    .