Acme-NAHCNUJ-Utils v0.03 Perl 5 v5.10.1 amd64-freebsd

Status
Fail
From
Slaven Rezić (SREZIC)
Dist
Acme-NAHCNUJ-Utils v0.03
Platform
Perl 5 v5.10.1 amd64-freebsd
Date
2018-08-28 04:57:45
ID
e7693da4-aa7e-11e8-8862-d92ac46506cc
This distribution has been tested as part of the CPAN Testers
project, supporting the Perl programming language.  See
http://wiki.cpantesters.org/ for more information or email
questions to cpan-testers-discuss@perl.org


--
Dear Junichi Hayashi,

This is a computer-generated report for Acme-NAHCNUJ-Utils-0.03
on perl 5.10.1, created by CPAN-Reporter-1.2018.

Thank you for uploading your work to CPAN.  However, there was a problem
testing your distribution.

If you think this report is invalid, please consult the CPAN Testers Wiki
for suggestions on how to avoid getting FAIL reports for missing library
or binary dependencies, unsupported operating systems, and so on:

http://wiki.cpantesters.org/wiki/CPANAuthorNotes

Sections of this report:

    * Tester comments
    * Program output
    * Prerequisites
    * Environment and other context

------------------------------
TESTER COMMENTS
------------------------------

Additional comments from tester:

none provided

------------------------------
PROGRAM OUTPUT
------------------------------

Output from './Build test':

# Testing Acme::NAHCNUJ::Utils 0.03, Perl 5.010001, /usr/perl5.10.1/bin/perl
t/00-load.t ....... ok
t/manifest.t ...... skipped: Author tests not required for installation
t/pod-coverage.t .. skipped: Author tests not required for installation
t/pod.t ........... skipped: Author tests not required for installation
# Testing Acme::NAHCNUJ::Utils 0.03, Perl 5.010001, /usr/perl5.10.1/bin/perl

#   Failed test 'sum() returns undef'
#   at t/sum.t line 15.
#          got: '1'
#     expected: undef

#   Failed test 'sum(undef) returns undef'
#   at t/sum.t line 16.
#          got: '1'
#     expected: undef

#   Failed test 'sum(8, 2, 4) == 14'
#   at t/sum.t line 18.
#          got: '64'
#     expected: '14'

#   Failed test 'sum(3.14, -2.71) == 0.43'
#   at t/sum.t line 20.
#          got: '-8.5094'
#     expected: '0.43'
Argument "hoge" isn't numeric in multiplication (*) at /usr/home/eserte/.cpan/build/2018082806/Acme-NAHCNUJ-Utils-0.03-4/blib/lib/Acme/NAHCNUJ/Utils.pm line 47.
Argument "3.1fuga" isn't numeric in multiplication (*) at /usr/home/eserte/.cpan/build/2018082806/Acme-NAHCNUJ-Utils-0.03-4/blib/lib/Acme/NAHCNUJ/Utils.pm line 47.
Argument "a0b" isn't numeric in multiplication (*) at /usr/home/eserte/.cpan/build/2018082806/Acme-NAHCNUJ-Utils-0.03-4/blib/lib/Acme/NAHCNUJ/Utils.pm line 47.

#   Failed test 'numbers unlike numeric treat as 0'
#   at t/sum.t line 21.
#          got: '0'
#     expected: '3.1'
Argument "fuga" isn't numeric in multiplication (*) at /usr/home/eserte/.cpan/build/2018082806/Acme-NAHCNUJ-Utils-0.03-4/blib/lib/Acme/NAHCNUJ/Utils.pm line 47.
Argument "piyo" isn't numeric in multiplication (*) at /usr/home/eserte/.cpan/build/2018082806/Acme-NAHCNUJ-Utils-0.03-4/blib/lib/Acme/NAHCNUJ/Utils.pm line 47.
# Looks like you failed 5 tests of 9.
t/sum.t ........... 
Dubious, test returned 5 (wstat 1280, 0x500)
Failed 5/9 subtests 

Test Summary Report
-------------------
t/sum.t         (Wstat: 1280 Tests: 9 Failed: 5)
  Failed tests:  3-5, 7-8
  Non-zero exit status: 5
Files=5, Tests=10,  0 wallclock secs ( 0.02 usr  0.01 sys +  0.14 cusr  0.05 csys =  0.21 CPU)
Result: FAIL
Failed 1/5 test programs. 5/10 subtests failed.

------------------------------
PREREQUISITES
------------------------------

Prerequisite modules loaded:

build_requires:

    Module        Need Have    
    ------------- ---- --------
    Test::More    0    1.302140

configure_requires:

    Module        Need Have    
    ------------- ---- --------
    Module::Build 0    0.4224  


------------------------------
ENVIRONMENT AND OTHER CONTEXT
------------------------------

Environment variables:

    LC_ALL = de_DE.ISO8859-1
    PATH = /usr/local/bin:/usr/bin:/bin:/usr/local/sbin:/usr/sbin:/sbin:/home/cpansand/bin/freebsd9.3:/home/cpansand/bin/sh:/home/cpansand/bin:/usr/games:/home/cpansand/devel:/usr/home/eserte/src/srezic-misc/scripts
    PERL5LIB = 
    PERL5OPT = 
    PERL5_CPANPLUS_IS_RUNNING = 83809
    PERL5_CPAN_IS_RUNNING = 83809
    PERL5_CPAN_IS_RUNNING_IN_RECURSION = 83765,83809
    PERLDOC = -MPod::Perldoc::ToTextOverstrike
    PERL_BATCH = yes
    PERL_CANARY_STABILITY_NOPROMPT = 1
    PERL_CPAN_REPORTER_CONFIG = /var/tmp/cpansmoker-1023/2018082806/cpanreporter_000_config.ini
    PERL_EXTUTILS_AUTOINSTALL = --defaultdeps
    SHELL = /usr/local/bin/zsh
    TERM = screen
    TMPDIR = /var/tmp/cpansmoker-1023/2018082806

Perl special variables (and OS-specific diagnostics, for MSWin32):

    $^X = /usr/perl5.10.1/bin/perl
    $UID/$EUID = 1023 / 1023
    $GID = 1023 1023
    $EGID = 1023 1023

Perl module toolchain versions installed:

    Module              Have    
    ------------------- --------
    CPAN                2.16    
    CPAN::Meta          2.150010
    Cwd                 3.74    
    ExtUtils::CBuilder  0.280230
    ExtUtils::Command   7.34    
    ExtUtils::Install   2.12    
    ExtUtils::MakeMaker 7.34    
    ExtUtils::Manifest  1.71    
    ExtUtils::ParseXS   3.35    
    File::Spec          3.74    
    JSON                2.97001 
    JSON::PP            2.97001 
    Module::Build       0.4224  
    Module::Signature   0.81    
    Parse::CPAN::Meta   2.150010
    Test::Harness       3.41    
    Test::More          1.302140
    YAML                1.23    
    YAML::Syck          1.30    
    version             0.9924  


--

Summary of my perl5 (revision 5 version 10 subversion 1) configuration:
   
  Platform:
    osname=freebsd, osvers=9.2-release-p4, archname=amd64-freebsd
    uname='freebsd cvrsnica-freebsd-92 9.2-release-p4 freebsd 9.2-release-p4 #0: tue apr 8 18:08:22 utc 2014 root@amd64-builder.daemonology.net:usrobjusrsrcsysgeneric amd64 '
    config_args='-ds -e -Dprefix=/usr/perl5.10.1'
    hint=recommended, useposix=true, d_sigaction=define
    useithreads=undef, usemultiplicity=undef
    useperlio=define, d_sfio=undef, uselargefiles=define, usesocks=undef
    use64bitint=define, use64bitall=define, uselongdouble=undef
    usemymalloc=n, bincompat5005=undef
  Compiler:
    cc='cc', ccflags ='-DHAS_FPSETMASK -DHAS_FLOATINGPOINT_H -fno-strict-aliasing -pipe -fstack-protector -I/usr/local/include',
    optimize='-O',
    cppflags='-DHAS_FPSETMASK -DHAS_FLOATINGPOINT_H -fno-strict-aliasing -pipe -fstack-protector -I/usr/local/include'
    ccversion='', gccversion='4.2.1 20070831 patched [FreeBSD]', gccosandvers=''
    intsize=4, longsize=8, ptrsize=8, doublesize=8, byteorder=12345678
    d_longlong=define, longlongsize=8, d_longdbl=define, longdblsize=16
    ivtype='long', ivsize=8, nvtype='double', nvsize=8, Off_t='off_t', lseeksize=8
    alignbytes=8, prototype=define
  Linker and Libraries:
    ld='cc', ldflags ='-Wl,-E  -fstack-protector -L/usr/local/lib'
    libpth=/usr/lib /usr/local/lib
    libs=-lgdbm -lm -lcrypt -lutil -lc
    perllibs=-lm -lcrypt -lutil -lc
    libc=, so=so, useshrplib=false, libperl=libperl.a
    gnulibc_version=''
  Dynamic Linking:
    dlsrc=dl_dlopen.xs, dlext=so, d_dlsymun=undef, ccdlflags=' '
    cccdlflags='-DPIC -fPIC', lddlflags='-shared  -L/usr/local/lib -fstack-protector'


Characteristics of this binary (from libperl): 
  Compile-time options: PERL_DONT_CREATE_GVSV PERL_MALLOC_WRAP USE_64_BIT_ALL
                        USE_64_BIT_INT USE_LARGE_FILES USE_PERLIO
  Built under freebsd
  Compiled at May 15 2014 23:30:26
  %ENV:
    PERL5LIB=""
    PERL5OPT=""
    PERL5_CPANPLUS_IS_RUNNING="83809"
    PERL5_CPAN_IS_RUNNING="83809"
    PERL5_CPAN_IS_RUNNING_IN_RECURSION="83765,83809"
    PERLDOC="-MPod::Perldoc::ToTextOverstrike"
    PERL_BATCH="yes"
    PERL_CANARY_STABILITY_NOPROMPT="1"
    PERL_CPAN_REPORTER_CONFIG="/var/tmp/cpansmoker-1023/2018082806/cpanreporter_000_config.ini"
    PERL_EXTUTILS_AUTOINSTALL="--defaultdeps"
  @INC:
    /usr/perl5.10.1/lib/5.10.1/amd64-freebsd
    /usr/perl5.10.1/lib/5.10.1
    /usr/perl5.10.1/lib/site_perl/5.10.1/amd64-freebsd
    /usr/perl5.10.1/lib/site_perl/5.10.1
    .