Music-Tag v0.4103 Perl 5 v5.13.3 x86_64-linux

Status
Fail
From
Andreas J. König (ANDK)
Dist
Music-Tag v0.4103
Platform
Perl 5 v5.13.3 x86_64-linux
Date
2010-08-21 22:24:46
ID
e7462d12-ad72-11df-a0cb-624e984c9764
This distribution has been tested as part of the CPAN Testers
project, supporting the Perl programming language.  See
http://wiki.cpantesters.org/ for more information or email
questions to cpan-testers-discuss@perl.org


--
Dear Edward J. Allen III,

This is a computer-generated report for Music-Tag-0.4103
on perl 5.13.3, created by CPAN-Reporter-1.18.

Thank you for uploading your work to CPAN.  However, there was a problem
testing your distribution.

If you think this report is invalid, please consult the CPAN Testers Wiki
for suggestions on how to avoid getting FAIL reports for missing library
or binary dependencies, unsupported operating systems, and so on:

http://wiki.cpantesters.org/wiki/CPANAuthorNotes

Sections of this report:

    * Tester comments
    * Program output
    * Prerequisites
    * Environment and other context

------------------------------
TESTER COMMENTS
------------------------------

Additional comments from tester:

this report is from an automated smoke testing program
and was not reviewed by a human for accuracy

------------------------------
PROGRAM OUTPUT
------------------------------

Output from '/usr/bin/make test':

PERL_DL_NONLAZY=1 /home/src/perl/repoperls/installed-perls/perl/v5.13.3-214-ga9e1ff3/bin/perl "-MExtUtils::Command::MM" "-e" "test_harness(0, 'blib/lib', 'blib/arch')" t/*.t
t/1-general.t ........ ok
t/2-options.t ........ ok
Music::Tag::Auto Sorry, I can't find a plugin for /home/sand/.cpan/build/Music-Tag-0.4103-fi1Bol/t/fake.music at /home/sand/.cpan/build/Music-Tag-0.4103-fi1Bol/blib/lib/Music/Tag.pm line 146
t/3-auto.t ........... ok
Use of uninitialized value in addition (+) at /home/src/perl/repoperls/installed-perls/perl/v5.13.3-214-ga9e1ff3/lib/site_perl/5.13.3/Text/Levenshtein.pm line 58.
Use of uninitialized value in addition (+) at /home/src/perl/repoperls/installed-perls/perl/v5.13.3-214-ga9e1ff3/lib/site_perl/5.13.3/Text/Levenshtein.pm line 58.
Use of uninitialized value in addition (+) at /home/src/perl/repoperls/installed-perls/perl/v5.13.3-214-ga9e1ff3/lib/site_perl/5.13.3/Text/Levenshtein.pm line 58.
Use of uninitialized value in addition (+) at /home/src/perl/repoperls/installed-perls/perl/v5.13.3-214-ga9e1ff3/lib/site_perl/5.13.3/Text/Levenshtein.pm line 58.

#   Failed test 'Simple compare 3'
#   at t/5-generic.t line 32.
Use of uninitialized value in addition (+) at /home/src/perl/repoperls/installed-perls/perl/v5.13.3-214-ga9e1ff3/lib/site_perl/5.13.3/Text/Levenshtein.pm line 58.
Use of uninitialized value in addition (+) at /home/src/perl/repoperls/installed-perls/perl/v5.13.3-214-ga9e1ff3/lib/site_perl/5.13.3/Text/Levenshtein.pm line 58.
Use of uninitialized value in addition (+) at /home/src/perl/repoperls/installed-perls/perl/v5.13.3-214-ga9e1ff3/lib/site_perl/5.13.3/Text/Levenshtein.pm line 58.
Use of uninitialized value in addition (+) at /home/src/perl/repoperls/installed-perls/perl/v5.13.3-214-ga9e1ff3/lib/site_perl/5.13.3/Text/Levenshtein.pm line 58.

#   Failed test 'Simple compare 3'
#   at t/5-generic.t line 32.
# Looks like you failed 2 tests of 37.
t/5-generic.t ........ 
Dubious, test returned 2 (wstat 512, 0x200)
Failed 2/37 subtests 
t/6-unaccent.t ....... skipped: Text::Unaccent::PurePerl required for testing accent changes
t/97-pod.t ........... ok
t/98-pod-coverage.t .. ok

Test Summary Report
-------------------
t/5-generic.t      (Wstat: 512 Tests: 37 Failed: 2)
  Failed tests:  12, 30
  Non-zero exit status: 2
Files=7, Tests=249,  4 wallclock secs ( 0.07 usr  0.01 sys +  2.06 cusr  0.17 csys =  2.31 CPU)
Result: FAIL
Failed 1/7 test programs. 2/249 subtests failed.
make: *** [test_dynamic] Error 255

------------------------------
PREREQUISITES
------------------------------

Prerequisite modules loaded:

requires:

    Module              Need   Have     
    ------------------- ------ ---------
    Config::Options     0.07   0.08     
    Data::Dumper        2      2.126    
    DateTimeX::Easy     0.088  0.088_1  
    Digest::SHA1        2.11   2.13     
    Encode              2.12   2.39     
    File::Copy          2      2.20     
    File::Slurp         1      9999.13  
    File::Spec          3.24   3.31_01  
    File::stat          1      1.03     
    IO::Dir             1      1.07     
    IO::File            1.13   1.14     
    Locale::Country     2.07   3.13     
    Readonly            1      1.03     
    Scalar::Util        1.21   1.23     
    Test::More          0.1    0.96     
    Time::Local         1.1901 1.1901_01

configure_requires:

    Module              Need   Have     
    ------------------- ------ ---------
    ExtUtils::MakeMaker 0      6.5601   


------------------------------
ENVIRONMENT AND OTHER CONTEXT
------------------------------

Environment variables:

    AUTOMATED_TESTING = 1
    LANG = en_US.UTF-8
    PATH = /home/sand/bin:/usr/local/bin:/usr/bin:/bin:/usr/bin/X11:/usr/games:/usr/local/perl/bin:/usr/X11/bin:/sbin:/usr/sbin
    PERL5LIB = 
    PERL5OPT = 
    PERL5_CPANPLUS_IS_RUNNING = 15020
    PERL5_CPAN_IS_RUNNING = 15020
    PERL_MM_USE_DEFAULT = 1
    SHELL = /usr/bin/zsh
    TERM = screen

Perl special variables (and OS-specific diagnostics, for MSWin32):

    $^X = /home/src/perl/repoperls/installed-perls/perl/v5.13.3-214-ga9e1ff3/bin/perl
    $UID/$EUID = 1001 / 1001
    $GID = 1001 1001
    $EGID = 1001 1001

Perl module toolchain versions installed:

    Module              Have   
    ------------------- -------
    CPAN                1.94_57
    Cwd                 3.31   
    ExtUtils::CBuilder  0.2703 
    ExtUtils::Command   1.16   
    ExtUtils::Install   1.55   
    ExtUtils::MakeMaker 6.5601 
    ExtUtils::Manifest  1.58   
    ExtUtils::ParseXS   2.2207 
    File::Spec          3.31_01
    Module::Build       0.3607 
    Module::Signature   0.64   
    Test::Harness       3.22   
    Test::More          0.96   
    YAML                0.71   
    YAML::Syck          1.12   
    version             0.82   


--

Summary of my perl5 (revision 5 version 13 subversion 3) configuration:
  Commit id: a9e1ff320df82b0ddf415dd208c6a48cdaa57808
  Platform:
    osname=linux, osvers=2.6.32-2-amd64, archname=x86_64-linux
    uname='linux k81 2.6.32-2-amd64 #1 smp fri feb 12 00:01:47 utc 2010 x86_64 gnulinux '
    config_args='-Dprefix=/home/src/perl/repoperls/installed-perls/perl/v5.13.3-214-ga9e1ff3 -Dinstallusrbinperl=n -Uversiononly -Dusedevel -des -Ui_db -Uuseithreads -Uuselongdouble'
    hint=recommended, useposix=true, d_sigaction=define
    useithreads=undef, usemultiplicity=undef
    useperlio=define, d_sfio=undef, uselargefiles=define, usesocks=undef
    use64bitint=define, use64bitall=define, uselongdouble=undef
    usemymalloc=n, bincompat5005=undef
  Compiler:
    cc='cc', ccflags ='-fno-strict-aliasing -pipe -fstack-protector -I/usr/local/include -D_LARGEFILE_SOURCE -D_FILE_OFFSET_BITS=64',
    optimize='-O2',
    cppflags='-fno-strict-aliasing -pipe -fstack-protector -I/usr/local/include'
    ccversion='', gccversion='4.4.4', gccosandvers=''
    intsize=4, longsize=8, ptrsize=8, doublesize=8, byteorder=12345678
    d_longlong=define, longlongsize=8, d_longdbl=define, longdblsize=16
    ivtype='long', ivsize=8, nvtype='double', nvsize=8, Off_t='off_t', lseeksize=8
    alignbytes=8, prototype=define
  Linker and Libraries:
    ld='cc', ldflags =' -fstack-protector -L/usr/local/lib'
    libpth=/usr/local/lib /lib /usr/lib /lib64 /usr/lib64
    libs=-lnsl -lgdbm -ldb -ldl -lm -lcrypt -lutil -lc -lgdbm_compat
    perllibs=-lnsl -ldl -lm -lcrypt -lutil -lc
    libc=/lib/libc-2.11.2.so, so=so, useshrplib=false, libperl=libperl.a
    gnulibc_version='2.11.2'
  Dynamic Linking:
    dlsrc=dl_dlopen.xs, dlext=so, d_dlsymun=undef, ccdlflags='-Wl,-E'
    cccdlflags='-fPIC', lddlflags='-shared -O2 -L/usr/local/lib -fstack-protector'


Characteristics of this binary (from libperl): 
  Compile-time options: PERL_DONT_CREATE_GVSV PERL_MALLOC_WRAP PERL_USE_DEVEL
                        USE_64_BIT_ALL USE_64_BIT_INT USE_LARGE_FILES
                        USE_PERLIO USE_PERL_ATOF
  Built under linux
  Compiled at Aug 14 2010 23:16:08
  %ENV:
    PERL5LIB=""
    PERL5OPT=""
    PERL5_CPANPLUS_IS_RUNNING="15020"
    PERL5_CPAN_IS_RUNNING="15020"
    PERL_MM_USE_DEFAULT="1"
  @INC:
    /home/src/perl/repoperls/installed-perls/perl/v5.13.3-214-ga9e1ff3/lib/site_perl/5.13.3/x86_64-linux
    /home/src/perl/repoperls/installed-perls/perl/v5.13.3-214-ga9e1ff3/lib/site_perl/5.13.3
    /home/src/perl/repoperls/installed-perls/perl/v5.13.3-214-ga9e1ff3/lib/5.13.3/x86_64-linux
    /home/src/perl/repoperls/installed-perls/perl/v5.13.3-214-ga9e1ff3/lib/5.13.3
    .