HTTP-Async v0.33 Perl 5 v5.27.7 x86_64-linux-ld
- Status
- Fail
- From
- Andreas J. König (ANDK)
- Dist
-
HTTP-Async v0.33
- Platform
- Perl 5 v5.27.7 x86_64-linux-ld
- Date
- 2017-12-16 10:43:07
- ID
- e714b13e-e24d-11e7-8c28-af95f8b97727
This distribution has been tested as part of the CPAN Testers
project, supporting the Perl programming language. See
http://wiki.cpantesters.org/ for more information or email
questions to cpan-testers-discuss@perl.org
--
Dear Alex Balhatchet,
This is a computer-generated report for HTTP-Async-0.33
on perl 5.27.7, created by CPAN-Reporter-1.2018.
Thank you for uploading your work to CPAN. However, there was a problem
testing your distribution.
If you think this report is invalid, please consult the CPAN Testers Wiki
for suggestions on how to avoid getting FAIL reports for missing library
or binary dependencies, unsupported operating systems, and so on:
http://wiki.cpantesters.org/wiki/CPANAuthorNotes
Sections of this report:
* Tester comments
* Program output
* Prerequisites
* Environment and other context
------------------------------
TESTER COMMENTS
------------------------------
Additional comments from tester:
this report is from an automated smoke testing program
and was not reviewed by a human for accuracy
------------------------------
PROGRAM OUTPUT
------------------------------
Output from '/usr/bin/make test':
PERL_DL_NONLAZY=1 "/tmp/basesmoker-reloperl-y4nV/bin/perl" "-MExtUtils::Command::MM" "-MTest::Harness" "-e" "undef *Test::Harness::Switches; test_harness(0, 'blib/lib', 'blib/arch')" t/*.t
t/bad-connections.t ....... ok
t/bad-headers.t ........... ok
t/bad-hosts.t ............. ok
t/cookies.t ............... ok
t/dead-connection.t ....... ok
t/headers.t ............... ok
t/invalid-options.t ....... ok
t/key_aliases.t ........... ok
t/local-addr.t ............ ok
t/make-url-absolute.t ..... ok
t/not-modified.t .......... ok
t/peer-addr.t ............. ok
t/pod-coverage.t .......... ok
t/pod.t ................... ok
# Failed test 'Got correct total count'
# at t/polite.t line 44.
# got: '8'
# expected: '7'
# Looks like you failed 1 test of 14.
t/polite.t ................
Dubious, test returned 1 (wstat 256, 0x100)
Failed 1/14 subtests
t/poll-interval.t ......... ok
t/proxy-with-https.t ...... skipped: enable these tests by setting REAL_SERVERS
t/proxy.t ................. ok
t/real-servers.t .......... skipped: enable these tests by setting REAL_SERVERS
t/redirects.t ............. ok
t/release-cpan-changes.t .. ok
t/remove.t ................ ok
t/setup.t ................. ok
t/strip-host-from-uri.t ... ok
t/template.t .............. skipped: just a template to base other tests on
t/timeout.t ............... ok
Test Summary Report
-------------------
t/polite.t (Wstat: 256 Tests: 14 Failed: 1)
Failed test: 8
Non-zero exit status: 1
Files=26, Tests=202, 46 wallclock secs ( 0.07 usr 0.15 sys + 3.37 cusr 1.03 csys = 4.62 CPU)
Result: FAIL
Failed 1/26 test programs. 1/202 subtests failed.
Makefile:888: recipe for target 'test_dynamic' failed
make: *** [test_dynamic] Error 255
------------------------------
PREREQUISITES
------------------------------
Prerequisite modules loaded:
requires:
Module Need Have
-------------------------- ----- --------
Carp 0 1.45
Data::Dumper 0 2.169
HTTP::Request 0 6.13
HTTP::Response 0 6.13
HTTP::Server::Simple::CGI 0 0
HTTP::Status 0 6.13
IO::Select 0 1.23
LWP::UserAgent 0 6.31
Net::EmptyPort 0 0
Net::HTTP 0 6.17
Net::HTTP::NB 0 6.17
Net::HTTPS::NB 0.13 0.15
perl 5.006 5.027007
Test::Fatal 0 0.014
Test::HTTP::Server::Simple 0 0.11
Test::More 0 1.302120
Time::HiRes 0 1.9747
URI 0 1.72
URI::Escape 0 3.31
build_requires:
Module Need Have
-------------------------- ----- --------
ExtUtils::MakeMaker 0 7.30
configure_requires:
Module Need Have
-------------------------- ----- --------
ExtUtils::MakeMaker 0 7.30
------------------------------
ENVIRONMENT AND OTHER CONTEXT
------------------------------
Environment variables:
AUTOMATED_TESTING = 1
LANG = en_US.UTF-8
PATH = /home/sand/bin:/usr/local/bin:/usr/bin:/bin:/usr/games:/usr/local/perl/bin:/usr/X11/bin:/sbin:/usr/sbin
PERL5LIB =
PERL5OPT =
PERL5_CPANPLUS_IS_RUNNING = 9525
PERL5_CPAN_IS_RUNNING = 9525
PERL_CANARY_STABILITY_NOPROMPT = 1
PERL_MM_USE_DEFAULT = 1
PERL_USE_UNSAFE_INC = 1
SHELL = /usr/bin/zsh
TERM = screen
Perl special variables (and OS-specific diagnostics, for MSWin32):
$^X = /tmp/basesmoker-reloperl-y4nV/bin/perl
$UID/$EUID = 1005 / 1005
$GID = 1005 1005
$EGID = 1005 1005
Perl module toolchain versions installed:
Module Have
------------------- --------
CPAN 2.20
CPAN::Meta 2.150010
Cwd 3.71
ExtUtils::CBuilder 0.280230
ExtUtils::Command 7.30
ExtUtils::Install 2.14
ExtUtils::MakeMaker 7.30
ExtUtils::Manifest 1.70
ExtUtils::ParseXS 3.36
File::Spec 3.70
JSON 2.97000
JSON::PP 2.97000
Module::Build 0.4224
Module::Signature 0.81
Parse::CPAN::Meta 2.150010
Test::Harness 3.39
Test::More 1.302120
YAML 1.24
YAML::Syck 1.30
version 0.9918
--
Summary of my perl5 (revision 5 version 27 subversion 7) configuration:
Commit id: 222b5ca9896e49f76fcbb1f6e1e73b312570868c
Platform:
osname=linux
osvers=4.12.0-2-amd64
archname=x86_64-linux-ld
uname='linux k93msid 4.12.0-2-amd64 #1 smp debian 4.12.13-1 (2017-09-19) x86_64 gnulinux '
config_args='-Dprefix=/home/sand/src/perl/repoperls/installed-perls/host/k93msid/v5.27.6-265-g222b5ca989/ea6b -Dmyhostname=k93msid -Dinstallusrbinperl=n -Uversiononly -Dusedevel -des -Ui_db -Dlibswanted=cl pthread socket inet nsl gdbm dbm malloc dl ld sun m crypt sec util c cposix posix ucb BSD gdbm_compat -Uuseithreads -Duselongdouble -DEBUGGING=none'
hint=recommended
useposix=true
d_sigaction=define
useithreads=undef
usemultiplicity=undef
use64bitint=define
use64bitall=define
uselongdouble=define
usemymalloc=n
default_inc_excludes_dot=define
bincompat5005=undef
Compiler:
cc='cc'
ccflags ='-fwrapv -fno-strict-aliasing -pipe -fstack-protector-strong -I/usr/local/include -D_LARGEFILE_SOURCE -D_FILE_OFFSET_BITS=64 -D_FORTIFY_SOURCE=2'
optimize='-O2'
cppflags='-fwrapv -fno-strict-aliasing -pipe -fstack-protector-strong -I/usr/local/include'
ccversion=''
gccversion='7.2.0'
gccosandvers=''
intsize=4
longsize=8
ptrsize=8
doublesize=8
byteorder=12345678
doublekind=3
d_longlong=define
longlongsize=8
d_longdbl=define
longdblsize=16
longdblkind=3
ivtype='long'
ivsize=8
nvtype='long double'
nvsize=16
Off_t='off_t'
lseeksize=8
alignbytes=16
prototype=define
Linker and Libraries:
ld='cc'
ldflags =' -fstack-protector-strong -L/usr/local/lib'
libpth=/usr/local/lib /usr/lib/gcc/x86_64-linux-gnu/7/include-fixed /usr/include/x86_64-linux-gnu /usr/lib /lib/x86_64-linux-gnu /lib/../lib /usr/lib/x86_64-linux-gnu /usr/lib/../lib /lib
libs=-lpthread -lnsl -ldl -lm -lcrypt -lutil -lc
perllibs=-lpthread -lnsl -ldl -lm -lcrypt -lutil -lc
libc=libc-2.24.so
so=so
useshrplib=false
libperl=libperl.a
gnulibc_version='2.24'
Dynamic Linking:
dlsrc=dl_dlopen.xs
dlext=so
d_dlsymun=undef
ccdlflags='-Wl,-E'
cccdlflags='-fPIC'
lddlflags='-shared -O2 -L/usr/local/lib -fstack-protector-strong'
Characteristics of this binary (from libperl):
Compile-time options:
HAS_TIMES
PERLIO_LAYERS
PERL_COPY_ON_WRITE
PERL_DONT_CREATE_GVSV
PERL_MALLOC_WRAP
PERL_OP_PARENT
PERL_PRESERVE_IVUV
PERL_USE_DEVEL
USE_64_BIT_ALL
USE_64_BIT_INT
USE_LARGE_FILES
USE_LOCALE
USE_LOCALE_COLLATE
USE_LOCALE_CTYPE
USE_LOCALE_NUMERIC
USE_LOCALE_TIME
USE_LONG_DOUBLE
USE_PERLIO
USE_PERL_ATOF
Built under linux
Compiled at Dec 15 2017 02:46:56
%ENV:
PERL5LIB=""
PERL5OPT=""
PERL5_CPANPLUS_IS_RUNNING="9525"
PERL5_CPAN_IS_RUNNING="9525"
PERL_CANARY_STABILITY_NOPROMPT="1"
PERL_MM_USE_DEFAULT="1"
PERL_USE_UNSAFE_INC="1"
@INC:
/home/sand/src/perl/repoperls/installed-perls/host/k93msid/v5.27.6-265-g222b5ca989/ea6b/lib/site_perl/5.27.7/x86_64-linux-ld
/home/sand/src/perl/repoperls/installed-perls/host/k93msid/v5.27.6-265-g222b5ca989/ea6b/lib/site_perl/5.27.7
/home/sand/src/perl/repoperls/installed-perls/host/k93msid/v5.27.6-265-g222b5ca989/ea6b/lib/5.27.7/x86_64-linux-ld
/home/sand/src/perl/repoperls/installed-perls/host/k93msid/v5.27.6-265-g222b5ca989/ea6b/lib/5.27.7
.