Report for WebService-OkiLab-ExtractPlace-0.02

Back
From: metabase:user:d1ac2ff8-7f34-11e0-ad7d-d635d302c8a1
Subject: FAIL WebService-OkiLab-ExtractPlace-0.02 v5.14.0 GNU/Linux
Date: 2011-06-03T18:32:57Z

This distribution has been tested as part of the CPAN Testers
project, supporting the Perl programming language.  See
http://wiki.cpantesters.org/ for more information or email
questions to cpan-testers-discuss@perl.org


--
Dear Makio Tsukamoto,

This is a computer-generated report for WebService-OkiLab-ExtractPlace-0.02
on perl 5.14.0, created by CPAN-Reporter-1.1902.

Thank you for uploading your work to CPAN.  However, there was a problem
testing your distribution.

If you think this report is invalid, please consult the CPAN Testers Wiki
for suggestions on how to avoid getting FAIL reports for missing library
or binary dependencies, unsupported operating systems, and so on:

http://wiki.cpantesters.org/wiki/CPANAuthorNotes

Sections of this report:

    * Tester comments
    * Program output
    * Prerequisites
    * Environment and other context

------------------------------
TESTER COMMENTS
------------------------------

Additional comments from tester:

this report is from an automated smoke testing program
and was not reviewed by a human for accuracy

------------------------------
PROGRAM OUTPUT
------------------------------

Output from '/usr/bin/make test':

PERL_DL_NONLAZY=1 /home/lonesome/perl-5.14.0/bin/perl "-MExtUtils::Command::MM" "-e" "test_harness(0, 'blib/lib', 'blib/arch')" t/*.t
# Testing WebService::OkiLab::ExtractPlace 0.02
t/00.load.t ....... ok

#   Failed test 'Test::Perl::Critic for "blib/lib/WebService/OkiLab/ExtractPlace.pm"'
#   at /home/lonesome/perl-5.14.0/lib/site_perl/5.14.0/Test/Perl/Critic.pm line 110.
# 
# Perl::Critic found these violations in "blib/lib/WebService/OkiLab/ExtractPlace.pm":
# Modules have to return a true value ("1;") at line 1, column 1.  Use "1;" as the last statement of the module.  (Severity: 5)
# Variable, subroutine, and package names have to be in CamelCase at line 14, column 5.  (no explanation).  (Severity: 5)
# Variable, subroutine, and package names have to be in CamelCase at line 15, column 5.  (no explanation).  (Severity: 5)
# Variable, subroutine, and package names have to be in CamelCase at line 15, column 24.  (no explanation).  (Severity: 5)
# Variable, subroutine, and package names have to be in CamelCase at line 16, column 2.  (no explanation).  (Severity: 5)
# Variable, subroutine, and package names have to be in CamelCase at line 17, column 5.  (no explanation).  (Severity: 5)
# Variable, subroutine, and package names have to be in CamelCase at line 18, column 2.  (no explanation).  (Severity: 5)
# Variable, subroutine, and package names have to be in CamelCase at line 19, column 2.  (no explanation).  (Severity: 5)
# Variable, subroutine, and package names have to be in CamelCase at line 19, column 12.  (no explanation).  (Severity: 5)
# Variable, subroutine, and package names have to be in CamelCase at line 20, column 9.  (no explanation).  (Severity: 5)
# Variable, subroutine, and package names have to be in CamelCase at line 23, column 1.  (no explanation).  (Severity: 5)
# Variable, subroutine, and package names have to be in CamelCase at line 24, column 5.  (no explanation).  (Severity: 5)
# Variable, subroutine, and package names have to be in CamelCase at line 26, column 6.  (no explanation).  (Severity: 5)
# Variable, subroutine, and package names have to be in CamelCase at line 27, column 3.  (no explanation).  (Severity: 5)
# Variable, subroutine, and package names have to be in CamelCase at line 28, column 10.  (no explanation).  (Severity: 5)
# Variable, subroutine, and package names have to be in CamelCase at line 30, column 6.  (no explanation).  (Severity: 5)
# Variable, subroutine, and package names have to be in CamelCase at line 30, column 62.  (no explanation).  (Severity: 5)
# Variable, subroutine, and package names have to be in CamelCase at line 31, column 10.  (no explanation).  (Severity: 5)
# Variable, subroutine, and package names have to be in CamelCase at line 35, column 1.  (no explanation).  (Severity: 5)
# Variable, subroutine, and package names have to be in CamelCase at line 35, column 14.  (no explanation).  (Severity: 5)
# Variable, subroutine, and package names have to be in CamelCase at line 35, column 36.  (no explanation).  (Severity: 5)
# Variable, subroutine, and package names have to be in CamelCase at line 36, column 1.  (no explanation).  (Severity: 5)
# Variable, subroutine, and package names have to be in CamelCase at line 36, column 14.  (no explanation).  (Severity: 5)
# Variable, subroutine, and package names have to be in CamelCase at line 36, column 36.  (no explanation).  (Severity: 5)
# Variable, subroutine, and package names have to be in CamelCase at line 37, column 1.  (no explanation).  (Severity: 5)
# Variable, subroutine, and package names have to be in CamelCase at line 37, column 14.  (no explanation).  (Severity: 5)
# Variable, subroutine, and package names have to be in CamelCase at line 37, column 36.  (no explanation).  (Severity: 5)
# Variable, subroutine, and package names have to be in CamelCase at line 38, column 1.  (no explanation).  (Severity: 5)
# Variable, subroutine, and package names have to be in CamelCase at line 38, column 14.  (no explanation).  (Severity: 5)
# Variable, subroutine, and package names have to be in CamelCase at line 38, column 36.  (no explanation).  (Severity: 5)
# Variable, subroutine, and package names have to be in CamelCase at line 40, column 1.  (no explanation).  (Severity: 5)
# Variable, subroutine, and package names have to be in CamelCase at line 41, column 5.  (no explanation).  (Severity: 5)
# Variable, subroutine, and package names have to be in CamelCase at line 42, column 5.  (no explanation).  (Severity: 5)
# Variable, subroutine, and package names have to be in CamelCase at line 43, column 5.  (no explanation).  (Severity: 5)
# Variable, subroutine, and package names have to be in CamelCase at line 43, column 13.  (no explanation).  (Severity: 5)
# Variable, subroutine, and package names have to be in CamelCase at line 44, column 5.  (no explanation).  (Severity: 5)
# Variable, subroutine, and package names have to be in CamelCase at line 44, column 22.  (no explanation).  (Severity: 5)
# Variable, subroutine, and package names have to be in CamelCase at line 45, column 9.  (no explanation).  (Severity: 5)
# Use of low precedence operators is not allowed at line 45, column 63.  Replace low precedence operators with the high precedence substitutes.  (Severity: 5)
# Variable, subroutine, and package names have to be in CamelCase at line 45, column 82.  (no explanation).  (Severity: 5)
# Variable, subroutine, and package names have to be in CamelCase at line 46, column 9.  (no explanation).  (Severity: 5)
# Variable, subroutine, and package names have to be in CamelCase at line 46, column 64.  (no explanation).  (Severity: 5)
# Method invokation should use "()" at line 46, column 68.  Use "->MethodName()" instead of "->MethodName".  (Severity: 5)
# Variable, subroutine, and package names have to be in CamelCase at line 47, column 9.  (no explanation).  (Severity: 5)
# Variable, subroutine, and package names have to be in CamelCase at line 47, column 44.  (no explanation).  (Severity: 5)
# Variable, subroutine, and package names have to be in CamelCase at line 49, column 5.  (no explanation).  (Severity: 5)
# Variable, subroutine, and package names have to be in CamelCase at line 49, column 18.  (no explanation).  (Severity: 5)
# Variable, subroutine, and package names have to be in CamelCase at line 50, column 2.  (no explanation).  (Severity: 5)
# Variable, subroutine, and package names have to be in CamelCase at line 50, column 29.  (no explanation).  (Severity: 5)
# Variable, subroutine, and package names have to be in CamelCase at line 50, column 40.  (no explanation).  (Severity: 5)
# Variable, subroutine, and package names have to be in CamelCase at line 51, column 5.  (no explanation).  (Severity: 5)
# Variable, subroutine, and package names have to be in CamelCase at line 51, column 13.  (no explanation).  (Severity: 5)
# Variable, subroutine, and package names have to be in CamelCase at line 51, column 37.  (no explanation).  (Severity: 5)
# Variable, subroutine, and package names have to be in CamelCase at line 51, column 50.  (no explanation).  (Severity: 5)
# Variable, subroutine, and package names have to be in CamelCase at line 51, column 67.  (no explanation).  (Severity: 5)
# Variable, subroutine, and package names have to be in CamelCase at line 53, column 2.  (no explanation).  (Severity: 5)
# Variable, subroutine, and package names have to be in CamelCase at line 53, column 13.  (no explanation).  (Severity: 5)
# Variable, subroutine, and package names have to be in CamelCase at line 54, column 5.  (no explanation).  (Severity: 5)
# Variable, subroutine, and package names have to be in CamelCase at line 54, column 12.  (no explanation).  (Severity: 5)
# Variable, subroutine, and package names have to be in CamelCase at line 54, column 25.  (no explanation).  (Severity: 5)
# Variable, subroutine, and package names have to be in CamelCase at line 55, column 2.  (no explanation).  (Severity: 5)
# Variable, subroutine, and package names have to be in CamelCase at line 55, column 13.  (no explanation).  (Severity: 5)
# Variable, subroutine, and package names have to be in CamelCase at line 55, column 29.  (no explanation).  (Severity: 5)
# Variable, subroutine, and package names have to be in CamelCase at line 56, column 2.  (no explanation).  (Severity: 5)
# Method invokation should use "()" at line 56, column 6.  Use "->MethodName()" instead of "->MethodName".  (Severity: 5)
# Variable, subroutine, and package names have to be in CamelCase at line 56, column 29.  (no explanation).  (Severity: 5)
# Variable, subroutine, and package names have to be in CamelCase at line 56, column 74.  (no explanation).  (Severity: 5)
# Method invokation should use "()" at line 56, column 78.  Use "->MethodName()" instead of "->MethodName".  (Severity: 5)
# Variable, subroutine, and package names have to be in CamelCase at line 58, column 5.  (no explanation).  (Severity: 5)
# Variable, subroutine, and package names have to be in CamelCase at line 58, column 13.  (no explanation).  (Severity: 5)
# Variable, subroutine, and package names have to be in CamelCase at line 58, column 39.  (no explanation).  (Severity: 5)
# Variable, subroutine, and package names have to be in CamelCase at line 59, column 5.  (no explanation).  (Severity: 5)
# Variable, subroutine, and package names have to be in CamelCase at line 59, column 25.  (no explanation).  (Severity: 5)
# Variable, subroutine, and package names have to be in CamelCase at line 59, column 42.  (no explanation).  (Severity: 5)
# Variable, subroutine, and package names have to be in CamelCase at line 60, column 9.  (no explanation).  (Severity: 5)
# Looks like you failed 1 test of 1.
t/perlcritic.t .... 
Dubious, test returned 1 (wstat 256, 0x100)
Failed 1/1 subtests 
t/pod-coverage.t .. ok
t/pod.t ........... ok

Test Summary Report
-------------------
t/perlcritic.t  (Wstat: 256 Tests: 1 Failed: 1)
  Failed test:  1
  Non-zero exit status: 1
Files=4, Tests=4,  2 wallclock secs ( 0.02 usr  0.01 sys +  1.13 cusr  0.23 csys =  1.39 CPU)
Result: FAIL
Failed 1/4 test programs. 1/4 subtests failed.
make: *** [test_dynamic] Error 255

------------------------------
PREREQUISITES
------------------------------

Prerequisite modules loaded:

requires:

    Module              Need Have   
    ------------------- ---- -------
    Class::ErrorHandler 0    0.01   
    JSON                0    2.27   
    LWP::UserAgent      0    6.02   
    Test::More          0    0.98   

build_requires:

    Module              Need Have   
    ------------------- ---- -------
    ExtUtils::MakeMaker 0    6.57_11


------------------------------
ENVIRONMENT AND OTHER CONTEXT
------------------------------

Environment variables:

    AUTOMATED_TESTING = 1
    LANG = en_GB.UTF-8
    PATH = /usr/lib/ccache:/usr/local/bin:/bin:/usr/bin:/usr/local/sbin:/usr/sbin:/sbin:/home/lonesome/bin
    PERL5LIB = 
    PERL5OPT = 
    PERL5_CPANPLUS_IS_RUNNING = 3494
    PERL5_CPAN_IS_RUNNING = 3494
    PERL5_CPAN_IS_RUNNING_IN_RECURSION = 9665,3494
    PERL_CR_SMOKER_CURRENT = WebService-OkiLab-ExtractPlace-0.02
    PERL_EXTUTILS_AUTOINSTALL = --defaultdeps
    PERL_MM_USE_DEFAULT = 1
    SHELL = /bin/bash
    TERM = screen

Perl special variables (and OS-specific diagnostics, for MSWin32):

    $^X = /home/lonesome/perl-5.14.0/bin/perl
    $UID/$EUID = 500 / 500
    $GID = 500 10 500
    $EGID = 500 10 500

Perl module toolchain versions installed:

    Module              Have    
    ------------------- --------
    CPAN                1.9600  
    Cwd                 3.33    
    ExtUtils::CBuilder  0.280202
    ExtUtils::Command   1.17    
    ExtUtils::Install   1.52    
    ExtUtils::MakeMaker 6.57_11 
    ExtUtils::Manifest  1.58    
    ExtUtils::ParseXS   2.2206  
    File::Spec          3.33    
    Module::Build       0.3800  
    Module::Signature   0.68    
    Test::Harness       3.23    
    Test::More          0.98    
    YAML                0.73    
    YAML::Syck          1.17    
    version             0.90    


--

Summary of my perl5 (revision 5 version 14 subversion 0) configuration:
   
  Platform:
    osname=linux, osvers=2.6.38.6-27.fc15.i686, archname=i686-linux
    uname='linux fedora15 2.6.38.6-27.fc15.i686 #1 smp sun may 15 17:57:13 utc 2011 i686 i686 i386 gnulinux '
    config_args='-des -Dcc=ccache gcc -Dld=gcc -Dprefix=/home/lonesome/perl-5.14.0'
    hint=recommended, useposix=true, d_sigaction=define
    useithreads=undef, usemultiplicity=undef
    useperlio=define, d_sfio=undef, uselargefiles=define, usesocks=undef
    use64bitint=undef, use64bitall=undef, uselongdouble=undef
    usemymalloc=n, bincompat5005=undef
  Compiler:
    cc='ccache gcc', ccflags ='-fno-strict-aliasing -pipe -fstack-protector -I/usr/local/include -D_LARGEFILE_SOURCE -D_FILE_OFFSET_BITS=64',
    optimize='-O2',
    cppflags='-fno-strict-aliasing -pipe -fstack-protector -I/usr/local/include'
    ccversion='', gccversion='4.6.0 20110509 (Red Hat 4.6.0-7)', gccosandvers=''
    intsize=4, longsize=4, ptrsize=4, doublesize=8, byteorder=1234
    d_longlong=define, longlongsize=8, d_longdbl=define, longdblsize=12
    ivtype='long', ivsize=4, nvtype='double', nvsize=8, Off_t='off_t', lseeksize=8
    alignbytes=4, prototype=define
  Linker and Libraries:
    ld='gcc', ldflags =' -fstack-protector -L/usr/local/lib'
    libpth=/usr/local/lib /lib /usr/lib
    libs=-lnsl -ldl -lm -lcrypt -lutil -lc
    perllibs=-lnsl -ldl -lm -lcrypt -lutil -lc
    libc=/lib/libc-2.13.90.so, so=so, useshrplib=false, libperl=libperl.a
    gnulibc_version='2.13.90'
  Dynamic Linking:
    dlsrc=dl_dlopen.xs, dlext=so, d_dlsymun=undef, ccdlflags='-Wl,-E'
    cccdlflags='-fPIC', lddlflags='-shared -O2 -L/usr/local/lib -fstack-protector'


Characteristics of this binary (from libperl): 
  Compile-time options: PERL_DONT_CREATE_GVSV PERL_MALLOC_WRAP
                        PERL_PRESERVE_IVUV USE_LARGE_FILES USE_PERLIO
                        USE_PERL_ATOF
  Built under linux
  Compiled at Jun  1 2011 10:32:53
  %ENV:
    PERL5LIB=""
    PERL5OPT=""
    PERL5_CPANPLUS_IS_RUNNING="3494"
    PERL5_CPAN_IS_RUNNING="3494"
    PERL5_CPAN_IS_RUNNING_IN_RECURSION="9665,3494"
    PERL_CR_SMOKER_CURRENT="WebService-OkiLab-ExtractPlace-0.02"
    PERL_EXTUTILS_AUTOINSTALL="--defaultdeps"
    PERL_MM_USE_DEFAULT="1"
  @INC:
    /home/lonesome/perl-5.14.0/lib/site_perl/5.14.0/i686-linux
    /home/lonesome/perl-5.14.0/lib/site_perl/5.14.0
    /home/lonesome/perl-5.14.0/lib/5.14.0/i686-linux
    /home/lonesome/perl-5.14.0/lib/5.14.0
    .