Report for POE-Component-SSLify-1.008

Back
From: metabase:user:e667a2a9-6c14-1014-9503-c31448f0d22a
Subject: FAIL POE-Component-SSLify-1.008 v5.20.0 
Date: 2014-07-17T20:10:58Z

This distribution has been tested as part of the CPAN Testers
project, supporting the Perl programming language.  See
http://wiki.cpantesters.org/ for more information or email
questions to cpan-testers-discuss@perl.org


--
Dear Apocalypse,

This is a computer-generated report for POE-Component-SSLify-1.008
on perl 5.20.0, created by CPAN-Reporter-1.2012.

Thank you for uploading your work to CPAN.  However, there was a problem
testing your distribution.

If you think this report is invalid, please consult the CPAN Testers Wiki
for suggestions on how to avoid getting FAIL reports for missing library
or binary dependencies, unsupported operating systems, and so on:

http://wiki.cpantesters.org/wiki/CPANAuthorNotes

Sections of this report:

    * Tester comments
    * Program output
    * Prerequisites
    * Environment and other context

------------------------------
TESTER COMMENTS
------------------------------

Additional comments from tester:

this report is from an automated smoke testing program
and was not reviewed by a human for accuracy

------------------------------
PROGRAM OUTPUT
------------------------------

Output from 'C:\Strawberry\perl\bin\perl.exe ./Build test':

t/00-compile.t ................ ok
# 
# 
# Generated by Dist::Zilla::Plugin::ReportVersions::Tiny v1.03
# perl: v5.20.0 (wanted 5.006) on MSWin32 from C:\Strawberry\perl\bin\perl.exe
# 
# Exporter                                      => 5.70       (want any version)
# File::Find                                    => 1.27       (want any version)
# File::Temp                                    => 0.2304     (want any version)
# IO::Handle                                    => 1.35       (want 1.28)   
# Module::Build                                 => 0.4205     (want 0.3601) 
# Net::SSLeay                                   => 1.63       (want 1.36)   
# POE                                           => 1.358      (want 1.267)  
# POE::Component::Client::TCP                   => 1.358      (want any version)
# POE::Component::Server::TCP                   => 1.358      (want any version)
# Scalar::Util                                  => 1.39       (want any version)
# Socket                                        => 2.014      (want any version)
# Symbol                                        => 1.07       (want any version)
# Task::Weaken                                  => 1.04       (want 1.03)   
# Test::More                                    => 1.001003   (want 0.88)   
# parent                                        => 0.228      (want any version)
# 
# Thanks for using my code.  I hope it works for you.
# If not, please try and include this output in the bug report.
# That will help me reproduce the issue and solve your problem.
# 
t/000-report-versions-tiny.t .. ok

#   Failed test 'no warnings'
#   at C:/Strawberry/perl/vendor/lib/Test/NoWarnings.pm line 45.
# There were 2 warning(s)
# 	Previous test 3 'SERVER: SSLify_GetCipher: (NONE)'
# 	Use of uninitialized value in numeric eq (==) at t/1_simple.t line 69.
#  at t/1_simple.t line 69.
# 	main::__ANON__(undef, POE::Session=ARRAY(0x2103d64), POE::Kernel=ARRAY(0x1d675d4), HASH(0x2103cd4), "_start", POE::Session=ARRAY(0x20fedcc), undef, "C:/Strawberry/perl/site/lib/POE/Kernel.pm", 1479, ...) called at C:/Strawberry/perl/site/lib/POE/Component/Server/TCP.pm line 302
# 	POE::Component::Server::TCP::__ANON__(undef, POE::Session=ARRAY(0x2103d64), POE::Kernel=ARRAY(0x1d675d4), HASH(0x2103cd4), "_start", POE::Session=ARRAY(0x20fedcc), undef, "C:/Strawberry/perl/site/lib/POE/Kernel.pm", 1479, ...) called at C:/Strawberry/perl/site/lib/POE/Session.pm line 464
# 	POE::Session::_invoke_state(POE::Session=ARRAY(0x2103d64), POE::Session=ARRAY(0x20fedcc), "_start", ARRAY(0x1e84cfc), "C:/Strawberry/perl/site/lib/POE/Kernel.pm", 1479, undef) called at C:/Strawberry/perl/site/lib/POE/Kernel.pm line 1075
# 	eval {...} called at C:/Strawberry/perl/site/lib/POE/Kernel.pm line 1066
# 	POE::Kernel::_dispatch_event(POE::Kernel=ARRAY(0x1d675d4), POE::Session=ARRAY(0x2103d64), POE::Session=ARRAY(0x2103d64), "_start", 4, ARRAY(0x1e84cfc), "C:/Strawberry/perl/site/lib/POE/Kernel.pm", 1479, undef, ...) called at C:/Strawberry/perl/site/lib/POE/Kernel.pm line 1476
# 	POE::Kernel::session_alloc(POE::Kernel=ARRAY(0x1d675d4), POE::Session=ARRAY(0x2103d64), GLOB(0x2102174), ARRAY(0x125580c)) called at C:/Strawberry/perl/site/lib/POE/Session.pm line 192
# 	POE::Session::try_alloc(POE::Session=ARRAY(0x2103d64), GLOB(0x2102174), ARRAY(0x125580c)) called at C:/Strawberry/perl/site/lib/POE/Session.pm line 373
# 	POE::Session::create("POE::Session", "inline_states", HASH(0x21039ec), "package_states", ARRAY(0x1255824), "object_states", ARRAY(0x1255854), "args", ARRAY(0x2103af4), ...) called at C:/Strawberry/perl/site/lib/POE/Component/Server/TCP.pm line 411
# 	POE::Component::Server::TCP::__ANON__(undef, POE::Session=ARRAY(0x20fedcc), POE::Kernel=ARRAY(0x1d675d4), HASH(0x20fed3c), "tcp_server_got_connection", POE::Session=ARRAY(0x20fedcc), undef, "C:/Strawberry/perl/site/lib/POE/Wheel/SocketFactory.pm", 198, ...) called at C:/Strawberry/perl/site/lib/POE/Component/Server/TCP.pm line 448
# 	POE::Component::Server::TCP::__ANON__(undef, POE::Session=ARRAY(0x20fedcc), POE::Kernel=ARRAY(0x1d675d4), HASH(0x20fed3c), "tcp_server_got_connection", POE::Session=ARRAY(0x20fedcc), undef, "C:/Strawberry/perl/site/lib/POE/Wheel/SocketFactory.pm", 198, ...) called at C:/Strawberry/perl/site/lib/POE/Session.pm line 464
# 	POE::Session::_invoke_state(POE::Session=ARRAY(0x20fedcc), POE::Session=ARRAY(0x20fedcc), "tcp_server_got_connection", ARRAY(0x1e8652c), "C:/Strawberry/perl/site/lib/POE/Wheel/SocketFactory.pm", 198, "_start") called at C:/Strawberry/perl/site/lib/POE/Kernel.pm line 1777
# 	POE::Kernel::call(POE::Kernel=ARRAY(0x1d675d4), POE::Session=ARRAY(0x20fedcc), "tcp_server_got_connection", GLOB(0x2102174), "\x{7f}\x{0}\x{0}\x{1}", 54240, 1) called at C:/Strawberry/perl/site/lib/POE/Wheel/SocketFactory.pm line 198
# 	POE::Wheel::SocketFactory::__ANON__(undef, POE::Session=ARRAY(0x20fedcc), POE::Kernel=ARRAY(0x1d675d4), HASH(0x20fed3c), "POE::Wheel::SocketFactory(1) -> select accept", POE::Session=ARRAY(0x20fedcc), undef, "C:/Strawberry/perl/site/lib/POE/Resource/FileHandles.pm", 240, ...) called at C:/Strawberry/perl/site/lib/POE/Session.pm line 464
# 	POE::Session::_invoke_state(POE::Session=ARRAY(0x20fedcc), POE::Session=ARRAY(0x20fedcc), "POE::Wheel::SocketFactory(1) -> select accept", ARRAY(0x2102144), "C:/Strawberry/perl/site/lib/POE/Resource/FileHandles.pm", 240, undef) called at C:/Strawberry/perl/site/lib/POE/Kernel.pm line 1080
# 	eval {...} called at C:/Strawberry/perl/site/lib/POE/Kernel.pm line 1066
# 	POE::Kernel::_dispatch_event(POE::Kernel=ARRAY(0x1d675d4), POE::Session=ARRAY(0x20fedcc), POE::Session=ARRAY(0x20fedcc), "POE::Wheel::SocketFactory(1) -> select accept", 1024, ARRAY(0x2102144), "C:/Strawberry/perl/site/lib/POE/Resource/FileHandles.pm", 240, undef, ...) called at C:/Strawberry/perl/site/lib/POE/Resource/FileHandles.pm line 238
# 	POE::Kernel::_data_handle_enqueue_ready(undef, undef, 3) called at C:/Strawberry/perl/site/lib/POE/Loop/Select.pm line 288
# 	POE::Kernel::loop_do_timeslice(POE::Kernel=ARRAY(0x1d675d4)) called at C:/Strawberry/perl/site/lib/POE/Loop/Select.pm line 317
# 	POE::Kernel::loop_run(POE::Kernel=ARRAY(0x1d675d4)) called at C:/Strawberry/perl/site/lib/POE/Kernel.pm line 1273
# 	POE::Kernel::run(POE::Kernel=ARRAY(0x1d675d4)) called at t/1_simple.t line 165
# 
# ----------
# 	Previous test 8 'CLIENT: SSLify_GetCipher: (NONE)'
# 	Use of uninitialized value in numeric eq (==) at t/1_simple.t line 127.
#  at t/1_simple.t line 127.
# 	main::__ANON__(undef, POE::Session=ARRAY(0x2101b74), POE::Kernel=ARRAY(0x1d675d4), HASH(0x2101ae4), "got_connect_success", POE::Session=ARRAY(0x2101b74), undef, "C:/Strawberry/perl/site/lib/POE/Wheel/SocketFactory.pm", 326, ...) called at C:/Strawberry/perl/site/lib/POE/Component/Client/TCP.pm line 198
# 	POE::Component::Client::TCP::__ANON__(undef, POE::Session=ARRAY(0x2101b74), POE::Kernel=ARRAY(0x1d675d4), HASH(0x2101ae4), "got_connect_success", POE::Session=ARRAY(0x2101b74), undef, "C:/Strawberry/perl/site/lib/POE/Wheel/SocketFactory.pm", 326, ...) called at C:/Strawberry/perl/site/lib/POE/Session.pm line 464
# 	POE::Session::_invoke_state(POE::Session=ARRAY(0x2101b74), POE::Session=ARRAY(0x2101b74), "got_connect_success", ARRAY(0x2102204), "C:/Strawberry/perl/site/lib/POE/Wheel/SocketFactory.pm", 326, "POE::Wheel::SocketFactory(2) -> select connect") called at C:/Strawberry/perl/site/lib/POE/Kernel.pm line 1777
# 	POE::Kernel::call(POE::Kernel=ARRAY(0x1d675d4), POE::Session=ARRAY(0x2101b74), "got_connect_success", GLOB(0x20ff06c), "\x{7f}\x{0}\x{0}\x{1}", 54239, 2) called at C:/Strawberry/perl/site/lib/POE/Wheel/SocketFactory.pm line 326
# 	POE::Wheel::SocketFactory::__ANON__(undef, POE::Session=ARRAY(0x2101b74), POE::Kernel=ARRAY(0x1d675d4), HASH(0x2101ae4), "POE::Wheel::SocketFactory(2) -> select connect", POE::Session=ARRAY(0x2101b74), undef, "C:/Strawberry/perl/site/lib/POE/Resource/FileHandles.pm", 240, ...) called at C:/Strawberry/perl/site/lib/POE/Session.pm line 464
# 	POE::Session::_invoke_state(POE::Session=ARRAY(0x2101b74), POE::Session=ARRAY(0x2101b74), "POE::Wheel::SocketFactory(2) -> select connect", ARRAY(0x210401c), "C:/Strawberry/perl/site/lib/POE/Resource/FileHandles.pm", 240, undef) called at C:/Strawberry/perl/site/lib/POE/Kernel.pm line 1080
# 	eval {...} called at C:/Strawberry/perl/site/lib/POE/Kernel.pm line 1066
# 	POE::Kernel::_dispatch_event(POE::Kernel=ARRAY(0x1d675d4), POE::Session=ARRAY(0x2101b74), POE::Session=ARRAY(0x2101b74), "POE::Wheel::SocketFactory(2) -> select connect", 1024, ARRAY(0x210401c), "C:/Strawberry/perl/site/lib/POE/Resource/FileHandles.pm", 240, undef, ...) called at C:/Strawberry/perl/site/lib/POE/Resource/FileHandles.pm line 238
# 	POE::Kernel::_data_handle_enqueue_ready(undef, undef, 4) called at C:/Strawberry/perl/site/lib/POE/Loop/Select.pm line 289
# 	POE::Kernel::loop_do_timeslice(POE::Kernel=ARRAY(0x1d675d4)) called at C:/Strawberry/perl/site/lib/POE/Loop/Select.pm line 317
# 	POE::Kernel::loop_run(POE::Kernel=ARRAY(0x1d675d4)) called at C:/Strawberry/perl/site/lib/POE/Kernel.pm line 1273
# 	POE::Kernel::run(POE::Kernel=ARRAY(0x1d675d4)) called at t/1_simple.t line 165
# 
# Looks like you planned 17 tests but ran 13.
# Looks like you failed 1 test of 13 run.
t/1_simple.t .................. 
Dubious, test returned 1 (wstat 256, 0x100)
Failed 5/17 subtests 
# WARNING: Your platform/SSL library does not support renegotiation of the SSL socket.
# This test harness detected that trying to renegotiate resulted in a disconnected socket.
# POE::Component::SSLify will work on your system, but please do not attempt a SSL renegotiate.
# Please talk with the author to figure out if this issue can be worked around, thank you!

#   Failed test 'no warnings'
#   at C:/Strawberry/perl/vendor/lib/Test/NoWarnings.pm line 45.
# There were 2 warning(s)
# 	Previous test 3 'SERVER: SSLify_GetCipher: (NONE)'
# 	Use of uninitialized value in numeric eq (==) at t/2_renegotiate_client.t line 78.
#  at t/2_renegotiate_client.t line 78.
# 	main::__ANON__(undef, POE::Session=ARRAY(0x216cc64), POE::Kernel=ARRAY(0x1dc0a44), HASH(0x216cbd4), "_start", POE::Session=ARRAY(0x2167a44), undef, "C:/Strawberry/perl/site/lib/POE/Kernel.pm", 1479, ...) called at C:/Strawberry/perl/site/lib/POE/Component/Server/TCP.pm line 302
# 	POE::Component::Server::TCP::__ANON__(undef, POE::Session=ARRAY(0x216cc64), POE::Kernel=ARRAY(0x1dc0a44), HASH(0x216cbd4), "_start", POE::Session=ARRAY(0x2167a44), undef, "C:/Strawberry/perl/site/lib/POE/Kernel.pm", 1479, ...) called at C:/Strawberry/perl/site/lib/POE/Session.pm line 464
# 	POE::Session::_invoke_state(POE::Session=ARRAY(0x216cc64), POE::Session=ARRAY(0x2167a44), "_start", ARRAY(0x1eed37c), "C:/Strawberry/perl/site/lib/POE/Kernel.pm", 1479, undef) called at C:/Strawberry/perl/site/lib/POE/Kernel.pm line 1075
# 	eval {...} called at C:/Strawberry/perl/site/lib/POE/Kernel.pm line 1066
# 	POE::Kernel::_dispatch_event(POE::Kernel=ARRAY(0x1dc0a44), POE::Session=ARRAY(0x216cc64), POE::Session=ARRAY(0x216cc64), "_start", 4, ARRAY(0x1eed37c), "C:/Strawberry/perl/site/lib/POE/Kernel.pm", 1479, undef, ...) called at C:/Strawberry/perl/site/lib/POE/Kernel.pm line 1476
# 	POE::Kernel::session_alloc(POE::Kernel=ARRAY(0x1dc0a44), POE::Session=ARRAY(0x216cc64), GLOB(0x216b074), ARRAY(0x2166b14)) called at C:/Strawberry/perl/site/lib/POE/Session.pm line 192
# 	POE::Session::try_alloc(POE::Session=ARRAY(0x216cc64), GLOB(0x216b074), ARRAY(0x2166b14)) called at C:/Strawberry/perl/site/lib/POE/Session.pm line 373
# 	POE::Session::create("POE::Session", "inline_states", HASH(0x216c91c), "package_states", ARRAY(0x2166cf4), "object_states", ARRAY(0x2166e14), "args", ARRAY(0x216ca24), ...) called at C:/Strawberry/perl/site/lib/POE/Component/Server/TCP.pm line 411
# 	POE::Component::Server::TCP::__ANON__(undef, POE::Session=ARRAY(0x2167a44), POE::Kernel=ARRAY(0x1dc0a44), HASH(0x21679b4), "tcp_server_got_connection", POE::Session=ARRAY(0x2167a44), undef, "C:/Strawberry/perl/site/lib/POE/Wheel/SocketFactory.pm", 198, ...) called at C:/Strawberry/perl/site/lib/POE/Component/Server/TCP.pm line 448
# 	POE::Component::Server::TCP::__ANON__(undef, POE::Session=ARRAY(0x2167a44), POE::Kernel=ARRAY(0x1dc0a44), HASH(0x21679b4), "tcp_server_got_connection", POE::Session=ARRAY(0x2167a44), undef, "C:/Strawberry/perl/site/lib/POE/Wheel/SocketFactory.pm", 198, ...) called at C:/Strawberry/perl/site/lib/POE/Session.pm line 464
# 	POE::Session::_invoke_state(POE::Session=ARRAY(0x2167a44), POE::Session=ARRAY(0x2167a44), "tcp_server_got_connection", ARRAY(0x1eeebac), "C:/Strawberry/perl/site/lib/POE/Wheel/SocketFactory.pm", 198, "_start") called at C:/Strawberry/perl/site/lib/POE/Kernel.pm line 1777
# 	POE::Kernel::call(POE::Kernel=ARRAY(0x1dc0a44), POE::Session=ARRAY(0x2167a44), "tcp_server_got_connection", GLOB(0x216b074), "\x{7f}\x{0}\x{0}\x{1}", 54242, 1) called at C:/Strawberry/perl/site/lib/POE/Wheel/SocketFactory.pm line 198
# 	POE::Wheel::SocketFactory::__ANON__(undef, POE::Session=ARRAY(0x2167a44), POE::Kernel=ARRAY(0x1dc0a44), HASH(0x21679b4), "POE::Wheel::SocketFactory(1) -> select accept", POE::Session=ARRAY(0x2167a44), undef, "C:/Strawberry/perl/site/lib/POE/Resource/FileHandles.pm", 240, ...) called at C:/Strawberry/perl/site/lib/POE/Session.pm line 464
# 	POE::Session::_invoke_state(POE::Session=ARRAY(0x2167a44), POE::Session=ARRAY(0x2167a44), "POE::Wheel::SocketFactory(1) -> select accept", ARRAY(0x216b044), "C:/Strawberry/perl/site/lib/POE/Resource/FileHandles.pm", 240, undef) called at C:/Strawberry/perl/site/lib/POE/Kernel.pm line 1080
# 	eval {...} called at C:/Strawberry/perl/site/lib/POE/Kernel.pm line 1066
# 	POE::Kernel::_dispatch_event(POE::Kernel=ARRAY(0x1dc0a44), POE::Session=ARRAY(0x2167a44), POE::Session=ARRAY(0x2167a44), "POE::Wheel::SocketFactory(1) -> select accept", 1024, ARRAY(0x216b044), "C:/Strawberry/perl/site/lib/POE/Resource/FileHandles.pm", 240, undef, ...) called at C:/Strawberry/perl/site/lib/POE/Resource/FileHandles.pm line 238
# 	POE::Kernel::_data_handle_enqueue_ready(undef, undef, 3) called at C:/Strawberry/perl/site/lib/POE/Loop/Select.pm line 288
# 	POE::Kernel::loop_do_timeslice(POE::Kernel=ARRAY(0x1dc0a44)) called at C:/Strawberry/perl/site/lib/POE/Loop/Select.pm line 317
# 	POE::Kernel::loop_run(POE::Kernel=ARRAY(0x1dc0a44)) called at C:/Strawberry/perl/site/lib/POE/Kernel.pm line 1273
# 	POE::Kernel::run(POE::Kernel=ARRAY(0x1dc0a44)) called at t/2_renegotiate_client.t line 177
# 
# ----------
# 	Previous test 8 'CLIENT: SSLify_GetCipher: (NONE)'
# 	Use of uninitialized value in numeric eq (==) at t/2_renegotiate_client.t line 139.
#  at t/2_renegotiate_client.t line 139.
# 	main::__ANON__(undef, POE::Session=ARRAY(0x216aaa4), POE::Kernel=ARRAY(0x1dc0a44), HASH(0x216aa14), "got_connect_success", POE::Session=ARRAY(0x216aaa4), undef, "C:/Strawberry/perl/site/lib/POE/Wheel/SocketFactory.pm", 326, ...) called at C:/Strawberry/perl/site/lib/POE/Component/Client/TCP.pm line 198
# 	POE::Component::Client::TCP::__ANON__(undef, POE::Session=ARRAY(0x216aaa4), POE::Kernel=ARRAY(0x1dc0a44), HASH(0x216aa14), "got_connect_success", POE::Session=ARRAY(0x216aaa4), undef, "C:/Strawberry/perl/site/lib/POE/Wheel/SocketFactory.pm", 326, ...) called at C:/Strawberry/perl/site/lib/POE/Session.pm line 464
# 	POE::Session::_invoke_state(POE::Session=ARRAY(0x216aaa4), POE::Session=ARRAY(0x216aaa4), "got_connect_success", ARRAY(0x216b104), "C:/Strawberry/perl/site/lib/POE/Wheel/SocketFactory.pm", 326, "POE::Wheel::SocketFactory(2) -> select connect") called at C:/Strawberry/perl/site/lib/POE/Kernel.pm line 1777
# 	POE::Kernel::call(POE::Kernel=ARRAY(0x1dc0a44), POE::Session=ARRAY(0x216aaa4), "got_connect_success", GLOB(0x2167ce4), "\x{7f}\x{0}\x{0}\x{1}", 54241, 2) called at C:/Strawberry/perl/site/lib/POE/Wheel/SocketFactory.pm line 326
# 	POE::Wheel::SocketFactory::__ANON__(undef, POE::Session=ARRAY(0x216aaa4), POE::Kernel=ARRAY(0x1dc0a44), HASH(0x216aa14), "POE::Wheel::SocketFactory(2) -> select connect", POE::Session=ARRAY(0x216aaa4), undef, "C:/Strawberry/perl/site/lib/POE/Resource/FileHandles.pm", 240, ...) called at C:/Strawberry/perl/site/lib/POE/Session.pm line 464
# 	POE::Session::_invoke_state(POE::Session=ARRAY(0x216aaa4), POE::Session=ARRAY(0x216aaa4), "POE::Wheel::SocketFactory(2) -> select connect", ARRAY(0x216cf1c), "C:/Strawberry/perl/site/lib/POE/Resource/FileHandles.pm", 240, undef) called at C:/Strawberry/perl/site/lib/POE/Kernel.pm line 1080
# 	eval {...} called at C:/Strawberry/perl/site/lib/POE/Kernel.pm line 1066
# 	POE::Kernel::_dispatch_event(POE::Kernel=ARRAY(0x1dc0a44), POE::Session=ARRAY(0x216aaa4), POE::Session=ARRAY(0x216aaa4), "POE::Wheel::SocketFactory(2) -> select connect", 1024, ARRAY(0x216cf1c), "C:/Strawberry/perl/site/lib/POE/Resource/FileHandles.pm", 240, undef, ...) called at C:/Strawberry/perl/site/lib/POE/Resource/FileHandles.pm line 238
# 	POE::Kernel::_data_handle_enqueue_ready(undef, undef, 4) called at C:/Strawberry/perl/site/lib/POE/Loop/Select.pm line 289
# 	POE::Kernel::loop_do_timeslice(POE::Kernel=ARRAY(0x1dc0a44)) called at C:/Strawberry/perl/site/lib/POE/Loop/Select.pm line 317
# 	POE::Kernel::loop_run(POE::Kernel=ARRAY(0x1dc0a44)) called at C:/Strawberry/perl/site/lib/POE/Kernel.pm line 1273
# 	POE::Kernel::run(POE::Kernel=ARRAY(0x1dc0a44)) called at t/2_renegotiate_client.t line 177
# 
# Looks like you planned 17 tests but ran 13.
# Looks like you failed 1 test of 13 run.
t/2_renegotiate_client.t ...... 
Dubious, test returned 1 (wstat 256, 0x100)
Failed 5/17 subtests 

#   Failed test 'no warnings'
#   at C:/Strawberry/perl/vendor/lib/Test/NoWarnings.pm line 45.
# There were 2 warning(s)
# 	Previous test 6 'SERVER: SSLify_GetCipher: (NONE)'
# 	Use of uninitialized value in numeric eq (==) at t/3_upgrade.t line 75.
#  at t/3_upgrade.t line 75.
# 	main::__ANON__(undef, POE::Session=ARRAY(0x21a79ec), POE::Kernel=ARRAY(0x1e160ec), HASH(0x21a795c), "tcp_server_got_input", POE::Session=ARRAY(0x21a79ec), undef, "C:/Strawberry/perl/site/lib/POE/Wheel/ReadWrite.pm", 283, ...) called at C:/Strawberry/perl/site/lib/POE/Component/Server/TCP.pm line 350
# 	POE::Component::Server::TCP::__ANON__(undef, POE::Session=ARRAY(0x21a79ec), POE::Kernel=ARRAY(0x1e160ec), HASH(0x21a795c), "tcp_server_got_input", POE::Session=ARRAY(0x21a79ec), undef, "C:/Strawberry/perl/site/lib/POE/Wheel/ReadWrite.pm", 283, ...) called at C:/Strawberry/perl/site/lib/POE/Session.pm line 464
# 	POE::Session::_invoke_state(POE::Session=ARRAY(0x21a79ec), POE::Session=ARRAY(0x21a79ec), "tcp_server_got_input", ARRAY(0x1f2ee04), "C:/Strawberry/perl/site/lib/POE/Wheel/ReadWrite.pm", 283, "POE::Wheel::ReadWrite(3) -> select read") called at C:/Strawberry/perl/site/lib/POE/Kernel.pm line 1777
# 	POE::Kernel::call(POE::Kernel=ARRAY(0x1e160ec), POE::Session=ARRAY(0x21a79ec), "tcp_server_got_input", "plaintext_ping", 3) called at C:/Strawberry/perl/site/lib/POE/Wheel/ReadWrite.pm line 283
# 	POE::Wheel::ReadWrite::__ANON__(undef, POE::Session=ARRAY(0x21a79ec), POE::Kernel=ARRAY(0x1e160ec), HASH(0x21a795c), "POE::Wheel::ReadWrite(3) -> select read", POE::Session=ARRAY(0x21a79ec), undef, "C:/Strawberry/perl/site/lib/POE/Resource/FileHandles.pm", 240, ...) called at C:/Strawberry/perl/site/lib/POE/Session.pm line 464
# 	POE::Session::_invoke_state(POE::Session=ARRAY(0x21a79ec), POE::Session=ARRAY(0x21a79ec), "POE::Wheel::ReadWrite(3) -> select read", ARRAY(0x21a7b6c), "C:/Strawberry/perl/site/lib/POE/Resource/FileHandles.pm", 240, undef) called at C:/Strawberry/perl/site/lib/POE/Kernel.pm line 1080
# 	eval {...} called at C:/Strawberry/perl/site/lib/POE/Kernel.pm line 1066
# 	POE::Kernel::_dispatch_event(POE::Kernel=ARRAY(0x1e160ec), POE::Session=ARRAY(0x21a79ec), POE::Session=ARRAY(0x21a79ec), "POE::Wheel::ReadWrite(3) -> select read", 1024, ARRAY(0x21a7b6c), "C:/Strawberry/perl/site/lib/POE/Resource/FileHandles.pm", 240, undef, ...) called at C:/Strawberry/perl/site/lib/POE/Resource/FileHandles.pm line 238
# 	POE::Kernel::_data_handle_enqueue_ready(undef, undef, 7) called at C:/Strawberry/perl/site/lib/POE/Loop/Select.pm line 288
# 	POE::Kernel::loop_do_timeslice(POE::Kernel=ARRAY(0x1e160ec)) called at C:/Strawberry/perl/site/lib/POE/Loop/Select.pm line 317
# 	POE::Kernel::loop_run(POE::Kernel=ARRAY(0x1e160ec)) called at C:/Strawberry/perl/site/lib/POE/Kernel.pm line 1273
# 	POE::Kernel::run(POE::Kernel=ARRAY(0x1e160ec)) called at t/3_upgrade.t line 189
# 
# ----------
# 	Previous test 11 'CLIENT: SSLify_GetCipher: (NONE)'
# 	Use of uninitialized value in numeric eq (==) at t/3_upgrade.t line 144.
#  at t/3_upgrade.t line 144.
# 	main::__ANON__(undef, POE::Session=ARRAY(0x21a5814), POE::Kernel=ARRAY(0x1e160ec), HASH(0x21a5784), "got_server_input", POE::Session=ARRAY(0x21a5814), undef, "C:/Strawberry/perl/site/lib/POE/Wheel/ReadWrite.pm", 283, ...) called at C:/Strawberry/perl/site/lib/POE/Component/Client/TCP.pm line 262
# 	POE::Component::Client::TCP::__ANON__(undef, POE::Session=ARRAY(0x21a5814), POE::Kernel=ARRAY(0x1e160ec), HASH(0x21a5784), "got_server_input", POE::Session=ARRAY(0x21a5814), undef, "C:/Strawberry/perl/site/lib/POE/Wheel/ReadWrite.pm", 283, ...) called at C:/Strawberry/perl/site/lib/POE/Session.pm line 464
# 	POE::Session::_invoke_state(POE::Session=ARRAY(0x21a5814), POE::Session=ARRAY(0x21a5814), "got_server_input", ARRAY(0x21a5ab4), "C:/Strawberry/perl/site/lib/POE/Wheel/ReadWrite.pm", 283, "POE::Wheel::ReadWrite(4) -> select read") called at C:/Strawberry/perl/site/lib/POE/Kernel.pm line 1777
# 	POE::Kernel::call(POE::Kernel=ARRAY(0x1e160ec), POE::Session=ARRAY(0x21a5814), "got_server_input", "plaintext_pong", 4) called at C:/Strawberry/perl/site/lib/POE/Wheel/ReadWrite.pm line 283
# 	POE::Wheel::ReadWrite::__ANON__(undef, POE::Session=ARRAY(0x21a5814), POE::Kernel=ARRAY(0x1e160ec), HASH(0x21a5784), "POE::Wheel::ReadWrite(4) -> select read", POE::Session=ARRAY(0x21a5814), undef, "C:/Strawberry/perl/site/lib/POE/Resource/FileHandles.pm", 240, ...) called at C:/Strawberry/perl/site/lib/POE/Session.pm line 464
# 	POE::Session::_invoke_state(POE::Session=ARRAY(0x21a5814), POE::Session=ARRAY(0x21a5814), "POE::Wheel::ReadWrite(4) -> select read", ARRAY(0x21a9054), "C:/Strawberry/perl/site/lib/POE/Resource/FileHandles.pm", 240, undef) called at C:/Strawberry/perl/site/lib/POE/Kernel.pm line 1080
# 	eval {...} called at C:/Strawberry/perl/site/lib/POE/Kernel.pm line 1066
# 	POE::Kernel::_dispatch_event(POE::Kernel=ARRAY(0x1e160ec), POE::Session=ARRAY(0x21a5814), POE::Session=ARRAY(0x21a5814), "POE::Wheel::ReadWrite(4) -> select read", 1024, ARRAY(0x21a9054), "C:/Strawberry/perl/site/lib/POE/Resource/FileHandles.pm", 240, undef, ...) called at C:/Strawberry/perl/site/lib/POE/Resource/FileHandles.pm line 238
# 	POE::Kernel::_data_handle_enqueue_ready(undef, undef, 4) called at C:/Strawberry/perl/site/lib/POE/Loop/Select.pm line 288
# 	POE::Kernel::loop_do_timeslice(POE::Kernel=ARRAY(0x1e160ec)) called at C:/Strawberry/perl/site/lib/POE/Loop/Select.pm line 317
# 	POE::Kernel::loop_run(POE::Kernel=ARRAY(0x1e160ec)) called at C:/Strawberry/perl/site/lib/POE/Kernel.pm line 1273
# 	POE::Kernel::run(POE::Kernel=ARRAY(0x1e160ec)) called at t/3_upgrade.t line 189
# 
# Looks like you planned 19 tests but ran 15.
# Looks like you failed 1 test of 15 run.
t/3_upgrade.t ................. 
Dubious, test returned 1 (wstat 256, 0x100)
Failed 5/19 subtests 

#   Failed test 'CLIENT: Status received from callback is OK'
#   at t/4_connect_hook.t line 124.
#          got: '0'
#     expected: '1'

#   Failed test 'CLIENT: SSLify_GetStatus is done'
#   at t/4_connect_hook.t line 129.

#   Failed test 'CLIENT: Status received from callback is OK'
#   at t/4_connect_hook.t line 124.
#          got: '0'
#     expected: '1'

#   Failed test 'CLIENT: SSLify_GetStatus is done'
#   at t/4_connect_hook.t line 129.
# Looks like you planned 20 tests but ran 18.
# Looks like you failed 4 tests of 18 run.
t/4_connect_hook.t ............ 
Dubious, test returned 4 (wstat 1024, 0x400)
Failed 6/20 subtests 
t/5_connfail_client.t ......... ok
t/6_connfail_server.t ......... ok

#   Failed test 'CLIENT: Status received from callback is OK'
#   at t/7_connect_hook_nodata.t line 118.
#          got: '0'
#     expected: '1'

#   Failed test 'CLIENT: SSLify_GetStatus is done'
#   at t/7_connect_hook_nodata.t line 123.
# Looks like you planned 18 tests but ran 14.
# Looks like you failed 2 tests of 14 run.
t/7_connect_hook_nodata.t ..... 
Dubious, test returned 2 (wstat 512, 0x200)
Failed 6/18 subtests 
# WARNING: Your platform/SSL library does not support renegotiation of the SSL socket.
# This test harness detected that trying to renegotiate resulted in a disconnected socket.
# POE::Component::SSLify will work on your system, but please do not attempt a SSL renegotiate.
# Please talk with the author to figure out if this issue can be worked around, thank you!

#   Failed test 'no warnings'
#   at C:/Strawberry/perl/vendor/lib/Test/NoWarnings.pm line 45.
# There were 2 warning(s)
# 	Previous test 3 'SERVER: SSLify_GetCipher: (NONE)'
# 	Use of uninitialized value in numeric eq (==) at t/8_renegotiate_server.t line 78.
#  at t/8_renegotiate_server.t line 78.
# 	main::__ANON__(undef, POE::Session=ARRAY(0x21030ac), POE::Kernel=ARRAY(0x1d637ac), HASH(0x210301c), "_start", POE::Session=ARRAY(0x20fded4), undef, "C:/Strawberry/perl/site/lib/POE/Kernel.pm", 1479, ...) called at C:/Strawberry/perl/site/lib/POE/Component/Server/TCP.pm line 302
# 	POE::Component::Server::TCP::__ANON__(undef, POE::Session=ARRAY(0x21030ac), POE::Kernel=ARRAY(0x1d637ac), HASH(0x210301c), "_start", POE::Session=ARRAY(0x20fded4), undef, "C:/Strawberry/perl/site/lib/POE/Kernel.pm", 1479, ...) called at C:/Strawberry/perl/site/lib/POE/Session.pm line 464
# 	POE::Session::_invoke_state(POE::Session=ARRAY(0x21030ac), POE::Session=ARRAY(0x20fded4), "_start", ARRAY(0x1e8a014), "C:/Strawberry/perl/site/lib/POE/Kernel.pm", 1479, undef) called at C:/Strawberry/perl/site/lib/POE/Kernel.pm line 1075
# 	eval {...} called at C:/Strawberry/perl/site/lib/POE/Kernel.pm line 1066
# 	POE::Kernel::_dispatch_event(POE::Kernel=ARRAY(0x1d637ac), POE::Session=ARRAY(0x21030ac), POE::Session=ARRAY(0x21030ac), "_start", 4, ARRAY(0x1e8a014), "C:/Strawberry/perl/site/lib/POE/Kernel.pm", 1479, undef, ...) called at C:/Strawberry/perl/site/lib/POE/Kernel.pm line 1476
# 	POE::Kernel::session_alloc(POE::Kernel=ARRAY(0x1d637ac), POE::Session=ARRAY(0x21030ac), GLOB(0x21014bc), ARRAY(0x20fd28c)) called at C:/Strawberry/perl/site/lib/POE/Session.pm line 192
# 	POE::Session::try_alloc(POE::Session=ARRAY(0x21030ac), GLOB(0x21014bc), ARRAY(0x20fd28c)) called at C:/Strawberry/perl/site/lib/POE/Session.pm line 373
# 	POE::Session::create("POE::Session", "inline_states", HASH(0x2102d64), "package_states", ARRAY(0x20fd364), "object_states", ARRAY(0x20fd394), "args", ARRAY(0x2102e6c), ...) called at C:/Strawberry/perl/site/lib/POE/Component/Server/TCP.pm line 411
# 	POE::Component::Server::TCP::__ANON__(undef, POE::Session=ARRAY(0x20fded4), POE::Kernel=ARRAY(0x1d637ac), HASH(0x20fde44), "tcp_server_got_connection", POE::Session=ARRAY(0x20fded4), undef, "C:/Strawberry/perl/site/lib/POE/Wheel/SocketFactory.pm", 198, ...) called at C:/Strawberry/perl/site/lib/POE/Component/Server/TCP.pm line 448
# 	POE::Component::Server::TCP::__ANON__(undef, POE::Session=ARRAY(0x20fded4), POE::Kernel=ARRAY(0x1d637ac), HASH(0x20fde44), "tcp_server_got_connection", POE::Session=ARRAY(0x20fded4), undef, "C:/Strawberry/perl/site/lib/POE/Wheel/SocketFactory.pm", 198, ...) called at C:/Strawberry/perl/site/lib/POE/Session.pm line 464
# 	POE::Session::_invoke_state(POE::Session=ARRAY(0x20fded4), POE::Session=ARRAY(0x20fded4), "tcp_server_got_connection", ARRAY(0x1e8b844), "C:/Strawberry/perl/site/lib/POE/Wheel/SocketFactory.pm", 198, "_start") called at C:/Strawberry/perl/site/lib/POE/Kernel.pm line 1777
# 	POE::Kernel::call(POE::Kernel=ARRAY(0x1d637ac), POE::Session=ARRAY(0x20fded4), "tcp_server_got_connection", GLOB(0x21014bc), "\x{7f}\x{0}\x{0}\x{1}", 54254, 1) called at C:/Strawberry/perl/site/lib/POE/Wheel/SocketFactory.pm line 198
# 	POE::Wheel::SocketFactory::__ANON__(undef, POE::Session=ARRAY(0x20fded4), POE::Kernel=ARRAY(0x1d637ac), HASH(0x20fde44), "POE::Wheel::SocketFactory(1) -> select accept", POE::Session=ARRAY(0x20fded4), undef, "C:/Strawberry/perl/site/lib/POE/Resource/FileHandles.pm", 240, ...) called at C:/Strawberry/perl/site/lib/POE/Session.pm line 464
# 	POE::Session::_invoke_state(POE::Session=ARRAY(0x20fded4), POE::Session=ARRAY(0x20fded4), "POE::Wheel::SocketFactory(1) -> select accept", ARRAY(0x210148c), "C:/Strawberry/perl/site/lib/POE/Resource/FileHandles.pm", 240, undef) called at C:/Strawberry/perl/site/lib/POE/Kernel.pm line 1080
# 	eval {...} called at C:/Strawberry/perl/site/lib/POE/Kernel.pm line 1066
# 	POE::Kernel::_dispatch_event(POE::Kernel=ARRAY(0x1d637ac), POE::Session=ARRAY(0x20fded4), POE::Session=ARRAY(0x20fded4), "POE::Wheel::SocketFactory(1) -> select accept", 1024, ARRAY(0x210148c), "C:/Strawberry/perl/site/lib/POE/Resource/FileHandles.pm", 240, undef, ...) called at C:/Strawberry/perl/site/lib/POE/Resource/FileHandles.pm line 238
# 	POE::Kernel::_data_handle_enqueue_ready(undef, undef, 3) called at C:/Strawberry/perl/site/lib/POE/Loop/Select.pm line 288
# 	POE::Kernel::loop_do_timeslice(POE::Kernel=ARRAY(0x1d637ac)) called at C:/Strawberry/perl/site/lib/POE/Loop/Select.pm line 317
# 	POE::Kernel::loop_run(POE::Kernel=ARRAY(0x1d637ac)) called at C:/Strawberry/perl/site/lib/POE/Kernel.pm line 1273
# 	POE::Kernel::run(POE::Kernel=ARRAY(0x1d637ac)) called at t/8_renegotiate_server.t line 174
# 
# ----------
# 	Previous test 8 'CLIENT: SSLify_GetCipher: (NONE)'
# 	Use of uninitialized value in numeric eq (==) at t/8_renegotiate_server.t line 139.
#  at t/8_renegotiate_server.t line 139.
# 	main::__ANON__(undef, POE::Session=ARRAY(0x2100eec), POE::Kernel=ARRAY(0x1d637ac), HASH(0x2100e5c), "got_connect_success", POE::Session=ARRAY(0x2100eec), undef, "C:/Strawberry/perl/site/lib/POE/Wheel/SocketFactory.pm", 326, ...) called at C:/Strawberry/perl/site/lib/POE/Component/Client/TCP.pm line 198
# 	POE::Component::Client::TCP::__ANON__(undef, POE::Session=ARRAY(0x2100eec), POE::Kernel=ARRAY(0x1d637ac), HASH(0x2100e5c), "got_connect_success", POE::Session=ARRAY(0x2100eec), undef, "C:/Strawberry/perl/site/lib/POE/Wheel/SocketFactory.pm", 326, ...) called at C:/Strawberry/perl/site/lib/POE/Session.pm line 464
# 	POE::Session::_invoke_state(POE::Session=ARRAY(0x2100eec), POE::Session=ARRAY(0x2100eec), "got_connect_success", ARRAY(0x210154c), "C:/Strawberry/perl/site/lib/POE/Wheel/SocketFactory.pm", 326, "POE::Wheel::SocketFactory(2) -> select connect") called at C:/Strawberry/perl/site/lib/POE/Kernel.pm line 1777
# 	POE::Kernel::call(POE::Kernel=ARRAY(0x1d637ac), POE::Session=ARRAY(0x2100eec), "got_connect_success", GLOB(0x20fe174), "\x{7f}\x{0}\x{0}\x{1}", 54253, 2) called at C:/Strawberry/perl/site/lib/POE/Wheel/SocketFactory.pm line 326
# 	POE::Wheel::SocketFactory::__ANON__(undef, POE::Session=ARRAY(0x2100eec), POE::Kernel=ARRAY(0x1d637ac), HASH(0x2100e5c), "POE::Wheel::SocketFactory(2) -> select connect", POE::Session=ARRAY(0x2100eec), undef, "C:/Strawberry/perl/site/lib/POE/Resource/FileHandles.pm", 240, ...) called at C:/Strawberry/perl/site/lib/POE/Session.pm line 464
# 	POE::Session::_invoke_state(POE::Session=ARRAY(0x2100eec), POE::Session=ARRAY(0x2100eec), "POE::Wheel::SocketFactory(2) -> select connect", ARRAY(0x2103364), "C:/Strawberry/perl/site/lib/POE/Resource/FileHandles.pm", 240, undef) called at C:/Strawberry/perl/site/lib/POE/Kernel.pm line 1080
# 	eval {...} called at C:/Strawberry/perl/site/lib/POE/Kernel.pm line 1066
# 	POE::Kernel::_dispatch_event(POE::Kernel=ARRAY(0x1d637ac), POE::Session=ARRAY(0x2100eec), POE::Session=ARRAY(0x2100eec), "POE::Wheel::SocketFactory(2) -> select connect", 1024, ARRAY(0x2103364), "C:/Strawberry/perl/site/lib/POE/Resource/FileHandles.pm", 240, undef, ...) called at C:/Strawberry/perl/site/lib/POE/Resource/FileHandles.pm line 238
# 	POE::Kernel::_data_handle_enqueue_ready(undef, undef, 4) called at C:/Strawberry/perl/site/lib/POE/Loop/Select.pm line 289
# 	POE::Kernel::loop_do_timeslice(POE::Kernel=ARRAY(0x1d637ac)) called at C:/Strawberry/perl/site/lib/POE/Loop/Select.pm line 317
# 	POE::Kernel::loop_run(POE::Kernel=ARRAY(0x1d637ac)) called at C:/Strawberry/perl/site/lib/POE/Kernel.pm line 1273
# 	POE::Kernel::run(POE::Kernel=ARRAY(0x1d637ac)) called at t/8_renegotiate_server.t line 174
# 
# Looks like you planned 17 tests but ran 13.
# Looks like you failed 1 test of 13 run.
t/8_renegotiate_server.t ...... 
Dubious, test returned 1 (wstat 256, 0x100)
Failed 5/17 subtests 
t/98_renegotiate.t ............ skipped: AUTHOR TEST
t/99_mire_test.t .............. skipped: AUTHOR TEST
t/apocalypse.t ................ skipped: Test::Apocalypse required for validating the distribution

Test Summary Report
-------------------
t/1_simple.t                (Wstat: 256 Tests: 13 Failed: 1)
  Failed test:  13
  Non-zero exit status: 1
  Parse errors: Bad plan.  You planned 17 tests but ran 13.
t/2_renegotiate_client.t    (Wstat: 256 Tests: 13 Failed: 1)
  Failed test:  13
  Non-zero exit status: 1
  Parse errors: Bad plan.  You planned 17 tests but ran 13.
t/3_upgrade.t               (Wstat: 256 Tests: 15 Failed: 1)
  Failed test:  15
  Non-zero exit status: 1
  Parse errors: Bad plan.  You planned 19 tests but ran 15.
t/4_connect_hook.t          (Wstat: 1024 Tests: 18 Failed: 4)
  Failed tests:  10, 12, 14, 16
  Non-zero exit status: 4
  Parse errors: Bad plan.  You planned 20 tests but ran 18.
t/7_connect_hook_nodata.t   (Wstat: 512 Tests: 14 Failed: 2)
  Failed tests:  10, 12
  Non-zero exit status: 2
  Parse errors: Bad plan.  You planned 18 tests but ran 14.
t/8_renegotiate_server.t    (Wstat: 256 Tests: 13 Failed: 1)
  Failed test:  13
  Non-zero exit status: 1
  Parse errors: Bad plan.  You planned 17 tests but ran 13.
Files=13, Tests=109, 26 wallclock secs ( 0.06 usr +  0.06 sys =  0.13 CPU)
Result: FAIL
Failed 6/13 test programs. 10/109 subtests failed.

------------------------------
PREREQUISITES
------------------------------

Prerequisite modules loaded:

requires:

    Module                      Need   Have    
    --------------------------- ------ --------
    Exporter                    0      5.70    
    IO::Handle                  1.28   1.35    
    Net::SSLeay                 1.36   1.63    
    parent                      0      0.228   
    perl                        5.006  5.020000
    POE                         0      1.358   
    Scalar::Util                0      1.39    
    Symbol                      0      1.07    
    Task::Weaken                1.03   1.04    

build_requires:

    Module                      Need   Have    
    --------------------------- ------ --------
    File::Find                  0      1.27    
    File::Temp                  0      0.2304  
    Module::Build               0.3601 0.4205  
    POE                         1.267  1.358   
    POE::Component::Client::TCP 0      1.358   
    POE::Component::Server::TCP 0      1.358   
    Socket                      0      2.014   
    Test::More                  0.88   1.001003

configure_requires:

    Module                      Need   Have    
    --------------------------- ------ --------
    Module::Build               0.3601 0.4205  


------------------------------
ENVIRONMENT AND OTHER CONTEXT
------------------------------

Environment variables:

    AUTOMATED_TESTING = 1
    COMSPEC = C:\Windows\system32\cmd.exe
    NUMBER_OF_PROCESSORS = 1
    PATH = C:\Windows\system32;C:\Windows;C:\Windows\System32\Wbem;C:\Windows\System32\WindowsPowerShell\v1.0\;C:\Strawberry\c\bin;C:\Strawberry\perl\site\bin;C:\Strawberry\perl\bin;C:\Program Files\Git\cmd
    PERL5LIB = C:\STRAWB~1\cpan\build\XML-LibXML-2.0116-zGCqza/blib/arch;C:\STRAWB~1\cpan\build\XML-LibXML-2.0116-zGCqza/blib/lib
    PERL5OPT = 
    PERL5_CPANPLUS_IS_RUNNING = 2976
    PERL5_CPAN_IS_RUNNING = 2976
    PERL5_CPAN_IS_RUNNING_IN_RECURSION = 3976,2976
    PERL_CR_SMOKER_CURRENT = POE-Component-DebugShell-Jabber-0.04
    PERL_EXTUTILS_AUTOINSTALL = --defaultdeps
    PERL_MM_USE_DEFAULT = 1
    PROCESSOR_IDENTIFIER = x86 Family 21 Model 1 Stepping 2, AuthenticAMD
    TEMP = C:\Users\albie\AppData\Local\Temp

Perl special variables (and OS-specific diagnostics, for MSWin32):

    $^X = C:\Strawberry\perl\bin\perl.exe
    $UID/$EUID = 0 / 0
    $GID = 0
    $EGID = 0
    Win32::GetOSName = Win7
    Win32::GetOSVersion = Service Pack 1, 6, 1, 7601, 2, 1, 0, 256, 1
    Win32::FsType = NTFS
    Win32::IsAdminUser = 0

Perl module toolchain versions installed:

    Module              Have    
    ------------------- --------
    CPAN                2.05    
    CPAN::Meta          2.141520
    Cwd                 3.47    
    ExtUtils::CBuilder  0.280216
    ExtUtils::Command   1.18    
    ExtUtils::Install   1.68    
    ExtUtils::MakeMaker 6.98    
    ExtUtils::Manifest  1.63    
    ExtUtils::ParseXS   3.24    
    File::Spec          3.47    
    JSON                2.90    
    JSON::PP            2.27203 
    Module::Build       0.4205  
    Module::Signature   n/a     
    Parse::CPAN::Meta   1.4414  
    Test::Harness       3.32    
    Test::More          1.001003
    YAML                0.94    
    YAML::Syck          1.27    
    version             0.9908  


--

Summary of my perl5 (revision 5 version 20 subversion 0) configuration:
   
  Platform:
    osname=MSWin32, osvers=6.2, archname=MSWin32-x86-multi-thread-64int
    uname='Win32 strawberry-perl 5.20.0.1 #1 Fri May 30 23:25:11 2014 i386'
    config_args='undef'
    hint=recommended, useposix=true, d_sigaction=undef
    useithreads=define, usemultiplicity=define
    use64bitint=define, use64bitall=undef, uselongdouble=undef
    usemymalloc=n, bincompat5005=undef
  Compiler:
    cc='gcc', ccflags =' -s -O2 -DWIN32  -DPERL_TEXTMODE_SCRIPTS -DPERL_IMPLICIT_CONTEXT -DPERL_IMPLICIT_SYS -DUSE_PERLIO -fwrapv -fno-strict-aliasing -mms-bitfields',
    optimize='-s -O2',
    cppflags='-DWIN32'
    ccversion='', gccversion='4.8.2', gccosandvers=''
    intsize=4, longsize=4, ptrsize=4, doublesize=8, byteorder=12345678
    d_longlong=define, longlongsize=8, d_longdbl=define, longdblsize=12
    ivtype='long long', ivsize=8, nvtype='double', nvsize=8, Off_t='long long', lseeksize=8
    alignbytes=8, prototype=define
  Linker and Libraries:
    ld='g++', ldflags ='-s -L"C:\STRAWB~1\perl\lib\CORE" -L"C:\STRAWB~1\c\lib"'
    libpth=C:\STRAWB~1\c\lib C:\STRAWB~1\c\i686-w64-mingw32\lib C:\STRAWB~1\c\lib\gcc\i686-w64-mingw32\4.8.2
    libs=-lmoldname -lkernel32 -luser32 -lgdi32 -lwinspool -lcomdlg32 -ladvapi32 -lshell32 -lole32 -loleaut32 -lnetapi32 -luuid -lws2_32 -lmpr -lwinmm -lversion -lodbc32 -lodbccp32 -lcomctl32
    perllibs=-lmoldname -lkernel32 -luser32 -lgdi32 -lwinspool -lcomdlg32 -ladvapi32 -lshell32 -lole32 -loleaut32 -lnetapi32 -luuid -lws2_32 -lmpr -lwinmm -lversion -lodbc32 -lodbccp32 -lcomctl32
    libc=, so=dll, useshrplib=true, libperl=libperl520.a
    gnulibc_version=''
  Dynamic Linking:
    dlsrc=dl_win32.xs, dlext=xs.dll, d_dlsymun=undef, ccdlflags=' '
    cccdlflags=' ', lddlflags='-mdll -s -L"C:\STRAWB~1\perl\lib\CORE" -L"C:\STRAWB~1\c\lib"'


Characteristics of this binary (from libperl): 
  Compile-time options: HAS_TIMES HAVE_INTERP_INTERN MULTIPLICITY
                        PERLIO_LAYERS PERL_DONT_CREATE_GVSV
                        PERL_HASH_FUNC_ONE_AT_A_TIME_HARD
                        PERL_IMPLICIT_CONTEXT PERL_IMPLICIT_SYS
                        PERL_MALLOC_WRAP PERL_NEW_COPY_ON_WRITE
                        PERL_PRESERVE_IVUV USE_64_BIT_INT USE_ITHREADS
                        USE_LARGE_FILES USE_LOCALE USE_LOCALE_COLLATE
                        USE_LOCALE_CTYPE USE_LOCALE_NUMERIC USE_PERLIO
                        USE_PERL_ATOF
  Built under MSWin32
  Compiled at May 30 2014 23:29:27
  %ENV:
    PERL5LIB="C:\STRAWB~1\cpan\build\XML-LibXML-2.0116-zGCqza/blib/arch;C:\STRAWB~1\cpan\build\XML-LibXML-2.0116-zGCqza/blib/lib"
    PERL5_CPANPLUS_IS_RUNNING="2976"
    PERL5_CPAN_IS_RUNNING="2976"
    PERL5_CPAN_IS_RUNNING_IN_RECURSION="3976,2976"
    PERL_CR_SMOKER_CURRENT="POE-Component-DebugShell-Jabber-0.04"
    PERL_EXTUTILS_AUTOINSTALL="--defaultdeps"
    PERL_MM_USE_DEFAULT="1"
  @INC:
    C:\STRAWB~1\cpan\build\XML-LibXML-2.0116-zGCqza/blib/arch
    C:\STRAWB~1\cpan\build\XML-LibXML-2.0116-zGCqza/blib/lib
    C:/Strawberry/perl/site/lib/MSWin32-x86-multi-thread-64int
    C:/Strawberry/perl/site/lib
    C:/Strawberry/perl/vendor/lib
    C:/Strawberry/perl/lib
    .