Report for POE-1.367

Back
From: metabase:user:30f4dfbe-2aae-11df-837a-5e0a49663a4f
Subject: FAIL POE-1.367 v5.8.1 Mac OS X
Date: 2017-07-17T22:18:46Z

This distribution has been tested as part of the CPAN Testers
project, supporting the Perl programming language.  See
http://wiki.cpantesters.org/ for more information or email
questions to cpan-testers-discuss@perl.org


--
Dear Rocco Caputo,

This is a computer-generated report for POE-1.367
on perl 5.8.1, created by CPAN-Reporter-1.2018.

Thank you for uploading your work to CPAN.  However, there was a problem
testing your distribution.

If you think this report is invalid, please consult the CPAN Testers Wiki
for suggestions on how to avoid getting FAIL reports for missing library
or binary dependencies, unsupported operating systems, and so on:

http://wiki.cpantesters.org/wiki/CPANAuthorNotes

Sections of this report:

    * Tester comments
    * Program output
    * Prerequisites
    * Environment and other context

------------------------------
TESTER COMMENTS
------------------------------

Additional comments from tester:

none provided

------------------------------
PROGRAM OUTPUT
------------------------------

Output from '/sw/bin/make test':

"/Users/hornenj/perl5/perlbrew/perls/perl-5.8.1/bin/perl" mylib/gen-tests.perl lib/POE.pm
PERL_DL_NONLAZY=1 "/Users/hornenj/perl5/perlbrew/perls/perl-5.8.1/bin/perl" "-MExtUtils::Command::MM" "-MTest::Harness" "-e" "undef *Test::Harness::Switches; test_harness(0, 'blib/lib', 'blib/arch')" t/*.t t/*/*.t t/*/*/*.t
t/10_units/01_pod/01_pod.t ......................... skipped: enable by setting RELEASE_TESTING
t/10_units/01_pod/02_pod_coverage.t ................ skipped: enable by setting RELEASE_TESTING
t/10_units/01_pod/04_pod_linkcheck.t ............... skipped: enable by setting RELEASE_TESTING
# Testing POE 1.367, POE::Test::Loops 1.360, Perl 5.008001, /Users/hornenj/perl5/perlbrew/perls/perl-5.8.1/bin/perl on darwin
# pogomips: 63501205
t/00_info.t ........................................ ok
t/10_units/01_pod/03_pod_no404s.t .................. skipped: Need network access (and permission) for these tests
t/10_units/02_pipes/01_base.t ...................... skipped: not implemented yet
t/10_units/02_pipes/02_oneway.t .................... ok
t/10_units/02_pipes/03_twoway.t .................... ok
t/10_units/03_base/04_driver.t ..................... ok
t/10_units/03_base/03_component.t .................. ok
t/10_units/03_base/01_poe.t ........................ ok
t/10_units/03_base/05_filter.t ..................... ok
t/10_units/03_base/06_loop.t ....................... ok
t/10_units/03_base/07_queue.t ...................... ok
t/10_units/03_base/09_resources.t .................. ok
t/10_units/03_base/08_resource.t ................... ok
t/10_units/03_base/10_wheel.t ...................... ok
t/10_units/03_base/11_assert_usage.t ............... ok
t/10_units/03_base/13_assert_data.t ................ ok
t/10_units/03_base/12_assert_retval.t .............. ok
t/10_units/03_base/14_kernel.t ..................... ok
t/10_units/03_base/15_kernel_internal.t ............ ok
t/10_units/03_base/16_nfa_usage.t .................. ok
t/10_units/03_base/17_detach_start.t ............... ok
t/10_units/04_drivers/01_sysrw.t ................... ok
t/10_units/05_filters/01_block.t ................... ok
t/10_units/05_filters/03_http.t .................... skipped: Need network access (and permission) for these tests
t/10_units/05_filters/04_line.t .................... ok
t/10_units/05_filters/02_grep.t .................... ok
t/10_units/05_filters/05_map.t ..................... ok
t/10_units/05_filters/06_recordblock.t ............. ok
t/10_units/05_filters/08_stream.t .................. ok
t/10_units/05_filters/07_reference.t ............... ok
t/10_units/05_filters/50_stackable.t ............... ok
t/10_units/05_filters/51_reference_die.t ........... ok
t/10_units/05_filters/99_filterchange.t ............ ok
t/10_units/06_queues/01_array.t .................... ok
t/10_units/07_exceptions/02_turn_off.t ............. ok
t/10_units/07_exceptions/03_not_handled.t .......... ok
t/10_units/08_loops/01_explicit_loop.t ............. ok
t/10_units/08_loops/02_explicit_loop_fail.t ........ ok
t/10_units/08_loops/03_explicit_loop_poll.t ........ ok
t/10_units/08_loops/05_kernel_loop.t ............... ok
t/10_units/08_loops/04_explicit_loop_envvar.t ...... ok
t/10_units/08_loops/07_kernel_loop_fail.t .......... ok
t/10_units/08_loops/06_kernel_loop_poll.t .......... ok
t/10_units/08_loops/08_kernel_loop_search_poll.t ... ok
t/10_units/08_loops/09_naive_loop_load.t ........... ok
t/10_units/07_exceptions/01_normal.t ............... ok
t/10_units/08_loops/11_double_loop.t ............... ok
t/10_units/08_loops/10_naive_loop_load_poll.t ...... ok
t/20_resources/10_perl/aliases.t ................... ok
t/20_resources/10_perl/caller_state.t .............. ok
t/20_resources/10_perl/events.t .................... ok
t/20_resources/10_perl/extrefs.t ................... ok
t/20_resources/10_perl/extrefs_gc.t ................ ok
t/20_resources/10_perl/filehandles.t ............... skipped: Network access (and permission) required to run this test
t/20_resources/10_perl/sessions.t .................. ok
t/20_resources/10_perl/signals.t ................... ok
t/20_resources/10_perl/sids.t ...................... ok
t/30_loops/io_poll/all_errors.t .................... skipped: most of these should move into other test files
t/30_loops/io_poll/comp_tcp.t ...................... skipped: Network access (and permission) required to run this test
# Testing POE 1.367, POE::Test::Loops 1.360, Using Loop(POE::Loop::IO_Poll), Perl 5.008001, /Users/hornenj/perl5/perlbrew/perls/perl-5.8.1/bin/perl on darwin
t/30_loops/io_poll/00_info.t ....................... ok
t/30_loops/io_poll/comp_tcp_concurrent.t ........... skipped: Network access (and permission) required to run this test
t/30_loops/io_poll/connect_errors.t ................ skipped: Network access (and permission) required to run this test
t/30_loops/io_poll/k_aliases.t ..................... ok
t/30_loops/io_poll/k_run_returns.t ................. ok
t/30_loops/io_poll/k_alarms.t ...................... ok
t/30_loops/io_poll/k_detach.t ...................... ok
t/30_loops/io_poll/k_sig_child.t ................... ok
t/30_loops/io_poll/k_signals.t ..................... ok
t/30_loops/io_poll/k_selects.t ..................... ok
t/30_loops/io_poll/k_signals_rerun.t ............... ok
t/30_loops/io_poll/ses_nfa.t ....................... ok
# This test generates some STDERR during trace testing.
t/30_loops/io_poll/wheel_accept.t .................. skipped: Network access (and permission) required to run this test
t/30_loops/io_poll/wheel_curses.t .................. skipped: Need help with Curses functions blocking under ptys
t/30_loops/io_poll/wheel_readline.t ................ ok
t/30_loops/io_poll/wheel_readwrite.t ............... ok
t/30_loops/io_poll/sbk_signal_init.t ............... ok
t/30_loops/io_poll/wheel_run_size.t ................ skipped: This test requires Term::Size
t/30_loops/io_poll/wheel_run.t ..................... ok
t/30_loops/io_poll/wheel_sf_ipv6.t ................. skipped: Socket::GetAddrInfo is needed for IPv6 tests
t/30_loops/io_poll/wheel_sf_tcp.t .................. skipped: Network access (and permission) required to run this test
t/30_loops/io_poll/wheel_sf_udp.t .................. skipped: Network access (and permission) required to run this test
t/30_loops/io_poll/wheel_sf_unix.t ................. skipped: Network access (and permission) required to run this test
t/30_loops/io_poll/z_kogman_sig_order.t ............ ok
t/30_loops/io_poll/wheel_tail.t .................... ok
# Using '/usr/bin/true' as our thing to run under system()
t/30_loops/io_poll/z_merijn_sigchld_system.t ....... ok
t/30_loops/io_poll/z_leolo_wheel_run.t ............. ok
# Parent 22306 waiting 3sec for slow systems to settle.
t/30_loops/io_poll/z_rt39872_sigchld.t ............. ok
t/30_loops/io_poll/z_rt53302_fh_watchers.t ......... skipped: Network access (and permission) required to run this test
=== 22268 === 23 -> _start (from /Users/hornenj/.cpan/build/POE-1.367-5/blib/lib/POE/Kernel.pm at 1497)
=== 22268 === 23 -> woot (from /Users/hornenj/perl5/perlbrew/perls/perl-5.8.1/lib/site_perl/5.8.1/POE/Test/Loops/ses_session.pm at 691)
=== 22268 === 23 -> narf (from /Users/hornenj/perl5/perlbrew/perls/perl-5.8.1/lib/site_perl/5.8.1/POE/Test/Loops/ses_session.pm at 692)
=== 22268 === 23 -> _stop (from /Users/hornenj/.cpan/build/POE-1.367-5/blib/lib/POE/Resource/Sessions.pm at 571)
t/30_loops/io_poll/ses_session.t ................... ok
t/30_loops/io_poll/z_steinert_signal_integrity.t ... ok
# Testing POE 1.367, POE::Test::Loops 1.360, Using Loop(POE::Loop::Select), Perl 5.008001, /Users/hornenj/perl5/perlbrew/perls/perl-5.8.1/bin/perl on darwin
t/30_loops/select/00_info.t ........................ ok
t/30_loops/select/all_errors.t ..................... skipped: most of these should move into other test files
t/30_loops/select/comp_tcp.t ....................... skipped: Network access (and permission) required to run this test
t/30_loops/select/comp_tcp_concurrent.t ............ skipped: Network access (and permission) required to run this test
# sending sigusr1
# sent sigusr1
t/30_loops/select/connect_errors.t ................. skipped: Network access (and permission) required to run this test
t/30_loops/io_poll/z_rt39872_sigchld_stop.t ........ ok
t/30_loops/select/k_aliases.t ...................... ok
t/30_loops/io_poll/z_rt54319_bazerka_followtail.t .. ok
t/30_loops/select/k_run_returns.t .................. ok
t/30_loops/select/k_alarms.t ....................... ok
t/30_loops/select/k_detach.t ....................... ok
t/30_loops/select/k_sig_child.t .................... ok
t/30_loops/select/k_signals.t ...................... ok
t/30_loops/select/k_signals_rerun.t ................ ok
t/30_loops/select/k_selects.t ...................... ok
# This test generates some STDERR during trace testing.
t/30_loops/select/ses_nfa.t ........................ ok
t/30_loops/select/wheel_accept.t ................... skipped: Network access (and permission) required to run this test
t/30_loops/select/wheel_curses.t ................... skipped: Need help with Curses functions blocking under ptys
t/30_loops/select/wheel_readline.t ................. ok
t/30_loops/select/wheel_readwrite.t ................ ok
t/30_loops/select/sbk_signal_init.t ................ ok
t/30_loops/select/wheel_run_size.t ................. skipped: This test requires Term::Size
t/30_loops/select/wheel_sf_ipv6.t .................. skipped: Socket::GetAddrInfo is needed for IPv6 tests
t/30_loops/select/wheel_run.t ...................... ok
t/30_loops/select/wheel_sf_tcp.t ................... skipped: Network access (and permission) required to run this test
t/30_loops/select/wheel_sf_udp.t ................... skipped: Network access (and permission) required to run this test
t/30_loops/select/wheel_sf_unix.t .................. skipped: Network access (and permission) required to run this test
t/30_loops/select/z_kogman_sig_order.t ............. ok
t/30_loops/select/wheel_tail.t ..................... ok
# Using '/usr/bin/true' as our thing to run under system()
t/30_loops/select/z_merijn_sigchld_system.t ........ ok
t/30_loops/select/z_leolo_wheel_run.t .............. ok
t/30_loops/select/z_rt39872_sigchld.t .............. ok
# Parent 22397 waiting 3sec for slow systems to settle.
t/30_loops/select/z_rt53302_fh_watchers.t .......... skipped: Network access (and permission) required to run this test
=== 22353 === 23 -> _start (from /Users/hornenj/.cpan/build/POE-1.367-5/blib/lib/POE/Kernel.pm at 1497)
=== 22353 === 23 -> woot (from /Users/hornenj/perl5/perlbrew/perls/perl-5.8.1/lib/site_perl/5.8.1/POE/Test/Loops/ses_session.pm at 691)
=== 22353 === 23 -> narf (from /Users/hornenj/perl5/perlbrew/perls/perl-5.8.1/lib/site_perl/5.8.1/POE/Test/Loops/ses_session.pm at 692)
=== 22353 === 23 -> _stop (from /Users/hornenj/.cpan/build/POE-1.367-5/blib/lib/POE/Resource/Sessions.pm at 571)
t/30_loops/select/ses_session.t .................... ok
t/30_loops/select/z_steinert_signal_integrity.t .... ok
t/90_regression/agaran-filter-httpd.t .............. ok
t/90_regression/averell-callback-ret.t ............. ok
t/90_regression/bingos-followtail.t ................ ok
t/90_regression/broeren-win32-nbio.t ............... skipped: This test examines ActiveState Perl behavior.
t/90_regression/cfedde-filter-httpd.t .............. skipped: - Network access (and permission) required to run this test
t/90_regression/ferrari-server-unix.t .............. skipped: Network access (and permission) required to run this test
# sending sigusr1
# sent sigusr1
t/30_loops/select/z_rt39872_sigchld_stop.t ......... ok
t/90_regression/grinnz-die-in-die.t ................ ok
Died at t/90_regression/hinrik-wheel-run-die.t line 21.
t/90_regression/hinrik-wheel-run-die.t ............. ok
t/30_loops/select/z_rt54319_bazerka_followtail.t ... ok
# This test can take up to 10 seconds
# This test can take up to 10 seconds
# This test can take up to 10 seconds
t/90_regression/kjeldahl-stop-start-sig-nopipe.t ... ok
t/90_regression/kjeldahl-stop-start-sig-pipe.t ..... ok
t/90_regression/leolo-sig-die.t .................... ok
t/90_regression/meh-startstop-return.t ............. ok
t/90_regression/neyuki_detach.t .................... ok
t/90_regression/prumike-win32-stat.t ............... skipped: This test examines Strawberry/ActiveState Perl behavior.
t/90_regression/rt14444-arg1.t ..................... ok
t/90_regression/rt1648-tied-stderr.t ............... ok
t/90_regression/rt19908-merlyn-stop.t .............. ok
t/90_regression/rt23181-sigchld-rc.t ............... ok
t/90_regression/rt47966-sigchld.t .................. skipped: enable by setting RELEASE_TESTING
t/90_regression/rt56417-wheel-run.t ................ ok
t/90_regression/rt65460-forking.t .................. skipped: enable by setting (AUTOMATED|RELEASE)_TESTING
t/90_regression/socketfactory-timeout.t ............ ok
t/90_regression/somni-poco-server-tcp.t ............ skipped: Network access (and permission) required to run this test
t/90_regression/kjeldahl-stop-start-polling.t ...... ok
t/90_regression/steinert-passed-wheel.t ............ ok
t/90_regression/suzman_windows.t ................... ok
t/90_regression/ton-stop-corruption.t .............. ok
t/90_regression/whelan-dieprop.t ................... ok
t/90_regression/pipe-followtail.t .................. ok

#   Failed test at /Users/hornenj/.cpan/build/POE-1.367-5/blib/lib/POE/Test/Sequence.pm line 36.
#     Structures begin differing at:
#          $got->[0] = 'got_stop_event'
#     $expected->[0] = 'got_idle_event'
Can't find label REF(0x7f8df51a3a60) at t/90_regression/whjackson-followtail.t line 81.
Additional error thrown in handler for previous error:
Can't find label REF(0x7f8df51c5bd0) at t/90_regression/whjackson-followtail.t line 82.
# Looks like your test exited with 22 just after 2.
t/90_regression/whjackson-followtail.t ............. 
Dubious, test returned 22 (wstat 5632, 0x1600)
Failed 14/15 subtests 
t/90_regression/tracing-sane-exit.t ................ ok

Test Summary Report
-------------------
t/90_regression/whjackson-followtail.t           (Wstat: 5632 Tests: 2 Failed: 1)
  Failed test:  2
  Non-zero exit status: 22
  Parse errors: Bad plan.  You planned 15 tests but ran 2.
Files=161, Tests=3700, 22 wallclock secs ( 0.60 usr  0.55 sys + 10.05 cusr  4.34 csys = 15.54 CPU)
Result: FAIL
Failed 1/161 test programs. 1/3700 subtests failed.
make: *** [Makefile:1086: test_dynamic] Error 255

------------------------------
PREREQUISITES
------------------------------

Prerequisite modules loaded:

requires:

    Module           Need  Have   
    ---------------- ----- -------
    Carp             0     1.36   
    Errno            1.09  1.09_00
    Exporter         0     5.72   
    File::Spec       0.87  3.62   
    IO               1.24  1.25   
    IO::Handle       1.27  1.28   
    IO::Pipely       0.005 0.005  
    IO::Tty          1.08  1.12   
    POE::Test::Loops 1.360 1.360  
    POSIX            1.02  1.06   
    Socket           1.7   2.021  
    Storable         2.16  2.51   
    Test::Harness    2.26  3.36   
    Time::HiRes      1.59  1.9739 

build_requires:

    Module           Need  Have   
    ---------------- ----- -------
    POE::Test::Loops 1.360 1.360  

configure_requires:

    Module           Need  Have   
    ---------------- ----- -------
    POE::Test::Loops 1.360 1.360  


------------------------------
ENVIRONMENT AND OTHER CONTEXT
------------------------------

Environment variables:

    HARNESS_OPTIONS = c:j3
    LANG = en_US.UTF-8
    LC_ALL = POSIX
    LDFLAGS = -L/Users/hornenj/openssl/lib
    PATH = /Users/hornenj/perl5/perlbrew/bin:/Users/hornenj/perl5/perlbrew/perls/perl-5.8.1/bin:/Users/hornenj/bin:/sw/lib/perl5/ExtUtils:/sw/bin:/usr/bin:/bin:/usr/X11R6/bin
    PERL5LIB = 
    PERL5OPT = 
    PERL5_CPANPLUS_IS_RUNNING = 21917
    PERL5_CPAN_IS_RUNNING = 21917
    PERLBREW_BASHRC_VERSION = 0.77
    PERLBREW_HOME = /Users/hornenj/.perlbrew
    PERLBREW_MANPATH = /Users/hornenj/perl5/perlbrew/perls/perl-5.8.1/man
    PERLBREW_PATH = /Users/hornenj/perl5/perlbrew/bin:/Users/hornenj/perl5/perlbrew/perls/perl-5.8.1/bin
    PERLBREW_PERL = perl-5.8.1
    PERLBREW_ROOT = /Users/hornenj/perl5/perlbrew
    PERLBREW_VERSION = 0.77
    SHELL = /bin/bash
    TERM = xterm-256color
    TMPDIR = /var/folders/pz/pd7y1qjs6s3cbk170cw50fjc000c61/T/
    ac_cv_path_INTLTOOL_PERL = /usr/bin/perl

Perl special variables (and OS-specific diagnostics, for MSWin32):

    $^X = /Users/hornenj/perl5/perlbrew/perls/perl-5.8.1/bin/perl
    $UID/$EUID = 12481 / 12481
    $GID = 14 241 37223 527 37191 5344 14
    $EGID = 14 241 37223 527 37191 5344 14

Perl module toolchain versions installed:

    Module              Have    
    ------------------- --------
    CPAN                2.16    
    CPAN::Meta          2.150005
    Cwd                 3.62    
    ExtUtils::CBuilder  0.280224
    ExtUtils::Command   7.22    
    ExtUtils::Install   2.04    
    ExtUtils::MakeMaker 7.22    
    ExtUtils::Manifest  1.70    
    ExtUtils::ParseXS   3.30    
    File::Spec          3.62    
    JSON                2.93    
    JSON::PP            2.27400 
    Module::Build       0.4218  
    Module::Signature   n/a     
    Parse::CPAN::Meta   1.4422  
    Test::Harness       3.36    
    Test::More          1.302075
    YAML                1.23    
    YAML::Syck          1.30    
    version             0.9915  


--

Summary of my perl5 (revision 5.0 version 8 subversion 1) configuration:
  Platform:
    osname=darwin, osvers=12.5.0, archname=darwin-thread-multi-2level
    uname='darwin ncbimac2008.ncbi.nlm.nih.gov 12.5.0 darwin kernel version 12.5.0: sun sep 29 13:33:47 pdt 2013; root:xnu-2050.48.12~1release_x86_64 x86_64 '
    config_args='-de -Dprefix=/Users/hornenj/perl5/perlbrew/perls/perl-5.8.1 -Duseithreads -Dusemultiplicity -Accflags=-O2 -W -Wformat=2 -Wswitch -Wshadow -Wwrite-strings -Wuninitialized -Wall -pipe -mtune=native -march=native -fomit-frame-pointer -msse2 -msse -mmmx -pedantic -D_FORTIFY_SOURCE=2 -Wpointer-arith -Wstrict-prototypes -fstack-protector -Wstack-protector -Wextra -Wbad-function-cast -Wcast-align -Wcast-qual -Wdisabled-optimization -Wendif-labels -Wfloat-equal -Wformat-nonliteral -Winline -Wmissing-declarations -Wmissing-prototypes -Wnested-externs -Wpointer-arith -Wundef -Wformat-security -fassociative-math -Acc=cc -Aeval:scriptdir=/Users/hornenj/perl5/perlbrew/perls/perl-5.8.1/bin'
    hint=recommended, useposix=true, d_sigaction=define
    usethreads=define use5005threads=undef useithreads=define usemultiplicity=define
    useperlio=define d_sfio=undef uselargefiles=define usesocks=undef
    use64bitint=define use64bitall=define uselongdouble=undef
    usemymalloc=n, bincompat5005=undef
  Compiler:
    cc=' cc', ccflags ='-fno-common -DPERL_DARWIN -O2 -W -Wformat=2 -Wswitch -Wshadow -Wwrite-strings -Wuninitialized -Wall -pipe -mtune=native -march=native -fomit-frame-pointer -msse2 -msse -mmmx -pedantic -D_FORTIFY_SOURCE=2 -Wpointer-arith -Wstrict-prototypes -fstack-protector -Wstack-protector -Wextra -Wbad-function-cast -Wcast-align -Wcast-qual -Wdisabled-optimization -Wendif-labels -Wfloat-equal -Wformat-nonliteral -Winline -Wmissing-declarations -Wmissing-prototypes -Wnested-externs -Wpointer-arith -Wundef -Wformat-security -fassociative-math -fno-strict-aliasing -I/usr/local/include',
    optimize='-O3',
    cppflags='-fno-common -DPERL_DARWIN -O2 -W -Wformat=2 -Wswitch -Wshadow -Wwrite-strings -Wuninitialized -Wall -pipe -mtune=native -march=native -fomit-frame-pointer -msse2 -msse -mmmx -pedantic -D_FORTIFY_SOURCE=2 -Wpointer-arith -Wstrict-prototypes -fstack-protector -Wstack-protector -Wextra -Wbad-function-cast -Wcast-align -Wcast-qual -Wdisabled-optimization -Wendif-labels -Wfloat-equal -Wformat-nonliteral -Winline -Wmissing-declarations -Wmissing-prototypes -Wnested-externs -Wpointer-arith -Wundef -Wformat-security -fassociative-math -fno-strict-aliasing -I/usr/local/include'
    ccversion='', gccversion='4.2.1 Compatible Apple LLVM 4.2 (clang-425.0.24)', gccosandvers=''
    intsize=4, longsize=8, ptrsize=8, doublesize=8, byteorder=12345678
    d_longlong=define, longlongsize=8, d_longdbl=define, longdblsize=16
    ivtype='long', ivsize=8, nvtype='double', nvsize=8, Off_t='off_t', lseeksize=8
    alignbytes=8, prototype=define
  Linker and Libraries:
    ld='env MACOSX_DEPLOYMENT_TARGET=10.3 cc', ldflags =' -L/usr/local/lib'
    libpth=/usr/local/lib /usr/lib
    libs=-ldbm -ldl -lm -lutil -lc
    perllibs=-ldl -lm -lutil -lc
    libc=, so=dylib, useshrplib=false, libperl=libperl.a
    gnulibc_version=''
  Dynamic Linking:
    dlsrc=dl_dlopen.xs, dlext=bundle, d_dlsymun=undef, ccdlflags=' '
    cccdlflags=' ', lddlflags=' -bundle -undefined dynamic_lookup -L/usr/local/lib'


Characteristics of this binary (from libperl): 
  Compile-time options: MULTIPLICITY USE_ITHREADS USE_64_BIT_INT USE_64_BIT_ALL USE_LARGE_FILES PERL_IMPLICIT_CONTEXT
  Built under darwin
  Compiled at Sep 15 2014 10:24:18
  %ENV:
    PERL5LIB=""
    PERL5OPT=""
    PERL5_CPANPLUS_IS_RUNNING="21917"
    PERL5_CPAN_IS_RUNNING="21917"
    PERLBREW_BASHRC_VERSION="0.77"
    PERLBREW_HOME="/Users/hornenj/.perlbrew"
    PERLBREW_MANPATH="/Users/hornenj/perl5/perlbrew/perls/perl-5.8.1/man"
    PERLBREW_PATH="/Users/hornenj/perl5/perlbrew/bin:/Users/hornenj/perl5/perlbrew/perls/perl-5.8.1/bin"
    PERLBREW_PERL="perl-5.8.1"
    PERLBREW_ROOT="/Users/hornenj/perl5/perlbrew"
    PERLBREW_VERSION="0.77"
  @INC:
    /Users/hornenj/perl5/perlbrew/perls/perl-5.8.1/lib/5.8.1/darwin-thread-multi-2level
    /Users/hornenj/perl5/perlbrew/perls/perl-5.8.1/lib/5.8.1
    /Users/hornenj/perl5/perlbrew/perls/perl-5.8.1/lib/site_perl/5.8.1/darwin-thread-multi-2level
    /Users/hornenj/perl5/perlbrew/perls/perl-5.8.1/lib/site_perl/5.8.1
    /Users/hornenj/perl5/perlbrew/perls/perl-5.8.1/lib/site_perl
    .