Back
From: metabase:user:1cff1e59-6bfd-1014-9e8a-970838f66ec4
Subject: FAIL AnyData-0.12 v5.20.1
Date: 2015-02-17T14:54:25Z
This distribution has been tested as part of the CPAN Testers
project, supporting the Perl programming language. See
http://wiki.cpantesters.org/ for more information or email
questions to cpan-testers-discuss@perl.org
--
Dear REHSACK,
This is a computer-generated report for AnyData-0.12
on perl 5.20.1, created by App::cpanminus::reporter 0.12 (1.7009).
Thank you for uploading your work to CPAN. However, there was a problem
testing your distribution.
If you think this report is invalid, please consult the CPAN Testers Wiki
for suggestions on how to avoid getting FAIL reports for missing library
or binary dependencies, unsupported operating systems, and so on:
http://wiki.cpantesters.org/wiki/CPANAuthorNotes
Sections of this report:
* Tester comments
* Program output
* Prerequisites
* Environment and other context
------------------------------
TESTER COMMENTS
------------------------------
Additional comments from tester:
none provided
------------------------------
PROGRAM OUTPUT
------------------------------
Output from '':
Building and testing AnyData-0.12
cp lib/AnyData/Format/Text.pm blib\lib\AnyData\Format\Text.pm
cp lib/AnyData/Format/FileSys.pm blib\lib\AnyData\Format\FileSys.pm
cp lib/AnyData/Format/Ini.pm blib\lib\AnyData\Format\Ini.pm
cp lib/AnyData.pm blib\lib\AnyData.pm
cp lib/AnyData/Format/HTMLtable.pm blib\lib\AnyData\Format\HTMLtable.pm
cp lib/AnyData/Format/Weblog.pm blib\lib\AnyData\Format\Weblog.pm
cp lib/AnyData/Format/XML.pm blib\lib\AnyData\Format\XML.pm
cp lib/AnyData/Format/Pipe.pm blib\lib\AnyData\Format\Pipe.pm
cp lib/AnyData/Storage/PassThru.pm blib\lib\AnyData\Storage\PassThru.pm
cp lib/AnyData/Storage/FileSys.pm blib\lib\AnyData\Storage\FileSys.pm
cp lib/AnyData/Format/Mp3.pm blib\lib\AnyData\Format\Mp3.pm
cp lib/AnyData/Format/Passwd.pm blib\lib\AnyData\Format\Passwd.pm
cp lib/AnyData/Format/CSV.pm blib\lib\AnyData\Format\CSV.pm
cp lib/AnyData/Storage/File.pod blib\lib\AnyData\Storage\File.pod
cp lib/AnyData/Format/Fixed.pm blib\lib\AnyData\Format\Fixed.pm
cp lib/AnyData/Format/Base.pm blib\lib\AnyData\Format\Base.pm
cp lib/AnyData/Format/Paragraph.pm blib\lib\AnyData\Format\Paragraph.pm
cp lib/AnyData/Storage/File.pm blib\lib\AnyData\Storage\File.pm
cp lib/AnyData/Format/Tab.pm blib\lib\AnyData\Format\Tab.pm
cp lib/AnyData/Storage/RAM.pm blib\lib\AnyData\Storage\RAM.pm
cp lib/AnyData/Storage/TiedHash.pm blib\lib\AnyData\Storage\TiedHash.pm
C:\Strawberry\perl\bin\perl.exe "-MExtUtils::Command::MM" "-MTest::Harness" "-e" "undef *Test::Harness::Switches; test_harness(0, 'blib\lib', 'blib\arch')" t/*.t xt/*.t
t/56962.t ...... skipped: extra test for RT#56962 - needs DBI & DBD::AnyData
Error in tempfile() using template \XXXXXXXXXX: Could not create temp file \lr5j5tvQIg: Permission denied at C:/Strawberry/perl/vendor/lib/Capture/Tiny.pm line 349.
# Looks like your test exited with 13 before it could output anything.
t/api.t ........
Dubious, test returned 13 (wstat 3328, 0xd00)
Failed 2/2 subtests
t/fixed.t ...... ok
t/htmltable.t .. ok
t/test.t ....... ok
t/weblog.t ..... ok
t/xml.t ........ ok
Test Summary Report
-------------------
t/api.t (Wstat: 3328 Tests: 0 Failed: 0)
Non-zero exit status: 13
Parse errors: Bad plan. You planned 2 tests but ran 0.
Files=7, Tests=58, 1 wallclock secs ( 0.03 usr + 0.02 sys = 0.05 CPU)
Result: FAIL
------------------------------
PREREQUISITES
------------------------------
Prerequisite modules loaded:
No requirements found
------------------------------
ENVIRONMENT AND OTHER CONTEXT
------------------------------
Environment variables:
COMSPEC = C:\Windows\system32\cmd.exe
NUMBER_OF_PROCESSORS = 2
PATH = C:\Program Files (x86)\Intel\iCLS Client\;C:\Program Files\Intel\iCLS Client\;C:\Windows\system32;C:\Windows;C:\Windows\System32\Wbem;C:\Windows\System32\WindowsPowerShell\v1.0\;C:\Program Files (x86)\Windows Live\Shared;C:\Program Files (x86)\QuickTime\QTSystem\;C:\Program Files\Intel\Intel(R) Management Engine Components\DAL;C:\Program Files\Intel\Intel(R) Management Engine Components\IPT;C:\Program Files (x86)\Intel\Intel(R) Management Engine Components\DAL;C:\Program Files (x86)\Intel\Intel(R) Management Engine Components\IPT;C:\Strawberry\c\bin;C:\Strawberry\perl\site\bin;C:\Strawberry\perl\bin;C:\Program Files (x86)\Mozilla Firefox;C:\Program Files (x86)\Intel\iCLS Client\;C:\Program Files\Intel\iCLS Client\;C:\Windows\system32;C:\Windows;C:\Windows\System32\Wbem;C:\Windows\System32\WindowsPowerShell\v1.0\;C:\Program Files (x86)\Windows Live\Shared;C:\Program Files (x86)\QuickTime\QTSystem\;C:\Program Files\Intel\Intel(R) Management Engine Components\DAL;C:\Program Files\Intel\Intel(R) Management Engine Components\IPT;C:\Program Files (x86)\Intel\Intel(R) Management Engine Components\DAL;C:\Program Files (x86)\Intel\Intel(R) Management Engine Components\IPT;C:\Strawberry\c\bin;C:\Strawberry\perl\site\bin;C:\Strawberry\perl\bin
PROCESSOR_IDENTIFIER = Intel64 Family 6 Model 60 Stepping 3, GenuineIntel
TEMP = C:\Users\SCHULU~1\AppData\Local\Temp
Perl special variables (and OS-specific diagnostics, for MSWin32):
EGID = 0
EUID = 0
EXECUTABLE_NAME = C:\Strawberry\perl\bin\perl.exe
GID = 0
UID = 0
Win32::FsType = NTFS
Win32::GetOSName = Win8
Win32::GetOSVersion = , 6, 2, 9200, 2, 0, 0, 768, 1
Win32::IsAdminUser = 0
Perl module toolchain versions installed:
Module Have
------------------- --------
CPAN 2.05
CPAN::Meta 2.142060
Cwd 3.48
ExtUtils::CBuilder 0.280219
ExtUtils::Command 1.18
ExtUtils::Install 1.68
ExtUtils::MakeMaker 6.98
ExtUtils::Manifest 1.66
ExtUtils::ParseXS 3.24
File::Spec 3.48
JSON 2.90
JSON::PP 2.27203
Module::Build 0.4210
Module::Signature n/a
Parse::CPAN::Meta 1.4414
Test::Harness 3.33
Test::More 1.001006
YAML 1.11
YAML::Syck n/a
version 0.9909
--
Summary of my perl5 (revision 5 version 20 subversion 1) configuration:
Platform:
osname=MSWin32, osvers=6.3, archname=MSWin32-x64-multi-thread
uname='Win32 strawberry-perl 5.20.1.1 #1 Mon Sep 15 13:26:45 2014 x64'
config_args='undef'
hint=recommended, useposix=true, d_sigaction=undef
useithreads=define, usemultiplicity=define
use64bitint=define, use64bitall=undef, uselongdouble=undef
usemymalloc=n, bincompat5005=undef
Compiler:
cc='gcc', ccflags =' -s -O2 -DWIN32 -DWIN64 -DCONSERVATIVE -DPERL_TEXTMODE_SCRIPTS -DPERL_IMPLICIT_CONTEXT -DPERL_IMPLICIT_SYS -DUSE_PERLIO -fwrapv -fno-strict-aliasing -mms-bitfields',
optimize='-s -O2',
cppflags='-DWIN32'
ccversion='', gccversion='4.8.3', gccosandvers=''
intsize=4, longsize=4, ptrsize=8, doublesize=8, byteorder=12345678
d_longlong=define, longlongsize=8, d_longdbl=define, longdblsize=12
ivtype='long long', ivsize=8, nvtype='double', nvsize=8, Off_t='long long', lseeksize=8
alignbytes=8, prototype=define
Linker and Libraries:
ld='g++', ldflags ='-s -L"C:\STRAWB~1\perl\lib\CORE" -L"C:\STRAWB~1\c\lib"'
libpth=C:\STRAWB~1\c\lib C:\STRAWB~1\c\x86_64-w64-mingw32\lib C:\STRAWB~1\c\lib\gcc\x86_64-w64-mingw32\4.8.3
libs=-lmoldname -lkernel32 -luser32 -lgdi32 -lwinspool -lcomdlg32 -ladvapi32 -lshell32 -lole32 -loleaut32 -lnetapi32 -luuid -lws2_32 -lmpr -lwinmm -lversion -lodbc32 -lodbccp32 -lcomctl32
perllibs=-lmoldname -lkernel32 -luser32 -lgdi32 -lwinspool -lcomdlg32 -ladvapi32 -lshell32 -lole32 -loleaut32 -lnetapi32 -luuid -lws2_32 -lmpr -lwinmm -lversion -lodbc32 -lodbccp32 -lcomctl32
libc=, so=dll, useshrplib=true, libperl=libperl520.a
gnulibc_version=''
Dynamic Linking:
dlsrc=dl_win32.xs, dlext=xs.dll, d_dlsymun=undef, ccdlflags=' '
cccdlflags=' ', lddlflags='-mdll -s -L"C:\STRAWB~1\perl\lib\CORE" -L"C:\STRAWB~1\c\lib"'
Characteristics of this binary (from libperl):
Compile-time options: HAS_TIMES HAVE_INTERP_INTERN MULTIPLICITY
PERLIO_LAYERS PERL_DONT_CREATE_GVSV
PERL_HASH_FUNC_ONE_AT_A_TIME_HARD
PERL_IMPLICIT_CONTEXT PERL_IMPLICIT_SYS
PERL_MALLOC_WRAP PERL_NEW_COPY_ON_WRITE
PERL_PRESERVE_IVUV USE_64_BIT_INT USE_ITHREADS
USE_LARGE_FILES USE_LOCALE USE_LOCALE_COLLATE
USE_LOCALE_CTYPE USE_LOCALE_NUMERIC USE_PERLIO
USE_PERL_ATOF
Built under MSWin32
Compiled at Sep 15 2014 13:30:55
@INC:
C:/Strawberry/perl/site/lib/MSWin32-x64-multi-thread
C:/Strawberry/perl/site/lib
C:/Strawberry/perl/vendor/lib
C:/Strawberry/perl/lib
.