Report for SVG-DOM2-1.00

Back
From: metabase:user:320bfe00-2aae-11df-837a-5e0a49663a4f
Subject: FAIL SVG-DOM2-1.00 v5.15.4 GNU/Linux
Date: 2011-11-26T20:47:48Z

This distribution has been tested as part of the CPAN Testers
project, supporting the Perl programming language.  See
http://wiki.cpantesters.org/ for more information or email
questions to cpan-testers-discuss@perl.org


--
Dear Martin Owens,

This is a computer-generated report for SVG-DOM2-1.00
on perl 5.15.4, created by CPAN-Reporter-1.1902.

Thank you for uploading your work to CPAN.  However, there was a problem
testing your distribution.

If you think this report is invalid, please consult the CPAN Testers Wiki
for suggestions on how to avoid getting FAIL reports for missing library
or binary dependencies, unsupported operating systems, and so on:

http://wiki.cpantesters.org/wiki/CPANAuthorNotes

Sections of this report:

    * Tester comments
    * Program output
    * Prerequisites
    * Environment and other context

------------------------------
TESTER COMMENTS
------------------------------

Additional comments from tester:

this report is from an automated smoke testing program
and was not reviewed by a human for accuracy

------------------------------
PROGRAM OUTPUT
------------------------------

Output from '/usr/bin/make test':

PERL_DL_NONLAZY=1 /home/sand/src/perl/repoperls/installed-perls/perl/v5.15.4/127e/bin/perl "-MExtUtils::Command::MM" "-e" "test_harness(0, 'blib/lib', 'blib/arch')" t/*.t

#   Failed test 'use SVG::DOM2;'
#   at t/00-load.t line 6.
#     Tried to use 'SVG::DOM2'.
#     Error:  Base class package "XML::DOM2" is empty.
#     (Perhaps you need to 'use' the module which defines that package first,
#     or make that module available in @INC (@INC contains: /tmp/loop_over_bdir-wQQjnT/SVG-DOM2-1.00-jB77kx/blib/lib /tmp/loop_over_bdir-wQQjnT/SVG-DOM2-1.00-jB77kx/blib/arch /home/src/perl/repoperls/installed-perls/perl/v5.15.4/127e/lib/site_perl/5.15.4/x86_64-linux-ld /home/src/perl/repoperls/installed-perls/perl/v5.15.4/127e/lib/site_perl/5.15.4 /home/src/perl/repoperls/installed-perls/perl/v5.15.4/127e/lib/5.15.4/x86_64-linux-ld /home/src/perl/repoperls/installed-perls/perl/v5.15.4/127e/lib/5.15.4).
#  at /tmp/loop_over_bdir-wQQjnT/SVG-DOM2-1.00-jB77kx/blib/lib/SVG/DOM2.pm line 24
# BEGIN failed--compilation aborted at /tmp/loop_over_bdir-wQQjnT/SVG-DOM2-1.00-jB77kx/blib/lib/SVG/DOM2.pm line 24.
# Compilation failed in require at t/00-load.t line 6.
Use of uninitialized value $SVG::DOM2::VERSION in concatenation (.) or string at t/00-load.t line 9.
# Testing SVG::DOM2 , Perl 5.015004, /home/sand/src/perl/repoperls/installed-perls/perl/v5.15.4/127e/bin/perl
# Looks like you failed 1 test of 1.
t/00-load.t ....... 
Dubious, test returned 1 (wstat 256, 0x100)
Failed 1/1 subtests 
t/boilerplate.t ... ok

#   Failed test 'Pod coverage on SVG::DOM2::Element::Line'
#   at /home/src/perl/repoperls/installed-perls/perl/v5.15.4/127e/lib/site_perl/5.15.4/Test/Pod/Coverage.pm line 126.
# SVG::DOM2::Element::Line: couldn't find pod

#   Failed test 'Pod coverage on SVG::DOM2::Element::Path'
#   at /home/src/perl/repoperls/installed-perls/perl/v5.15.4/127e/lib/site_perl/5.15.4/Test/Pod/Coverage.pm line 126.
# SVG::DOM2::Element::Path: couldn't find pod

#   Failed test 'Pod coverage on SVG::DOM2::Element::Definition'
#   at /home/src/perl/repoperls/installed-perls/perl/v5.15.4/127e/lib/site_perl/5.15.4/Test/Pod/Coverage.pm line 126.
# SVG::DOM2::Element::Definition: couldn't find pod

#   Failed test 'Pod coverage on SVG::DOM2::Element::Text'
#   at /home/src/perl/repoperls/installed-perls/perl/v5.15.4/127e/lib/site_perl/5.15.4/Test/Pod/Coverage.pm line 126.
# SVG::DOM2::Element::Text: couldn't find pod

#   Failed test 'Pod coverage on SVG::DOM2::Element::MetaData'
#   at /home/src/perl/repoperls/installed-perls/perl/v5.15.4/127e/lib/site_perl/5.15.4/Test/Pod/Coverage.pm line 126.
# Coverage for SVG::DOM2::Element::MetaData is 0.0%, with 16 naked subroutines:
# 	creator
# 	data
# 	date
# 	datum
# 	description
# 	language
# 	license
# 	list
# 	list_array
# 	list_data
# 	list_hash
# 	new
# 	publisher
# 	rights
# 	subject
# 	title

#   Failed test 'Pod coverage on SVG::DOM2::Element::Rect'
#   at /home/src/perl/repoperls/installed-perls/perl/v5.15.4/127e/lib/site_perl/5.15.4/Test/Pod/Coverage.pm line 126.
# SVG::DOM2::Element::Rect: couldn't find pod

#   Failed test 'Pod coverage on SVG::DOM2::Element::Group'
#   at /home/src/perl/repoperls/installed-perls/perl/v5.15.4/127e/lib/site_perl/5.15.4/Test/Pod/Coverage.pm line 126.
# SVG::DOM2::Element::Group: couldn't find pod

#   Failed test 'Pod coverage on SVG::DOM2::Attribute::Colour'
#   at /home/src/perl/repoperls/installed-perls/perl/v5.15.4/127e/lib/site_perl/5.15.4/Test/Pod/Coverage.pm line 126.
# SVG::DOM2::Attribute::Colour: couldn't find pod

#   Failed test 'Pod coverage on SVG::DOM2::Attribute::Path'
#   at /home/src/perl/repoperls/installed-perls/perl/v5.15.4/127e/lib/site_perl/5.15.4/Test/Pod/Coverage.pm line 126.
# SVG::DOM2::Attribute::Path: couldn't find pod

#   Failed test 'Pod coverage on SVG::DOM2::Attribute::Metric'
#   at /home/src/perl/repoperls/installed-perls/perl/v5.15.4/127e/lib/site_perl/5.15.4/Test/Pod/Coverage.pm line 126.
# SVG::DOM2::Attribute::Metric: couldn't find pod

#   Failed test 'Pod coverage on SVG::DOM2::Attribute::Style'
#   at /home/src/perl/repoperls/installed-perls/perl/v5.15.4/127e/lib/site_perl/5.15.4/Test/Pod/Coverage.pm line 126.
# SVG::DOM2::Attribute::Style: couldn't find pod

#   Failed test 'Pod coverage on SVG::DOM2::Attribute::Opacity'
#   at /home/src/perl/repoperls/installed-perls/perl/v5.15.4/127e/lib/site_perl/5.15.4/Test/Pod/Coverage.pm line 126.
# SVG::DOM2::Attribute::Opacity: couldn't find pod

#   Failed test 'Pod coverage on SVG::DOM2::Element::Definition::linearGradient'
#   at /home/src/perl/repoperls/installed-perls/perl/v5.15.4/127e/lib/site_perl/5.15.4/Test/Pod/Coverage.pm line 126.
# SVG::DOM2::Element::Definition::linearGradient: couldn't find pod

#   Failed test 'Pod coverage on SVG::DOM2::Element::Definition::radialGradient'
#   at /home/src/perl/repoperls/installed-perls/perl/v5.15.4/127e/lib/site_perl/5.15.4/Test/Pod/Coverage.pm line 126.
# SVG::DOM2::Element::Definition::radialGradient: couldn't find pod

#   Failed test 'Pod coverage on SVG::DOM2::Element::MetaData::RDF'
#   at /home/src/perl/repoperls/installed-perls/perl/v5.15.4/127e/lib/site_perl/5.15.4/Test/Pod/Coverage.pm line 126.
# SVG::DOM2::Element::MetaData::RDF: couldn't find pod

#   Failed test 'Pod coverage on SVG::DOM2::Element::Shape::Stroke'
#   at /home/src/perl/repoperls/installed-perls/perl/v5.15.4/127e/lib/site_perl/5.15.4/Test/Pod/Coverage.pm line 126.
# Coverage for SVG::DOM2::Element::Shape::Stroke is 0.0%, with 4 naked subroutines:
# 	stroke
# 	stroke_color
# 	stroke_opacity
# 	stroke_width

#   Failed test 'Pod coverage on SVG::DOM2::Element::Shape::Font'
#   at /home/src/perl/repoperls/installed-perls/perl/v5.15.4/127e/lib/site_perl/5.15.4/Test/Pod/Coverage.pm line 126.
# Coverage for SVG::DOM2::Element::Shape::Font is 0.0%, with 6 naked subroutines:
# 	font_family
# 	font_size
# 	font_style
# 	font_weight
# 	stroke
# 	text_align

#   Failed test 'Pod coverage on SVG::DOM2::Element::Shape::Fill'
#   at /home/src/perl/repoperls/installed-perls/perl/v5.15.4/127e/lib/site_perl/5.15.4/Test/Pod/Coverage.pm line 126.
# Coverage for SVG::DOM2::Element::Shape::Fill is 0.0%, with 3 naked subroutines:
# 	fill
# 	fill_color
# 	fill_opacity

#   Failed test 'Pod coverage on SVG::DOM2::Element::Definition::linearGradient::Stop'
#   at /home/src/perl/repoperls/installed-perls/perl/v5.15.4/127e/lib/site_perl/5.15.4/Test/Pod/Coverage.pm line 126.
# SVG::DOM2::Element::Definition::linearGradient::Stop: couldn't find pod
# Looks like you failed 19 tests of 23.
t/pod-coverage.t .. 
Dubious, test returned 19 (wstat 4864, 0x1300)
Failed 19/23 subtests 
t/pod.t ........... ok

Test Summary Report
-------------------
t/00-load.t     (Wstat: 256 Tests: 1 Failed: 1)
  Failed test:  1
  Non-zero exit status: 1
t/pod-coverage.t (Wstat: 4864 Tests: 23 Failed: 19)
  Failed tests:  2-4, 6-7, 9-14, 16-23
  Non-zero exit status: 19
Files=4, Tests=50,  1 wallclock secs ( 0.04 usr  0.00 sys +  0.21 cusr  0.02 csys =  0.27 CPU)
Result: FAIL
Failed 2/4 test programs. 20/50 subtests failed.
make: *** [test_dynamic] Error 255

------------------------------
PREREQUISITES
------------------------------

Prerequisite modules loaded:

requires:

    Module              Need Have   
    ------------------- ---- -------
    Test::More          0    0.98_02

build_requires:

    Module              Need Have   
    ------------------- ---- -------
    ExtUtils::MakeMaker 0    6.63_02


------------------------------
ENVIRONMENT AND OTHER CONTEXT
------------------------------

Environment variables:

    AUTOMATED_TESTING = 1
    LANG = en_US.UTF-8
    LANGUAGE = en_US:en
    PATH = /home/sand/bin:/usr/local/bin:/usr/bin:/bin:/usr/bin/X11:/usr/games:/usr/local/perl/bin:/usr/X11/bin:/sbin:/usr/sbin
    PERL5LIB = 
    PERL5OPT = 
    PERL5_CPANPLUS_IS_RUNNING = 20338
    PERL5_CPAN_IS_RUNNING = 20338
    PERL_MM_USE_DEFAULT = 1
    SHELL = /usr/bin/zsh
    TERM = screen

Perl special variables (and OS-specific diagnostics, for MSWin32):

    $^X = /home/sand/src/perl/repoperls/installed-perls/perl/v5.15.4/127e/bin/perl
    $UID/$EUID = 1005 / 1005
    $GID = 1005 1005
    $EGID = 1005 1005

Perl module toolchain versions installed:

    Module              Have    
    ------------------- --------
    CPAN                1.9800  
    Cwd                 3.37    
    ExtUtils::CBuilder  0.280204
    ExtUtils::Command   1.17    
    ExtUtils::Install   1.57    
    ExtUtils::MakeMaker 6.63_02 
    ExtUtils::Manifest  1.60    
    ExtUtils::ParseXS   3.05    
    File::Spec          3.34    
    Module::Build       0.39_01 
    Module::Signature   0.68    
    Test::Harness       3.23    
    Test::More          0.98_02 
    YAML                0.77    
    YAML::Syck          1.19    
    version             0.95    


--

Summary of my perl5 (revision 5 version 15 subversion 4) configuration:
  Commit id: 7dfc19adb38f5449154d7238f5079efbe7dee447
  Platform:
    osname=linux, osvers=2.6.32-5-amd64, archname=x86_64-linux-ld
    uname='linux k83 2.6.32-5-amd64 #1 smp mon oct 3 03:59:20 utc 2011 x86_64 gnulinux '
    config_args='-Dprefix=/home/src/perl/repoperls/installed-perls/perl/v5.15.4/127e -Dmyhostname=k83 -Dinstallusrbinperl=n -Uversiononly -Dusedevel -des -Ui_db -Uuseithreads -Duselongdouble -DDEBUGGING=-g'
    hint=recommended, useposix=true, d_sigaction=define
    useithreads=undef, usemultiplicity=undef
    useperlio=define, d_sfio=undef, uselargefiles=define, usesocks=undef
    use64bitint=define, use64bitall=define, uselongdouble=define
    usemymalloc=n, bincompat5005=undef
  Compiler:
    cc='cc', ccflags ='-fno-strict-aliasing -pipe -fstack-protector -I/usr/local/include -D_LARGEFILE_SOURCE -D_FILE_OFFSET_BITS=64',
    optimize='-O2 -g',
    cppflags='-fno-strict-aliasing -pipe -fstack-protector -I/usr/local/include'
    ccversion='', gccversion='4.4.5', gccosandvers=''
    intsize=4, longsize=8, ptrsize=8, doublesize=8, byteorder=12345678
    d_longlong=define, longlongsize=8, d_longdbl=define, longdblsize=16
    ivtype='long', ivsize=8, nvtype='long double', nvsize=16, Off_t='off_t', lseeksize=8
    alignbytes=16, prototype=define
  Linker and Libraries:
    ld='cc', ldflags =' -fstack-protector -L/usr/local/lib'
    libpth=/usr/local/lib /lib/../lib /usr/lib/../lib /lib /usr/lib /lib64 /usr/lib64
    libs=-lnsl -ldb -ldl -lm -lcrypt -lutil -lc
    perllibs=-lnsl -ldl -lm -lcrypt -lutil -lc
    libc=/lib/libc-2.11.2.so, so=so, useshrplib=false, libperl=libperl.a
    gnulibc_version='2.11.2'
  Dynamic Linking:
    dlsrc=dl_dlopen.xs, dlext=so, d_dlsymun=undef, ccdlflags='-Wl,-E'
    cccdlflags='-fPIC', lddlflags='-shared -O2 -g -L/usr/local/lib -fstack-protector'


Characteristics of this binary (from libperl): 
  Compile-time options: HAS_TIMES PERLIO_LAYERS PERL_DONT_CREATE_GVSV
                        PERL_MALLOC_WRAP PERL_PRESERVE_IVUV PERL_USE_DEVEL
                        USE_64_BIT_ALL USE_64_BIT_INT USE_LARGE_FILES
                        USE_LOCALE USE_LOCALE_COLLATE USE_LOCALE_CTYPE
                        USE_LOCALE_NUMERIC USE_LONG_DOUBLE USE_PERLIO
                        USE_PERL_ATOF
  Built under linux
  Compiled at Oct 30 2011 07:57:44
  %ENV:
    PERL5LIB=""
    PERL5OPT=""
    PERL5_CPANPLUS_IS_RUNNING="20338"
    PERL5_CPAN_IS_RUNNING="20338"
    PERL_MM_USE_DEFAULT="1"
  @INC:
    /home/src/perl/repoperls/installed-perls/perl/v5.15.4/127e/lib/site_perl/5.15.4/x86_64-linux-ld
    /home/src/perl/repoperls/installed-perls/perl/v5.15.4/127e/lib/site_perl/5.15.4
    /home/src/perl/repoperls/installed-perls/perl/v5.15.4/127e/lib/5.15.4/x86_64-linux-ld
    /home/src/perl/repoperls/installed-perls/perl/v5.15.4/127e/lib/5.15.4
    .