Back
From: metabase:user:314402c4-2aae-11df-837a-5e0a49663a4f
Subject: FAIL HTML-Tested-0.58 v5.12.5 GNU/Linux
Date: 2016-09-03T17:28:59Z
This distribution has been tested as part of the CPAN Testers
project, supporting the Perl programming language. See
http://wiki.cpantesters.org/ for more information or email
questions to cpan-testers-discuss@perl.org
--
Dear Boris Sukholitko,
This is a computer-generated report for HTML-Tested-0.58
on perl 5.12.5, created by CPAN-Reporter-1.2018.
Thank you for uploading your work to CPAN. However, there was a problem
testing your distribution.
If you think this report is invalid, please consult the CPAN Testers Wiki
for suggestions on how to avoid getting FAIL reports for missing library
or binary dependencies, unsupported operating systems, and so on:
http://wiki.cpantesters.org/wiki/CPANAuthorNotes
Sections of this report:
* Tester comments
* Program output
* Prerequisites
* Environment and other context
------------------------------
TESTER COMMENTS
------------------------------
Additional comments from tester:
none provided
------------------------------
PROGRAM OUTPUT
------------------------------
Output from '/usr/bin/make test':
PERL_DL_NONLAZY=1 "/bbbike/perl-5.12.5/bin/perl" "-MExtUtils::Command::MM" "-MTest::Harness" "-e" "undef *Test::Harness::Switches; test_harness(0, 'blib/lib', 'blib/arch')" t/*.t
t/001_load.t .......... ok
t/010_value.t ......... ok
t/020_list.t .......... ok
t/030_edit_box.t ...... ok
t/040_textarea.t ...... ok
t/050_tree.t .......... ok
t/060_pager.t ......... ok
t/070_password_box.t .. ok
t/080_dropdown.t ...... ok
t/090_checkbox.t ...... ok
t/100_link.t .......... ok
t/110_upload.t ........ ok
t/120_form.t .......... ok
t/130_submit.t ........ ok
t/140_hidden.t ........ ok
t/150_radio.t ......... ok
# Failed test at t/160_seal.t line 42.
# got: 'HTML::Tested::Seal=HASH(0x11f2478)'
# expected: anything else
# Failed test at t/160_seal.t line 241.
# Structures begin differing at:
# $got->[0] = Does not exist
# $expected->[0] = 'Unable to find "<input type="hidden" name="h" id="h" value="bye" />
# " in "<html>
# <input type="hidden" name="h" id="h" value="ENCRYPTED" />
#
# ENCRYPTED
# "'
# Looks like you failed 2 tests of 70.
t/160_seal.t ..........
Dubious, test returned 2 (wstat 512, 0x200)
Failed 2/70 subtests
t/170_list_table.t .... ok
t/180_unicode.t ....... ok
# Failed test at t/190_datetime.t line 54.
Wide character in print at /opt/perl-5.12.5/lib/site_perl/5.12.5/Test2/Formatter/TAP.pm line 105, <DATA> line 1.
# Structures begin differing at:
# $got->{e} = '27 окÑ. 1976 г.'
# $expected->{e} = '27.10.1976'
# Failed test at t/190_datetime.t line 62.
Wide character in print at /opt/perl-5.12.5/lib/site_perl/5.12.5/Test2/Formatter/TAP.pm line 105, <DATA> line 1.
# 'hello?id=dcf6e9741aeac913&e=27 окÑ. 1976 г.'
# doesn't match '(?-xism:&e=27\.10\.1976)'
Can't call method "year" on an undefined value at t/190_datetime.t line 76, <DATA> line 1.
at t/190_datetime.t line 20, <DATA> line 1.
main::__ANON__("Can't call method \"year\" on an undefined value at t/190_datet"...) called at t/190_datetime.t line 76
# Looks like your test exited with 2 just after 19.
t/190_datetime.t ......
Dubious, test returned 2 (wstat 512, 0x200)
Failed 20/37 subtests
t/200_snippet.t ....... ok
Test Summary Report
-------------------
t/160_seal.t (Wstat: 512 Tests: 70 Failed: 2)
Failed tests: 16, 60
Non-zero exit status: 2
t/190_datetime.t (Wstat: 512 Tests: 19 Failed: 2)
Failed tests: 11, 14
Non-zero exit status: 2
Parse errors: Bad plan. You planned 37 tests but ran 19.
Files=21, Tests=458, 2 wallclock secs ( 0.05 usr 0.08 sys + 0.99 cusr 0.15 csys = 1.27 CPU)
Result: FAIL
Failed 2/21 test programs. 4/458 subtests failed.
Makefile:914: recipe for target 'test_dynamic' failed
make: *** [test_dynamic] Error 255
------------------------------
PREREQUISITES
------------------------------
Prerequisite modules loaded:
requires:
Module Need Have
-------------------------- ---- --------
Class::Accessor 0 0.34
Class::Data::Inheritable 0 0.08
Class::Singleton 0 1.5
Crypt::Blowfish 0 2.14
Crypt::CBC 2.22 2.33
Data::Dumper 0 2.161
DateTime 0 1.36
DateTime::Format::Strptime 0 1.68
Digest::CRC 0 0.21
File::Slurp 0 9999.19
HTML::Entities 0 3.69
Math::Combinatorics 0 0.09
Template 0 2.26
Test::Simple 0.44 1.302052
Text::Diff 0 1.44
build_requires:
Module Need Have
-------------------------- ---- --------
ExtUtils::MakeMaker 0 7.24
configure_requires:
Module Need Have
-------------------------- ---- --------
ExtUtils::MakeMaker 0 7.24
------------------------------
ENVIRONMENT AND OTHER CONTEXT
------------------------------
Environment variables:
LANG = C
PATH = /usr/local/bin:/usr/bin:/bin:/usr/local/sbin:/usr/sbin:/sbin:/home/cpansand/bin/linux-gnu:/home/cpansand/bin/sh:/home/cpansand/bin:/usr/games:/home/cpansand/devel:/home/eserte/src/srezic-misc/scripts
PERL5LIB = /home/cpansand/.cpan/build/2016090315/Math-Combinatorics-0.09-8/blib/arch:/home/cpansand/.cpan/build/2016090315/Math-Combinatorics-0.09-8/blib/lib
PERL5OPT =
PERL5_CPANPLUS_IS_RUNNING = 28721
PERL5_CPAN_IS_RUNNING = 28721
PERL5_CPAN_IS_RUNNING_IN_RECURSION = 25675,28721
PERLDOC = -MPod::Perldoc::ToTextOverstrike
PERL_BATCH = yes
PERL_CANARY_STABILITY_NOPROMPT = 1
PERL_CPAN_REPORTER_CONFIG = /run/user/1023/cpansmoker/2016090315/cpanreporter_000_config.ini
PERL_EXTUTILS_AUTOINSTALL = --defaultdeps
PERL_USE_UNSAFE_INC = 1
SHELL = /bin/zsh
TERM = screen
TMPDIR = /run/user/1023/cpansmoker/2016090315
Perl special variables (and OS-specific diagnostics, for MSWin32):
$^X = /bbbike/perl-5.12.5/bin/perl
$UID/$EUID = 1023 / 1023
$GID = 1023 1023
$EGID = 1023 1023
Perl module toolchain versions installed:
Module Have
------------------- --------
CPAN 2.14
CPAN::Meta 2.150010
Cwd 3.62
ExtUtils::CBuilder 0.280224
ExtUtils::Command 7.24
ExtUtils::Install 1.55
ExtUtils::MakeMaker 7.24
ExtUtils::Manifest 1.70
ExtUtils::ParseXS 3.30
File::Spec 3.62
JSON 2.90
JSON::PP 2.27400
Module::Build 0.4220
Module::Signature 0.80
Parse::CPAN::Meta 2.150010
Test::Harness 3.36
Test::More 1.302052
YAML 1.15
YAML::Syck 1.29
version 0.9916
--
Summary of my perl5 (revision 5 version 12 subversion 5) configuration:
Platform:
osname=linux, osvers=3.16.0-4-amd64, archname=x86_64-linux
uname='linux eserte 3.16.0-4-amd64 #1 smp debian 3.16.7-ckt25-2 (2016-04-08) x86_64 gnulinux '
config_args='-ds -e -Dprefix=/opt/perl-5.12.5 -Dcf_email=srezic@cpan.org'
hint=recommended, useposix=true, d_sigaction=define
useithreads=undef, usemultiplicity=undef
useperlio=define, d_sfio=undef, uselargefiles=define, usesocks=undef
use64bitint=define, use64bitall=define, uselongdouble=undef
usemymalloc=n, bincompat5005=undef
Compiler:
cc='cc', ccflags ='-fno-strict-aliasing -pipe -fstack-protector -I/usr/local/include -D_LARGEFILE_SOURCE -D_FILE_OFFSET_BITS=64',
optimize='-O2',
cppflags='-fno-strict-aliasing -pipe -fstack-protector -I/usr/local/include'
ccversion='', gccversion='4.9.2', gccosandvers=''
intsize=4, longsize=8, ptrsize=8, doublesize=8, byteorder=12345678
d_longlong=define, longlongsize=8, d_longdbl=define, longdblsize=16
ivtype='long', ivsize=8, nvtype='double', nvsize=8, Off_t='off_t', lseeksize=8
alignbytes=8, prototype=define
Linker and Libraries:
ld='cc', ldflags =' -fstack-protector -L/usr/local/lib'
libpth=/usr/local/lib /lib/x86_64-linux-gnu /lib/../lib /usr/lib/x86_64-linux-gnu /usr/lib/../lib /lib /usr/lib
libs=-lnsl -lgdbm -ldb -ldl -lm -lcrypt -lutil -lc -lgdbm_compat
perllibs=-lnsl -ldl -lm -lcrypt -lutil -lc
libc=libc-2.19.so, so=so, useshrplib=false, libperl=libperl.a
gnulibc_version='2.19'
Dynamic Linking:
dlsrc=dl_dlopen.xs, dlext=so, d_dlsymun=undef, ccdlflags='-Wl,-E'
cccdlflags='-fPIC', lddlflags='-shared -O2 -L/usr/local/lib -fstack-protector'
Characteristics of this binary (from libperl):
Compile-time options: PERL_DONT_CREATE_GVSV PERL_MALLOC_WRAP USE_64_BIT_ALL
USE_64_BIT_INT USE_LARGE_FILES USE_PERLIO
USE_PERL_ATOF
Locally applied patches:
Devel::PatchPerl 1.42
Built under linux
Compiled at May 7 2016 10:05:30
%ENV:
PERL5LIB="/home/cpansand/.cpan/build/2016090315/Math-Combinatorics-0.09-8/blib/arch:/home/cpansand/.cpan/build/2016090315/Math-Combinatorics-0.09-8/blib/lib"
PERL5OPT=""
PERL5_CPANPLUS_IS_RUNNING="28721"
PERL5_CPAN_IS_RUNNING="28721"
PERL5_CPAN_IS_RUNNING_IN_RECURSION="25675,28721"
PERLDOC="-MPod::Perldoc::ToTextOverstrike"
PERL_BATCH="yes"
PERL_CANARY_STABILITY_NOPROMPT="1"
PERL_CPAN_REPORTER_CONFIG="/run/user/1023/cpansmoker/2016090315/cpanreporter_000_config.ini"
PERL_EXTUTILS_AUTOINSTALL="--defaultdeps"
PERL_USE_UNSAFE_INC="1"
@INC:
/home/cpansand/.cpan/build/2016090315/Math-Combinatorics-0.09-8/blib/arch
/home/cpansand/.cpan/build/2016090315/Math-Combinatorics-0.09-8/blib/lib
/opt/perl-5.12.5/lib/site_perl/5.12.5/x86_64-linux
/opt/perl-5.12.5/lib/site_perl/5.12.5
/opt/perl-5.12.5/lib/5.12.5/x86_64-linux
/opt/perl-5.12.5/lib/5.12.5
.