SPVM-Sys v0.532 Perl 5 v5.28.1 amd64-freebsd

Status
Fail
From
Chris Williams (BINGOS)
Dist
SPVM-Sys v0.532
Platform
Perl 5 v5.28.1 amd64-freebsd
Date
2025-02-03 00:43:34
ID
e611421c-e1c7-11ef-98b0-b3c3213a625c
This distribution has been tested as part of the CPAN Testers
project, supporting the Perl programming language.  See
http://wiki.cpantesters.org/ for more information or email
questions to cpan-testers-discuss@perl.org


--

Dear Yuki Kimoto,

This is a computer-generated error report created automatically by
CPANPLUS, version 0.9914. Testers personal comments may appear
at the end of this report.


Thank you for uploading your work to CPAN.  However, it appears that
there were some problems testing your distribution.

TEST RESULTS:

Below is the error stack from stage 'make test':

PERL_DL_NONLAZY=1 "/home/cpan/pit/bare/perl-5.28.1/bin/perl" "-MExtUtils::Command::MM" "-MTest::Harness" "-e" "undef *Test::Harness::Switches; test_harness(0, 'blib/lib', 'blib/arch')" t/*.t
[Test Output]Port:43442 at t/00_Test-SPVM-Sys-Socket-Server-IP.t line 16.
t/00_Test-SPVM-Sys-Socket-Server-IP.t .... ok
t/00_Test-SPVM-Sys-Socket-Server-UNIX.t .. ok
[Test Output][stat]$VAR1 = bless( [
                 91,
                 729432,
                 33188,
                 1,
                 1002,
                 1002,
                 1504754,
                 180,
                 1738543312,
                 1668139097,
                 1738543313,
                 32768,
                 8
               ], 'File::stat' );
  at t/Sys-IO-Stat.t line 70.
[Test Output][lstat]$VAR1 = bless( [
                 91,
                 729432,
                 33188,
                 1,
                 1002,
                 1002,
                 1504754,
                 180,
                 1738543312,
                 1668139097,
                 1738543313,
                 32768,
                 8
               ], 'File::stat' );
  at t/Sys-IO-Stat.t line 135.
[Test Output][fstat]$VAR1 = [
          91,
          729432,
          33188,
          1,
          1002,
          1002,
          1504754,
          180,
          1738543312,
          1668139097,
          1738543313,
          32768,
          8
        ];
  at t/Sys-IO-Stat.t line 166.
[Test Output][fstat]$VAR1 = [
          91,
          729432,
          33188,
          1,
          1002,
          1002,
          1504754,
          180,
          1738543312,
          1668139097,
          1738543313,
          32768,
          8
        ];
  at t/Sys-IO-Stat.t line 167.
[Test Output][fstat]$VAR1 = bless( [
                 91,
                 729432,
                 33188,
                 1,
                 1002,
                 1002,
                 1504754,
                 180,
                 1738543312,
                 1668139097,
                 1738543313,
                 32768,
                 8
               ], 'File::stat' );
  at t/Sys-IO-Stat.t line 179.
t/Sys-IO-Stat.t .......................... ok

[Test Output]getcwd:/home/cpan/pit/bare/conf/perl-5.28.1/.cpanplus/5.28.1/build/IXU7rTFgqg/SPVM-Sys-0.532
  TestCase::Sys::IO->getcwd at /home/cpan/pit/bare/conf/perl-5.28.1/.cpanplus/5.28.1/build/IXU7rTFgqg/SPVM-Sys-0.532/t/lib/SPVM/TestCase/Sys/IO.spvm line 1641

[Test Output]getcwd(NULL, 0):/home/cpan/pit/bare/conf/perl-5.28.1/.cpanplus/5.28.1/build/IXU7rTFgqg/SPVM-Sys-0.532
  TestCase::Sys::IO->getcwd at /home/cpan/pit/bare/conf/perl-5.28.1/.cpanplus/5.28.1/build/IXU7rTFgqg/SPVM-Sys-0.532/t/lib/SPVM/TestCase/Sys/IO.spvm line 1651
[Test Output]realpath(undef):Expected:/home/cpan/pit/bare/conf/perl-5.28.1/.cpanplus/5.28.1/build/IXU7rTFgqg/SPVM-Sys-0.532/t/ftest/file_empty.txt,Got:/home/cpan/pit/bare/conf/perl-5.28.1/.cpanplus/5.28.1/build/IXU7rTFgqg/SPVM-Sys-0.532/t/ftest/file_empty.txt
  TestCase::Sys::IO->realpath at /home/cpan/pit/bare/conf/perl-5.28.1/.cpanplus/5.28.1/build/IXU7rTFgqg/SPVM-Sys-0.532/t/lib/SPVM/TestCase/Sys/IO.spvm line 1672
[Test Output]realpath:Expected:/home/cpan/pit/bare/conf/perl-5.28.1/.cpanplus/5.28.1/build/IXU7rTFgqg/SPVM-Sys-0.532/t/ftest/file_empty.txt,Got:/home/cpan/pit/bare/conf/perl-5.28.1/.cpanplus/5.28.1/build/IXU7rTFgqg/SPVM-Sys-0.532/t/ftest/file_empty.txt
  TestCase::Sys::IO->realpath at /home/cpan/pit/bare/conf/perl-5.28.1/.cpanplus/5.28.1/build/IXU7rTFgqg/SPVM-Sys-0.532/t/lib/SPVM/TestCase/Sys/IO.spvm line 1689
Warning
  TestCase::Sys::IO->readline at /home/cpan/pit/bare/conf/perl-5.28.1/.cpanplus/5.28.1/build/IXU7rTFgqg/SPVM-Sys-0.532/t/lib/SPVM/TestCase/Sys/IO.spvm line 2023
"\x{0A}"
  TestCase::Sys::IO->readline at /home/cpan/pit/bare/conf/perl-5.28.1/.cpanplus/5.28.1/build/IXU7rTFgqg/SPVM-Sys-0.532/t/lib/SPVM/TestCase/Sys/IO.spvm line 2072
"klm"
  TestCase::Sys::IO->readline at /home/cpan/pit/bare/conf/perl-5.28.1/.cpanplus/5.28.1/build/IXU7rTFgqg/SPVM-Sys-0.532/t/lib/SPVM/TestCase/Sys/IO.spvm line 2083
[Test Output]4
  TestCase::Sys::IO->truncate at /home/cpan/pit/bare/conf/perl-5.28.1/.cpanplus/5.28.1/build/IXU7rTFgqg/SPVM-Sys-0.532/t/lib/SPVM/TestCase/Sys/IO.spvm line 2220
[Test Output]0
  TestCase::Sys::IO->truncate at /home/cpan/pit/bare/conf/perl-5.28.1/.cpanplus/5.28.1/build/IXU7rTFgqg/SPVM-Sys-0.532/t/lib/SPVM/TestCase/Sys/IO.spvm line 2227
[Test Output]4
  TestCase::Sys::IO->ftruncate at /home/cpan/pit/bare/conf/perl-5.28.1/.cpanplus/5.28.1/build/IXU7rTFgqg/SPVM-Sys-0.532/t/lib/SPVM/TestCase/Sys/IO.spvm line 2260
[Test Output]0
  TestCase::Sys::IO->ftruncate at /home/cpan/pit/bare/conf/perl-5.28.1/.cpanplus/5.28.1/build/IXU7rTFgqg/SPVM-Sys-0.532/t/lib/SPVM/TestCase/Sys/IO.spvm line 2273

#   Failed test at t/Sys-IO.t line 183.
1
  TestCase::Sys::IO->seekdir at /home/cpan/pit/bare/conf/perl-5.28.1/.cpanplus/5.28.1/build/IXU7rTFgqg/SPVM-Sys-0.532/t/lib/SPVM/TestCase/Sys/IO.spvm line 2682

#   Failed test at t/Sys-IO.t line 188.
1
  TestCase::Sys::IO->telldir at /home/cpan/pit/bare/conf/perl-5.28.1/.cpanplus/5.28.1/build/IXU7rTFgqg/SPVM-Sys-0.532/t/lib/SPVM/TestCase/Sys/IO.spvm line 2735

#   Failed test at t/Sys-IO.t line 193.
# Looks like you failed 3 tests of 57.
t/Sys-IO.t ............................... 
Dubious, test returned 3 (wstat 768, 0x300)
Failed 3/57 subtests 
t/Sys-Ioctl.t ............................ ok
t/Sys-OS.t ............................... ok
t/Sys-Poll-PollfdArray.t ................. ok
t/Sys-Poll.t ............................. ok

[Test Output]system at -e line 1.

[Test Output]system at -e line 1.
[Test Output]sleep at t/Sys-Process.t line 150.
[Test Output]usleep at t/Sys-Process.t line 154.
t/Sys-Process.t .......................... ok
t/Sys-Select.t ........................... ok
[Test Output]SIGHUP at t/Sys-Signal.t line 51.
[Test Output]SIGINT at t/Sys-Signal.t line 51.
[Test Output]SIGQUIT at t/Sys-Signal.t line 51.
[Test Output]SIGILL at t/Sys-Signal.t line 51.
[Test Output]SIGTRAP at t/Sys-Signal.t line 51.
[Test Output]SIGABRT at t/Sys-Signal.t line 51.
[Test Output]SIGBUS at t/Sys-Signal.t line 51.
[Test Output]SIGFPE at t/Sys-Signal.t line 51.
[Test Output]SIGKILL at t/Sys-Signal.t line 51.
[Test Output]SIGUSR1 at t/Sys-Signal.t line 51.
[Test Output]SIGSEGV at t/Sys-Signal.t line 51.
[Test Output]SIGUSR2 at t/Sys-Signal.t line 51.
[Test Output]SIGPIPE at t/Sys-Signal.t line 51.
[Test Output]SIGALRM at t/Sys-Signal.t line 51.
[Test Output]SIGTERM at t/Sys-Signal.t line 51.
[Test Output]SIGCHLD at t/Sys-Signal.t line 51.
[Test Output]SIGCONT at t/Sys-Signal.t line 51.
[Test Output]SIGSTOP at t/Sys-Signal.t line 51.
[Test Output]SIGTSTP at t/Sys-Signal.t line 51.
[Test Output]SIGTTIN at t/Sys-Signal.t line 51.
[Test Output]SIGTTOU at t/Sys-Signal.t line 51.
[Test Output]SIGURG at t/Sys-Signal.t line 51.
[Test Output]SIGXCPU at t/Sys-Signal.t line 51.
[Test Output]SIGXFSZ at t/Sys-Signal.t line 51.
[Test Output]SIGVTALRM at t/Sys-Signal.t line 51.
[Test Output]SIGPROF at t/Sys-Signal.t line 51.
[Test Output]SIGWINCH at t/Sys-Signal.t line 51.
[Test Output]SIGIO at t/Sys-Signal.t line 51.
[Test Output]SIGSYS at t/Sys-Signal.t line 51.
t/Sys-Signal.t ........................... ok
t/Sys-Signal_alarm.t ..................... ok
t/Sys-Signal_ualarm.t .................... ok
t/Sys-Socket-Errno.t ..................... ok
"my" variable $start_memory_blocks_count masks earlier declaration in same scope at t/Sys-Socket-ipv6.t line 33.
t/Sys-Socket-ipv6.t ...................... ok

[Test Output]htonl:20000 -> 541982720 -> 20000
  TestCase::Sys::Socket->htonl at /home/cpan/pit/bare/conf/perl-5.28.1/.cpanplus/5.28.1/build/IXU7rTFgqg/SPVM-Sys-0.532/t/lib/SPVM/TestCase/Sys/Socket.spvm line 27

[Test Output]ntohl:541982720 -> 20000 -> 541982720
  TestCase::Sys::Socket->ntohl at /home/cpan/pit/bare/conf/perl-5.28.1/.cpanplus/5.28.1/build/IXU7rTFgqg/SPVM-Sys-0.532/t/lib/SPVM/TestCase/Sys/Socket.spvm line 46

[Test Output]htons:20000 -> 8270 -> 20000
  TestCase::Sys::Socket->htons at /home/cpan/pit/bare/conf/perl-5.28.1/.cpanplus/5.28.1/build/IXU7rTFgqg/SPVM-Sys-0.532/t/lib/SPVM/TestCase/Sys/Socket.spvm line 66

[Test Output]htons:-15536 -> 20675 -> -15536
  TestCase::Sys::Socket->htons at /home/cpan/pit/bare/conf/perl-5.28.1/.cpanplus/5.28.1/build/IXU7rTFgqg/SPVM-Sys-0.532/t/lib/SPVM/TestCase/Sys/Socket.spvm line 83

[Test Output]ntohs:8270 -> 20000 -> 8270
  TestCase::Sys::Socket->ntohs at /home/cpan/pit/bare/conf/perl-5.28.1/.cpanplus/5.28.1/build/IXU7rTFgqg/SPVM-Sys-0.532/t/lib/SPVM/TestCase/Sys/Socket.spvm line 104

[Test Output]ntohs:20675 -> -15536 -> 20675
  TestCase::Sys::Socket->ntohs at /home/cpan/pit/bare/conf/perl-5.28.1/.cpanplus/5.28.1/build/IXU7rTFgqg/SPVM-Sys-0.532/t/lib/SPVM/TestCase/Sys/Socket.spvm line 121
t/Sys-Socket.t ........................... ok
t/Sys-Time-Util.t ........................ ok
1356050176
  TestCase::Sys::Time->times at /home/cpan/pit/bare/conf/perl-5.28.1/.cpanplus/5.28.1/build/IXU7rTFgqg/SPVM-Sys-0.532/t/lib/SPVM/TestCase/Sys/Time.spvm line 198
81
  TestCase::Sys::Time->times at /home/cpan/pit/bare/conf/perl-5.28.1/.cpanplus/5.28.1/build/IXU7rTFgqg/SPVM-Sys-0.532/t/lib/SPVM/TestCase/Sys/Time.spvm line 204
11
  TestCase::Sys::Time->times at /home/cpan/pit/bare/conf/perl-5.28.1/.cpanplus/5.28.1/build/IXU7rTFgqg/SPVM-Sys-0.532/t/lib/SPVM/TestCase/Sys/Time.spvm line 210
0
  TestCase::Sys::Time->times at /home/cpan/pit/bare/conf/perl-5.28.1/.cpanplus/5.28.1/build/IXU7rTFgqg/SPVM-Sys-0.532/t/lib/SPVM/TestCase/Sys/Time.spvm line 216
0
  TestCase::Sys::Time->times at /home/cpan/pit/bare/conf/perl-5.28.1/.cpanplus/5.28.1/build/IXU7rTFgqg/SPVM-Sys-0.532/t/lib/SPVM/TestCase/Sys/Time.spvm line 222
t/Sys-Time.t ............................. ok
[Test Output]Sys::User|getgroups|[
  1002
] : int[](0x9b7a4dffc10)
  TestCase::Sys::User->getgroups at /home/cpan/pit/bare/conf/perl-5.28.1/.cpanplus/5.28.1/build/IXU7rTFgqg/SPVM-Sys-0.532/t/lib/SPVM/TestCase/Sys/User.spvm line 113
t/Sys-User.t ............................. ok
[Test Output]Sys->A:0.00114583
  TestCase::Sys->A at /home/cpan/pit/bare/conf/perl-5.28.1/.cpanplus/5.28.1/build/IXU7rTFgqg/SPVM-Sys-0.532/t/lib/SPVM/TestCase/Sys.spvm line 21
[Test Output]Sys->C:0.00113426
  TestCase::Sys->C at /home/cpan/pit/bare/conf/perl-5.28.1/.cpanplus/5.28.1/build/IXU7rTFgqg/SPVM-Sys-0.532/t/lib/SPVM/TestCase/Sys.spvm line 48
[Test Output]Sys->M:427.034
  TestCase::Sys->M at /home/cpan/pit/bare/conf/perl-5.28.1/.cpanplus/5.28.1/build/IXU7rTFgqg/SPVM-Sys-0.532/t/lib/SPVM/TestCase/Sys.spvm line 75
[Test Output]Sys->O:1
  TestCase::Sys->O at /home/cpan/pit/bare/conf/perl-5.28.1/.cpanplus/5.28.1/build/IXU7rTFgqg/SPVM-Sys-0.532/t/lib/SPVM/TestCase/Sys.spvm line 102
[Test Output]Sys->S:0
  TestCase::Sys->S at /home/cpan/pit/bare/conf/perl-5.28.1/.cpanplus/5.28.1/build/IXU7rTFgqg/SPVM-Sys-0.532/t/lib/SPVM/TestCase/Sys.spvm line 164

#   Failed test at t/Sys.t line 305.
# Looks like you failed 1 test of 138.
t/Sys.t .................................. 
Dubious, test returned 1 (wstat 256, 0x100)
Failed 1/138 subtests 
[Test Output]/tmp/nhibCYcmXi/file1 /tmp/nhibCYcmXi/file2 at t/Sys_symlink.t line 71.
t/Sys_symlink.t .......................... ok

Test Summary Report
-------------------
t/Sys-IO.t                             (Wstat: 768 (exited 3) Tests: 57 Failed: 3)
  Failed tests:  45-47
  Non-zero exit status: 3
t/Sys.t                                (Wstat: 256 (exited 1) Tests: 138 Failed: 1)
  Failed test:  132
  Non-zero exit status: 1
Files=21, Tests=552, 37 wallclock secs ( 0.27 usr  0.05 sys + 14.94 cusr  2.59 csys = 17.86 CPU)
Result: FAIL
Failed 2/21 test programs. 4/552 subtests failed.
*** Error code 255

Stop.
make: stopped in /home/cpan/pit/bare/conf/perl-5.28.1/.cpanplus/5.28.1/build/IXU7rTFgqg/SPVM-Sys-0.532


PREREQUISITES:

Here is a list of prerequisites you specified and versions we
managed to load:

	  Module Name                        Have     Want
	  ExtUtils::MakeMaker                7.70        0
	  SPVM                           0.990042 0.990042
	  SPVM::Errno                       0.093     0.06
	  SPVM::Resource::SocketUtil        1.003    1.002

Perl module toolchain versions installed:
	Module Name                        Have
	CPANPLUS                         0.9914
	CPANPLUS::Dist::Build              0.90
	Cwd                                3.75
	ExtUtils::CBuilder             0.280236
	ExtUtils::Command                  7.70
	ExtUtils::Install                  2.22
	ExtUtils::MakeMaker                7.70
	ExtUtils::Manifest                 1.75
	ExtUtils::ParseXS                  3.51
	File::Spec                         3.75
	Module::Build                    0.4234
	Pod::Parser                        1.63
	Pod::Simple                        3.35
	Test2                          1.302199
	Test::Harness                      3.48
	Test::More                     1.302199
	version                          0.9932

******************************** NOTE ********************************
The comments above are created mechanically, possibly without manual
checking by the sender.  As there are many people performing automatic
tests on each upload to CPAN, it is likely that you will receive
identical messages about the same problem.

If you believe that the message is mistaken, please reply to the first
one with correction and/or additional informations, and do not take
it personally.  We appreciate your patience. :)
**********************************************************************

Additional comments:


This report was machine-generated by CPANPLUS::Dist::YACSmoke 1.08.
Powered by minismokebox version 0.68

CPANPLUS is prefering Build.PL

------------------------------
ENVIRONMENT AND OTHER CONTEXT
------------------------------

Environment variables:

    AUTOMATED_TESTING = 1
    LANG = C.UTF-8
    NONINTERACTIVE_TESTING = 1
    PATH = /sbin:/bin:/usr/sbin:/usr/bin:/usr/local/sbin:/usr/local/bin:/home/cpan/bin
    PERL5LIB = /home/cpan/pit/jail/omE4zKNYuQ/lib/perl5:/home/cpan/pit/bare/conf/perl-5.28.1/.cpanplus/5.28.1/build/IXU7rTFgqg/SPVM-Sys-0.532/blib/lib:/home/cpan/pit/bare/conf/perl-5.28.1/.cpanplus/5.28.1/build/IXU7rTFgqg/SPVM-Sys-0.532/blib/arch
    PERL5_CPANPLUS_IS_RUNNING = 87182
    PERL5_CPANPLUS_IS_VERSION = 0.9914
    PERL5_MINISMOKEBOX = 0.68
    PERL5_YACSMOKE_BASE = /home/cpan/pit/bare/conf/perl-5.28.1
    PERL_EXTUTILS_AUTOINSTALL = --defaultdeps
    PERL_LOCAL_LIB_ROOT = /home/cpan/pit/jail/omE4zKNYuQ
    PERL_MB_OPT = --install_base "/home/cpan/pit/jail/omE4zKNYuQ"
    PERL_MM_OPT = INSTALL_BASE=/home/cpan/pit/jail/omE4zKNYuQ
    PERL_MM_USE_DEFAULT = 1
    PERL_USE_UNSAFE_INC = 1
    SHELL = /usr/local/bin/bash
    TERM = screen

Perl special variables (and OS-specific diagnostics, for MSWin32):

    Perl: $^X = /home/cpan/pit/bare/perl-5.28.1/bin/perl
    UID:  $<  = 1002
    EUID: $>  = 1002
    GID:  $(  = 1002 1002
    EGID: $)  = 1002 1002


-------------------------------


--

Summary of my perl5 (revision 5 version 28 subversion 1) configuration:
   
  Platform:
    osname=freebsd
    osvers=14.1-release
    archname=amd64-freebsd
    uname='freebsd flitter 14.1-release freebsd 14.1-release releng14.1-n267679-10e31f0946d8 generic amd64 '
    config_args='-des -Dprefix=/home/cpan/pit/bare/perl-5.28.1'
    hint=recommended
    useposix=true
    d_sigaction=define
    useithreads=undef
    usemultiplicity=undef
    use64bitint=define
    use64bitall=define
    uselongdouble=undef
    usemymalloc=n
    default_inc_excludes_dot=define
    bincompat5005=undef
  Compiler:
    cc='cc'
    ccflags ='-DHAS_FPSETMASK -DHAS_FLOATINGPOINT_H -DNO_POSIX_2008_LOCALE -fno-strict-aliasing -pipe -fstack-protector-strong -I/usr/local/include'
    optimize='-O2'
    cppflags='-DHAS_FPSETMASK -DHAS_FLOATINGPOINT_H -DNO_POSIX_2008_LOCALE -fno-strict-aliasing -pipe -fstack-protector-strong -I/usr/local/include'
    ccversion=''
    gccversion='FreeBSD Clang 18.1.5 (https://github.com/llvm/llvm-project.git llvmorg-18.1.5-0-g617a15a9eac9)'
    gccosandvers=''
    intsize=4
    longsize=8
    ptrsize=8
    doublesize=8
    byteorder=12345678
    doublekind=3
    d_longlong=define
    longlongsize=8
    d_longdbl=define
    longdblsize=16
    longdblkind=3
    ivtype='long'
    ivsize=8
    nvtype='double'
    nvsize=8
    Off_t='off_t'
    lseeksize=8
    alignbytes=8
    prototype=define
  Linker and Libraries:
    ld='cc'
    ldflags ='-Wl,-E  -fstack-protector-strong -L/usr/local/lib'
    libpth=/usr/lib /usr/local/lib /usr/lib/clang/18/lib /usr/lib
    libs=-lpthread -lgdbm -ldl -lm -lcrypt -lutil -lc
    perllibs=-lpthread -ldl -lm -lcrypt -lutil -lc
    libc=
    so=so
    useshrplib=false
    libperl=libperl.a
    gnulibc_version=''
  Dynamic Linking:
    dlsrc=dl_dlopen.xs
    dlext=so
    d_dlsymun=undef
    ccdlflags=' '
    cccdlflags='-DPIC -fPIC'
    lddlflags='-shared  -L/usr/local/lib -fstack-protector-strong'


Characteristics of this binary (from libperl): 
  Compile-time options:
    HAS_TIMES
    PERLIO_LAYERS
    PERL_COPY_ON_WRITE
    PERL_DONT_CREATE_GVSV
    PERL_MALLOC_WRAP
    PERL_OP_PARENT
    PERL_PRESERVE_IVUV
    USE_64_BIT_ALL
    USE_64_BIT_INT
    USE_LARGE_FILES
    USE_LOCALE
    USE_LOCALE_COLLATE
    USE_LOCALE_CTYPE
    USE_LOCALE_NUMERIC
    USE_LOCALE_TIME
    USE_PERLIO
    USE_PERL_ATOF
  Locally applied patches:
    Devel::PatchPerl 2.09
  Built under freebsd
  Compiled at Jun 15 2024 03:10:08
  %ENV:
    PERL5LIB="/home/cpan/pit/jail/omE4zKNYuQ/lib/perl5:/home/cpan/pit/bare/conf/perl-5.28.1/.cpanplus/5.28.1/build/IXU7rTFgqg/SPVM-Sys-0.532/blib/lib:/home/cpan/pit/bare/conf/perl-5.28.1/.cpanplus/5.28.1/build/IXU7rTFgqg/SPVM-Sys-0.532/blib/arch"
    PERL5_CPANPLUS_IS_RUNNING="87182"
    PERL5_CPANPLUS_IS_VERSION="0.9914"
    PERL5_MINISMOKEBOX="0.68"
    PERL5_YACSMOKE_BASE="/home/cpan/pit/bare/conf/perl-5.28.1"
    PERL_EXTUTILS_AUTOINSTALL="--defaultdeps"
    PERL_LOCAL_LIB_ROOT="/home/cpan/pit/jail/omE4zKNYuQ"
    PERL_MB_OPT="--install_base "/home/cpan/pit/jail/omE4zKNYuQ""
    PERL_MM_OPT="INSTALL_BASE=/home/cpan/pit/jail/omE4zKNYuQ"
    PERL_MM_USE_DEFAULT="1"
    PERL_USE_UNSAFE_INC="1"
  @INC:
    /home/cpan/pit/jail/omE4zKNYuQ/lib/perl5/5.28.1/amd64-freebsd
    /home/cpan/pit/jail/omE4zKNYuQ/lib/perl5/5.28.1
    /home/cpan/pit/jail/omE4zKNYuQ/lib/perl5/amd64-freebsd
    /home/cpan/pit/jail/omE4zKNYuQ/lib/perl5
    /home/cpan/pit/bare/conf/perl-5.28.1/.cpanplus/5.28.1/build/IXU7rTFgqg/SPVM-Sys-0.532/blib/lib
    /home/cpan/pit/bare/conf/perl-5.28.1/.cpanplus/5.28.1/build/IXU7rTFgqg/SPVM-Sys-0.532/blib/arch
    /home/cpan/pit/bare/perl-5.28.1/lib/site_perl/5.28.1/amd64-freebsd
    /home/cpan/pit/bare/perl-5.28.1/lib/site_perl/5.28.1
    /home/cpan/pit/bare/perl-5.28.1/lib/5.28.1/amd64-freebsd
    /home/cpan/pit/bare/perl-5.28.1/lib/5.28.1
    .