Back
From: metabase:user:dc1c8589-6bf4-1014-abca-562cf06b08ef
Subject: FAIL Class-PObject-2.17 v5.12.3
Date: 2011-11-29T12:42:17Z
This distribution has been tested as part of the CPAN Testers
project, supporting the Perl programming language. See
http://wiki.cpantesters.org/ for more information or email
questions to cpan-testers-discuss@perl.org
--
Dear Sherzod Ruzmetov,
This is a computer-generated report for Class-PObject-2.17
on perl 5.12.3, created by CPAN-Reporter-1.2002.
Thank you for uploading your work to CPAN. However, there was a problem
testing your distribution.
If you think this report is invalid, please consult the CPAN Testers Wiki
for suggestions on how to avoid getting FAIL reports for missing library
or binary dependencies, unsupported operating systems, and so on:
http://wiki.cpantesters.org/wiki/CPANAuthorNotes
Sections of this report:
* Tester comments
* Program output
* Prerequisites
* Environment and other context
------------------------------
TESTER COMMENTS
------------------------------
Additional comments from tester:
none provided
------------------------------
PROGRAM OUTPUT
------------------------------
Output from 'C:\strawberry-perl-5.12.3.0-portable\c\bin\dmake.exe test':
C:\strawberry-perl-5.12.3.0-portable\perl\bin\perl.exe "-MExtUtils::Command::MM" "-e" "test_harness(0, 'blib\lib', 'blib\arch')" t/*.t
t/01basic_file.t ..... ok
DBD::CSV::db do failed:
Execution ERROR: Cannot create table po_author: Already exists at C:/strawberry-perl-5.12.3.0-portable/perl/site/lib/DBD/File.pm line 730
called from C:\strawberry-perl-5.12.3.0-portable\cpan\build\Class-PObject-2.17-yUMl6_\blib\lib/Class/PObject/Driver/csv.pm at 124.
at C:/strawberry-perl-5.12.3.0-portable/perl/site/lib/DBI/DBD/SqlEngine.pm line 795
[for Statement "
CREATE TABLE po_author (
id INTEGER PRIMARY KEY ,
name VARCHAR(40) ,
url VARCHAR(255) ,
email VARCHAR(255)
)"] at C:\strawberry-perl-5.12.3.0-portable\cpan\build\Class-PObject-2.17-yUMl6_\blib\lib/Class/PObject/Driver/csv.pm line 124.
DBD::CSV::db do failed:
Execution ERROR: Cannot create table po_author: Already exists at C:/strawberry-perl-5.12.3.0-portable/perl/site/lib/DBD/File.pm line 730
called from C:\strawberry-perl-5.12.3.0-portable\cpan\build\Class-PObject-2.17-yUMl6_\blib\lib/Class/PObject/Driver/csv.pm at 124.
at C:/strawberry-perl-5.12.3.0-portable/perl/site/lib/DBI/DBD/SqlEngine.pm line 795
[for Statement "
CREATE TABLE po_author (
id INTEGER PRIMARY KEY ,
name VARCHAR(40) ,
url VARCHAR(255) ,
email VARCHAR(255)
)"] at C:\strawberry-perl-5.12.3.0-portable\cpan\build\Class-PObject-2.17-yUMl6_\blib\lib/Class/PObject/Driver/csv.pm line 124.
# Looks like you planned 204 tests but ran 43.
# Looks like your test exited with 255 just after 43.
t/06basic_csv.t ......
Dubious, test returned 255 (wstat 65280, 0xff00)
Failed 161/204 subtests
t/11basic_mysql.t .... skipped: Read INSTALL for details on running mysql-related tests
t/16basic_db_file.t .. ok
# Failed test at C:\strawberry-perl-5.12.3.0-portable\cpan\build\Class-PObject-2.17-yUMl6_\blib\lib/Class/PObject/Test/Basic.pm line 195.
# Failed test at C:\strawberry-perl-5.12.3.0-portable\cpan\build\Class-PObject-2.17-yUMl6_\blib\lib/Class/PObject/Test/Basic.pm line 198.
# Failed test at C:\strawberry-perl-5.12.3.0-portable\cpan\build\Class-PObject-2.17-yUMl6_\blib\lib/Class/PObject/Test/Basic.pm line 231.
Can't call method "title" on an undefined value at C:\strawberry-perl-5.12.3.0-portable\cpan\build\Class-PObject-2.17-yUMl6_\blib\lib/Class/PObject/Test/Basic.pm line 233.
# Looks like you planned 204 tests but ran 51.
# Looks like you failed 3 tests of 51 run.
# Looks like your test exited with 255 just after 51.
t/21basic_sqlite.t ...
Dubious, test returned 255 (wstat 65280, 0xff00)
Failed 156/204 subtests
t/61types_file.t ..... ok
DBD::CSV::db do failed:
Execution ERROR: Cannot create table user: Already exists at C:/strawberry-perl-5.12.3.0-portable/perl/site/lib/DBD/File.pm line 730
called from C:\strawberry-perl-5.12.3.0-portable\cpan\build\Class-PObject-2.17-yUMl6_\blib\lib/Class/PObject/Driver/csv.pm at 124.
at C:/strawberry-perl-5.12.3.0-portable/perl/site/lib/DBI/DBD/SqlEngine.pm line 795
[for Statement "
CREATE TABLE user (
id INTEGER PRIMARY KEY ,
name VARCHAR(40) ,
login CHAR(18) ,
psswd CHAR(18) ,
activation_key CHAR(32)
)"] at C:\strawberry-perl-5.12.3.0-portable\cpan\build\Class-PObject-2.17-yUMl6_\blib\lib/Class/PObject/Driver/csv.pm line 124.
DBD::CSV::db do failed:
Execution ERROR: Cannot create table user: Already exists at C:/strawberry-perl-5.12.3.0-portable/perl/site/lib/DBD/File.pm line 730
called from C:\strawberry-perl-5.12.3.0-portable\cpan\build\Class-PObject-2.17-yUMl6_\blib\lib/Class/PObject/Driver/csv.pm at 124.
at C:/strawberry-perl-5.12.3.0-portable/perl/site/lib/DBI/DBD/SqlEngine.pm line 795
[for Statement "
CREATE TABLE user (
id INTEGER PRIMARY KEY ,
name VARCHAR(40) ,
login CHAR(18) ,
psswd CHAR(18) ,
activation_key CHAR(32)
)"] at C:\strawberry-perl-5.12.3.0-portable\cpan\build\Class-PObject-2.17-yUMl6_\blib\lib/Class/PObject/Driver/csv.pm line 124.
# Looks like you planned 46 tests but ran 19.
# Looks like your test exited with 255 just after 19.
t/62types_csv.t ......
Dubious, test returned 255 (wstat 65280, 0xff00)
Failed 27/46 subtests
t/63types_db_file.t .. ok
t/64types_mysql.t .... skipped: Read INSTALL for details on running mysql-related tests
# Failed test at C:\strawberry-perl-5.12.3.0-portable\cpan\build\Class-PObject-2.17-yUMl6_\blib\lib/Class/PObject/Test/Types.pm line 105.
Can't call method "name" on an undefined value at C:\strawberry-perl-5.12.3.0-portable\cpan\build\Class-PObject-2.17-yUMl6_\blib\lib/Class/PObject/Test/Types.pm line 113.
# Looks like you planned 46 tests but ran 21.
# Looks like you failed 1 test of 21 run.
# Looks like your test exited with 2 just after 21.
t/65types_sqlite.t ...
Dubious, test returned 2 (wstat 512, 0x200)
Failed 26/46 subtests
Use of uninitialized value in concatenation (.) or string at C:\strawberry-perl-5.12.3.0-portable\cpan\build\Class-PObject-2.17-yUMl6_\blib\lib/Class/PObject/Test/HAS_A.pm line 81.
t/70hasa_file.t ...... ok
DBD::CSV::db do failed:
Execution ERROR: Cannot create table po_author: Already exists at C:/strawberry-perl-5.12.3.0-portable/perl/site/lib/DBD/File.pm line 730
called from C:\strawberry-perl-5.12.3.0-portable\cpan\build\Class-PObject-2.17-yUMl6_\blib\lib/Class/PObject/Driver/csv.pm at 124.
at C:/strawberry-perl-5.12.3.0-portable/perl/site/lib/DBI/DBD/SqlEngine.pm line 795
[for Statement "
CREATE TABLE po_author (
id INTEGER PRIMARY KEY ,
name VARCHAR(255)
)"] at C:\strawberry-perl-5.12.3.0-portable\cpan\build\Class-PObject-2.17-yUMl6_\blib\lib/Class/PObject/Driver/csv.pm line 124.
DBD::CSV::db do failed:
Execution ERROR: Cannot create table po_author: Already exists at C:/strawberry-perl-5.12.3.0-portable/perl/site/lib/DBD/File.pm line 730
called from C:\strawberry-perl-5.12.3.0-portable\cpan\build\Class-PObject-2.17-yUMl6_\blib\lib/Class/PObject/Driver/csv.pm at 124.
at C:/strawberry-perl-5.12.3.0-portable/perl/site/lib/DBI/DBD/SqlEngine.pm line 795
[for Statement "
CREATE TABLE po_author (
id INTEGER PRIMARY KEY ,
name VARCHAR(255)
)"] at C:\strawberry-perl-5.12.3.0-portable\cpan\build\Class-PObject-2.17-yUMl6_\blib\lib/Class/PObject/Driver/csv.pm line 124.
# Looks like you planned 37 tests but ran 7.
# Looks like your test exited with 255 just after 7.
t/71hasa_csv.t .......
Dubious, test returned 255 (wstat 65280, 0xff00)
Failed 30/37 subtests
t/72hasa_mysql.t ..... skipped: Read INSTALL for details on running mysql-related tests
Use of uninitialized value in concatenation (.) or string at C:\strawberry-perl-5.12.3.0-portable\cpan\build\Class-PObject-2.17-yUMl6_\blib\lib/Class/PObject/Test/HAS_A.pm line 81.
t/73hasa_db_file.t ... ok
Use of uninitialized value in concatenation (.) or string at C:\strawberry-perl-5.12.3.0-portable\cpan\build\Class-PObject-2.17-yUMl6_\blib\lib/Class/PObject/Test/HAS_A.pm line 81.
Use of uninitialized value in string eq at C:\strawberry-perl-5.12.3.0-portable\cpan\build\Class-PObject-2.17-yUMl6_\blib\lib/Class/PObject/Test/HAS_A.pm line 99.
# Failed test at C:\strawberry-perl-5.12.3.0-portable\cpan\build\Class-PObject-2.17-yUMl6_\blib\lib/Class/PObject/Test/HAS_A.pm line 99.
# Failed test at C:\strawberry-perl-5.12.3.0-portable\cpan\build\Class-PObject-2.17-yUMl6_\blib\lib/Class/PObject/Test/HAS_A.pm line 108.
Can't call method "author" on an undefined value at C:\strawberry-perl-5.12.3.0-portable\cpan\build\Class-PObject-2.17-yUMl6_\blib\lib/Class/PObject/Test/HAS_A.pm line 112.
# Looks like you planned 37 tests but ran 15.
# Looks like you failed 2 tests of 15 run.
# Looks like your test exited with 2 just after 15.
t/74hasa_sqlite.t ....
Dubious, test returned 2 (wstat 512, 0x200)
Failed 24/37 subtests
Test Summary Report
-------------------
t/06basic_csv.t (Wstat: 65280 Tests: 43 Failed: 0)
Non-zero exit status: 255
Parse errors: Bad plan. You planned 204 tests but ran 43.
t/21basic_sqlite.t (Wstat: 65280 Tests: 51 Failed: 3)
Failed tests: 45-46, 51
Non-zero exit status: 255
Parse errors: Bad plan. You planned 204 tests but ran 51.
t/62types_csv.t (Wstat: 65280 Tests: 19 Failed: 0)
Non-zero exit status: 255
Parse errors: Bad plan. You planned 46 tests but ran 19.
t/65types_sqlite.t (Wstat: 512 Tests: 21 Failed: 1)
Failed test: 21
Non-zero exit status: 2
Parse errors: Bad plan. You planned 46 tests but ran 21.
t/71hasa_csv.t (Wstat: 65280 Tests: 7 Failed: 0)
Non-zero exit status: 255
Parse errors: Bad plan. You planned 37 tests but ran 7.
t/74hasa_sqlite.t (Wstat: 512 Tests: 15 Failed: 2)
Failed tests: 12, 15
Non-zero exit status: 2
Parse errors: Bad plan. You planned 37 tests but ran 15.
Files=15, Tests=730, 8 wallclock secs ( 0.34 usr + 0.03 sys = 0.37 CPU)
Result: FAIL
Failed 6/15 test programs. 6/730 subtests failed.
dmake.exe: Error code 130, while making 'test_dynamic'
------------------------------
PREREQUISITES
------------------------------
Prerequisite modules loaded:
requires:
Module Need Have
------------------- ---- -------
File::Basename 0 2.78
File::Path 0 2.08_01
File::Spec 0 3.33
IO::Dir 0 1.07
Log::Agent 0 0.307
Storable 0 2.30
Test::More 0 0.98
build_requires:
Module Need Have
------------------- ---- -------
ExtUtils::MakeMaker 0 6.62
------------------------------
ENVIRONMENT AND OTHER CONTEXT
------------------------------
Environment variables:
COMSPEC = C:\Windows\system32\cmd.exe
NUMBER_OF_PROCESSORS = 4
PATH = C:\strawberry-perl-5.12.3.0-portable\perl\site\bin;C:\strawberry-perl-5.12.3.0-portable\perl\bin;C:\strawberry-perl-5.12.3.0-portable\c\bin;C:\Program Files\Broadcom\Broadcom 802.11 Network Adapter\Driver;;C:\Windows\system32;C:\Windows;C:\Windows\System32\Wbem;C:\Windows\System32\WindowsPowerShell\v1.0\;C:\Program Files (x86)\Lenovo\Access Connections\;C:\Program Files\ThinkPad\Bluetooth Software\;C:\Program Files\ThinkPad\Bluetooth Software\syswow64;C:\Program Files\Broadcom\WHL\;C:\Program Files\Broadcom\WHL\syswow64;C:\Program Files\Broadcom\WHL\SysWow64\;C:\Program Files\Broadcom\WHL\SysWow64\syswow64;
PERL5LIB =
PERL5OPT =
PERL5_CPANPLUS_IS_RUNNING = 22568
PERL5_CPAN_IS_RUNNING = 22568
PROCESSOR_IDENTIFIER = Intel64 Family 6 Model 42 Stepping 7, GenuineIntel
TEMP = C:\Users\kang\AppData\Local\Temp
TERM = dumb
Perl special variables (and OS-specific diagnostics, for MSWin32):
$^X = C:\strawberry-perl-5.12.3.0-portable\perl\bin\perl.exe
$UID/$EUID = 0 / 0
$GID = 0
$EGID = 0
Win32::GetOSName = Win7
Win32::GetOSVersion = Service Pack 1, 6, 1, 7601, 2, 1, 0, 256, 1
Win32::FsType = NTFS
Win32::IsAdminUser = 0
Perl module toolchain versions installed:
Module Have
------------------- --------
CPAN 1.9800
CPAN::Meta 2.112621
Cwd 3.33
ExtUtils::CBuilder 0.280202
ExtUtils::Command 1.17
ExtUtils::Install 1.55
ExtUtils::MakeMaker 6.62
ExtUtils::Manifest 1.60
ExtUtils::ParseXS 3.05
File::Spec 3.33
JSON 2.53
JSON::PP 2.27200
Module::Build 0.3800
Module::Signature 0.68
Parse::CPAN::Meta 1.4401
Test::Harness 3.23
Test::More 0.98
YAML 0.77
YAML::Syck 1.19
version 0.95
--
Summary of my perl5 (revision 5 version 12 subversion 3) configuration:
Platform:
osname=MSWin32, osvers=5.1, archname=MSWin32-x86-multi-thread
uname='Win32 strawberryperl 5.12.3.0 #1 Sun May 15 09:44:53 2011 i386'
config_args='undef'
hint=recommended, useposix=true, d_sigaction=undef
useithreads=define, usemultiplicity=define
useperlio=define, d_sfio=undef, uselargefiles=define, usesocks=undef
use64bitint=undef, use64bitall=undef, uselongdouble=undef
usemymalloc=n, bincompat5005=undef
Compiler:
cc='gcc', ccflags =' -s -O2 -DWIN32 -DHAVE_DES_FCRYPT -DUSE_SITECUSTOMIZE -DPERL_IMPLICIT_CONTEXT -DPERL_IMPLICIT_SYS -fno-strict-aliasing -mms-bitfields -DPERL_MSVCRT_READFIX',
optimize='-s -O2',
cppflags='-DWIN32'
ccversion='', gccversion='4.4.3', gccosandvers=''
intsize=4, longsize=4, ptrsize=4, doublesize=8, byteorder=1234
d_longlong=undef, longlongsize=8, d_longdbl=define, longdblsize=12
ivtype='long', ivsize=4, nvtype='double', nvsize=8, Off_t='long long', lseeksize=8
alignbytes=8, prototype=define
Linker and Libraries:
ld='g++.exe', ldflags ='-s -L"C:\strawberry-perl-5.12.3.0-portable\perl\lib\CORE" -L"C:\strawberry-perl-5.12.3.0-portable\c\lib"'
libpth=C:\strawberry-perl-5.12.3.0-portable\c\lib C:\strawberry-perl-5.12.3.0-portable\c\i686-w64-mingw32\lib
libs=-lmoldname -lkernel32 -luser32 -lgdi32 -lwinspool -lcomdlg32 -ladvapi32 -lshell32 -lole32 -loleaut32 -lnetapi32 -luuid -lws2_32 -lmpr -lwinmm -lversion -lodbc32 -lodbccp32 -lcomctl32
perllibs=-lmoldname -lkernel32 -luser32 -lgdi32 -lwinspool -lcomdlg32 -ladvapi32 -lshell32 -lole32 -loleaut32 -lnetapi32 -luuid -lws2_32 -lmpr -lwinmm -lversion -lodbc32 -lodbccp32 -lcomctl32
libc=, so=dll, useshrplib=true, libperl=libperl512.a
gnulibc_version=''
Dynamic Linking:
dlsrc=dl_win32.xs, dlext=dll, d_dlsymun=undef, ccdlflags=' '
cccdlflags=' ', lddlflags='-mdll -s -L"C:\strawberry-perl-5.12.3.0-portable\perl\lib\CORE" -L"C:\strawberry-perl-5.12.3.0-portable\c\lib"'
Characteristics of this binary (from libperl):
Compile-time options: MULTIPLICITY PERL_DONT_CREATE_GVSV
PERL_IMPLICIT_CONTEXT PERL_IMPLICIT_SYS
PERL_MALLOC_WRAP PL_OP_SLAB_ALLOC USE_ITHREADS
USE_LARGE_FILES USE_PERLIO USE_PERL_ATOF
USE_SITECUSTOMIZE
Built under MSWin32
Compiled at May 15 2011 14:40:22
%ENV:
PERL5_CPANPLUS_IS_RUNNING="22568"
PERL5_CPAN_IS_RUNNING="22568"
@INC:
C:/strawberry-perl-5.12.3.0-portable/perl/site/lib
C:/strawberry-perl-5.12.3.0-portable/perl/vendor/lib
C:/strawberry-perl-5.12.3.0-portable/perl/lib
.