Report for Data-Pipeline-0.01

Back
From: metabase:user:9820532a-708b-1014-9a05-b18a96298da1
Subject: FAIL Data-Pipeline-0.01 v5.10.1 GNU/Linux
Date: 2010-10-03T16:47:23Z

This distribution has been tested as part of the CPAN Testers
project, supporting the Perl programming language.  See
http://wiki.cpantesters.org/ for more information or email
questions to cpan-testers-discuss@perl.org


--
Dear James G Smith,

This is a computer-generated report for Data-Pipeline-0.01
on perl 5.10.1, created by CPAN-Reporter-1.1801.

Thank you for uploading your work to CPAN.  However, there was a problem
testing your distribution.

If you think this report is invalid, please consult the CPAN Testers Wiki
for suggestions on how to avoid getting FAIL reports for missing library
or binary dependencies, unsupported operating systems, and so on:

http://wiki.cpantesters.org/wiki/CPANAuthorNotes

Sections of this report:

    * Tester comments
    * Program output
    * Prerequisites
    * Environment and other context

------------------------------
TESTER COMMENTS
------------------------------

Additional comments from tester:

this report is from an automated smoke testing program
and was not reviewed by a human for accuracy

------------------------------
PROGRAM OUTPUT
------------------------------

Output from '/usr/bin/make test':

PERL_DL_NONLAZY=1 /home/test/perl/bin/perl5.10.1 "-MExtUtils::Command::MM" "-e" "test_harness(0, 'inc', 'blib/lib', 'blib/arch')" t/*.t
Calling Moose::init_meta as a function is deprecated at /home/test/perl/lib/site_perl/5.10.1/x86_64-linux-thread-multi-ld/Moose.pm line 137
	Moose::init_meta('Data::Pipeline::Iterator::Output', 'Data::Pipeline::Machine') called at /home/test/.cpan/build/Data-Pipeline-0.01-m0OVES/blib/lib/Data/Pipeline/Machine.pm line 127
	Data::Pipeline::Machine::import('Data::Pipeline::Machine') called at /home/test/.cpan/build/Data-Pipeline-0.01-m0OVES/blib/lib/Data/Pipeline/Iterator/Output.pm line 6
	Data::Pipeline::Iterator::Output::BEGIN() called at /home/test/.cpan/build/Data-Pipeline-0.01-m0OVES/blib/lib/Data/Pipeline/Iterator/Output.pm line 6
	eval {...} called at /home/test/.cpan/build/Data-Pipeline-0.01-m0OVES/blib/lib/Data/Pipeline/Iterator/Output.pm line 6
	require Data/Pipeline/Iterator/Output.pm called at /home/test/.cpan/build/Data-Pipeline-0.01-m0OVES/blib/lib/Data/Pipeline/Adapter.pm line 10
	Data::Pipeline::Adapter::BEGIN() called at /home/test/.cpan/build/Data-Pipeline-0.01-m0OVES/blib/lib/Data/Pipeline/Iterator/Output.pm line 6
	eval {...} called at /home/test/.cpan/build/Data-Pipeline-0.01-m0OVES/blib/lib/Data/Pipeline/Iterator/Output.pm line 6
	require Data/Pipeline/Adapter.pm called at (eval 229) line 2
	main::BEGIN() called at /home/test/.cpan/build/Data-Pipeline-0.01-m0OVES/blib/lib/Data/Pipeline/Iterator/Output.pm line 6
	eval {...} called at /home/test/.cpan/build/Data-Pipeline-0.01-m0OVES/blib/lib/Data/Pipeline/Iterator/Output.pm line 6
	eval 'package main;
use Data::Pipeline::Adapter @{$args[0]};
1;

;' called at /home/test/perl/lib/5.10.1/Test/More.pm line 805
	Test::More::_eval('package main;\x{a}use Data::Pipeline::Adapter @{$args[0]};\x{a}1;\x{a}', 'ARRAY(0xf4cef8)') called at /home/test/perl/lib/5.10.1/Test/More.pm line 780
	Test::More::use_ok('Data::Pipeline::Adapter') called at t/00-compile.t line 16
	main::BEGIN() called at /home/test/.cpan/build/Data-Pipeline-0.01-m0OVES/blib/lib/Data/Pipeline/Iterator/Output.pm line 6
	eval {...} called at /home/test/.cpan/build/Data-Pipeline-0.01-m0OVES/blib/lib/Data/Pipeline/Iterator/Output.pm line 6
You are overwriting a locally defined function (pipeline) with an accessor at /home/test/perl/lib/site_perl/5.10.1/x86_64-linux-thread-multi-ld/Moose/Meta/Attribute.pm line 563
	Moose::Meta::Attribute::_process_accessors('Moose::Meta::Attribute=HASH(0x2057468)', 'accessor', 'pipeline', undef) called at /home/test/perl/lib/site_perl/5.10.1/x86_64-linux-thread-multi-ld/Class/MOP/Attribute.pm line 356
	Class::MOP::Attribute::install_accessors('Moose::Meta::Attribute=HASH(0x2057468)') called at /home/test/perl/lib/site_perl/5.10.1/x86_64-linux-thread-multi-ld/Moose/Meta/Attribute.pm line 529
	Moose::Meta::Attribute::install_accessors('Moose::Meta::Attribute=HASH(0x2057468)') called at /home/test/perl/lib/site_perl/5.10.1/x86_64-linux-thread-multi-ld/Class/MOP/Class.pm line 719
	Class::MOP::Class::__ANON__() called at /home/test/perl/lib/site_perl/5.10.1/Try/Tiny.pm line 76
	eval {...} called at /home/test/perl/lib/site_perl/5.10.1/Try/Tiny.pm line 67
	Try::Tiny::try('CODE(0x2056fe8)', 'Try::Tiny::Catch=REF(0x20460c8)') called at /home/test/perl/lib/site_perl/5.10.1/x86_64-linux-thread-multi-ld/Class/MOP/Class.pm line 724
	Class::MOP::Class::_post_add_attribute('Moose::Meta::Class=HASH(0x2036ea0)', 'Moose::Meta::Attribute=HASH(0x2057468)') called at /home/test/perl/lib/site_perl/5.10.1/x86_64-linux-thread-multi-ld/Class/MOP/Mixin/HasAttributes.pm line 45
	Class::MOP::Mixin::HasAttributes::add_attribute('Moose::Meta::Class=HASH(0x2036ea0)', 'Moose::Meta::Attribute=HASH(0x2057468)') called at /home/test/perl/lib/site_perl/5.10.1/x86_64-linux-thread-multi-ld/Moose/Meta/Class.pm line 291
	Moose::Meta::Class::add_attribute('Moose::Meta::Class=HASH(0x2036ea0)', 'pipeline', 'required', 1, 'isa', 'Object', 'definition_context', 'HASH(0x201d808)', 'is', ...) called at /home/test/perl/lib/site_perl/5.10.1/x86_64-linux-thread-multi-ld/Moose.pm line 70
	Moose::has('Moose::Meta::Class=HASH(0x2036ea0)', 'pipeline', 'isa', 'Object', 'is', 'rw', 'required', 1) called at /home/test/perl/lib/site_perl/5.10.1/x86_64-linux-thread-multi-ld/Moose/Exporter.pm line 294
	Moose::has('pipeline', 'isa', 'Object', 'is', 'rw', 'required', 1) called at /home/test/.cpan/build/Data-Pipeline-0.01-m0OVES/blib/lib/Data/Pipeline/Action/ForEach.pm line 11
	require Data/Pipeline/Action/ForEach.pm called at (eval 303) line 2
	main::BEGIN() called at /home/test/.cpan/build/Data-Pipeline-0.01-m0OVES/blib/lib/Data/Pipeline/Action/ForEach.pm line 0
	eval {...} called at /home/test/.cpan/build/Data-Pipeline-0.01-m0OVES/blib/lib/Data/Pipeline/Action/ForEach.pm line 0
	eval 'package main;
use Data::Pipeline::Action::ForEach @{$args[0]};
1;

;' called at /home/test/perl/lib/5.10.1/Test/More.pm line 805
	Test::More::_eval('package main;\x{a}use Data::Pipeline::Action::ForEach @{$args[0]}...', 'ARRAY(0xf4cef8)') called at /home/test/perl/lib/5.10.1/Test/More.pm line 780
	Test::More::use_ok('Data::Pipeline::Action::ForEach') called at t/00-compile.t line 33
	main::BEGIN() called at /home/test/.cpan/build/Data-Pipeline-0.01-m0OVES/blib/lib/Data/Pipeline/Action/ForEach.pm line 0
	eval {...} called at /home/test/.cpan/build/Data-Pipeline-0.01-m0OVES/blib/lib/Data/Pipeline/Action/ForEach.pm line 0
t/00-compile.t ......... ok
t/01-iteratorsource.t .. ok
t/02-iterator.t ........ ok
Calling Moose::init_meta as a function is deprecated at /home/test/perl/lib/site_perl/5.10.1/x86_64-linux-thread-multi-ld/Moose.pm line 137
	Moose::init_meta('Data::Pipeline::Iterator::Output', 'Data::Pipeline::Machine') called at /home/test/.cpan/build/Data-Pipeline-0.01-m0OVES/blib/lib/Data/Pipeline/Machine.pm line 127
	Data::Pipeline::Machine::import('Data::Pipeline::Machine') called at /home/test/.cpan/build/Data-Pipeline-0.01-m0OVES/blib/lib/Data/Pipeline/Iterator/Output.pm line 6
	Data::Pipeline::Iterator::Output::BEGIN() called at /home/test/.cpan/build/Data-Pipeline-0.01-m0OVES/blib/lib/Data/Pipeline/Iterator/Output.pm line 6
	eval {...} called at /home/test/.cpan/build/Data-Pipeline-0.01-m0OVES/blib/lib/Data/Pipeline/Iterator/Output.pm line 6
	require Data/Pipeline/Iterator/Output.pm called at /home/test/.cpan/build/Data-Pipeline-0.01-m0OVES/blib/lib/Data/Pipeline/Adapter.pm line 10
	Data::Pipeline::Adapter::BEGIN() called at /home/test/.cpan/build/Data-Pipeline-0.01-m0OVES/blib/lib/Data/Pipeline/Iterator/Output.pm line 6
	eval {...} called at /home/test/.cpan/build/Data-Pipeline-0.01-m0OVES/blib/lib/Data/Pipeline/Iterator/Output.pm line 6
	require Data/Pipeline/Adapter.pm called at /home/test/perl/lib/site_perl/5.10.1/x86_64-linux-thread-multi-ld/Class/MOP.pm line 113
	Class::MOP::__ANON__() called at /home/test/perl/lib/site_perl/5.10.1/Try/Tiny.pm line 71
	eval {...} called at /home/test/perl/lib/site_perl/5.10.1/Try/Tiny.pm line 67
	Try::Tiny::try('CODE(0x189ea78)', 'Try::Tiny::Catch=REF(0x2261898)') called at /home/test/perl/lib/site_perl/5.10.1/x86_64-linux-thread-multi-ld/Class/MOP.pm line 124
	Class::MOP::load_first_existing_class('Data::Pipeline::Adapter') called at /home/test/perl/lib/site_perl/5.10.1/x86_64-linux-thread-multi-ld/Class/MOP.pm line 136
	Class::MOP::load_class('Data::Pipeline::Adapter', undef) called at /home/test/perl/lib/site_perl/5.10.1/x86_64-linux-thread-multi-ld/Moose/Meta/Class.pm line 275
	Moose::Meta::Class::superclasses(undef, 'Data::Pipeline::Adapter') called at /home/test/perl/lib/site_perl/5.10.1/x86_64-linux-thread-multi-ld/Moose.pm line 54
	Moose::extends('Moose::Meta::Class=HASH(0x1a2ab70)', 'Data::Pipeline::Adapter') called at /home/test/perl/lib/site_perl/5.10.1/x86_64-linux-thread-multi-ld/Moose/Exporter.pm line 294
	Moose::extends('Data::Pipeline::Adapter') called at /home/test/.cpan/build/Data-Pipeline-0.01-m0OVES/blib/lib/Data/Pipeline/Adapter/Array.pm line 4
	require Data/Pipeline/Adapter/Array.pm called at t/03-arraysource.t line 3
	main::BEGIN() called at /home/test/.cpan/build/Data-Pipeline-0.01-m0OVES/blib/lib/Data/Pipeline/Iterator/Output.pm line 6
	eval {...} called at /home/test/.cpan/build/Data-Pipeline-0.01-m0OVES/blib/lib/Data/Pipeline/Iterator/Output.pm line 6
t/03-arraysource.t ..... ok
Calling Moose::init_meta as a function is deprecated at /home/test/perl/lib/site_perl/5.10.1/x86_64-linux-thread-multi-ld/Moose.pm line 137
	Moose::init_meta('Data::Pipeline::Iterator::Output', 'Data::Pipeline::Machine') called at /home/test/.cpan/build/Data-Pipeline-0.01-m0OVES/blib/lib/Data/Pipeline/Machine.pm line 127
	Data::Pipeline::Machine::import('Data::Pipeline::Machine') called at /home/test/.cpan/build/Data-Pipeline-0.01-m0OVES/blib/lib/Data/Pipeline/Iterator/Output.pm line 6
	Data::Pipeline::Iterator::Output::BEGIN() called at /home/test/.cpan/build/Data-Pipeline-0.01-m0OVES/blib/lib/Data/Pipeline/Iterator/Output.pm line 6
	eval {...} called at /home/test/.cpan/build/Data-Pipeline-0.01-m0OVES/blib/lib/Data/Pipeline/Iterator/Output.pm line 6
	require Data/Pipeline/Iterator/Output.pm called at /home/test/.cpan/build/Data-Pipeline-0.01-m0OVES/blib/lib/Data/Pipeline/Adapter.pm line 10
	Data::Pipeline::Adapter::BEGIN() called at /home/test/.cpan/build/Data-Pipeline-0.01-m0OVES/blib/lib/Data/Pipeline/Iterator/Output.pm line 6
	eval {...} called at /home/test/.cpan/build/Data-Pipeline-0.01-m0OVES/blib/lib/Data/Pipeline/Iterator/Output.pm line 6
	require Data/Pipeline/Adapter.pm called at /home/test/perl/lib/site_perl/5.10.1/x86_64-linux-thread-multi-ld/Class/MOP.pm line 113
	Class::MOP::__ANON__() called at /home/test/perl/lib/site_perl/5.10.1/Try/Tiny.pm line 71
	eval {...} called at /home/test/perl/lib/site_perl/5.10.1/Try/Tiny.pm line 67
	Try::Tiny::try('CODE(0x1f7a920)', 'Try::Tiny::Catch=REF(0x2a30f78)') called at /home/test/perl/lib/site_perl/5.10.1/x86_64-linux-thread-multi-ld/Class/MOP.pm line 124
	Class::MOP::load_first_existing_class('Data::Pipeline::Adapter') called at /home/test/perl/lib/site_perl/5.10.1/x86_64-linux-thread-multi-ld/Class/MOP.pm line 136
	Class::MOP::load_class('Data::Pipeline::Adapter', undef) called at /home/test/perl/lib/site_perl/5.10.1/x86_64-linux-thread-multi-ld/Moose/Meta/Class.pm line 275
	Moose::Meta::Class::superclasses(undef, 'Data::Pipeline::Adapter') called at /home/test/perl/lib/site_perl/5.10.1/x86_64-linux-thread-multi-ld/Moose.pm line 54
	Moose::extends('Moose::Meta::Class=HASH(0x2a06bf0)', 'Data::Pipeline::Adapter') called at /home/test/perl/lib/site_perl/5.10.1/x86_64-linux-thread-multi-ld/Moose/Exporter.pm line 294
	Moose::extends('Data::Pipeline::Adapter') called at /home/test/.cpan/build/Data-Pipeline-0.01-m0OVES/blib/lib/Data/Pipeline/Adapter/Array.pm line 4
	require Data/Pipeline/Adapter/Array.pm called at t/04-count.t line 4
	main::BEGIN() called at /home/test/.cpan/build/Data-Pipeline-0.01-m0OVES/blib/lib/Data/Pipeline/Iterator/Output.pm line 6
	eval {...} called at /home/test/.cpan/build/Data-Pipeline-0.01-m0OVES/blib/lib/Data/Pipeline/Iterator/Output.pm line 6
t/04-count.t ........... ok
Calling Moose::init_meta as a function is deprecated at /home/test/perl/lib/site_perl/5.10.1/x86_64-linux-thread-multi-ld/Moose.pm line 137
	Moose::init_meta('Data::Pipeline::Iterator::Output', 'Data::Pipeline::Machine') called at /home/test/.cpan/build/Data-Pipeline-0.01-m0OVES/blib/lib/Data/Pipeline/Machine.pm line 127
	Data::Pipeline::Machine::import('Data::Pipeline::Machine') called at /home/test/.cpan/build/Data-Pipeline-0.01-m0OVES/blib/lib/Data/Pipeline/Iterator/Output.pm line 6
	Data::Pipeline::Iterator::Output::BEGIN() called at /home/test/.cpan/build/Data-Pipeline-0.01-m0OVES/blib/lib/Data/Pipeline/Iterator/Output.pm line 6
	eval {...} called at /home/test/.cpan/build/Data-Pipeline-0.01-m0OVES/blib/lib/Data/Pipeline/Iterator/Output.pm line 6
	require Data/Pipeline/Iterator/Output.pm called at /home/test/.cpan/build/Data-Pipeline-0.01-m0OVES/blib/lib/Data/Pipeline/Adapter.pm line 10
	Data::Pipeline::Adapter::BEGIN() called at /home/test/.cpan/build/Data-Pipeline-0.01-m0OVES/blib/lib/Data/Pipeline/Iterator/Output.pm line 6
	eval {...} called at /home/test/.cpan/build/Data-Pipeline-0.01-m0OVES/blib/lib/Data/Pipeline/Iterator/Output.pm line 6
	require Data/Pipeline/Adapter.pm called at /home/test/perl/lib/site_perl/5.10.1/x86_64-linux-thread-multi-ld/Class/MOP.pm line 113
	Class::MOP::__ANON__() called at /home/test/perl/lib/site_perl/5.10.1/Try/Tiny.pm line 71
	eval {...} called at /home/test/perl/lib/site_perl/5.10.1/Try/Tiny.pm line 67
	Try::Tiny::try('CODE(0xd239a0)', 'Try::Tiny::Catch=REF(0x17d9f08)') called at /home/test/perl/lib/site_perl/5.10.1/x86_64-linux-thread-multi-ld/Class/MOP.pm line 124
	Class::MOP::load_first_existing_class('Data::Pipeline::Adapter') called at /home/test/perl/lib/site_perl/5.10.1/x86_64-linux-thread-multi-ld/Class/MOP.pm line 136
	Class::MOP::load_class('Data::Pipeline::Adapter', undef) called at /home/test/perl/lib/site_perl/5.10.1/x86_64-linux-thread-multi-ld/Moose/Meta/Class.pm line 275
	Moose::Meta::Class::superclasses(undef, 'Data::Pipeline::Adapter') called at /home/test/perl/lib/site_perl/5.10.1/x86_64-linux-thread-multi-ld/Moose.pm line 54
	Moose::extends('Moose::Meta::Class=HASH(0x17afbc0)', 'Data::Pipeline::Adapter') called at /home/test/perl/lib/site_perl/5.10.1/x86_64-linux-thread-multi-ld/Moose/Exporter.pm line 294
	Moose::extends('Data::Pipeline::Adapter') called at /home/test/.cpan/build/Data-Pipeline-0.01-m0OVES/blib/lib/Data/Pipeline/Adapter/Array.pm line 4
	require Data/Pipeline/Adapter/Array.pm called at t/05-truncate.t line 4
	main::BEGIN() called at /home/test/.cpan/build/Data-Pipeline-0.01-m0OVES/blib/lib/Data/Pipeline/Iterator/Output.pm line 6
	eval {...} called at /home/test/.cpan/build/Data-Pipeline-0.01-m0OVES/blib/lib/Data/Pipeline/Iterator/Output.pm line 6
t/05-truncate.t ........ ok
Calling Moose::init_meta as a function is deprecated at /home/test/perl/lib/site_perl/5.10.1/x86_64-linux-thread-multi-ld/Moose.pm line 137
	Moose::init_meta('Data::Pipeline::Iterator::Output', 'Data::Pipeline::Machine') called at /home/test/.cpan/build/Data-Pipeline-0.01-m0OVES/blib/lib/Data/Pipeline/Machine.pm line 127
	Data::Pipeline::Machine::import('Data::Pipeline::Machine') called at /home/test/.cpan/build/Data-Pipeline-0.01-m0OVES/blib/lib/Data/Pipeline/Iterator/Output.pm line 6
	Data::Pipeline::Iterator::Output::BEGIN() called at /home/test/.cpan/build/Data-Pipeline-0.01-m0OVES/blib/lib/Data/Pipeline/Iterator/Output.pm line 6
	eval {...} called at /home/test/.cpan/build/Data-Pipeline-0.01-m0OVES/blib/lib/Data/Pipeline/Iterator/Output.pm line 6
	require Data/Pipeline/Iterator/Output.pm called at /home/test/.cpan/build/Data-Pipeline-0.01-m0OVES/blib/lib/Data/Pipeline/Adapter.pm line 10
	Data::Pipeline::Adapter::BEGIN() called at /home/test/.cpan/build/Data-Pipeline-0.01-m0OVES/blib/lib/Data/Pipeline/Iterator/Output.pm line 6
	eval {...} called at /home/test/.cpan/build/Data-Pipeline-0.01-m0OVES/blib/lib/Data/Pipeline/Iterator/Output.pm line 6
	require Data/Pipeline/Adapter.pm called at /home/test/perl/lib/site_perl/5.10.1/x86_64-linux-thread-multi-ld/Class/MOP.pm line 113
	Class::MOP::__ANON__() called at /home/test/perl/lib/site_perl/5.10.1/Try/Tiny.pm line 71
	eval {...} called at /home/test/perl/lib/site_perl/5.10.1/Try/Tiny.pm line 67
	Try::Tiny::try('CODE(0x2670fe0)', 'Try::Tiny::Catch=REF(0x26afae0)') called at /home/test/perl/lib/site_perl/5.10.1/x86_64-linux-thread-multi-ld/Class/MOP.pm line 124
	Class::MOP::load_first_existing_class('Data::Pipeline::Adapter') called at /home/test/perl/lib/site_perl/5.10.1/x86_64-linux-thread-multi-ld/Class/MOP.pm line 136
	Class::MOP::load_class('Data::Pipeline::Adapter', undef) called at /home/test/perl/lib/site_perl/5.10.1/x86_64-linux-thread-multi-ld/Moose/Meta/Class.pm line 275
	Moose::Meta::Class::superclasses(undef, 'Data::Pipeline::Adapter') called at /home/test/perl/lib/site_perl/5.10.1/x86_64-linux-thread-multi-ld/Moose.pm line 54
	Moose::extends('Moose::Meta::Class=HASH(0x22d9020)', 'Data::Pipeline::Adapter') called at /home/test/perl/lib/site_perl/5.10.1/x86_64-linux-thread-multi-ld/Moose/Exporter.pm line 294
	Moose::extends('Data::Pipeline::Adapter') called at /home/test/.cpan/build/Data-Pipeline-0.01-m0OVES/blib/lib/Data/Pipeline/Adapter/Array.pm line 4
	require Data/Pipeline/Adapter/Array.pm called at /home/test/perl/lib/site_perl/5.10.1/x86_64-linux-thread-multi-ld/Class/MOP.pm line 113
	Class::MOP::__ANON__() called at /home/test/perl/lib/site_perl/5.10.1/Try/Tiny.pm line 71
	eval {...} called at /home/test/perl/lib/site_perl/5.10.1/Try/Tiny.pm line 67
	Try::Tiny::try('CODE(0x25347a0)', 'Try::Tiny::Catch=REF(0x2635d08)') called at /home/test/perl/lib/site_perl/5.10.1/x86_64-linux-thread-multi-ld/Class/MOP.pm line 124
	Class::MOP::load_first_existing_class('Data::Pipeline::Adapter::Array') called at /home/test/perl/lib/site_perl/5.10.1/x86_64-linux-thread-multi-ld/Class/MOP.pm line 136
	Class::MOP::load_class('Data::Pipeline::Adapter::Array') called at /home/test/.cpan/build/Data-Pipeline-0.01-m0OVES/blib/lib/Data/Pipeline.pm line 70
	eval {...} called at /home/test/.cpan/build/Data-Pipeline-0.01-m0OVES/blib/lib/Data/Pipeline.pm line 70
	Data::Pipeline::_find_class('Array') called at /home/test/.cpan/build/Data-Pipeline-0.01-m0OVES/blib/lib/Data/Pipeline.pm line 23
	Data::Pipeline::import('Data::Pipeline', 'Pipeline', 'Truncate', 'Count', 'Array') called at t/06-pipeline.t line 4
	main::BEGIN() called at /home/test/.cpan/build/Data-Pipeline-0.01-m0OVES/blib/lib/Data/Pipeline/Iterator/Output.pm line 6
	eval {...} called at /home/test/.cpan/build/Data-Pipeline-0.01-m0OVES/blib/lib/Data/Pipeline/Iterator/Output.pm line 6
t/06-pipeline.t ........ ok
Unable to find an implementation for CSV at t/07-csvsource.t line 23
BEGIN failed--compilation aborted at t/07-csvsource.t line 23.
t/07-csvsource.t ....... 
Dubious, test returned 2 (wstat 512, 0x200)
No subtests run 
Calling Moose::init_meta as a function is deprecated at /home/test/perl/lib/site_perl/5.10.1/x86_64-linux-thread-multi-ld/Moose.pm line 137
	Moose::init_meta('Data::Pipeline::Iterator::Output', 'Data::Pipeline::Machine') called at /home/test/.cpan/build/Data-Pipeline-0.01-m0OVES/blib/lib/Data/Pipeline/Machine.pm line 127
	Data::Pipeline::Machine::import('Data::Pipeline::Machine') called at /home/test/.cpan/build/Data-Pipeline-0.01-m0OVES/blib/lib/Data/Pipeline/Iterator/Output.pm line 6
	Data::Pipeline::Iterator::Output::BEGIN() called at /home/test/.cpan/build/Data-Pipeline-0.01-m0OVES/blib/lib/Data/Pipeline/Iterator/Output.pm line 6
	eval {...} called at /home/test/.cpan/build/Data-Pipeline-0.01-m0OVES/blib/lib/Data/Pipeline/Iterator/Output.pm line 6
	require Data/Pipeline/Iterator/Output.pm called at /home/test/.cpan/build/Data-Pipeline-0.01-m0OVES/blib/lib/Data/Pipeline/Adapter.pm line 10
	Data::Pipeline::Adapter::BEGIN() called at /home/test/.cpan/build/Data-Pipeline-0.01-m0OVES/blib/lib/Data/Pipeline/Iterator/Output.pm line 6
	eval {...} called at /home/test/.cpan/build/Data-Pipeline-0.01-m0OVES/blib/lib/Data/Pipeline/Iterator/Output.pm line 6
	require Data/Pipeline/Adapter.pm called at /home/test/perl/lib/site_perl/5.10.1/x86_64-linux-thread-multi-ld/Class/MOP.pm line 113
	Class::MOP::__ANON__() called at /home/test/perl/lib/site_perl/5.10.1/Try/Tiny.pm line 71
	eval {...} called at /home/test/perl/lib/site_perl/5.10.1/Try/Tiny.pm line 67
	Try::Tiny::try('CODE(0x3020298)', 'Try::Tiny::Catch=REF(0x3020100)') called at /home/test/perl/lib/site_perl/5.10.1/x86_64-linux-thread-multi-ld/Class/MOP.pm line 124
	Class::MOP::load_first_existing_class('Data::Pipeline::Adapter') called at /home/test/perl/lib/site_perl/5.10.1/x86_64-linux-thread-multi-ld/Class/MOP.pm line 136
	Class::MOP::load_class('Data::Pipeline::Adapter', undef) called at /home/test/perl/lib/site_perl/5.10.1/x86_64-linux-thread-multi-ld/Moose/Meta/Class.pm line 275
	Moose::Meta::Class::superclasses(undef, 'Data::Pipeline::Adapter') called at /home/test/perl/lib/site_perl/5.10.1/x86_64-linux-thread-multi-ld/Moose.pm line 54
	Moose::extends('Moose::Meta::Class=HASH(0x3027090)', 'Data::Pipeline::Adapter') called at /home/test/perl/lib/site_perl/5.10.1/x86_64-linux-thread-multi-ld/Moose/Exporter.pm line 294
	Moose::extends('Data::Pipeline::Adapter') called at /home/test/.cpan/build/Data-Pipeline-0.01-m0OVES/blib/lib/Data/Pipeline/Adapter/Array.pm line 4
	require Data/Pipeline/Adapter/Array.pm called at /home/test/perl/lib/site_perl/5.10.1/x86_64-linux-thread-multi-ld/Class/MOP.pm line 113
	Class::MOP::__ANON__() called at /home/test/perl/lib/site_perl/5.10.1/Try/Tiny.pm line 71
	eval {...} called at /home/test/perl/lib/site_perl/5.10.1/Try/Tiny.pm line 67
	Try::Tiny::try('CODE(0x3008c58)', 'Try::Tiny::Catch=REF(0x301f920)') called at /home/test/perl/lib/site_perl/5.10.1/x86_64-linux-thread-multi-ld/Class/MOP.pm line 124
	Class::MOP::load_first_existing_class('Data::Pipeline::Adapter::Array') called at /home/test/perl/lib/site_perl/5.10.1/x86_64-linux-thread-multi-ld/Class/MOP.pm line 136
	Class::MOP::load_class('Data::Pipeline::Adapter::Array') called at /home/test/.cpan/build/Data-Pipeline-0.01-m0OVES/blib/lib/Data/Pipeline/Types.pm line 78
	Data::Pipeline::Types::__ANON__('ARRAY(0x23d8c08)') called at /home/test/perl/lib/site_perl/5.10.1/x86_64-linux-thread-multi-ld/Moose/Meta/TypeCoercion.pm line 63
	Moose::Meta::TypeCoercion::__ANON__('ARRAY(0x23d8c08)') called at /home/test/perl/lib/site_perl/5.10.1/x86_64-linux-thread-multi-ld/Moose/Meta/TypeCoercion.pm line 97
	Moose::Meta::TypeCoercion::coerce('Moose::Meta::TypeCoercion=HASH(0x28b30f8)', 'ARRAY(0x23d8c08)') called at /home/test/perl/lib/site_perl/5.10.1/x86_64-linux-thread-multi-ld/Moose/Meta/TypeConstraint.pm line 90
	Moose::Meta::TypeConstraint::coerce('Moose::Meta::TypeConstraint=HASH(0x2f9c3a8)', 'ARRAY(0x23d8c08)') called at /home/test/perl/lib/site_perl/5.10.1/MooseX/Types.pm line 480
	MooseX::Types::__ANON__('ARRAY(0x23d8c08)') called at t/08-types.t line 28
t/08-types.t ........... ok
t/09-rename.t .......... ok
Calling Moose::init_meta as a function is deprecated at /home/test/perl/lib/site_perl/5.10.1/x86_64-linux-thread-multi-ld/Moose.pm line 137
	Moose::init_meta('My::Machine', 'Data::Pipeline::Machine') called at /home/test/.cpan/build/Data-Pipeline-0.01-m0OVES/blib/lib/Data/Pipeline/Machine.pm line 127
	Data::Pipeline::Machine::import('Data::Pipeline::Machine') called at t/11-machine.t line 5
	My::Machine::BEGIN() called at /home/test/.cpan/build/Data-Pipeline-0.01-m0OVES/blib/lib/Data/Pipeline/Machine.pm line 5
	eval {...} called at /home/test/.cpan/build/Data-Pipeline-0.01-m0OVES/blib/lib/Data/Pipeline/Machine.pm line 5
Unable to find an implementation for CSV at t/11-machine.t line 6
BEGIN failed--compilation aborted at t/11-machine.t line 6.
# Looks like your test exited with 2 before it could output anything.
t/11-machine.t ......... 
Dubious, test returned 2 (wstat 512, 0x200)
Failed 6/6 subtests 
Calling Moose::init_meta as a function is deprecated at /home/test/perl/lib/site_perl/5.10.1/x86_64-linux-thread-multi-ld/Moose.pm line 137
	Moose::init_meta('Data::Pipeline::Iterator::Output', 'Data::Pipeline::Machine') called at /home/test/.cpan/build/Data-Pipeline-0.01-m0OVES/blib/lib/Data/Pipeline/Machine.pm line 127
	Data::Pipeline::Machine::import('Data::Pipeline::Machine') called at /home/test/.cpan/build/Data-Pipeline-0.01-m0OVES/blib/lib/Data/Pipeline/Iterator/Output.pm line 6
	Data::Pipeline::Iterator::Output::BEGIN() called at /home/test/.cpan/build/Data-Pipeline-0.01-m0OVES/blib/lib/Data/Pipeline/Iterator/Output.pm line 6
	eval {...} called at /home/test/.cpan/build/Data-Pipeline-0.01-m0OVES/blib/lib/Data/Pipeline/Iterator/Output.pm line 6
	require Data/Pipeline/Iterator/Output.pm called at /home/test/.cpan/build/Data-Pipeline-0.01-m0OVES/blib/lib/Data/Pipeline/Adapter.pm line 10
	Data::Pipeline::Adapter::BEGIN() called at /home/test/.cpan/build/Data-Pipeline-0.01-m0OVES/blib/lib/Data/Pipeline/Iterator/Output.pm line 6
	eval {...} called at /home/test/.cpan/build/Data-Pipeline-0.01-m0OVES/blib/lib/Data/Pipeline/Iterator/Output.pm line 6
	require Data/Pipeline/Adapter.pm called at /home/test/perl/lib/site_perl/5.10.1/x86_64-linux-thread-multi-ld/Class/MOP.pm line 113
	Class::MOP::__ANON__() called at /home/test/perl/lib/site_perl/5.10.1/Try/Tiny.pm line 71
	eval {...} called at /home/test/perl/lib/site_perl/5.10.1/Try/Tiny.pm line 67
	Try::Tiny::try('CODE(0x285c9f0)', 'Try::Tiny::Catch=REF(0x28ba3c0)') called at /home/test/perl/lib/site_perl/5.10.1/x86_64-linux-thread-multi-ld/Class/MOP.pm line 124
	Class::MOP::load_first_existing_class('Data::Pipeline::Adapter') called at /home/test/perl/lib/site_perl/5.10.1/x86_64-linux-thread-multi-ld/Class/MOP.pm line 136
	Class::MOP::load_class('Data::Pipeline::Adapter', undef) called at /home/test/perl/lib/site_perl/5.10.1/x86_64-linux-thread-multi-ld/Moose/Meta/Class.pm line 275
	Moose::Meta::Class::superclasses(undef, 'Data::Pipeline::Adapter') called at /home/test/perl/lib/site_perl/5.10.1/x86_64-linux-thread-multi-ld/Moose.pm line 54
	Moose::extends('Moose::Meta::Class=HASH(0x288c938)', 'Data::Pipeline::Adapter') called at /home/test/perl/lib/site_perl/5.10.1/x86_64-linux-thread-multi-ld/Moose/Exporter.pm line 294
	Moose::extends('Data::Pipeline::Adapter') called at /home/test/.cpan/build/Data-Pipeline-0.01-m0OVES/blib/lib/Data/Pipeline/Adapter/Array.pm line 4
	require Data/Pipeline/Adapter/Array.pm called at /home/test/perl/lib/site_perl/5.10.1/x86_64-linux-thread-multi-ld/Class/MOP.pm line 113
	Class::MOP::__ANON__() called at /home/test/perl/lib/site_perl/5.10.1/Try/Tiny.pm line 71
	eval {...} called at /home/test/perl/lib/site_perl/5.10.1/Try/Tiny.pm line 67
	Try::Tiny::try('CODE(0x204ee30)', 'Try::Tiny::Catch=REF(0x279bcc8)') called at /home/test/perl/lib/site_perl/5.10.1/x86_64-linux-thread-multi-ld/Class/MOP.pm line 124
	Class::MOP::load_first_existing_class('Data::Pipeline::Adapter::Array') called at /home/test/perl/lib/site_perl/5.10.1/x86_64-linux-thread-multi-ld/Class/MOP.pm line 136
	Class::MOP::load_class('Data::Pipeline::Adapter::Array') called at /home/test/.cpan/build/Data-Pipeline-0.01-m0OVES/blib/lib/Data/Pipeline.pm line 70
	eval {...} called at /home/test/.cpan/build/Data-Pipeline-0.01-m0OVES/blib/lib/Data/Pipeline.pm line 70
	Data::Pipeline::_find_class('Array') called at /home/test/.cpan/build/Data-Pipeline-0.01-m0OVES/blib/lib/Data/Pipeline.pm line 23
	Data::Pipeline::import('Data::Pipeline', 'Pipeline', 'Count', 'Array') called at t/12-options.t line 3
	main::BEGIN() called at /home/test/.cpan/build/Data-Pipeline-0.01-m0OVES/blib/lib/Data/Pipeline/Iterator/Output.pm line 6
	eval {...} called at /home/test/.cpan/build/Data-Pipeline-0.01-m0OVES/blib/lib/Data/Pipeline/Iterator/Output.pm line 6
The get_attribute_map method has been deprecated.
 at /home/test/perl/lib/site_perl/5.10.1/x86_64-linux-thread-multi-ld/Class/MOP/Deprecated.pm line 173
	Class::MOP::Class::get_attribute_map('Moose::Meta::Class=HASH(0x28912a8)') called at /home/test/.cpan/build/Data-Pipeline-0.01-m0OVES/blib/lib/Data/Pipeline/Iterator/Source.pm line 139
	Data::Pipeline::Iterator::Source::can_duplicate('Data::Pipeline::Iterator::Source=HASH(0x29485e0)') called at /home/test/.cpan/build/Data-Pipeline-0.01-m0OVES/blib/lib/Data/Pipeline/Iterator/Source.pm line 126
	Data::Pipeline::Iterator::Source::duplicate('Data::Pipeline::Iterator::Source=HASH(0x29485e0)') called at /home/test/.cpan/build/Data-Pipeline-0.01-m0OVES/blib/lib/Data/Pipeline/Iterator.pm line 65
	eval {...} called at /home/test/.cpan/build/Data-Pipeline-0.01-m0OVES/blib/lib/Data/Pipeline/Iterator.pm line 65
	Data::Pipeline::Iterator::duplicate('Data::Pipeline::Iterator=HASH(0x2948808)') called at /home/test/.cpan/build/Data-Pipeline-0.01-m0OVES/blib/lib/Data/Pipeline/Iterator/Options.pm line 45
	Data::Pipeline::Iterator::Options::build_source('Data::Pipeline::Iterator::Options=HASH(0x2935350)') called at /home/test/.cpan/build/Data-Pipeline-0.01-m0OVES/blib/lib/Data/Pipeline/Iterator/Options.pm line 24
	Data::Pipeline::Iterator::Options::__ANON__('Data::Pipeline::Iterator::Options=HASH(0x2935350)') called at /home/test/perl/lib/site_perl/5.10.1/x86_64-linux-thread-multi-ld/Class/MOP/Mixin/AttributeCore.pm line 53
	Class::MOP::Mixin::AttributeCore::default('Moose::Meta::Attribute=HASH(0x27ebfa0)', 'Data::Pipeline::Iterator::Options=HASH(0x2935350)') called at accessor source defined at /home/test/.cpan/build/Data-Pipeline-0.01-m0OVES/blib/lib/Data/Pipeline/Iterator/Options.pm line 40
	Data::Pipeline::Iterator::Options::source('Data::Pipeline::Iterator::Options=HASH(0x2935350)') called at /home/test/.cpan/build/Data-Pipeline-0.01-m0OVES/blib/lib/Data/Pipeline/Iterator.pm line 53
	Data::Pipeline::Iterator::finished('Data::Pipeline::Iterator::Options=HASH(0x2935350)') called at t/12-options.t line 23
t/12-options.t ......... ok
Calling Moose::init_meta as a function is deprecated at /home/test/perl/lib/site_perl/5.10.1/x86_64-linux-thread-multi-ld/Moose.pm line 137
	Moose::init_meta('Data::Pipeline::Iterator::Output', 'Data::Pipeline::Machine') called at /home/test/.cpan/build/Data-Pipeline-0.01-m0OVES/blib/lib/Data/Pipeline/Machine.pm line 127
	Data::Pipeline::Machine::import('Data::Pipeline::Machine') called at /home/test/.cpan/build/Data-Pipeline-0.01-m0OVES/blib/lib/Data/Pipeline/Iterator/Output.pm line 6
	Data::Pipeline::Iterator::Output::BEGIN() called at /home/test/.cpan/build/Data-Pipeline-0.01-m0OVES/blib/lib/Data/Pipeline/Iterator/Output.pm line 6
	eval {...} called at /home/test/.cpan/build/Data-Pipeline-0.01-m0OVES/blib/lib/Data/Pipeline/Iterator/Output.pm line 6
	require Data/Pipeline/Iterator/Output.pm called at /home/test/.cpan/build/Data-Pipeline-0.01-m0OVES/blib/lib/Data/Pipeline/Adapter.pm line 10
	Data::Pipeline::Adapter::BEGIN() called at /home/test/.cpan/build/Data-Pipeline-0.01-m0OVES/blib/lib/Data/Pipeline/Iterator/Output.pm line 6
	eval {...} called at /home/test/.cpan/build/Data-Pipeline-0.01-m0OVES/blib/lib/Data/Pipeline/Iterator/Output.pm line 6
	require Data/Pipeline/Adapter.pm called at /home/test/perl/lib/site_perl/5.10.1/x86_64-linux-thread-multi-ld/Class/MOP.pm line 113
	Class::MOP::__ANON__() called at /home/test/perl/lib/site_perl/5.10.1/Try/Tiny.pm line 71
	eval {...} called at /home/test/perl/lib/site_perl/5.10.1/Try/Tiny.pm line 67
	Try::Tiny::try('CODE(0x1a77e60)', 'Try::Tiny::Catch=REF(0x19cec70)') called at /home/test/perl/lib/site_perl/5.10.1/x86_64-linux-thread-multi-ld/Class/MOP.pm line 124
	Class::MOP::load_first_existing_class('Data::Pipeline::Adapter') called at /home/test/perl/lib/site_perl/5.10.1/x86_64-linux-thread-multi-ld/Class/MOP.pm line 136
	Class::MOP::load_class('Data::Pipeline::Adapter', undef) called at /home/test/perl/lib/site_perl/5.10.1/x86_64-linux-thread-multi-ld/Moose/Meta/Class.pm line 275
	Moose::Meta::Class::superclasses(undef, 'Data::Pipeline::Adapter') called at /home/test/perl/lib/site_perl/5.10.1/x86_64-linux-thread-multi-ld/Moose.pm line 54
	Moose::extends('Moose::Meta::Class=HASH(0xf35fd8)', 'Data::Pipeline::Adapter') called at /home/test/perl/lib/site_perl/5.10.1/x86_64-linux-thread-multi-ld/Moose/Exporter.pm line 294
	Moose::extends('Data::Pipeline::Adapter') called at /home/test/.cpan/build/Data-Pipeline-0.01-m0OVES/blib/lib/Data/Pipeline/Adapter/UrlBuilder.pm line 4
	require Data/Pipeline/Adapter/UrlBuilder.pm called at /home/test/perl/lib/site_perl/5.10.1/x86_64-linux-thread-multi-ld/Class/MOP.pm line 113
	Class::MOP::__ANON__() called at /home/test/perl/lib/site_perl/5.10.1/Try/Tiny.pm line 71
	eval {...} called at /home/test/perl/lib/site_perl/5.10.1/Try/Tiny.pm line 67
	Try::Tiny::try('CODE(0x18ce598)', 'Try::Tiny::Catch=REF(0x19ccce0)') called at /home/test/perl/lib/site_perl/5.10.1/x86_64-linux-thread-multi-ld/Class/MOP.pm line 124
	Class::MOP::load_first_existing_class('Data::Pipeline::Adapter::UrlBuilder') called at /home/test/perl/lib/site_perl/5.10.1/x86_64-linux-thread-multi-ld/Class/MOP.pm line 136
	Class::MOP::load_class('Data::Pipeline::Adapter::UrlBuilder') called at /home/test/.cpan/build/Data-Pipeline-0.01-m0OVES/blib/lib/Data/Pipeline.pm line 70
	eval {...} called at /home/test/.cpan/build/Data-Pipeline-0.01-m0OVES/blib/lib/Data/Pipeline.pm line 70
	Data::Pipeline::_find_class('UrlBuilder') called at /home/test/.cpan/build/Data-Pipeline-0.01-m0OVES/blib/lib/Data/Pipeline.pm line 23
	Data::Pipeline::import('Data::Pipeline', 'Pipeline', 'UrlBuilder') called at t/13-uribuilder.t line 3
	main::BEGIN() called at /home/test/.cpan/build/Data-Pipeline-0.01-m0OVES/blib/lib/Data/Pipeline/Iterator/Output.pm line 6
	eval {...} called at /home/test/.cpan/build/Data-Pipeline-0.01-m0OVES/blib/lib/Data/Pipeline/Iterator/Output.pm line 6
The get_attribute_map method has been deprecated.
 at /home/test/perl/lib/site_perl/5.10.1/x86_64-linux-thread-multi-ld/Class/MOP/Deprecated.pm line 173
	Class::MOP::Class::get_attribute_map('Moose::Meta::Class=HASH(0x1b40898)') called at /home/test/.cpan/build/Data-Pipeline-0.01-m0OVES/blib/lib/Data/Pipeline/Iterator/Source.pm line 139
	Data::Pipeline::Iterator::Source::can_duplicate('Data::Pipeline::Iterator::Source=HASH(0x1bb6d10)') called at /home/test/.cpan/build/Data-Pipeline-0.01-m0OVES/blib/lib/Data/Pipeline/Iterator/Source.pm line 126
	Data::Pipeline::Iterator::Source::duplicate('Data::Pipeline::Iterator::Source=HASH(0x1bb6d10)') called at /home/test/.cpan/build/Data-Pipeline-0.01-m0OVES/blib/lib/Data/Pipeline/Iterator.pm line 65
	eval {...} called at /home/test/.cpan/build/Data-Pipeline-0.01-m0OVES/blib/lib/Data/Pipeline/Iterator.pm line 65
	Data::Pipeline::Iterator::duplicate('Data::Pipeline::Iterator=HASH(0x1bd1458)') called at /home/test/.cpan/build/Data-Pipeline-0.01-m0OVES/blib/lib/Data/Pipeline/Iterator/Options.pm line 45
	Data::Pipeline::Iterator::Options::build_source('Data::Pipeline::Iterator::Options=HASH(0x1aceb40)') called at /home/test/.cpan/build/Data-Pipeline-0.01-m0OVES/blib/lib/Data/Pipeline/Iterator/Options.pm line 24
	Data::Pipeline::Iterator::Options::__ANON__('Data::Pipeline::Iterator::Options=HASH(0x1aceb40)') called at /home/test/perl/lib/site_perl/5.10.1/x86_64-linux-thread-multi-ld/Class/MOP/Mixin/AttributeCore.pm line 53
	Class::MOP::Mixin::AttributeCore::default('Moose::Meta::Attribute=HASH(0x1a26fa0)', 'Data::Pipeline::Iterator::Options=HASH(0x1aceb40)') called at accessor source defined at /home/test/.cpan/build/Data-Pipeline-0.01-m0OVES/blib/lib/Data/Pipeline/Iterator/Options.pm line 40
	Data::Pipeline::Iterator::Options::source('Data::Pipeline::Iterator::Options=HASH(0x1aceb40)') called at /home/test/.cpan/build/Data-Pipeline-0.01-m0OVES/blib/lib/Data/Pipeline/Iterator.pm line 53
	Data::Pipeline::Iterator::finished('Data::Pipeline::Iterator::Options=HASH(0x1aceb40)') called at /home/test/.cpan/build/Data-Pipeline-0.01-m0OVES/blib/lib/Data/Pipeline/Adapter/UrlBuilder.pm line 39
	Data::Pipeline::Adapter::UrlBuilder::__ANON__() called at /home/test/.cpan/build/Data-Pipeline-0.01-m0OVES/blib/lib/Data/Pipeline/Iterator/Source.pm line 93
	Data::Pipeline::Iterator::Source::finished('Data::Pipeline::Iterator::Source=HASH(0x1ba8050)', 'Data::Pipeline::Iterator=HASH(0x1b988f8)') called at /home/test/.cpan/build/Data-Pipeline-0.01-m0OVES/blib/lib/Data/Pipeline/Iterator.pm line 53
	Data::Pipeline::Iterator::finished('Data::Pipeline::Iterator=HASH(0x1b988f8)') called at t/13-uribuilder.t line 20
t/13-uribuilder.t ...... ok
Use of uninitialized value in string eq at unkown line 735.
Use of uninitialized value in string eq at unkown line 735.
Calling Moose::init_meta as a function is deprecated at /home/test/perl/lib/site_perl/5.10.1/x86_64-linux-thread-multi-ld/Moose.pm line 137
	Moose::init_meta('Data::Pipeline::Iterator::Output', 'Data::Pipeline::Machine') called at /home/test/.cpan/build/Data-Pipeline-0.01-m0OVES/blib/lib/Data/Pipeline/Machine.pm line 127
	Data::Pipeline::Machine::import('Data::Pipeline::Machine') called at /home/test/.cpan/build/Data-Pipeline-0.01-m0OVES/blib/lib/Data/Pipeline/Iterator/Output.pm line 6
	Data::Pipeline::Iterator::Output::BEGIN() called at /home/test/.cpan/build/Data-Pipeline-0.01-m0OVES/blib/lib/Data/Pipeline/Iterator/Output.pm line 6
	eval {...} called at /home/test/.cpan/build/Data-Pipeline-0.01-m0OVES/blib/lib/Data/Pipeline/Iterator/Output.pm line 6
	require Data/Pipeline/Iterator/Output.pm called at /home/test/.cpan/build/Data-Pipeline-0.01-m0OVES/blib/lib/Data/Pipeline/Adapter.pm line 10
	Data::Pipeline::Adapter::BEGIN() called at /home/test/.cpan/build/Data-Pipeline-0.01-m0OVES/blib/lib/Data/Pipeline/Iterator/Output.pm line 6
	eval {...} called at /home/test/.cpan/build/Data-Pipeline-0.01-m0OVES/blib/lib/Data/Pipeline/Iterator/Output.pm line 6
	require Data/Pipeline/Adapter.pm called at /home/test/perl/lib/site_perl/5.10.1/x86_64-linux-thread-multi-ld/Class/MOP.pm line 113
	Class::MOP::__ANON__() called at /home/test/perl/lib/site_perl/5.10.1/Try/Tiny.pm line 71
	eval {...} called at /home/test/perl/lib/site_perl/5.10.1/Try/Tiny.pm line 67
	Try::Tiny::try('CODE(0x30a18e8)', 'Try::Tiny::Catch=REF(0x3105850)') called at /home/test/perl/lib/site_perl/5.10.1/x86_64-linux-thread-multi-ld/Class/MOP.pm line 124
	Class::MOP::load_first_existing_class('Data::Pipeline::Adapter') called at /home/test/perl/lib/site_perl/5.10.1/x86_64-linux-thread-multi-ld/Class/MOP.pm line 136
	Class::MOP::load_class('Data::Pipeline::Adapter', undef) called at /home/test/perl/lib/site_perl/5.10.1/x86_64-linux-thread-multi-ld/Moose/Meta/Class.pm line 275
	Moose::Meta::Class::superclasses(undef, 'Data::Pipeline::Adapter') called at /home/test/perl/lib/site_perl/5.10.1/x86_64-linux-thread-multi-ld/Moose.pm line 54
	Moose::extends('Moose::Meta::Class=HASH(0x30b0b50)', 'Data::Pipeline::Adapter') called at /home/test/perl/lib/site_perl/5.10.1/x86_64-linux-thread-multi-ld/Moose/Exporter.pm line 294
	Moose::extends('Data::Pipeline::Adapter') called at /home/test/.cpan/build/Data-Pipeline-0.01-m0OVES/blib/lib/Data/Pipeline/Adapter/Array.pm line 4
	require Data/Pipeline/Adapter/Array.pm called at /home/test/perl/lib/site_perl/5.10.1/x86_64-linux-thread-multi-ld/Class/MOP.pm line 113
	Class::MOP::__ANON__() called at /home/test/perl/lib/site_perl/5.10.1/Try/Tiny.pm line 71
	eval {...} called at /home/test/perl/lib/site_perl/5.10.1/Try/Tiny.pm line 67
	Try::Tiny::try('CODE(0x306edf0)', 'Try::Tiny::Catch=REF(0x3021b10)') called at /home/test/perl/lib/site_perl/5.10.1/x86_64-linux-thread-multi-ld/Class/MOP.pm line 124
	Class::MOP::load_first_existing_class('Data::Pipeline::Adapter::Array') called at /home/test/perl/lib/site_perl/5.10.1/x86_64-linux-thread-multi-ld/Class/MOP.pm line 136
	Class::MOP::load_class('Data::Pipeline::Adapter::Array') called at unkown line 1005
	eval {...} called at unkown line 1005
	Data::Pipeline::Parser::_load_filter('Data::Pipeline::Parser=HASH(0x30d9f28)', 'Adapter', 'Array') called at unkown line 988
	Data::Pipeline::Parser::load_actions('Data::Pipeline::Parser=HASH(0x30d9f28)', 'Adapter', 'Array') called at unkown line 264
	Data::Pipeline::Parser::__ANON__() called at unkown line 61
	Data::Pipeline::Parser::__ANON__() called at unkown line 978
	Data::Pipeline::Parser::_eval_in_m('Data::Pipeline::Parser=HASH(0x30d9f28)', '', 'CODE(0x309a680)') called at unkown line 883
	Data::Pipeline::Parser::parse('Data::Pipeline::Parser=HASH(0x30a1768)', 'HASH(0x2234a58)', '\x{a}    IN: Array\x{a}    OUT: Array\x{a}    USE: Identity\x{a}\x{a}    PIPELINE...', 'HASH(0x24ec9c0)') called at t/20-script.t line 9
The get_attribute_map method has been deprecated.
 at /home/test/perl/lib/site_perl/5.10.1/x86_64-linux-thread-multi-ld/Class/MOP/Deprecated.pm line 173
	Class::MOP::Class::get_attribute_map('Moose::Meta::Class=HASH(0x30b0b50)') called at /home/test/.cpan/build/Data-Pipeline-0.01-m0OVES/blib/lib/Data/Pipeline/Adapter.pm line 104
	Data::Pipeline::Adapter::can_duplicate('Data::Pipeline::Adapter::Array=HASH(0x309f118)') called at /home/test/.cpan/build/Data-Pipeline-0.01-m0OVES/blib/lib/Data/Pipeline/Adapter.pm line 89
	Data::Pipeline::Adapter::duplicate('Data::Pipeline::Adapter::Array=HASH(0x309f118)', 'array', 'ARRAY(0x24ec9c0)') called at /home/test/.cpan/build/Data-Pipeline-0.01-m0OVES/blib/lib/Data/Pipeline/Aggregator/Pipeline.pm line 29
	Data::Pipeline::Aggregator::Pipeline::from('Data::Pipeline::Aggregator::Pipeline=HASH(0x3165020)', 'array', 'ARRAY(0x24ec9c0)') called at /home/test/.cpan/build/Data-Pipeline-0.01-m0OVES/blib/lib/Data/Pipeline/Aggregator/Machine.pm line 124
	Data::Pipeline::Aggregator::Machine::__ANON__() called at /home/test/.cpan/build/Data-Pipeline-0.01-m0OVES/blib/lib/Data/Pipeline/Machine.pm line 160
	Data::Pipeline::Machine::with_options('CODE(0x2485f18)', 'HASH(0x30788e0)') called at /home/test/.cpan/build/Data-Pipeline-0.01-m0OVES/blib/lib/Data/Pipeline/Aggregator/Machine.pm line 125
	Data::Pipeline::Aggregator::Machine::from('Data::Pipeline::Aggregator::Machine=HASH(0x307f6d8)', 'array', 'ARRAY(0x24ec9c0)') called at unkown line 964
	Data::Pipeline::Parser::run('Data::Pipeline::Parser=HASH(0x30d9f28)', 'from', 'HASH(0x3098770)', 'to', 'ARRAY(0x309c100)') called at t/20-script.t line 24
Use of uninitialized value in string eq at unkown line 735.
Use of uninitialized value in string eq at unkown line 735.
Use of uninitialized value in string eq at unkown line 735.
Use of uninitialized value in string eq at unkown line 735.
Unable to load 'CSV'
t/20-script.t .......... ok

Test Summary Report
-------------------
t/07-csvsource.t     (Wstat: 512 Tests: 0 Failed: 0)
  Non-zero exit status: 2
  Parse errors: No plan found in TAP output
t/11-machine.t       (Wstat: 512 Tests: 0 Failed: 0)
  Non-zero exit status: 2
  Parse errors: Bad plan.  You planned 6 tests but ran 0.
Files=14, Tests=124,  8 wallclock secs ( 0.06 usr  0.02 sys +  5.51 cusr  0.44 csys =  6.03 CPU)
Result: FAIL
Failed 2/14 test programs. 0/124 subtests failed.
make: *** [test_dynamic] Error 255

------------------------------
PREREQUISITES
------------------------------

Prerequisite modules loaded:

requires:

    Module              Need    Have   
    ------------------- ------- -------
    ExtUtils::MakeMaker 6.55_02 6.55_02
    Moose               0.43    1.14   
    Test::More          0       0.92   


------------------------------
ENVIRONMENT AND OTHER CONTEXT
------------------------------

Environment variables:

    AUTOMATED_TESTING = 1
    LANG = C
    LC_ALL = C
    PATH = /home/test/perl/bin:~/bin:/usr/bin:/bin
    PERL5LIB = 
    PERL5OPT = 
    PERL5_CPANPLUS_IS_RUNNING = 9170
    PERL5_CPAN_IS_RUNNING = 9170
    PERL5_CPAN_IS_RUNNING_IN_RECURSION = 13582,9170
    PERL_CR_SMOKER_CURRENT = Data-Pipeline-0.01
    PERL_EXTUTILS_AUTOINSTALL = --defaultdeps
    PERL_MM_USE_DEFAULT = 1
    SHELL = /bin/bash
    TERM = linux

Perl special variables (and OS-specific diagnostics, for MSWin32):

    $^X = /home/test/perl/bin/perl5.10.1
    $UID/$EUID = 1001 / 1001
    $GID = 1001 1001
    $EGID = 1001 1001

Perl module toolchain versions installed:

    Module              Have   
    ------------------- -------
    CPAN                1.9402 
    Cwd                 3.30   
    ExtUtils::CBuilder  0.2703 
    ExtUtils::Command   1.16   
    ExtUtils::Install   1.54   
    ExtUtils::MakeMaker 6.55_02
    ExtUtils::Manifest  1.56   
    ExtUtils::ParseXS   2.2206 
    File::Spec          3.30   
    Module::Build       0.3607 
    Module::Signature   n/a    
    Test::Harness       3.17   
    Test::More          0.92   
    YAML                0.72   
    YAML::Syck          1.15   
    version             0.82   


--

Summary of my perl5 (revision 5 version 10 subversion 1) configuration:
   
  Platform:
    osname=linux, osvers=2.6.26-2-amd64, archname=x86_64-linux-thread-multi-ld
    uname='linux zippy 2.6.26-2-amd64 #1 smp tue jan 12 22:12:20 utc 2010 x86_64 gnulinux '
    config_args='-des -Dusedevel -des -Duselongdouble -Duse64bitall -Dusethreads -Dprefix=~/perl'
    hint=recommended, useposix=true, d_sigaction=define
    useithreads=define, usemultiplicity=define
    useperlio=define, d_sfio=undef, uselargefiles=define, usesocks=undef
    use64bitint=define, use64bitall=define, uselongdouble=define
    usemymalloc=n, bincompat5005=undef
  Compiler:
    cc='cc', ccflags ='-D_REENTRANT -D_GNU_SOURCE -fno-strict-aliasing -pipe -fstack-protector -I/usr/local/include -D_LARGEFILE_SOURCE -D_FILE_OFFSET_BITS=64',
    optimize='-O2',
    cppflags='-D_REENTRANT -D_GNU_SOURCE -fno-strict-aliasing -pipe -fstack-protector -I/usr/local/include'
    ccversion='', gccversion='4.4.4', gccosandvers=''
    intsize=4, longsize=8, ptrsize=8, doublesize=8, byteorder=12345678
    d_longlong=define, longlongsize=8, d_longdbl=define, longdblsize=16
    ivtype='long', ivsize=8, nvtype='long double', nvsize=16, Off_t='off_t', lseeksize=8
    alignbytes=16, prototype=define
  Linker and Libraries:
    ld='cc', ldflags =' -fstack-protector -L/usr/local/lib'
    libpth=/usr/local/lib /lib /usr/lib /lib64 /usr/lib64
    libs=-lnsl -ldb -ldl -lm -lcrypt -lutil -lpthread -lc
    perllibs=-lnsl -ldl -lm -lcrypt -lutil -lpthread -lc
    libc=/lib/libc-2.11.2.so, so=so, useshrplib=false, libperl=libperl.a
    gnulibc_version='2.11.2'
  Dynamic Linking:
    dlsrc=dl_dlopen.xs, dlext=so, d_dlsymun=undef, ccdlflags='-Wl,-E'
    cccdlflags='-fPIC', lddlflags='-shared -O2 -L/usr/local/lib -fstack-protector'


Characteristics of this binary (from libperl): 
  Compile-time options: MULTIPLICITY PERL_DONT_CREATE_GVSV
                        PERL_IMPLICIT_CONTEXT PERL_MALLOC_WRAP PERL_USE_DEVEL
                        USE_64_BIT_ALL USE_64_BIT_INT USE_ITHREADS
                        USE_LARGE_FILES USE_LONG_DOUBLE USE_PERLIO
                        USE_REENTRANT_API
  Built under linux
  Compiled at Aug 22 2010 22:56:01
  %ENV:
    PERL5LIB=""
    PERL5OPT=""
    PERL5_CPANPLUS_IS_RUNNING="9170"
    PERL5_CPAN_IS_RUNNING="9170"
    PERL5_CPAN_IS_RUNNING_IN_RECURSION="13582,9170"
    PERL_CR_SMOKER_CURRENT="Data-Pipeline-0.01"
    PERL_EXTUTILS_AUTOINSTALL="--defaultdeps"
    PERL_MM_USE_DEFAULT="1"
  @INC:
    /home/test/perl/lib/5.10.1/x86_64-linux-thread-multi-ld
    /home/test/perl/lib/5.10.1
    /home/test/perl/lib/site_perl/5.10.1/x86_64-linux-thread-multi-ld
    /home/test/perl/lib/site_perl/5.10.1
    .