Variable-Strongly-Typed vv1.1.0 Perl 5 v5.13.2 x86_64-linux

Status
Fail
From
Andreas J. König (ANDK)
Dist
Variable-Strongly-Typed vv1.1.0
Platform
Perl 5 v5.13.2 x86_64-linux
Date
2010-07-07 21:02:05
ID
e59db5ec-8a0a-11df-bd61-c62d01ce9048
This distribution has been tested as part of the CPAN Testers
project, supporting the Perl programming language.  See
http://wiki.cpantesters.org/ for more information or email
questions to cpan-testers-discuss@perl.org


--
Dear Mark Ethan Trostler,

This is a computer-generated report for Variable-Strongly-Typed-v1.1.0
on perl 5.13.2, created by CPAN-Reporter-1.1711.

Thank you for uploading your work to CPAN.  However, there was a problem
testing your distribution.

If you think this report is invalid, please consult the CPAN Testers Wiki
for suggestions on how to avoid getting FAIL reports for missing library
or binary dependencies, unsupported operating systems, and so on:

http://wiki.cpantesters.org/wiki/CPANAuthorNotes

Sections of this report:

    * Tester comments
    * Program output
    * Prerequisites
    * Environment and other context

------------------------------
TESTER COMMENTS
------------------------------

Additional comments from tester:

none provided

------------------------------
PROGRAM OUTPUT
------------------------------

Output from './Build test':

# Testing Variable::Strongly::Typed 1.1.0
t/00.load.t ......... ok
# Testing Variable::Strongly::Typed 1.1.0
Error handler must be a CODE ref! at /home/src/perl/repoperls/installed-perls/perl/v5.13.2-213-ge0de7c2/lib/5.13.2/Attribute/Handlers.pm line 225
# Looks like you planned 19 tests but ran 1.
# Looks like your test exited with 255 just after 1.
t/01.simple.type.t .. 
Dubious, test returned 255 (wstat 65280, 0xff00)
Failed 18/19 subtests 
# Testing Variable::Strongly::Typed 1.1.0
Error handler must be a CODE ref! at /home/src/perl/repoperls/installed-perls/perl/v5.13.2-213-ge0de7c2/lib/5.13.2/Attribute/Handlers.pm line 225
# Looks like you planned 4 tests but ran 1.
# Looks like your test exited with 255 just after 1.
t/02.my.type.t ...... 
Dubious, test returned 255 (wstat 65280, 0xff00)
Failed 3/4 subtests 
# Testing Variable::Strongly::Typed 1.1.0
Error handler must be a CODE ref! at /home/src/perl/repoperls/installed-perls/perl/v5.13.2-213-ge0de7c2/lib/5.13.2/Attribute/Handlers.pm line 225
# Looks like you planned 9 tests but ran 1.
# Looks like your test exited with 255 just after 1.
t/03.array.type.t ... 
Dubious, test returned 255 (wstat 65280, 0xff00)
Failed 8/9 subtests 
# Testing Variable::Strongly::Typed 1.1.0
Error handler must be a CODE ref! at /home/src/perl/repoperls/installed-perls/perl/v5.13.2-213-ge0de7c2/lib/5.13.2/Attribute/Handlers.pm line 225
# Looks like you planned 8 tests but ran 1.
# Looks like your test exited with 255 just after 1.
t/04.hash.type.t .... 
Dubious, test returned 255 (wstat 65280, 0xff00)
Failed 7/8 subtests 
# Testing Variable::Strongly::Typed 1.1.0
Error handler must be a CODE ref! at /home/src/perl/repoperls/installed-perls/perl/v5.13.2-213-ge0de7c2/lib/5.13.2/Attribute/Handlers.pm line 225
# Looks like you planned 3 tests but ran 1.
# Looks like your test exited with 255 just after 1.
t/05.no.type.t ...... 
Dubious, test returned 255 (wstat 65280, 0xff00)
Failed 2/3 subtests 
Error handler must be a CODE ref! at /home/src/perl/repoperls/installed-perls/perl/v5.13.2-213-ge0de7c2/lib/5.13.2/Attribute/Handlers.pm line 225
CHECK failed--call queue aborted.
# Looks like you planned 4 tests but ran 1.
# Looks like your test exited with 255 just after 1.
t/06.code.t ......... 
Dubious, test returned 255 (wstat 65280, 0xff00)
Failed 3/4 subtests 
t/pod-coverage.t .... ok
t/pod.t ............. ok

Test Summary Report
-------------------
t/01.simple.type.t (Wstat: 65280 Tests: 1 Failed: 0)
  Non-zero exit status: 255
  Parse errors: Bad plan.  You planned 19 tests but ran 1.
t/02.my.type.t    (Wstat: 65280 Tests: 1 Failed: 0)
  Non-zero exit status: 255
  Parse errors: Bad plan.  You planned 4 tests but ran 1.
t/03.array.type.t (Wstat: 65280 Tests: 1 Failed: 0)
  Non-zero exit status: 255
  Parse errors: Bad plan.  You planned 9 tests but ran 1.
t/04.hash.type.t  (Wstat: 65280 Tests: 1 Failed: 0)
  Non-zero exit status: 255
  Parse errors: Bad plan.  You planned 8 tests but ran 1.
t/05.no.type.t    (Wstat: 65280 Tests: 1 Failed: 0)
  Non-zero exit status: 255
  Parse errors: Bad plan.  You planned 3 tests but ran 1.
t/06.code.t       (Wstat: 65280 Tests: 1 Failed: 0)
  Non-zero exit status: 255
  Parse errors: Bad plan.  You planned 4 tests but ran 1.
Files=9, Tests=18,  0 wallclock secs ( 0.02 usr  0.02 sys +  0.35 cusr  0.06 csys =  0.45 CPU)
Result: FAIL
Failed 6/9 test programs. 0/18 subtests failed.

------------------------------
PREREQUISITES
------------------------------

Prerequisite modules loaded:

requires:

    Module              Need Have 
    ------------------- ---- -----
    Attribute::Handlers 0    0.88 
    Class::Std::Utils   0    0.0.3
    IO::File            0    1.14 
    Test::More          0    0.94 
    Tie::Array          0    1.03 
    Tie::Hash           0    1.03 
    Tie::Scalar         0    1.02 
    version             0    0.82 


------------------------------
ENVIRONMENT AND OTHER CONTEXT
------------------------------

Environment variables:

    LANG = en_US.utf8
    PATH = /home/sand/bin:/usr/local/bin:/usr/bin:/bin:/usr/bin/X11:/usr/games:/usr/local/perl/bin:/usr/X11/bin:/sbin:/usr/sbin
    PERL5LIB = 
    PERL5OPT = 
    PERL5_CPANPLUS_IS_RUNNING = 14036
    PERL5_CPAN_IS_RUNNING = 14036
    SHELL = /usr/bin/zsh
    TERM = screen

Perl special variables (and OS-specific diagnostics, for MSWin32):

    $^X = /home/src/perl/repoperls/installed-perls/perl/v5.13.2-213-ge0de7c2/bin/perl
    $UID/$EUID = 1001 / 1001
    $GID = 1001 1001
    $EGID = 1001 1001

Perl module toolchain versions installed:

    Module              Have   
    ------------------- -------
    CPAN                1.94_57
    Cwd                 3.31   
    ExtUtils::CBuilder  0.2703 
    ExtUtils::Command   1.16   
    ExtUtils::Install   1.55   
    ExtUtils::MakeMaker 6.5601 
    ExtUtils::Manifest  1.58   
    ExtUtils::ParseXS   2.2206 
    File::Spec          3.31   
    Module::Build       0.3607 
    Module::Signature   0.64   
    Test::Harness       3.21   
    Test::More          0.94   
    YAML                0.71   
    YAML::Syck          1.10   
    version             0.82   


--

Summary of my perl5 (revision 5 version 13 subversion 2) configuration:
  Commit id: e0de7c21b08329275a76393ac4d80aae90ac428e
  Platform:
    osname=linux, osvers=2.6.32-2-amd64, archname=x86_64-linux
    uname='linux k81 2.6.32-2-amd64 #1 smp fri feb 12 00:01:47 utc 2010 x86_64 gnulinux '
    config_args='-Dprefix=/home/src/perl/repoperls/installed-perls/perl/v5.13.2-213-ge0de7c2 -Dinstallusrbinperl=n -Uversiononly -Dusedevel -des -Ui_db'
    hint=recommended, useposix=true, d_sigaction=define
    useithreads=undef, usemultiplicity=undef
    useperlio=define, d_sfio=undef, uselargefiles=define, usesocks=undef
    use64bitint=define, use64bitall=define, uselongdouble=undef
    usemymalloc=n, bincompat5005=undef
  Compiler:
    cc='cc', ccflags ='-fno-strict-aliasing -pipe -fstack-protector -I/usr/local/include -D_LARGEFILE_SOURCE -D_FILE_OFFSET_BITS=64',
    optimize='-O2',
    cppflags='-fno-strict-aliasing -pipe -fstack-protector -I/usr/local/include'
    ccversion='', gccversion='4.4.4', gccosandvers=''
    intsize=4, longsize=8, ptrsize=8, doublesize=8, byteorder=12345678
    d_longlong=define, longlongsize=8, d_longdbl=define, longdblsize=16
    ivtype='long', ivsize=8, nvtype='double', nvsize=8, Off_t='off_t', lseeksize=8
    alignbytes=8, prototype=define
  Linker and Libraries:
    ld='cc', ldflags =' -fstack-protector -L/usr/local/lib'
    libpth=/usr/local/lib /lib /usr/lib /lib64 /usr/lib64
    libs=-lnsl -lgdbm -ldb -ldl -lm -lcrypt -lutil -lc -lgdbm_compat
    perllibs=-lnsl -ldl -lm -lcrypt -lutil -lc
    libc=/lib/libc-2.11.2.so, so=so, useshrplib=false, libperl=libperl.a
    gnulibc_version='2.11.2'
  Dynamic Linking:
    dlsrc=dl_dlopen.xs, dlext=so, d_dlsymun=undef, ccdlflags='-Wl,-E'
    cccdlflags='-fPIC', lddlflags='-shared -O2 -L/usr/local/lib -fstack-protector'


Characteristics of this binary (from libperl): 
  Compile-time options: PERL_DONT_CREATE_GVSV PERL_MALLOC_WRAP PERL_USE_DEVEL
                        USE_64_BIT_ALL USE_64_BIT_INT USE_LARGE_FILES
                        USE_PERLIO USE_PERL_ATOF
  Built under linux
  Compiled at Jul  7 2010 06:05:51
  %ENV:
    PERL5LIB=""
    PERL5OPT=""
    PERL5_CPANPLUS_IS_RUNNING="14036"
    PERL5_CPAN_IS_RUNNING="14036"
  @INC:
    /home/src/perl/repoperls/installed-perls/perl/v5.13.2-213-ge0de7c2/lib/site_perl/5.13.2/x86_64-linux
    /home/src/perl/repoperls/installed-perls/perl/v5.13.2-213-ge0de7c2/lib/site_perl/5.13.2
    /home/src/perl/repoperls/installed-perls/perl/v5.13.2-213-ge0de7c2/lib/5.13.2/x86_64-linux
    /home/src/perl/repoperls/installed-perls/perl/v5.13.2-213-ge0de7c2/lib/5.13.2
    .