Report for Lorem-0.16

Back
From: metabase:user:3198cbe2-2aae-11df-837a-5e0a49663a4f
Subject: FAIL Lorem-0.16 v5.12.3 GNU/Linux
Date: 2011-09-16T13:07:57Z

This distribution has been tested as part of the CPAN Testers
project, supporting the Perl programming language.  See
http://wiki.cpantesters.org/ for more information or email
questions to cpan-testers-discuss@perl.org


--
Dear Jeffrey Ray Hallock,

This is a computer-generated report for Lorem-0.16-withoutworldwriteables
on perl 5.12.3, created by CPAN-Reporter-1.1902.

Thank you for uploading your work to CPAN.  However, there was a problem
testing your distribution.

If you think this report is invalid, please consult the CPAN Testers Wiki
for suggestions on how to avoid getting FAIL reports for missing library
or binary dependencies, unsupported operating systems, and so on:

http://wiki.cpantesters.org/wiki/CPANAuthorNotes

Sections of this report:

    * Tester comments
    * Program output
    * Prerequisites
    * Environment and other context

------------------------------
TESTER COMMENTS
------------------------------

Additional comments from tester:

this report is from an automated smoke testing program
and was not reviewed by a human for accuracy

------------------------------
PROGRAM OUTPUT
------------------------------

Output from '/usr/bin/make test':

PERL_DL_NONLAZY=1 /home/graham/perltest/perl5123th/perl/bin/perl "-MExtUtils::Command::MM" "-e" "test_harness(0, 'blib/lib', 'blib/arch')" t/*.t
Can't locate object method "set_margin_top" via package "Lorem::Document" at t/001_document.t line 16.
# Looks like your test exited with 255 just after 3.
t/001_document.t ............ 
Dubious, test returned 255 (wstat 65280, 0xff00)
All 3 subtests passed 
Can't locate object method "set_margin_top" via package "Lorem::Document" at t/002_pdf_surface.t line 17.
# Looks like your test exited with 255 before it could output anything.
t/002_pdf_surface.t ......... 
Dubious, test returned 255 (wstat 65280, 0xff00)
No subtests run 
t/003_print_operation.t ..... skipped: Tests run for module author only.
Can't locate object method "set_margin_top" via package "Lorem::Document" at t/011_box_element.t line 19.
# Looks like your test exited with 255 just after 5.
t/011_box_element.t ......... 
Dubious, test returned 255 (wstat 65280, 0xff00)
All 5 subtests passed 
Can't locate object method "set_margin_top" via package "Lorem::Document" at t/012_div.t line 18.
# Looks like your test exited with 255 just after 5.
t/012_div.t ................. 
Dubious, test returned 255 (wstat 65280, 0xff00)
All 5 subtests passed 
Can't locate object method "set_margin_left" via package "Lorem::Style" at /home/graham/perltest/perl5123th/cpan/build/Lorem-0.16-aRo7kH/blib/lib/Lorem/Role/Style/HasMargin.pm line 63.
# Looks like your test exited with 255 just after 5.
t/013_div_relative_width.t .. 
Dubious, test returned 255 (wstat 65280, 0xff00)
All 5 subtests passed 
Can't locate object method "set_text_align" via package "Lorem::Style" at /home/graham/perltest/perl5123th/cpan/build/Lorem-0.16-aRo7kH/blib/lib/Lorem/Element/Header.pm line 61.
# Looks like your test exited with 255 just after 5.
t/014_table.t ............... 
Dubious, test returned 255 (wstat 65280, 0xff00)
All 5 subtests passed 
t/100_style.t ............... ok
Can't locate object method "set_width" via package "Lorem::Style" at t/101_style_dimensions.t line 10.
# Looks like your test exited with 255 before it could output anything.
t/101_style_dimensions.t .... 
Dubious, test returned 255 (wstat 65280, 0xff00)
Failed 6/6 subtests 
Can't locate object method "set_border_bottom_width" via package "Lorem::Style" at /home/graham/perltest/perl5123th/cpan/build/Lorem-0.16-aRo7kH/blib/lib/Lorem/Role/Style/HasBorders.pm line 149.
# Looks like you planned 21 tests but ran 1.
# Looks like your test exited with 255 just after 1.
t/102_style_borders.t ....... 
Dubious, test returned 255 (wstat 65280, 0xff00)
Failed 20/21 subtests 
Can't locate object method "set_padding_left" via package "Lorem::Style" at t/103_style_padding.t line 10.
# Looks like your test exited with 255 before it could output anything.
t/103_style_padding.t ....... 
Dubious, test returned 255 (wstat 65280, 0xff00)
Failed 8/8 subtests 
Can't locate object method "set_margin_left" via package "Lorem::Style" at t/104_style_margin.t line 10.
# Looks like your test exited with 255 before it could output anything.
t/104_style_margin.t ........ 
Dubious, test returned 255 (wstat 65280, 0xff00)
Failed 8/8 subtests 
t/150_style_parsing.t ....... ok
t/151_style_parsing.t ....... ok
Can't locate object method "set_margin_left" via package "Lorem::Style" at /home/graham/perltest/perl5123th/cpan/build/Lorem-0.16-aRo7kH/blib/lib/Lorem/Role/Style/HasMargin.pm line 63.
# Looks like your test exited with 255 before it could output anything.
t/152_style_coercion.t ...... 
Dubious, test returned 255 (wstat 65280, 0xff00)
Failed 10/10 subtests 
t/200_lorum.t ............... ok

Test Summary Report
-------------------
t/001_document.t          (Wstat: 65280 Tests: 3 Failed: 0)
  Non-zero exit status: 255
t/002_pdf_surface.t       (Wstat: 65280 Tests: 0 Failed: 0)
  Non-zero exit status: 255
  Parse errors: No plan found in TAP output
t/011_box_element.t       (Wstat: 65280 Tests: 5 Failed: 0)
  Non-zero exit status: 255
t/012_div.t               (Wstat: 65280 Tests: 5 Failed: 0)
  Non-zero exit status: 255
t/013_div_relative_width.t (Wstat: 65280 Tests: 5 Failed: 0)
  Non-zero exit status: 255
t/014_table.t             (Wstat: 65280 Tests: 5 Failed: 0)
  Non-zero exit status: 255
t/101_style_dimensions.t  (Wstat: 65280 Tests: 0 Failed: 0)
  Non-zero exit status: 255
  Parse errors: Bad plan.  You planned 6 tests but ran 0.
t/102_style_borders.t     (Wstat: 65280 Tests: 1 Failed: 0)
  Non-zero exit status: 255
  Parse errors: Bad plan.  You planned 21 tests but ran 1.
t/103_style_padding.t     (Wstat: 65280 Tests: 0 Failed: 0)
  Non-zero exit status: 255
  Parse errors: Bad plan.  You planned 8 tests but ran 0.
t/104_style_margin.t      (Wstat: 65280 Tests: 0 Failed: 0)
  Non-zero exit status: 255
  Parse errors: Bad plan.  You planned 8 tests but ran 0.
t/152_style_coercion.t    (Wstat: 65280 Tests: 0 Failed: 0)
  Non-zero exit status: 255
  Parse errors: Bad plan.  You planned 10 tests but ran 0.
Files=16, Tests=70, 33 wallclock secs ( 0.17 usr  0.06 sys + 31.53 cusr  1.15 csys = 32.91 CPU)
Result: FAIL
Failed 11/16 test programs. 0/70 subtests failed.
make: *** [test_dynamic] Error 255

------------------------------
PREREQUISITES
------------------------------

Prerequisite modules loaded:

requires:

    Module                         Need Have  
    ------------------------------ ---- ------
    Moose                          0    2.0205
    MooseX::SemiAffordanceAccessor 0    0.09  
    MooseX::StrictConstructor      0    0.16  
    MooseX::Types                  0    0.25  


------------------------------
ENVIRONMENT AND OTHER CONTEXT
------------------------------

Environment variables:

    AUTOMATED_TESTING = 1
    LANG = C
    PATH = /home/graham/perltest/perl5123th/perl/bin:/home/graham/perltest/perl5123th/perl/bin:/usr/local/bin:/usr/bin:/bin:/usr/local/sbin:/usr/sbin:/sbin:/opt/java/bin:/opt/java/db/bin:/opt/java/jre/bin:/opt/kde/bin:/usr/bin/perlbin/site:/usr/bin/perlbin/vendor:/usr/lib/perl5/core_perl/bin:/opt/qt/bin
    PERL5LIB = 
    PERL5OPT = 
    PERL5_CPANPLUS_IS_RUNNING = 15637
    PERL5_CPAN_IS_RUNNING = 15637
    PERL5_CPAN_IS_RUNNING_IN_RECURSION = 10591,15637
    PERL_CR_SMOKER_CURRENT = Lorem-0.16-withoutworldwriteables
    PERL_EXTUTILS_AUTOINSTALL = --defaultdeps
    PERL_MM_USE_DEFAULT = 1
    SHELL = /bin/bash
    TERM = xterm

Perl special variables (and OS-specific diagnostics, for MSWin32):

    $^X = /home/graham/perltest/perl5123th/perl/bin/perl
    $UID/$EUID = 1000 / 1000
    $GID = 1000 7 10 91 92 93 95 98 100 108 1000 1001
    $EGID = 1000 7 10 91 92 93 95 98 100 108 1000 1001

Perl module toolchain versions installed:

    Module              Have    
    ------------------- --------
    CPAN                1.9800  
    Cwd                 3.33    
    ExtUtils::CBuilder  0.280202
    ExtUtils::Command   1.16    
    ExtUtils::Install   1.55    
    ExtUtils::MakeMaker 6.56    
    ExtUtils::Manifest  1.57    
    ExtUtils::ParseXS   2.2206  
    File::Spec          3.33    
    Module::Build       0.3800  
    Module::Signature   0.68    
    Test::Harness       3.23    
    Test::More          0.98    
    YAML                0.73    
    YAML::Syck          1.17    
    version             0.88    


--

Summary of my perl5 (revision 5 version 12 subversion 3) configuration:
   
  Platform:
    osname=linux, osvers=2.6.36-arch, archname=i686-linux-thread-multi
    uname='linux lorant 2.6.36-arch #1 smp preempt fri dec 10 20:01:53 utc 2010 i686 intel(r) pentium(r) 4 cpu 2.80ghz genuineintel gnulinux '
    config_args=''
    hint=recommended, useposix=true, d_sigaction=define
    useithreads=define, usemultiplicity=define
    useperlio=define, d_sfio=undef, uselargefiles=define, usesocks=undef
    use64bitint=undef, use64bitall=undef, uselongdouble=undef
    usemymalloc=n, bincompat5005=undef
  Compiler:
    cc='cc', ccflags ='-D_REENTRANT -D_GNU_SOURCE -fno-strict-aliasing -pipe -fstack-protector -I/usr/local/include -D_LARGEFILE_SOURCE -D_FILE_OFFSET_BITS=64',
    optimize='-O2',
    cppflags='-D_REENTRANT -D_GNU_SOURCE -fno-strict-aliasing -pipe -fstack-protector -I/usr/local/include'
    ccversion='', gccversion='4.5.2', gccosandvers=''
    intsize=4, longsize=4, ptrsize=4, doublesize=8, byteorder=1234
    d_longlong=define, longlongsize=8, d_longdbl=define, longdblsize=12
    ivtype='long', ivsize=4, nvtype='double', nvsize=8, Off_t='off_t', lseeksize=8
    alignbytes=4, prototype=define
  Linker and Libraries:
    ld='cc', ldflags =' -fstack-protector -L/usr/local/lib'
    libpth=/usr/local/lib /lib /usr/lib
    libs=-lnsl -lgdbm -ldb -ldl -lm -lcrypt -lutil -lpthread -lc -lgdbm_compat
    perllibs=-lnsl -ldl -lm -lcrypt -lutil -lpthread -lc
    libc=/lib/libc-2.12.2.so, so=so, useshrplib=true, libperl=libperl.so
    gnulibc_version='2.12.2'
  Dynamic Linking:
    dlsrc=dl_dlopen.xs, dlext=so, d_dlsymun=undef, ccdlflags='-Wl,-E -Wl,-rpath,/home/graham/perltest/perl5123th/perl/lib/5.12.3/i686-linux-thread-multi/CORE'
    cccdlflags='-fPIC', lddlflags='-shared -O2 -L/usr/local/lib -fstack-protector'


Characteristics of this binary (from libperl): 
  Compile-time options: MULTIPLICITY PERL_DONT_CREATE_GVSV
                        PERL_IMPLICIT_CONTEXT PERL_MALLOC_WRAP USE_ITHREADS
                        USE_LARGE_FILES USE_PERLIO USE_PERL_ATOF
                        USE_REENTRANT_API
  Built under linux
  Compiled at Mar  4 2011 20:00:04
  %ENV:
    PERL5LIB=""
    PERL5OPT=""
    PERL5_CPANPLUS_IS_RUNNING="15637"
    PERL5_CPAN_IS_RUNNING="15637"
    PERL5_CPAN_IS_RUNNING_IN_RECURSION="10591,15637"
    PERL_CR_SMOKER_CURRENT="Lorem-0.16-withoutworldwriteables"
    PERL_EXTUTILS_AUTOINSTALL="--defaultdeps"
    PERL_MM_USE_DEFAULT="1"
  @INC:
    /home/graham/perltest/perl5123th/perl/lib/site_perl/5.12.3/i686-linux-thread-multi
    /home/graham/perltest/perl5123th/perl/lib/site_perl/5.12.3
    /home/graham/perltest/perl5123th/perl/lib/5.12.3/i686-linux-thread-multi
    /home/graham/perltest/perl5123th/perl/lib/5.12.3
    .