Emacs-Run v0.15 Perl 5 v5.27.3 x86_64-linux
- Status
- Fail
- From
- Slaven Rezić (SREZIC)
- Dist
-
Emacs-Run v0.15
- Platform
- Perl 5 v5.27.3 x86_64-linux
- Date
- 2017-08-26 23:40:08
- ID
- e55ee5b4-8ab7-11e7-bc0d-e5c8ff4882f4
This distribution has been tested as part of the CPAN Testers
project, supporting the Perl programming language. See
http://wiki.cpantesters.org/ for more information or email
questions to cpan-testers-discuss@perl.org
--
Dear Joseph Brenner,
This is a computer-generated report for Emacs-Run-0.15
on perl 5.27.3, created by CPAN-Reporter-1.2018.
Thank you for uploading your work to CPAN. However, there was a problem
testing your distribution.
If you think this report is invalid, please consult the CPAN Testers Wiki
for suggestions on how to avoid getting FAIL reports for missing library
or binary dependencies, unsupported operating systems, and so on:
http://wiki.cpantesters.org/wiki/CPANAuthorNotes
Sections of this report:
* Tester comments
* Program output
* Prerequisites
* Environment and other context
------------------------------
TESTER COMMENTS
------------------------------
Additional comments from tester:
none provided
------------------------------
PROGRAM OUTPUT
------------------------------
Output from './Build test':
# Testing Emacs::Run 0.15, Perl 5.027003, /bbbike/perl-5.27.3/bin/perl5.27.3
t/00-load.t ................................. ok
t/01-instantiation_failure_without_emacs.t .. ok
# Failed test 'Testing that emacs major version is 21 or 22 or 23'
# at t/02-parse_emacs_version_strings.t line 41.
# '24.4.1'
# doesn't match '(?^msx: ^ 2[123] \. )'
# Looks like you failed 1 test of 17.
t/02-parse_emacs_version_strings.t ..........
Dubious, test returned 1 (wstat 256, 0x100)
Failed 1/17 subtests
t/03-distinguish_lib_or_file.t .............. ok
# Failed test 'Testing genec_load_emacs_init loading just a .emacs file'
#
# at t/04-working_with_emacs.t line 136.
#
# got: ' -l "/tmpfs/.cpan-build-cpansand/2017082621/Emacs-Run-0.15-0/t/dat/home/mockingbird/.emacs" -l "default" '
# expected: ' -l "/tmpfs/.cpan-build-cpansand/2017082621/Emacs-Run-0.15-0/t/dat/home/mockingbird/.emacs" '
#
# Failed test 'Testing detect_site_init, etc: genec_load_emacs_init looks good'
#
# at t/04-working_with_emacs.t line 168.
#
# ' -l "site-start" -l "/tmpfs/.cpan-build-cpansand/2017082621/Emacs-Run-0.15-0/t/dat/home/falsenose/.emacs" -l "default" '
# doesn't match '(?^msx:
# ^ \s* -l \s* "site-start" \s* -l \s* "/tmpfs/.cpan-build-cpansand/2017082621/Emacs-Run-0.15-0/t/dat/home/falsenose/\.emacs" \s* $
# )'
#
Use of uninitialized value $ret in scalar chop at t/04-working_with_emacs.t line 171.
# Failed test 'Testing detect_site_init, etc: function defined in site-start.el'
#
# at t/04-working_with_emacs.t line 172.
#
# got: undef
# expected: 'Got it.'
#
# Failed test 'Testing get_load_path (which uses eval_emacs)'
#
# at t/04-working_with_emacs.t line 202.
#
# Structures begin differing at:
# $got->[0] = Does not exist
# $expected->[0] = '/tmp'
#
# Failed test 'Testing get_variable: gadzornika'
#
# at t/04-working_with_emacs.t line 239.
#
# got: ''
# expected: 'Only in Drupal.'
#
# Failed test 'Testing get_variable: garudabird'
#
# at t/04-working_with_emacs.t line 239.
#
# got: ''
# expected: '6'
#
# Failed test 'Testing get_variable: load-path'
#
# at t/04-working_with_emacs.t line 239.
#
# got: ''
# expected: '("/tmp" "/tmpfs/.cpan-build-cpansand/2017082621/Emacs-Run-0.15-0/t/dat/usr/lib" "/tmpfs/.cpan-build-cpansand/2017082621/Emacs-Run-0.15-0/t/dat/usr/lib-alt")'
#
# Failed test 'Testing eval_function: groatcakes'
#
# at t/04-working_with_emacs.t line 263.
#
# got: ''
# expected: 'Hello'
#
# Failed test 'Testing get_variable and eval_function for user email and name: user'
#
# at t/04-working_with_emacs.t line 288.
#
# got: ''
# expected: 'Cheney's Demon'
#
# Failed test 'Testing get_variable and eval_function for user email and name: email'
#
# at t/04-working_with_emacs.t line 289.
#
# got: ''
# expected: 'beast@666.dis.org'
#
# Failed test 'Testing internal quoting handling on elisp'
#
# at t/04-working_with_emacs.t line 310.
#
# got: 'Loading 00debian-vars...
# Loading /etc/emacs/site-start.d/50autoconf.el (source)...
# Loading /etc/emacs/site-start.d/50cmake-data.el (source)...
# Loading /etc/emacs/site-start.d/50dictionaries-common.el (source)...
# Loading debian-ispell...
# Loading /var/cache/dictionaries-common/emacsen-ispell-default.el (source)...
# Loading /var/cache/dictionaries-common/emacsen-ispell-dicts.el (source)...
# Loading /etc/emacs/site-start.d/50python-docutils.el (source)...
# Cannot open load file: datei oder Verzeichnis nicht gefunden, default'
# expected: '/tmp | /tmpfs/.cpan-build-cpansand/2017082621/Emacs-Run-0.15-0/t/dat/usr/lib | /tmpfs/.cpan-build-cpansand/2017082621/Emacs-Run-0.15-0/t/dat/usr/lib-alt'
#
# Failed test 'Eval simple elisp with current user's actual emacs init files: elisp message'
#
# at t/04-working_with_emacs.t line 318.
#
# got: 'Loading 00debian-vars...
# Loading /etc/emacs/site-start.d/50autoconf.el (source)...
# Loading /etc/emacs/site-start.d/50cmake-data.el (source)...
# Loading /etc/emacs/site-start.d/50dictionaries-common.el (source)...
# Loading debian-ispell...
# Loading /var/cache/dictionaries-common/emacsen-ispell-default.el (source)...
# Loading /var/cache/dictionaries-common/emacsen-ispell-dicts.el (source)...
# Loading /etc/emacs/site-start.d/50python-docutils.el (source)...
# Cannot open load file: datei oder Verzeichnis nicht gefunden, default'
# expected: 'yow'
#
# Failed test 'Eval simple elisp with current user's actual emacs init files: plus'
#
# at t/04-working_with_emacs.t line 321.
#
# got: 'Loading 00debian-vars...
# Loading /etc/emacs/site-start.d/50autoconf.el (source)...
# Loading /etc/emacs/site-start.d/50cmake-data.el (source)...
# Loading /etc/emacs/site-start.d/50dictionaries-common.el (source)...
# Loading debian-ispell...
# Loading /var/cache/dictionaries-common/emacsen-ispell-default.el (source)...
# Loading /var/cache/dictionaries-common/emacsen-ispell-dicts.el (source)...
# Loading /etc/emacs/site-start.d/50python-docutils.el (source)...
# Cannot open load file: datei oder Verzeichnis nicht gefunden, default'
# expected: '4'
#
Argument "" isn't numeric in numeric gt (>) at t/04-working_with_emacs.t line 367.
# Failed test 'Testing run_elisp_on_file: upcase-region on penguindust/chesterson-us.txt'
#
# at t/04-working_with_emacs.t line 416.
#
# +---+------------------------------------------------------------------------------+------------------------------------------------------------------------------+
# | Ln|Got |Expected |
# +---+------------------------------------------------------------------------------+------------------------------------------------------------------------------+
# * 1|'THE consulting-rooms of Dr Orion Hood, the eminent criminologist |'THE CONSULTING-ROOMS OF DR ORION HOOD, THE EMINENT CRIMINOLOGIST *
# * 2|and specialist in certain moral disorders, lay along the sea-front |AND SPECIALIST IN CERTAIN MORAL DISORDERS, LAY ALONG THE SEA-FRONT *
# * 3|at Scarborough, in a series of very large and well-lighted french windows, |AT SCARBOROUGH, IN A SERIES OF VERY LARGE AND WELL-LIGHTED FRENCH WINDOWS, *
# * 4|which showed the North Sea like one endless outer wall of blue-green marble. |WHICH SHOWED THE NORTH SEA LIKE ONE ENDLESS OUTER WALL OF BLUE-GREEN MARBLE. *
# * 5|In such a place the sea had something of the monotony of a blue-green dado: |IN SUCH A PLACE THE SEA HAD SOMETHING OF THE MONOTONY OF A BLUE-GREEN DADO: *
# * 6|for the chambers themselves were ruled throughout by a terrible tidiness |FOR THE CHAMBERS THEMSELVES WERE RULED THROUGHOUT BY A TERRIBLE TIDINESS *
# * 7|not unlike the terrible tidiness of the sea. It must not be supposed |NOT UNLIKE THE TERRIBLE TIDINESS OF THE SEA. IT MUST NOT BE SUPPOSED *
# * 8|that Dr Hood\'s apartments excluded luxury, or even poetry. |THAT DR HOOD\'S APARTMENTS EXCLUDED LUXURY, OR EVEN POETRY. *
# | 9|' |' |
# +---+------------------------------------------------------------------------------+------------------------------------------------------------------------------+
#
#
using emacs version: 24.4.1Could not determine the file for the named library: nada at t/04-working_with_emacs.t line 440.
# Looks like your test exited with 2 just after 21.
#
t/04-working_with_emacs.t ...................
Dubious, test returned 2 (wstat 512, 0x200)
Failed 20/27 subtests
(less 1 skipped subtest: 6 okay)
# Failed test 'Testing redirector, with eval_elisp: default behavior'
#
# at t/06-setting_redirector.t line 81.
#
Testing redirector, with eval_elisp: default behavior, result is: Loading 00debian-vars...
Loading /etc/emacs/site-start.d/50autoconf.el (source)...
Loading /etc/emacs/site-start.d/50cmake-data.el (source)...
Loading /etc/emacs/site-start.d/50dictionaries-common.el (source)...
Loading debian-ispell...
Loading /var/cache/dictionaries-common/emacsen-ispell-default.el (source)...
Loading /var/cache/dictionaries-common/emacsen-ispell-dicts.el (source)...
Loading /etc/emacs/site-start.d/50python-docutils.el (source)...
Cannot open load file: datei oder Verzeichnis nicht gefunden, default
# Failed test 'Testing redirector, with eval_elisp: stdout_only set on method'
#
# at t/06-setting_redirector.t line 93.
#
# got: ''
# expected: 'i am stdout'
#
# Failed test 'Testing redirector, with eval_elisp: stderr_only set on method'
#
# at t/06-setting_redirector.t line 102.
#
# got: 'Loading 00debian-vars...
# Loading /etc/emacs/site-start.d/50autoconf.el (source)...
# Loading /etc/emacs/site-start.d/50cmake-data.el (source)...
# Loading /etc/emacs/site-start.d/50dictionaries-common.el (source)...
# Loading debian-ispell...
# Loading /var/cache/dictionaries-common/emacsen-ispell-default.el (source)...
# Loading /var/cache/dictionaries-common/emacsen-ispell-dicts.el (source)...
# Loading /etc/emacs/site-start.d/50python-docutils.el (source)...
# Cannot open load file: datei oder Verzeichnis nicht gefunden, default'
# expected: 'i am stderr'
#
# Failed test 'Testing redirector, with eval_elisp: all_output'
#
# at t/06-setting_redirector.t line 113.
#
Testing redirector, with eval_elisp: all_output, result is: Loading 00debian-vars...
Loading /etc/emacs/site-start.d/50autoconf.el (source)...
Loading /etc/emacs/site-start.d/50cmake-data.el (source)...
Loading /etc/emacs/site-start.d/50dictionaries-common.el (source)...
Loading debian-ispell...
Loading /var/cache/dictionaries-common/emacsen-ispell-default.el (source)...
Loading /var/cache/dictionaries-common/emacsen-ispell-dicts.el (source)...
Loading /etc/emacs/site-start.d/50python-docutils.el (source)...
Cannot open load file: datei oder Verzeichnis nicht gefunden, default
# Failed test 'Testing redirector, with eval_elisp: stderr_only set on object'
#
# at t/06-setting_redirector.t line 128.
#
# got: 'Loading 00debian-vars...
# Loading /etc/emacs/site-start.d/50autoconf.el (source)...
# Loading /etc/emacs/site-start.d/50cmake-data.el (source)...
# Loading /etc/emacs/site-start.d/50dictionaries-common.el (source)...
# Loading debian-ispell...
# Loading /var/cache/dictionaries-common/emacsen-ispell-default.el (source)...
# Loading /var/cache/dictionaries-common/emacsen-ispell-dicts.el (source)...
# Loading /etc/emacs/site-start.d/50python-docutils.el (source)...
# Cannot open load file: datei oder Verzeichnis nicht gefunden, default'
# expected: 'i am stderr'
#
# Failed test 'Testing redirector, with eval_elisp: stdout_only set on object'
#
# at t/06-setting_redirector.t line 139.
#
# got: ''
# expected: 'i am stdout'
#
# Failed test 'Testing run_elisp_on_file: upcase-region on penguindust/chesterson.txt'
#
# at t/06-setting_redirector.t line 178.
#
# +---+------------------------------------------------------------------------------+------------------------------------------------------------------------------+
# | Ln|Got |Expected |
# +---+------------------------------------------------------------------------------+------------------------------------------------------------------------------+
# * 1|'THE consulting-rooms of Dr Orion Hood, the eminent criminologist |'THE CONSULTING-ROOMS OF DR ORION HOOD, THE EMINENT CRIMINOLOGIST *
# * 2|and specialist in certain moral disorders, lay along the sea-front |AND SPECIALIST IN CERTAIN MORAL DISORDERS, LAY ALONG THE SEA-FRONT *
# * 3|at Scarborough, in a series of very large and well-lighted french windows, |AT SCARBOROUGH, IN A SERIES OF VERY LARGE AND WELL-LIGHTED FRENCH WINDOWS, *
# * 4|which showed the North Sea like one endless outer wall of blue-green marble. |WHICH SHOWED THE NORTH SEA LIKE ONE ENDLESS OUTER WALL OF BLUE-GREEN MARBLE. *
# * 5|In such a place the sea had something of the monotony of a blue-green dado: |IN SUCH A PLACE THE SEA HAD SOMETHING OF THE MONOTONY OF A BLUE-GREEN DADO: *
# * 6|for the chambers themselves were ruled throughout by a terrible tidiness |FOR THE CHAMBERS THEMSELVES WERE RULED THROUGHOUT BY A TERRIBLE TIDINESS *
# * 7|not unlike the terrible tidiness of the sea. It must not be supposed |NOT UNLIKE THE TERRIBLE TIDINESS OF THE SEA. IT MUST NOT BE SUPPOSED *
# * 8|that Dr Hood\'s apartments excluded luxury, or even poetry. |THAT DR HOOD\'S APARTMENTS EXCLUDED LUXURY, OR EVEN POETRY. *
# | 9|' |' |
# +---+------------------------------------------------------------------------------+------------------------------------------------------------------------------+
#
#
using emacs version: GNU Emacs 24.4.1
Copyright (C) 2014 Free Software Foundation, Inc.
GNU Emacs comes with ABSOLUTELY NO WARRANTY.
You may redistribute copies of Emacs
under the terms of the GNU General Public License.
For more information about these matters, see the file named COPYING.
# Failed test 'Testing run_elisp_on_file: captured message sent to stderr.'
#
# at t/06-setting_redirector.t line 189.
#
# 'Loading 00debian-vars...
# Loading /etc/emacs/site-start.d/50autoconf.el (source)...
# Loading /etc/emacs/site-start.d/50cmake-data.el (source)...
# Loading /etc/emacs/site-start.d/50dictionaries-common.el (source)...
# Loading debian-ispell...
# Loading /var/cache/dictionaries-common/emacsen-ispell-default.el (source)...
# Loading /var/cache/dictionaries-common/emacsen-ispell-dicts.el (source)...
# Loading /etc/emacs/site-start.d/50python-docutils.el (source)...
# Yow! I am spewing to STDERR! Can I register as an Anarchist?
# Cannot open load file: datei oder Verzeichnis nicht gefunden, default'
# doesn't match '(?^msx: (?^msx: Yow\!\ I\ am\ spewing\ to\ STDERR\!\ \ Can\ I\ register\ as\ an\ Anarchist\? .*? \/tmpfs\/\.cpan\-build\-cpansand\/2017082621\/Emacs\-Run\-0\.15\-0\/t\/dat\/home\/penguindust\/chesterson\-uc\.txt ) )'
#
# Failed test 'Testing eval_function interface with no args or opts: sees stdout'
#
# at t/06-setting_redirector.t line 279.
#
# ''
# doesn't match '(?^:count two)'
#
# Failed test 'Testing eval_function interface with args: passes through an arg to stdout'
#
# at t/06-setting_redirector.t line 284.
#
# ''
# doesn't match '(?^:proper campaign contributions to key races will ensure that business needs can be met)'
#
# Failed test 'Testing eval_function interface with args & opts: sees stderr now'
#
# at t/06-setting_redirector.t line 288.
#
# 'Loading 00debian-vars...
# Loading /etc/emacs/site-start.d/50autoconf.el (source)...
# Loading /etc/emacs/site-start.d/50cmake-data.el (source)...
# Loading /etc/emacs/site-start.d/50dictionaries-common.el (source)...
# Loading debian-ispell...
# Loading /var/cache/dictionaries-common/emacsen-ispell-default.el (source)...
# Loading /var/cache/dictionaries-common/emacsen-ispell-dicts.el (source)...
# Loading /etc/emacs/site-start.d/50python-docutils.el (source)...
# Cannot open load file: datei oder Verzeichnis nicht gefunden, default'
# doesn't match '(?^:think blue|oink)'
#
# Failed test 'Testing eval_function interface with args & opts: gets an arg to stdout'
#
# at t/06-setting_redirector.t line 289.
#
# 'Loading 00debian-vars...
# Loading /etc/emacs/site-start.d/50autoconf.el (source)...
# Loading /etc/emacs/site-start.d/50cmake-data.el (source)...
# Loading /etc/emacs/site-start.d/50dictionaries-common.el (source)...
# Loading debian-ispell...
# Loading /var/cache/dictionaries-common/emacsen-ispell-default.el (source)...
# Loading /var/cache/dictionaries-common/emacsen-ispell-dicts.el (source)...
# Loading /etc/emacs/site-start.d/50python-docutils.el (source)...
# Cannot open load file: datei oder Verzeichnis nicht gefunden, default'
# doesn't match '(?^:proper campaign contributions to key races will ensure that business needs can be met)'
#
# Failed test 'Testing eval_function interface with opts: sees stderr'
#
# at t/06-setting_redirector.t line 293.
#
# 'Loading 00debian-vars...
# Loading /etc/emacs/site-start.d/50autoconf.el (source)...
# Loading /etc/emacs/site-start.d/50cmake-data.el (source)...
# Loading /etc/emacs/site-start.d/50dictionaries-common.el (source)...
# Loading debian-ispell...
# Loading /var/cache/dictionaries-common/emacsen-ispell-default.el (source)...
# Loading /var/cache/dictionaries-common/emacsen-ispell-dicts.el (source)...
# Loading /etc/emacs/site-start.d/50python-docutils.el (source)...
# Cannot open load file: datei oder Verzeichnis nicht gefunden, default'
# doesn't match '(?^:think blue)'
#
# Failed test 'Testing eval_function interface with opts: also sees stdout'
#
# at t/06-setting_redirector.t line 294.
#
# 'Loading 00debian-vars...
# Loading /etc/emacs/site-start.d/50autoconf.el (source)...
# Loading /etc/emacs/site-start.d/50cmake-data.el (source)...
# Loading /etc/emacs/site-start.d/50dictionaries-common.el (source)...
# Loading debian-ispell...
# Loading /var/cache/dictionaries-common/emacsen-ispell-default.el (source)...
# Loading /var/cache/dictionaries-common/emacsen-ispell-dicts.el (source)...
# Loading /etc/emacs/site-start.d/50python-docutils.el (source)...
# Cannot open load file: datei oder Verzeichnis nicht gefunden, default'
# doesn't match '(?^:count two)'
#
# Looks like you failed 14 tests of 20.
#
t/06-setting_redirector.t ...................
Dubious, test returned 14 (wstat 3584, 0xe00)
Failed 14/20 subtests
# Failed test 'Testing run_elisp_on_file: upcase-region on penguindust/chesterson.txt'
#
# at t/08-setting_shell_output_director.t line 95.
#
# +---+------------------------------------------------------------------------------+------------------------------------------------------------------------------+
# | Ln|Got |Expected |
# +---+------------------------------------------------------------------------------+------------------------------------------------------------------------------+
# * 1|'THE consulting-rooms of Dr Orion Hood, the eminent criminologist |'THE CONSULTING-ROOMS OF DR ORION HOOD, THE EMINENT CRIMINOLOGIST *
# * 2|and specialist in certain moral disorders, lay along the sea-front |AND SPECIALIST IN CERTAIN MORAL DISORDERS, LAY ALONG THE SEA-FRONT *
# * 3|at Scarborough, in a series of very large and well-lighted french windows, |AT SCARBOROUGH, IN A SERIES OF VERY LARGE AND WELL-LIGHTED FRENCH WINDOWS, *
# * 4|which showed the North Sea like one endless outer wall of blue-green marble. |WHICH SHOWED THE NORTH SEA LIKE ONE ENDLESS OUTER WALL OF BLUE-GREEN MARBLE. *
# * 5|In such a place the sea had something of the monotony of a blue-green dado: |IN SUCH A PLACE THE SEA HAD SOMETHING OF THE MONOTONY OF A BLUE-GREEN DADO: *
# * 6|for the chambers themselves were ruled throughout by a terrible tidiness |FOR THE CHAMBERS THEMSELVES WERE RULED THROUGHOUT BY A TERRIBLE TIDINESS *
# * 7|not unlike the terrible tidiness of the sea. It must not be supposed |NOT UNLIKE THE TERRIBLE TIDINESS OF THE SEA. IT MUST NOT BE SUPPOSED *
# * 8|that Dr Hood\'s apartments excluded luxury, or even poetry. |THAT DR HOOD\'S APARTMENTS EXCLUDED LUXURY, OR EVEN POETRY. *
# | 9|' |' |
# +---+------------------------------------------------------------------------------+------------------------------------------------------------------------------+
#
#
using emacs version: GNU Emacs 24.4.1
Copyright (C) 2014 Free Software Foundation, Inc.
GNU Emacs comes with ABSOLUTELY NO WARRANTY.
You may redistribute copies of Emacs
under the terms of the GNU General Public License.
For more information about these matters, see the file named COPYING.
# Failed test 'Testing eval_function interface with no args or opts: sees stdout'
#
# at t/08-setting_shell_output_director.t line 195.
#
# ''
# doesn't match '(?^:count two)'
#
# Failed test 'Testing eval_function interface with args: passes through an arg to stdout'
#
# at t/08-setting_shell_output_director.t line 200.
#
# ''
# doesn't match '(?^:proper campaign contributions to key races will ensure that business needs can be met)'
#
# Failed test 'Testing eval_function interface with args & opts: sees stderr now'
#
# at t/08-setting_shell_output_director.t line 204.
#
# 'Loading 00debian-vars...
# Loading /etc/emacs/site-start.d/50autoconf.el (source)...
# Loading /etc/emacs/site-start.d/50cmake-data.el (source)...
# Loading /etc/emacs/site-start.d/50dictionaries-common.el (source)...
# Loading debian-ispell...
# Loading /var/cache/dictionaries-common/emacsen-ispell-default.el (source)...
# Loading /var/cache/dictionaries-common/emacsen-ispell-dicts.el (source)...
# Loading /etc/emacs/site-start.d/50python-docutils.el (source)...
# Cannot open load file: datei oder Verzeichnis nicht gefunden, default'
# doesn't match '(?^:think blue|oink)'
#
# Failed test 'Testing eval_function interface with args & opts: gets an arg to stdout'
#
# at t/08-setting_shell_output_director.t line 205.
#
# 'Loading 00debian-vars...
# Loading /etc/emacs/site-start.d/50autoconf.el (source)...
# Loading /etc/emacs/site-start.d/50cmake-data.el (source)...
# Loading /etc/emacs/site-start.d/50dictionaries-common.el (source)...
# Loading debian-ispell...
# Loading /var/cache/dictionaries-common/emacsen-ispell-default.el (source)...
# Loading /var/cache/dictionaries-common/emacsen-ispell-dicts.el (source)...
# Loading /etc/emacs/site-start.d/50python-docutils.el (source)...
# Cannot open load file: datei oder Verzeichnis nicht gefunden, default'
# doesn't match '(?^:proper campaign contributions to key races will ensure that business needs can be met)'
#
# Failed test 'Testing eval_function interface with opts: sees stderr'
#
# at t/08-setting_shell_output_director.t line 209.
#
# 'Loading 00debian-vars...
# Loading /etc/emacs/site-start.d/50autoconf.el (source)...
# Loading /etc/emacs/site-start.d/50cmake-data.el (source)...
# Loading /etc/emacs/site-start.d/50dictionaries-common.el (source)...
# Loading debian-ispell...
# Loading /var/cache/dictionaries-common/emacsen-ispell-default.el (source)...
# Loading /var/cache/dictionaries-common/emacsen-ispell-dicts.el (source)...
# Loading /etc/emacs/site-start.d/50python-docutils.el (source)...
# Cannot open load file: datei oder Verzeichnis nicht gefunden, default'
# doesn't match '(?^:think blue)'
#
# Failed test 'Testing eval_function interface with opts: also sees stdout'
#
# at t/08-setting_shell_output_director.t line 210.
#
# 'Loading 00debian-vars...
# Loading /etc/emacs/site-start.d/50autoconf.el (source)...
# Loading /etc/emacs/site-start.d/50cmake-data.el (source)...
# Loading /etc/emacs/site-start.d/50dictionaries-common.el (source)...
# Loading debian-ispell...
# Loading /var/cache/dictionaries-common/emacsen-ispell-default.el (source)...
# Loading /var/cache/dictionaries-common/emacsen-ispell-dicts.el (source)...
# Loading /etc/emacs/site-start.d/50python-docutils.el (source)...
# Cannot open load file: datei oder Verzeichnis nicht gefunden, default'
# doesn't match '(?^:count two)'
#
# Looks like you failed 7 tests of 14.
#
t/08-setting_shell_output_director.t ........
Dubious, test returned 7 (wstat 1792, 0x700)
Failed 7/14 subtests
t/pod-coverage.t ............................ ok
t/pod.t ..................................... ok
Test Summary Report
-------------------
t/02-parse_emacs_version_strings.t (Wstat: 256 Tests: 17 Failed: 1)
Failed test: 3
Non-zero exit status: 1
t/04-working_with_emacs.t (Wstat: 512 Tests: 21 Failed: 14)
Failed tests: 6, 8-19, 21
Non-zero exit status: 2
Parse errors: Bad plan. You planned 27 tests but ran 21.
t/06-setting_redirector.t (Wstat: 3584 Tests: 20 Failed: 14)
Failed tests: 3-10, 14, 16-20
Non-zero exit status: 14
t/08-setting_shell_output_director.t (Wstat: 1792 Tests: 14 Failed: 7)
Failed tests: 3, 8, 10-14
Non-zero exit status: 7
Files=9, Tests=87, 24 wallclock secs ( 0.04 usr 0.05 sys + 3.84 cusr 3.38 csys = 7.31 CPU)
Result: FAIL
Failed 4/9 test programs. 36/87 subtests failed.
------------------------------
PREREQUISITES
------------------------------
Prerequisite modules loaded:
build_requires:
Module Need Have
----------------- ---- --------
base 0 2.23
Class::Base 0.03 0.08
Data::Dumper 0 2.161
File::Basename 0 2.85
File::Copy 0 2.32
File::Spec 0 3.62
File::Temp 0 0.2304
Hash::Util 0 0.22
lib 0 0.64
List::MoreUtils 0 0.423
List::Util 0 1.48
strict 0 1.11
Test::Differences 0 0.64
Test::More 0 1.302086
warnings 0 1.37
------------------------------
ENVIRONMENT AND OTHER CONTEXT
------------------------------
Environment variables:
LANG = C
LC_ALL = de_DE.UTF-8
PATH = /usr/local/bin:/usr/bin:/bin:/usr/local/sbin:/usr/sbin:/sbin:/home/cpansand/bin/linux-gnu:/home/cpansand/bin/sh:/home/cpansand/bin:/usr/games:/home/cpansand/devel:/home/eserte/src/srezic-misc/scripts
PERL5LIB =
PERL5OPT =
PERL5_CPANPLUS_IS_RUNNING = 23877
PERL5_CPAN_IS_RUNNING = 23877
PERL5_CPAN_IS_RUNNING_IN_RECURSION = 10535,23877
PERLDOC = -MPod::Perldoc::ToTextOverstrike
PERL_BATCH = yes
PERL_CANARY_STABILITY_NOPROMPT = 1
PERL_CPAN_REPORTER_CONFIG = /var/tmp/cpansmoker-1023/2017082618/cpanreporter_001_config.ini
PERL_EXTUTILS_AUTOINSTALL = --defaultdeps
PERL_PARALLEL_SMOKER = yes
PERL_USE_UNSAFE_INC = 1
SHELL = /bin/zsh
TERM = screen
TMPDIR = /var/tmp/cpansmoker-1023/2017082618
Perl special variables (and OS-specific diagnostics, for MSWin32):
$^X = /bbbike/perl-5.27.3/bin/perl5.27.3
$UID/$EUID = 1023 / 1023
$GID = 1023 1023
$EGID = 1023 1023
Perl module toolchain versions installed:
Module Have
------------------- --------
CPAN 2.18
CPAN::Meta 2.150010
Cwd 3.62
ExtUtils::CBuilder 0.280226
ExtUtils::Command 7.30
ExtUtils::Install 2.14
ExtUtils::MakeMaker 7.30
ExtUtils::Manifest 1.70
ExtUtils::ParseXS 3.35
File::Spec 3.62
JSON 2.94
JSON::PP 2.94
Module::Build 0.4224
Module::Signature 0.81
Parse::CPAN::Meta 2.150010
Test::Harness 3.39
Test::More 1.302086
YAML 1.23
YAML::Syck 1.30
version 0.9918
--
Summary of my perl5 (revision 5 version 27 subversion 3) configuration:
Platform:
osname=linux
osvers=3.16.0-4-amd64
archname=x86_64-linux
uname='linux eserte 3.16.0-4-amd64 #1 smp debian 3.16.43-2+deb8u2 (2017-06-26) x86_64 gnulinux '
config_args='-ds -e -Dprefix=/opt/perl-5.27.3 -Dusedevel -Dusemallocwrap=no -Dcf_email=srezic@cpan.org'
hint=recommended
useposix=true
d_sigaction=define
useithreads=undef
usemultiplicity=undef
use64bitint=define
use64bitall=define
uselongdouble=undef
usemymalloc=n
default_inc_excludes_dot=define
bincompat5005=undef
Compiler:
cc='cc'
ccflags ='-fwrapv -fno-strict-aliasing -pipe -fstack-protector-strong -I/usr/local/include -D_LARGEFILE_SOURCE -D_FILE_OFFSET_BITS=64 -D_FORTIFY_SOURCE=2'
optimize='-O2'
cppflags='-fwrapv -fno-strict-aliasing -pipe -fstack-protector-strong -I/usr/local/include'
ccversion=''
gccversion='4.9.2'
gccosandvers=''
intsize=4
longsize=8
ptrsize=8
doublesize=8
byteorder=12345678
doublekind=3
d_longlong=define
longlongsize=8
d_longdbl=define
longdblsize=16
longdblkind=3
ivtype='long'
ivsize=8
nvtype='double'
nvsize=8
Off_t='off_t'
lseeksize=8
alignbytes=8
prototype=define
Linker and Libraries:
ld='cc'
ldflags =' -fstack-protector-strong -L/usr/local/lib'
libpth=/usr/local/lib /usr/lib/gcc/x86_64-linux-gnu/4.9/include-fixed /usr/include/x86_64-linux-gnu /usr/lib /lib/x86_64-linux-gnu /lib/../lib /usr/lib/x86_64-linux-gnu /usr/lib/../lib /lib
libs=-lpthread -lnsl -lgdbm -ldb -ldl -lm -lcrypt -lutil -lc -lgdbm_compat
perllibs=-lpthread -lnsl -ldl -lm -lcrypt -lutil -lc
libc=libc-2.19.so
so=so
useshrplib=false
libperl=libperl.a
gnulibc_version='2.19'
Dynamic Linking:
dlsrc=dl_dlopen.xs
dlext=so
d_dlsymun=undef
ccdlflags='-Wl,-E'
cccdlflags='-fPIC'
lddlflags='-shared -O2 -L/usr/local/lib -fstack-protector-strong'
Characteristics of this binary (from libperl):
Compile-time options:
HAS_TIMES
PERLIO_LAYERS
PERL_COPY_ON_WRITE
PERL_DONT_CREATE_GVSV
PERL_OP_PARENT
PERL_PRESERVE_IVUV
PERL_USE_DEVEL
USE_64_BIT_ALL
USE_64_BIT_INT
USE_LARGE_FILES
USE_LOCALE
USE_LOCALE_COLLATE
USE_LOCALE_CTYPE
USE_LOCALE_NUMERIC
USE_LOCALE_TIME
USE_PERLIO
USE_PERL_ATOF
Built under linux
Compiled at Aug 21 2017 21:28:09
%ENV:
PERL5LIB=""
PERL5OPT=""
PERL5_CPANPLUS_IS_RUNNING="23877"
PERL5_CPAN_IS_RUNNING="23877"
PERL5_CPAN_IS_RUNNING_IN_RECURSION="10535,23877"
PERLDOC="-MPod::Perldoc::ToTextOverstrike"
PERL_BATCH="yes"
PERL_CANARY_STABILITY_NOPROMPT="1"
PERL_CPAN_REPORTER_CONFIG="/var/tmp/cpansmoker-1023/2017082618/cpanreporter_001_config.ini"
PERL_EXTUTILS_AUTOINSTALL="--defaultdeps"
PERL_PARALLEL_SMOKER="yes"
PERL_USE_UNSAFE_INC="1"
@INC:
/opt/perl-5.27.3/lib/site_perl/5.27.3/x86_64-linux
/opt/perl-5.27.3/lib/site_perl/5.27.3
/opt/perl-5.27.3/lib/5.27.3/x86_64-linux
/opt/perl-5.27.3/lib/5.27.3
.