Back
From: metabase:user:314402c4-2aae-11df-837a-5e0a49663a4f
Subject: FAIL Tapper-Action-4.1.1 v5.16.0 RC0 FreeBSD
Date: 2012-11-20T20:28:50Z
This distribution has been tested as part of the CPAN Testers
project, supporting the Perl programming language. See
http://wiki.cpantesters.org/ for more information or email
questions to cpan-testers-discuss@perl.org
--
Dear Tapper Team,
This is a computer-generated report for Tapper-Action-4.1.1
on perl 5.16.0, created by CPAN-Reporter-1.2006.
Thank you for uploading your work to CPAN. However, there was a problem
testing your distribution.
If you think this report is invalid, please consult the CPAN Testers Wiki
for suggestions on how to avoid getting FAIL reports for missing library
or binary dependencies, unsupported operating systems, and so on:
http://wiki.cpantesters.org/wiki/CPANAuthorNotes
Sections of this report:
* Tester comments
* Program output
* Prerequisites
* Environment and other context
------------------------------
TESTER COMMENTS
------------------------------
Additional comments from tester:
none provided
------------------------------
PROGRAM OUTPUT
------------------------------
Output from '/usr/bin/make test':
PERL_DL_NONLAZY=1 /home2/cpansand/var/ctps/5160RC0/install/perl-5.16.0-RC0/bin/perl5.16.0 "-MExtUtils::Command::MM" "-e" "test_harness(0, 'blib/lib', 'blib/arch')" t/*.t
defined(@array) is deprecated at /home/cpansand/var/ctps/5160RC0/install/perl-5.16.0-RC0/lib/site_perl/5.16.0/LockFile/Simple.pm line 135.
(Maybe you should just omit the defined()?)
defined(@array) is deprecated at /home/cpansand/var/ctps/5160RC0/install/perl-5.16.0-RC0/lib/site_perl/5.16.0/LockFile/Simple.pm line 136.
(Maybe you should just omit the defined()?)
t/00-load.t .................. ok
defined(@array) is deprecated at /home/cpansand/var/ctps/5160RC0/install/perl-5.16.0-RC0/lib/site_perl/5.16.0/LockFile/Simple.pm line 135.
(Maybe you should just omit the defined()?)
defined(@array) is deprecated at /home/cpansand/var/ctps/5160RC0/install/perl-5.16.0-RC0/lib/site_perl/5.16.0/LockFile/Simple.pm line 136.
(Maybe you should just omit the defined()?)
t/pod-coverage.t ............. ok
t/pod.t ...................... ok
t/release-eol.t .............. skipped: these tests are for release candidate testing
t/release-no-tabs.t .......... skipped: these tests are for release candidate testing
t/release-pod-coverage.t ..... skipped: these tests are for release candidate testing
t/release-pod-syntax.t ....... skipped: these tests are for release candidate testing
DBIx::Class::Schema::Versioned::upgrade(): Upgrade not necessary at /home/cpansand/var/ctps/5160RC0/install/perl-5.16.0-RC0/lib/site_perl/5.16.0/Tapper/Schema/TestTools.pm line 38
DBIx::Class::Schema::Versioned::upgrade(): Upgrade not necessary at /home/cpansand/var/ctps/5160RC0/install/perl-5.16.0-RC0/lib/site_perl/5.16.0/Tapper/Schema/TestTools.pm line 57
DBIx::Class::Schema::resultset(): Can't find source for Owner at /home/cpansand/var/ctps/5160RC0/install/perl-5.16.0-RC0/lib/site_perl/5.16.0/Test/Fixture/DBIC/Schema.pm line 76
t/tapper-action-grub-osrc.t ..
Dubious, test returned 2 (wstat 512, 0x200)
No subtests run
DBIx::Class::Schema::Versioned::upgrade(): Upgrade not necessary at /home/cpansand/var/ctps/5160RC0/install/perl-5.16.0-RC0/lib/site_perl/5.16.0/Tapper/Schema/TestTools.pm line 38
DBIx::Class::Schema::Versioned::upgrade(): Upgrade not necessary at /home/cpansand/var/ctps/5160RC0/install/perl-5.16.0-RC0/lib/site_perl/5.16.0/Tapper/Schema/TestTools.pm line 57
DBIx::Class::Schema::resultset(): Can't find source for Owner at /home/cpansand/var/ctps/5160RC0/install/perl-5.16.0-RC0/lib/site_perl/5.16.0/Test/Fixture/DBIC/Schema.pm line 76
t/tapper-action.t ............
Dubious, test returned 2 (wstat 512, 0x200)
No subtests run
defined(@array) is deprecated at /home/cpansand/var/ctps/5160RC0/install/perl-5.16.0-RC0/lib/site_perl/5.16.0/LockFile/Simple.pm line 135.
(Maybe you should just omit the defined()?)
defined(@array) is deprecated at /home/cpansand/var/ctps/5160RC0/install/perl-5.16.0-RC0/lib/site_perl/5.16.0/LockFile/Simple.pm line 136.
(Maybe you should just omit the defined()?)
t/tapper-base.t .............. ok
Test Summary Report
-------------------
t/tapper-action-grub-osrc.t (Wstat: 512 Tests: 0 Failed: 0)
Non-zero exit status: 2
Parse errors: No plan found in TAP output
t/tapper-action.t (Wstat: 512 Tests: 0 Failed: 0)
Non-zero exit status: 2
Parse errors: No plan found in TAP output
Files=10, Tests=14, 109 wallclock secs ( 0.05 usr 0.05 sys + 3.35 cusr 1.21 csys = 4.66 CPU)
Result: FAIL
Failed 2/10 test programs. 0/14 subtests failed.
*** Error code 255
Stop in /var/tmp/CPAN-build/Tapper-Action-4.1.1-KR86vO.
------------------------------
PREREQUISITES
------------------------------
Prerequisite modules loaded:
requires:
Module Need Have
--------------------------- ---- --------
App::Daemon 0 0.15
Class::Load 0 0.20
common::sense 0 3.5
Fcntl 0 1.11
File::Copy 0 2.23
LockFile::Simple 0 0.207
Log::Log4perl 0 1.36
Moose 0 2.0604
MooseX::Log::Log4perl 0 0.46
strict 0 1.07
Tapper::Config 0 3.000010
Tapper::Model 0 3.000010
Try::Tiny 0 0.11
warnings 0 1.13
YAML::Syck 0 1.20
build_requires:
Module Need Have
--------------------------- ---- --------
English 0 1.05
File::Temp 0 0.22
Tapper::Schema::TestTools 0 0
Test::Fixture::DBIC::Schema 0 0.03
Test::More 0 0.98
configure_requires:
Module Need Have
--------------------------- ---- --------
ExtUtils::MakeMaker 6.30 6.63_02
------------------------------
ENVIRONMENT AND OTHER CONTEXT
------------------------------
Environment variables:
DBIC_NO_WARN_BAD_PERL = 1
PATH = /usr/local/bin:/usr/X11R6/bin:/usr/X11/bin:/usr/perl5.8.0/bin:/usr/bin:/bin:/usr/local/sbin:/usr/sbin:/sbin:/usr/local/pilot/bin:/home/cpansand/bin/freebsd8.0:/home/cpansand/bin/sh:/home/cpansand/bin:/usr/X386/bin:/usr/games:/home/cpansand/devel:/usr/home/e/eserte/work/srezic-misc/scripts
PERL5LIB = /usr/local/src/CPAN/build/Tapper-TestSuite-Netperf-4.1.1-e29g6L/blib/arch:/usr/local/src/CPAN/build/Tapper-TestSuite-Netperf-4.1.1-e29g6L/blib/lib:/usr/local/src/CPAN/build/DBI-1.622_921-NdmSUN/blib/arch:/usr/local/src/CPAN/build/DBI-1.622_921-NdmSUN/blib/lib:/usr/local/src/CPAN/build/Tapper-TestSuite-HWTrack-4.1.1-I5X_Wr/blib/arch:/usr/local/src/CPAN/build/Tapper-TestSuite-HWTrack-4.1.1-I5X_Wr/blib/lib:/usr/local/src/CPAN/build/Tapper-TestSuite-Benchmark-S3-4.1.1-dQUcI1/blib/arch:/usr/local/src/CPAN/build/Tapper-TestSuite-Benchmark-S3-4.1.1-dQUcI1/blib/lib:/usr/local/src/CPAN/build/Test-TAPv13-0.002-dHR7Ms/blib/arch:/usr/local/src/CPAN/build/Test-TAPv13-0.002-dHR7Ms/blib/lib:/usr/local/src/CPAN/build/Tapper-TestSuite-Benchmark-Perl-Formance-4.1.1-6OLgZK/blib/arch:/usr/local/src/CPAN/build/Tapper-TestSuite-Benchmark-Perl-Formance-4.1.1-6OLgZK/blib/lib:/usr/local/src/CPAN/build/Tapper-TestSuite-AutoTest-4.1.1-1UyedH/blib/arch:/usr/local/src/CPAN/build/Tapper-TestSuite-AutoTest-4.1.1-1UyedH/blib/lib
PERL5OPT =
PERL5_CPANPLUS_IS_RUNNING = 96953
PERL5_CPAN_IS_RUNNING = 96953
PERL5_CPAN_IS_RUNNING_IN_RECURSION = 96931,96953
PERL_BATCH = yes
PERL_CPAN_REPORTER_CONFIG = /var/tmp/cpansmoker-1023/ckMyqhJlTt_config.ini
PERL_CPAN_REPORTER_DIR = /home/cpansand/var/ctps/5160RC0/config/perl-5.16.0-RC0/cpanreporter
PERL_EXTUTILS_AUTOINSTALL = --defaultdeps
PERL_HTML_DISPLAY_CLASS = HTML::Display::Mozilla
SHELL = /usr/local/bin/zsh
TERM = screen
TMPDIR = /var/tmp/cpansmoker-1023
Perl special variables (and OS-specific diagnostics, for MSWin32):
$^X = /home2/cpansand/var/ctps/5160RC0/install/perl-5.16.0-RC0/bin/perl5.16.0
$UID/$EUID = 1023 / 1023
$GID = 1023 1023
$EGID = 1023 1023
Perl module toolchain versions installed:
Module Have
------------------- --------
CPAN 1.9800
CPAN::Meta 2.120921
Cwd 3.39_02
ExtUtils::CBuilder 0.280206
ExtUtils::Command 1.17
ExtUtils::Install 1.58
ExtUtils::MakeMaker 6.63_02
ExtUtils::Manifest 1.61
ExtUtils::ParseXS 3.16
File::Spec 3.39_02
JSON 2.53
JSON::PP 2.27200
Module::Build 0.4003
Module::Signature 0.68
Parse::CPAN::Meta 1.4404
Test::Harness 3.23
Test::More 0.98
YAML 0.84
YAML::Syck 1.20
version 0.99
--
Summary of my perl5 (revision 5 version 16 subversion 0) configuration:
Platform:
osname=freebsd, osvers=8.0-release-p4, archname=i386-freebsd
uname='freebsd biokovo.herceg.de 8.0-release-p4 freebsd 8.0-release-p4 #0: mon jul 12 20:22:27 utc 2010 root@i386-builder.daemonology.net:usrobjusrsrcsysgeneric i386 '
config_args='-ds -e -Uversiononly -Dinstallusrbinperl=n -Dusedevel -Dprefix=/home/cpansand/var/ctps/5160RC0/install/perl-5.16.0-RC0'
hint=recommended, useposix=true, d_sigaction=define
useithreads=undef, usemultiplicity=undef
useperlio=define, d_sfio=undef, uselargefiles=define, usesocks=undef
use64bitint=undef, use64bitall=undef, uselongdouble=undef
usemymalloc=n, bincompat5005=undef
Compiler:
cc='cc', ccflags ='-DHAS_FPSETMASK -DHAS_FLOATINGPOINT_H -fno-strict-aliasing -pipe -fstack-protector -I/usr/local/include',
optimize='-O',
cppflags='-DHAS_FPSETMASK -DHAS_FLOATINGPOINT_H -fno-strict-aliasing -pipe -fstack-protector -I/usr/local/include'
ccversion='', gccversion='4.2.1 20070719 [FreeBSD]', gccosandvers=''
intsize=4, longsize=4, ptrsize=4, doublesize=8, byteorder=1234
d_longlong=define, longlongsize=8, d_longdbl=define, longdblsize=12
ivtype='long', ivsize=4, nvtype='double', nvsize=8, Off_t='off_t', lseeksize=8
alignbytes=4, prototype=define
Linker and Libraries:
ld='cc', ldflags ='-Wl,-E -fstack-protector -L/usr/local/lib'
libpth=/usr/lib /usr/local/lib
libs=-lgdbm -lm -lcrypt -lutil -lc
perllibs=-lm -lcrypt -lutil -lc
libc=, so=so, useshrplib=false, libperl=libperl.a
gnulibc_version=''
Dynamic Linking:
dlsrc=dl_dlopen.xs, dlext=so, d_dlsymun=undef, ccdlflags=' '
cccdlflags='-DPIC -fPIC', lddlflags='-shared -L/usr/local/lib -fstack-protector'
Characteristics of this binary (from libperl):
Compile-time options: HAS_TIMES PERLIO_LAYERS PERL_DONT_CREATE_GVSV
PERL_MALLOC_WRAP PERL_PRESERVE_IVUV PERL_USE_DEVEL
USE_LARGE_FILES USE_LOCALE USE_LOCALE_COLLATE
USE_LOCALE_CTYPE USE_LOCALE_NUMERIC USE_PERLIO
USE_PERL_ATOF
Locally applied patches:
RC0
Built under freebsd
Compiled at May 11 2012 21:05:05
%ENV:
PERL5LIB="/usr/local/src/CPAN/build/Tapper-TestSuite-Netperf-4.1.1-e29g6L/blib/arch:/usr/local/src/CPAN/build/Tapper-TestSuite-Netperf-4.1.1-e29g6L/blib/lib:/usr/local/src/CPAN/build/DBI-1.622_921-NdmSUN/blib/arch:/usr/local/src/CPAN/build/DBI-1.622_921-NdmSUN/blib/lib:/usr/local/src/CPAN/build/Tapper-TestSuite-HWTrack-4.1.1-I5X_Wr/blib/arch:/usr/local/src/CPAN/build/Tapper-TestSuite-HWTrack-4.1.1-I5X_Wr/blib/lib:/usr/local/src/CPAN/build/Tapper-TestSuite-Benchmark-S3-4.1.1-dQUcI1/blib/arch:/usr/local/src/CPAN/build/Tapper-TestSuite-Benchmark-S3-4.1.1-dQUcI1/blib/lib:/usr/local/src/CPAN/build/Test-TAPv13-0.002-dHR7Ms/blib/arch:/usr/local/src/CPAN/build/Test-TAPv13-0.002-dHR7Ms/blib/lib:/usr/local/src/CPAN/build/Tapper-TestSuite-Benchmark-Perl-Formance-4.1.1-6OLgZK/blib/arch:/usr/local/src/CPAN/build/Tapper-TestSuite-Benchmark-Perl-Formance-4.1.1-6OLgZK/blib/lib:/usr/local/src/CPAN/build/Tapper-TestSuite-AutoTest-4.1.1-1UyedH/blib/arch:/usr/local/src/CPAN/build/Tapper-TestSuite-AutoTest-4.1.1-1UyedH/blib/lib"
PERL5OPT=""
PERL5_CPANPLUS_IS_RUNNING="96953"
PERL5_CPAN_IS_RUNNING="96953"
PERL5_CPAN_IS_RUNNING_IN_RECURSION="96931,96953"
PERL_BATCH="yes"
PERL_CPAN_REPORTER_CONFIG="/var/tmp/cpansmoker-1023/ckMyqhJlTt_config.ini"
PERL_CPAN_REPORTER_DIR="/home/cpansand/var/ctps/5160RC0/config/perl-5.16.0-RC0/cpanreporter"
PERL_EXTUTILS_AUTOINSTALL="--defaultdeps"
PERL_HTML_DISPLAY_CLASS="HTML::Display::Mozilla"
@INC:
/usr/local/src/CPAN/build/Tapper-TestSuite-Netperf-4.1.1-e29g6L/blib/arch
/usr/local/src/CPAN/build/Tapper-TestSuite-Netperf-4.1.1-e29g6L/blib/lib
/usr/local/src/CPAN/build/DBI-1.622_921-NdmSUN/blib/arch
/usr/local/src/CPAN/build/DBI-1.622_921-NdmSUN/blib/lib
/usr/local/src/CPAN/build/Tapper-TestSuite-HWTrack-4.1.1-I5X_Wr/blib/arch
/usr/local/src/CPAN/build/Tapper-TestSuite-HWTrack-4.1.1-I5X_Wr/blib/lib
/usr/local/src/CPAN/build/Tapper-TestSuite-Benchmark-S3-4.1.1-dQUcI1/blib/arch
/usr/local/src/CPAN/build/Tapper-TestSuite-Benchmark-S3-4.1.1-dQUcI1/blib/lib
/usr/local/src/CPAN/build/Test-TAPv13-0.002-dHR7Ms/blib/arch
/usr/local/src/CPAN/build/Test-TAPv13-0.002-dHR7Ms/blib/lib
/usr/local/src/CPAN/build/Tapper-TestSuite-Benchmark-Perl-Formance-4.1.1-6OLgZK/blib/arch
/usr/local/src/CPAN/build/Tapper-TestSuite-Benchmark-Perl-Formance-4.1.1-6OLgZK/blib/lib
/usr/local/src/CPAN/build/Tapper-TestSuite-AutoTest-4.1.1-1UyedH/blib/arch
/usr/local/src/CPAN/build/Tapper-TestSuite-AutoTest-4.1.1-1UyedH/blib/lib
/home/cpansand/var/ctps/5160RC0/install/perl-5.16.0-RC0/lib/site_perl/5.16.0/i386-freebsd
/home/cpansand/var/ctps/5160RC0/install/perl-5.16.0-RC0/lib/site_perl/5.16.0
/home/cpansand/var/ctps/5160RC0/install/perl-5.16.0-RC0/lib/5.16.0/i386-freebsd
/home/cpansand/var/ctps/5160RC0/install/perl-5.16.0-RC0/lib/5.16.0
.