Report for Lorem-0.16

Back
From: metabase:user:d2c9f356-b46f-11df-9a90-20a83c0b7757
Subject: FAIL Lorem-0.16 v5.17.2 SunOS/Solaris
Date: 2012-08-08T11:40:46Z

This distribution has been tested as part of the CPAN Testers
project, supporting the Perl programming language.  See
http://wiki.cpantesters.org/ for more information or email
questions to cpan-testers-discuss@perl.org


--
Dear Jeffrey Ray Hallock,

This is a computer-generated report for Lorem-0.16-withoutworldwriteables
on perl 5.17.2, created by CPAN-Reporter-1.2006.

Thank you for uploading your work to CPAN.  However, there was a problem
testing your distribution.

If you think this report is invalid, please consult the CPAN Testers Wiki
for suggestions on how to avoid getting FAIL reports for missing library
or binary dependencies, unsupported operating systems, and so on:

http://wiki.cpantesters.org/wiki/CPANAuthorNotes

Sections of this report:

    * Tester comments
    * Program output
    * Prerequisites
    * Environment and other context

------------------------------
TESTER COMMENTS
------------------------------

Additional comments from tester:

this report is from an automated smoke testing program
and was not reviewed by a human for accuracy

------------------------------
PROGRAM OUTPUT
------------------------------

Output from '/usr/local/bin/make test':

PERL_DL_NONLAZY=1 /export/home/cpant5/perl5/perlbrew/perls/perl-5.17.2/bin/perl5.17.2 "-MExtUtils::Command::MM" "-e" "test_harness(0, 'blib/lib', 'blib/arch')" t/*.t
Can't locate Gtk2.pm in @INC (@INC contains: /export/home/cpant5/.cpan/build/Lorem-0.16-u6E8S9/blib/lib /export/home/cpant5/.cpan/build/Lorem-0.16-u6E8S9/blib/arch /export/home/cpant5/.cpan/build/MooseX-SemiAffordanceAccessor-0.09-4B_1rG/blib/arch /export/home/cpant5/.cpan/build/MooseX-SemiAffordanceAccessor-0.09-4B_1rG/blib/lib /export/home/cpant5/.cpan/build/MooseX-SemiAffordanceAccessor-0.09-4B_1rG/blib/arch /export/home/cpant5/.cpan/build/MooseX-SemiAffordanceAccessor-0.09-4B_1rG/blib/lib /export/home/cpant5/perl5/perlbrew/perls/perl-5.17.2/lib/site_perl/5.17.2/i86pc-solaris-64int /export/home/cpant5/perl5/perlbrew/perls/perl-5.17.2/lib/site_perl/5.17.2 /export/home/cpant5/perl5/perlbrew/perls/perl-5.17.2/lib/5.17.2/i86pc-solaris-64int /export/home/cpant5/perl5/perlbrew/perls/perl-5.17.2/lib/5.17.2 .) at t/001_document.t line 7.
BEGIN failed--compilation aborted at t/001_document.t line 7.
# Looks like your test exited with 2 before it could output anything.
t/001_document.t ............ 
Dubious, test returned 2 (wstat 512, 0x200)
No subtests run 
Can't locate Gtk2.pm in @INC (@INC contains: /export/home/cpant5/.cpan/build/Lorem-0.16-u6E8S9/blib/lib /export/home/cpant5/.cpan/build/Lorem-0.16-u6E8S9/blib/arch /export/home/cpant5/.cpan/build/MooseX-SemiAffordanceAccessor-0.09-4B_1rG/blib/arch /export/home/cpant5/.cpan/build/MooseX-SemiAffordanceAccessor-0.09-4B_1rG/blib/lib /export/home/cpant5/.cpan/build/MooseX-SemiAffordanceAccessor-0.09-4B_1rG/blib/arch /export/home/cpant5/.cpan/build/MooseX-SemiAffordanceAccessor-0.09-4B_1rG/blib/lib /export/home/cpant5/perl5/perlbrew/perls/perl-5.17.2/lib/site_perl/5.17.2/i86pc-solaris-64int /export/home/cpant5/perl5/perlbrew/perls/perl-5.17.2/lib/site_perl/5.17.2 /export/home/cpant5/perl5/perlbrew/perls/perl-5.17.2/lib/5.17.2/i86pc-solaris-64int /export/home/cpant5/perl5/perlbrew/perls/perl-5.17.2/lib/5.17.2 .) at t/002_pdf_surface.t line 7.
BEGIN failed--compilation aborted at t/002_pdf_surface.t line 7.
# Looks like your test exited with 2 before it could output anything.
t/002_pdf_surface.t ......... 
Dubious, test returned 2 (wstat 512, 0x200)
No subtests run 
Can't locate Gtk2.pm in @INC (@INC contains: /export/home/cpant5/.cpan/build/Lorem-0.16-u6E8S9/blib/lib /export/home/cpant5/.cpan/build/Lorem-0.16-u6E8S9/blib/arch /export/home/cpant5/.cpan/build/MooseX-SemiAffordanceAccessor-0.09-4B_1rG/blib/arch /export/home/cpant5/.cpan/build/MooseX-SemiAffordanceAccessor-0.09-4B_1rG/blib/lib /export/home/cpant5/.cpan/build/MooseX-SemiAffordanceAccessor-0.09-4B_1rG/blib/arch /export/home/cpant5/.cpan/build/MooseX-SemiAffordanceAccessor-0.09-4B_1rG/blib/lib /export/home/cpant5/perl5/perlbrew/perls/perl-5.17.2/lib/site_perl/5.17.2/i86pc-solaris-64int /export/home/cpant5/perl5/perlbrew/perls/perl-5.17.2/lib/site_perl/5.17.2 /export/home/cpant5/perl5/perlbrew/perls/perl-5.17.2/lib/5.17.2/i86pc-solaris-64int /export/home/cpant5/perl5/perlbrew/perls/perl-5.17.2/lib/5.17.2 .) at t/003_print_operation.t line 14.
BEGIN failed--compilation aborted at t/003_print_operation.t line 14.
t/003_print_operation.t ..... 
Dubious, test returned 2 (wstat 512, 0x200)
No subtests run 

#   Failed test 'use Lorem::Document;'
#   at t/011_box_element.t line 9.
#     Tried to use 'Lorem::Document'.
#     Error:  Can't locate Cairo.pm in @INC (@INC contains: /export/home/cpant5/.cpan/build/Lorem-0.16-u6E8S9/blib/lib /export/home/cpant5/.cpan/build/Lorem-0.16-u6E8S9/blib/arch /export/home/cpant5/.cpan/build/MooseX-SemiAffordanceAccessor-0.09-4B_1rG/blib/arch /export/home/cpant5/.cpan/build/MooseX-SemiAffordanceAccessor-0.09-4B_1rG/blib/lib /export/home/cpant5/.cpan/build/MooseX-SemiAffordanceAccessor-0.09-4B_1rG/blib/arch /export/home/cpant5/.cpan/build/MooseX-SemiAffordanceAccessor-0.09-4B_1rG/blib/lib /export/home/cpant5/perl5/perlbrew/perls/perl-5.17.2/lib/site_perl/5.17.2/i86pc-solaris-64int /export/home/cpant5/perl5/perlbrew/perls/perl-5.17.2/lib/site_perl/5.17.2 /export/home/cpant5/perl5/perlbrew/perls/perl-5.17.2/lib/5.17.2/i86pc-solaris-64int /export/home/cpant5/perl5/perlbrew/perls/perl-5.17.2/lib/5.17.2 .) at /export/home/cpant5/.cpan/build/Lorem-0.16-u6E8S9/blib/lib/Lorem/Document.pm line 9.
# BEGIN failed--compilation aborted at /export/home/cpant5/.cpan/build/Lorem-0.16-u6E8S9/blib/lib/Lorem/Document.pm line 9.
# Compilation failed in require at (eval 6) line 2.
# BEGIN failed--compilation aborted at (eval 6) line 2.

#   Failed test 'use Lorem::Surface::Pdf;'
#   at t/011_box_element.t line 10.
#     Tried to use 'Lorem::Surface::Pdf'.
#     Error:  Can't locate Gtk2.pm in @INC (@INC contains: /export/home/cpant5/.cpan/build/Lorem-0.16-u6E8S9/blib/lib /export/home/cpant5/.cpan/build/Lorem-0.16-u6E8S9/blib/arch /export/home/cpant5/.cpan/build/MooseX-SemiAffordanceAccessor-0.09-4B_1rG/blib/arch /export/home/cpant5/.cpan/build/MooseX-SemiAffordanceAccessor-0.09-4B_1rG/blib/lib /export/home/cpant5/.cpan/build/MooseX-SemiAffordanceAccessor-0.09-4B_1rG/blib/arch /export/home/cpant5/.cpan/build/MooseX-SemiAffordanceAccessor-0.09-4B_1rG/blib/lib /export/home/cpant5/perl5/perlbrew/perls/perl-5.17.2/lib/site_perl/5.17.2/i86pc-solaris-64int /export/home/cpant5/perl5/perlbrew/perls/perl-5.17.2/lib/site_perl/5.17.2 /export/home/cpant5/perl5/perlbrew/perls/perl-5.17.2/lib/5.17.2/i86pc-solaris-64int /export/home/cpant5/perl5/perlbrew/perls/perl-5.17.2/lib/5.17.2 .) at /export/home/cpant5/.cpan/build/Lorem-0.16-u6E8S9/blib/lib/Lorem/Surface/Pdf.pm line 8.
# BEGIN failed--compilation aborted at /export/home/cpant5/.cpan/build/Lorem-0.16-u6E8S9/blib/lib/Lorem/Surface/Pdf.pm line 8.
# Compilation failed in require at (eval 244) line 2.
# BEGIN failed--compilation aborted at (eval 244) line 2.

#   Failed test 'use Lorem::Element::Table;'
#   at t/011_box_element.t line 12.
#     Tried to use 'Lorem::Element::Table'.
#     Error:  Can't locate Cairo.pm in @INC (@INC contains: /export/home/cpant5/.cpan/build/Lorem-0.16-u6E8S9/blib/lib /export/home/cpant5/.cpan/build/Lorem-0.16-u6E8S9/blib/arch /export/home/cpant5/.cpan/build/MooseX-SemiAffordanceAccessor-0.09-4B_1rG/blib/arch /export/home/cpant5/.cpan/build/MooseX-SemiAffordanceAccessor-0.09-4B_1rG/blib/lib /export/home/cpant5/.cpan/build/MooseX-SemiAffordanceAccessor-0.09-4B_1rG/blib/arch /export/home/cpant5/.cpan/build/MooseX-SemiAffordanceAccessor-0.09-4B_1rG/blib/lib /export/home/cpant5/perl5/perlbrew/perls/perl-5.17.2/lib/site_perl/5.17.2/i86pc-solaris-64int /export/home/cpant5/perl5/perlbrew/perls/perl-5.17.2/lib/site_perl/5.17.2 /export/home/cpant5/perl5/perlbrew/perls/perl-5.17.2/lib/5.17.2/i86pc-solaris-64int /export/home/cpant5/perl5/perlbrew/perls/perl-5.17.2/lib/5.17.2 .) at /export/home/cpant5/.cpan/build/Lorem-0.16-u6E8S9/blib/lib/Lorem/Element/Table.pm line 7.
# BEGIN failed--compilation aborted at /export/home/cpant5/.cpan/build/Lorem-0.16-u6E8S9/blib/lib/Lorem/Element/Table.pm line 7.
# Compilation failed in require at (eval 248) line 2.
# BEGIN failed--compilation aborted at (eval 248) line 2.
Can't locate object method "set_margin_top" via package "Lorem::Document" at t/011_box_element.t line 19.
# Looks like you failed 3 tests of 5.
# Looks like your test exited with 255 just after 5.
t/011_box_element.t ......... 
Dubious, test returned 255 (wstat 65280, 0xff00)
Failed 3/5 subtests 

#   Failed test 'use Lorem::Document;'
#   at t/012_div.t line 8.
#     Tried to use 'Lorem::Document'.
#     Error:  Can't locate Cairo.pm in @INC (@INC contains: /export/home/cpant5/.cpan/build/Lorem-0.16-u6E8S9/blib/lib /export/home/cpant5/.cpan/build/Lorem-0.16-u6E8S9/blib/arch /export/home/cpant5/.cpan/build/MooseX-SemiAffordanceAccessor-0.09-4B_1rG/blib/arch /export/home/cpant5/.cpan/build/MooseX-SemiAffordanceAccessor-0.09-4B_1rG/blib/lib /export/home/cpant5/.cpan/build/MooseX-SemiAffordanceAccessor-0.09-4B_1rG/blib/arch /export/home/cpant5/.cpan/build/MooseX-SemiAffordanceAccessor-0.09-4B_1rG/blib/lib /export/home/cpant5/perl5/perlbrew/perls/perl-5.17.2/lib/site_perl/5.17.2/i86pc-solaris-64int /export/home/cpant5/perl5/perlbrew/perls/perl-5.17.2/lib/site_perl/5.17.2 /export/home/cpant5/perl5/perlbrew/perls/perl-5.17.2/lib/5.17.2/i86pc-solaris-64int /export/home/cpant5/perl5/perlbrew/perls/perl-5.17.2/lib/5.17.2 .) at /export/home/cpant5/.cpan/build/Lorem-0.16-u6E8S9/blib/lib/Lorem/Document.pm line 9.
# BEGIN failed--compilation aborted at /export/home/cpant5/.cpan/build/Lorem-0.16-u6E8S9/blib/lib/Lorem/Document.pm line 9.
# Compilation failed in require at (eval 6) line 2.
# BEGIN failed--compilation aborted at (eval 6) line 2.

#   Failed test 'use Lorem::Surface::Pdf;'
#   at t/012_div.t line 9.
#     Tried to use 'Lorem::Surface::Pdf'.
#     Error:  Can't locate Gtk2.pm in @INC (@INC contains: /export/home/cpant5/.cpan/build/Lorem-0.16-u6E8S9/blib/lib /export/home/cpant5/.cpan/build/Lorem-0.16-u6E8S9/blib/arch /export/home/cpant5/.cpan/build/MooseX-SemiAffordanceAccessor-0.09-4B_1rG/blib/arch /export/home/cpant5/.cpan/build/MooseX-SemiAffordanceAccessor-0.09-4B_1rG/blib/lib /export/home/cpant5/.cpan/build/MooseX-SemiAffordanceAccessor-0.09-4B_1rG/blib/arch /export/home/cpant5/.cpan/build/MooseX-SemiAffordanceAccessor-0.09-4B_1rG/blib/lib /export/home/cpant5/perl5/perlbrew/perls/perl-5.17.2/lib/site_perl/5.17.2/i86pc-solaris-64int /export/home/cpant5/perl5/perlbrew/perls/perl-5.17.2/lib/site_perl/5.17.2 /export/home/cpant5/perl5/perlbrew/perls/perl-5.17.2/lib/5.17.2/i86pc-solaris-64int /export/home/cpant5/perl5/perlbrew/perls/perl-5.17.2/lib/5.17.2 .) at /export/home/cpant5/.cpan/build/Lorem-0.16-u6E8S9/blib/lib/Lorem/Surface/Pdf.pm line 8.
# BEGIN failed--compilation aborted at /export/home/cpant5/.cpan/build/Lorem-0.16-u6E8S9/blib/lib/Lorem/Surface/Pdf.pm line 8.
# Compilation failed in require at (eval 244) line 2.
# BEGIN failed--compilation aborted at (eval 244) line 2.

#   Failed test 'use Lorem::Element::Div;'
#   at t/012_div.t line 11.
#     Tried to use 'Lorem::Element::Div'.
#     Error:  Can't locate Cairo.pm in @INC (@INC contains: /export/home/cpant5/.cpan/build/Lorem-0.16-u6E8S9/blib/lib /export/home/cpant5/.cpan/build/Lorem-0.16-u6E8S9/blib/arch /export/home/cpant5/.cpan/build/MooseX-SemiAffordanceAccessor-0.09-4B_1rG/blib/arch /export/home/cpant5/.cpan/build/MooseX-SemiAffordanceAccessor-0.09-4B_1rG/blib/lib /export/home/cpant5/.cpan/build/MooseX-SemiAffordanceAccessor-0.09-4B_1rG/blib/arch /export/home/cpant5/.cpan/build/MooseX-SemiAffordanceAccessor-0.09-4B_1rG/blib/lib /export/home/cpant5/perl5/perlbrew/perls/perl-5.17.2/lib/site_perl/5.17.2/i86pc-solaris-64int /export/home/cpant5/perl5/perlbrew/perls/perl-5.17.2/lib/site_perl/5.17.2 /export/home/cpant5/perl5/perlbrew/perls/perl-5.17.2/lib/5.17.2/i86pc-solaris-64int /export/home/cpant5/perl5/perlbrew/perls/perl-5.17.2/lib/5.17.2 .) at /export/home/cpant5/.cpan/build/Lorem-0.16-u6E8S9/blib/lib/Lorem/Element/Div.pm line 7.
# BEGIN failed--compilation aborted at /export/home/cpant5/.cpan/build/Lorem-0.16-u6E8S9/blib/lib/Lorem/Element/Div.pm line 7.
# Compilation failed in require at (eval 248) line 2.
# BEGIN failed--compilation aborted at (eval 248) line 2.
Can't locate object method "set_margin_top" via package "Lorem::Document" at t/012_div.t line 18.
# Looks like you failed 3 tests of 5.
# Looks like your test exited with 255 just after 5.
t/012_div.t ................. 
Dubious, test returned 255 (wstat 65280, 0xff00)
Failed 3/5 subtests 
Can't locate TryCatch.pm in @INC (@INC contains: /export/home/cpant5/.cpan/build/Lorem-0.16-u6E8S9/blib/lib /export/home/cpant5/.cpan/build/Lorem-0.16-u6E8S9/blib/arch /export/home/cpant5/.cpan/build/MooseX-SemiAffordanceAccessor-0.09-4B_1rG/blib/arch /export/home/cpant5/.cpan/build/MooseX-SemiAffordanceAccessor-0.09-4B_1rG/blib/lib /export/home/cpant5/.cpan/build/MooseX-SemiAffordanceAccessor-0.09-4B_1rG/blib/arch /export/home/cpant5/.cpan/build/MooseX-SemiAffordanceAccessor-0.09-4B_1rG/blib/lib /export/home/cpant5/perl5/perlbrew/perls/perl-5.17.2/lib/site_perl/5.17.2/i86pc-solaris-64int /export/home/cpant5/perl5/perlbrew/perls/perl-5.17.2/lib/site_perl/5.17.2 /export/home/cpant5/perl5/perlbrew/perls/perl-5.17.2/lib/5.17.2/i86pc-solaris-64int /export/home/cpant5/perl5/perlbrew/perls/perl-5.17.2/lib/5.17.2 .) at t/013_div_relative_width.t line 8.
BEGIN failed--compilation aborted at t/013_div_relative_width.t line 8.
# Looks like your test exited with 2 before it could output anything.
t/013_div_relative_width.t .. 
Dubious, test returned 2 (wstat 512, 0x200)
No subtests run 

#   Failed test 'use Lorem::Document;'
#   at t/014_table.t line 10.
#     Tried to use 'Lorem::Document'.
#     Error:  Can't locate Cairo.pm in @INC (@INC contains: ..\lib /export/home/cpant5/.cpan/build/Lorem-0.16-u6E8S9/blib/lib /export/home/cpant5/.cpan/build/Lorem-0.16-u6E8S9/blib/arch /export/home/cpant5/.cpan/build/MooseX-SemiAffordanceAccessor-0.09-4B_1rG/blib/arch /export/home/cpant5/.cpan/build/MooseX-SemiAffordanceAccessor-0.09-4B_1rG/blib/lib /export/home/cpant5/perl5/perlbrew/perls/perl-5.17.2/lib/site_perl/5.17.2/i86pc-solaris-64int /export/home/cpant5/perl5/perlbrew/perls/perl-5.17.2/lib/site_perl/5.17.2 /export/home/cpant5/perl5/perlbrew/perls/perl-5.17.2/lib/5.17.2/i86pc-solaris-64int /export/home/cpant5/perl5/perlbrew/perls/perl-5.17.2/lib/5.17.2 .) at /export/home/cpant5/.cpan/build/Lorem-0.16-u6E8S9/blib/lib/Lorem/Document.pm line 9.
# BEGIN failed--compilation aborted at /export/home/cpant5/.cpan/build/Lorem-0.16-u6E8S9/blib/lib/Lorem/Document.pm line 9.
# Compilation failed in require at (eval 6) line 2.
# BEGIN failed--compilation aborted at (eval 6) line 2.

#   Failed test 'use Lorem::Surface::Pdf;'
#   at t/014_table.t line 11.
#     Tried to use 'Lorem::Surface::Pdf'.
#     Error:  Can't locate Gtk2.pm in @INC (@INC contains: ..\lib /export/home/cpant5/.cpan/build/Lorem-0.16-u6E8S9/blib/lib /export/home/cpant5/.cpan/build/Lorem-0.16-u6E8S9/blib/arch /export/home/cpant5/.cpan/build/MooseX-SemiAffordanceAccessor-0.09-4B_1rG/blib/arch /export/home/cpant5/.cpan/build/MooseX-SemiAffordanceAccessor-0.09-4B_1rG/blib/lib /export/home/cpant5/perl5/perlbrew/perls/perl-5.17.2/lib/site_perl/5.17.2/i86pc-solaris-64int /export/home/cpant5/perl5/perlbrew/perls/perl-5.17.2/lib/site_perl/5.17.2 /export/home/cpant5/perl5/perlbrew/perls/perl-5.17.2/lib/5.17.2/i86pc-solaris-64int /export/home/cpant5/perl5/perlbrew/perls/perl-5.17.2/lib/5.17.2 .) at /export/home/cpant5/.cpan/build/Lorem-0.16-u6E8S9/blib/lib/Lorem/Surface/Pdf.pm line 8.
# BEGIN failed--compilation aborted at /export/home/cpant5/.cpan/build/Lorem-0.16-u6E8S9/blib/lib/Lorem/Surface/Pdf.pm line 8.
# Compilation failed in require at (eval 244) line 2.
# BEGIN failed--compilation aborted at (eval 244) line 2.

#   Failed test 'use Lorem::Element::Div;'
#   at t/014_table.t line 13.
#     Tried to use 'Lorem::Element::Div'.
#     Error:  Can't locate Cairo.pm in @INC (@INC contains: ..\lib /export/home/cpant5/.cpan/build/Lorem-0.16-u6E8S9/blib/lib /export/home/cpant5/.cpan/build/Lorem-0.16-u6E8S9/blib/arch /export/home/cpant5/.cpan/build/MooseX-SemiAffordanceAccessor-0.09-4B_1rG/blib/arch /export/home/cpant5/.cpan/build/MooseX-SemiAffordanceAccessor-0.09-4B_1rG/blib/lib /export/home/cpant5/perl5/perlbrew/perls/perl-5.17.2/lib/site_perl/5.17.2/i86pc-solaris-64int /export/home/cpant5/perl5/perlbrew/perls/perl-5.17.2/lib/site_perl/5.17.2 /export/home/cpant5/perl5/perlbrew/perls/perl-5.17.2/lib/5.17.2/i86pc-solaris-64int /export/home/cpant5/perl5/perlbrew/perls/perl-5.17.2/lib/5.17.2 .) at /export/home/cpant5/.cpan/build/Lorem-0.16-u6E8S9/blib/lib/Lorem/Element/Div.pm line 7.
# BEGIN failed--compilation aborted at /export/home/cpant5/.cpan/build/Lorem-0.16-u6E8S9/blib/lib/Lorem/Element/Div.pm line 7.
# Compilation failed in require at (eval 248) line 2.
# BEGIN failed--compilation aborted at (eval 248) line 2.
Can't locate object method "new_header" via package "Lorem::Document" at t/014_table.t line 22.
# Looks like you failed 3 tests of 5.
# Looks like your test exited with 255 just after 5.
t/014_table.t ............... 
Dubious, test returned 255 (wstat 65280, 0xff00)
Failed 3/5 subtests 
Can't locate Pango.pm in @INC (@INC contains: /export/home/cpant5/.cpan/build/Lorem-0.16-u6E8S9/blib/lib /export/home/cpant5/.cpan/build/Lorem-0.16-u6E8S9/blib/arch /export/home/cpant5/.cpan/build/MooseX-SemiAffordanceAccessor-0.09-4B_1rG/blib/arch /export/home/cpant5/.cpan/build/MooseX-SemiAffordanceAccessor-0.09-4B_1rG/blib/lib /export/home/cpant5/.cpan/build/MooseX-SemiAffordanceAccessor-0.09-4B_1rG/blib/arch /export/home/cpant5/.cpan/build/MooseX-SemiAffordanceAccessor-0.09-4B_1rG/blib/lib /export/home/cpant5/perl5/perlbrew/perls/perl-5.17.2/lib/site_perl/5.17.2/i86pc-solaris-64int /export/home/cpant5/perl5/perlbrew/perls/perl-5.17.2/lib/site_perl/5.17.2 /export/home/cpant5/perl5/perlbrew/perls/perl-5.17.2/lib/5.17.2/i86pc-solaris-64int /export/home/cpant5/perl5/perlbrew/perls/perl-5.17.2/lib/5.17.2 .) at /export/home/cpant5/.cpan/build/Lorem-0.16-u6E8S9/blib/lib/Lorem/Style.pm line 16.
BEGIN failed--compilation aborted at /export/home/cpant5/.cpan/build/Lorem-0.16-u6E8S9/blib/lib/Lorem/Style.pm line 16.
Compilation failed in require at t/100_style.t line 6.
BEGIN failed--compilation aborted at t/100_style.t line 6.
# Looks like your test exited with 2 before it could output anything.
t/100_style.t ............... 
Dubious, test returned 2 (wstat 512, 0x200)
No subtests run 
Can't locate Pango.pm in @INC (@INC contains: /export/home/cpant5/.cpan/build/Lorem-0.16-u6E8S9/blib/lib /export/home/cpant5/.cpan/build/Lorem-0.16-u6E8S9/blib/arch /export/home/cpant5/.cpan/build/MooseX-SemiAffordanceAccessor-0.09-4B_1rG/blib/arch /export/home/cpant5/.cpan/build/MooseX-SemiAffordanceAccessor-0.09-4B_1rG/blib/lib /export/home/cpant5/.cpan/build/MooseX-SemiAffordanceAccessor-0.09-4B_1rG/blib/arch /export/home/cpant5/.cpan/build/MooseX-SemiAffordanceAccessor-0.09-4B_1rG/blib/lib /export/home/cpant5/perl5/perlbrew/perls/perl-5.17.2/lib/site_perl/5.17.2/i86pc-solaris-64int /export/home/cpant5/perl5/perlbrew/perls/perl-5.17.2/lib/site_perl/5.17.2 /export/home/cpant5/perl5/perlbrew/perls/perl-5.17.2/lib/5.17.2/i86pc-solaris-64int /export/home/cpant5/perl5/perlbrew/perls/perl-5.17.2/lib/5.17.2 .) at /export/home/cpant5/.cpan/build/Lorem-0.16-u6E8S9/blib/lib/Lorem/Style.pm line 16.
BEGIN failed--compilation aborted at /export/home/cpant5/.cpan/build/Lorem-0.16-u6E8S9/blib/lib/Lorem/Style.pm line 16.
Compilation failed in require at t/101_style_dimensions.t line 6.
BEGIN failed--compilation aborted at t/101_style_dimensions.t line 6.
# Looks like your test exited with 2 before it could output anything.
t/101_style_dimensions.t .... 
Dubious, test returned 2 (wstat 512, 0x200)
Failed 6/6 subtests 
Can't locate Pango.pm in @INC (@INC contains: /export/home/cpant5/.cpan/build/Lorem-0.16-u6E8S9/blib/lib /export/home/cpant5/.cpan/build/Lorem-0.16-u6E8S9/blib/arch /export/home/cpant5/.cpan/build/MooseX-SemiAffordanceAccessor-0.09-4B_1rG/blib/arch /export/home/cpant5/.cpan/build/MooseX-SemiAffordanceAccessor-0.09-4B_1rG/blib/lib /export/home/cpant5/.cpan/build/MooseX-SemiAffordanceAccessor-0.09-4B_1rG/blib/arch /export/home/cpant5/.cpan/build/MooseX-SemiAffordanceAccessor-0.09-4B_1rG/blib/lib /export/home/cpant5/perl5/perlbrew/perls/perl-5.17.2/lib/site_perl/5.17.2/i86pc-solaris-64int /export/home/cpant5/perl5/perlbrew/perls/perl-5.17.2/lib/site_perl/5.17.2 /export/home/cpant5/perl5/perlbrew/perls/perl-5.17.2/lib/5.17.2/i86pc-solaris-64int /export/home/cpant5/perl5/perlbrew/perls/perl-5.17.2/lib/5.17.2 .) at /export/home/cpant5/.cpan/build/Lorem-0.16-u6E8S9/blib/lib/Lorem/Style.pm line 16.
BEGIN failed--compilation aborted at /export/home/cpant5/.cpan/build/Lorem-0.16-u6E8S9/blib/lib/Lorem/Style.pm line 16.
Compilation failed in require at t/102_style_borders.t line 7.
BEGIN failed--compilation aborted at t/102_style_borders.t line 7.
# Looks like your test exited with 2 before it could output anything.
t/102_style_borders.t ....... 
Dubious, test returned 2 (wstat 512, 0x200)
Failed 21/21 subtests 
Can't locate Pango.pm in @INC (@INC contains: /export/home/cpant5/.cpan/build/Lorem-0.16-u6E8S9/blib/lib /export/home/cpant5/.cpan/build/Lorem-0.16-u6E8S9/blib/arch /export/home/cpant5/.cpan/build/MooseX-SemiAffordanceAccessor-0.09-4B_1rG/blib/arch /export/home/cpant5/.cpan/build/MooseX-SemiAffordanceAccessor-0.09-4B_1rG/blib/lib /export/home/cpant5/.cpan/build/MooseX-SemiAffordanceAccessor-0.09-4B_1rG/blib/arch /export/home/cpant5/.cpan/build/MooseX-SemiAffordanceAccessor-0.09-4B_1rG/blib/lib /export/home/cpant5/perl5/perlbrew/perls/perl-5.17.2/lib/site_perl/5.17.2/i86pc-solaris-64int /export/home/cpant5/perl5/perlbrew/perls/perl-5.17.2/lib/site_perl/5.17.2 /export/home/cpant5/perl5/perlbrew/perls/perl-5.17.2/lib/5.17.2/i86pc-solaris-64int /export/home/cpant5/perl5/perlbrew/perls/perl-5.17.2/lib/5.17.2 .) at /export/home/cpant5/.cpan/build/Lorem-0.16-u6E8S9/blib/lib/Lorem/Style.pm line 16.
BEGIN failed--compilation aborted at /export/home/cpant5/.cpan/build/Lorem-0.16-u6E8S9/blib/lib/Lorem/Style.pm line 16.
Compilation failed in require at t/103_style_padding.t line 6.
BEGIN failed--compilation aborted at t/103_style_padding.t line 6.
# Looks like your test exited with 2 before it could output anything.
t/103_style_padding.t ....... 
Dubious, test returned 2 (wstat 512, 0x200)
Failed 8/8 subtests 
Can't locate Pango.pm in @INC (@INC contains: /export/home/cpant5/.cpan/build/Lorem-0.16-u6E8S9/blib/lib /export/home/cpant5/.cpan/build/Lorem-0.16-u6E8S9/blib/arch /export/home/cpant5/.cpan/build/MooseX-SemiAffordanceAccessor-0.09-4B_1rG/blib/arch /export/home/cpant5/.cpan/build/MooseX-SemiAffordanceAccessor-0.09-4B_1rG/blib/lib /export/home/cpant5/.cpan/build/MooseX-SemiAffordanceAccessor-0.09-4B_1rG/blib/arch /export/home/cpant5/.cpan/build/MooseX-SemiAffordanceAccessor-0.09-4B_1rG/blib/lib /export/home/cpant5/perl5/perlbrew/perls/perl-5.17.2/lib/site_perl/5.17.2/i86pc-solaris-64int /export/home/cpant5/perl5/perlbrew/perls/perl-5.17.2/lib/site_perl/5.17.2 /export/home/cpant5/perl5/perlbrew/perls/perl-5.17.2/lib/5.17.2/i86pc-solaris-64int /export/home/cpant5/perl5/perlbrew/perls/perl-5.17.2/lib/5.17.2 .) at /export/home/cpant5/.cpan/build/Lorem-0.16-u6E8S9/blib/lib/Lorem/Style.pm line 16.
BEGIN failed--compilation aborted at /export/home/cpant5/.cpan/build/Lorem-0.16-u6E8S9/blib/lib/Lorem/Style.pm line 16.
Compilation failed in require at t/104_style_margin.t line 6.
BEGIN failed--compilation aborted at t/104_style_margin.t line 6.
# Looks like your test exited with 2 before it could output anything.
t/104_style_margin.t ........ 
Dubious, test returned 2 (wstat 512, 0x200)
Failed 8/8 subtests 
Can't locate Pango.pm in @INC (@INC contains: /export/home/cpant5/.cpan/build/Lorem-0.16-u6E8S9/blib/lib /export/home/cpant5/.cpan/build/Lorem-0.16-u6E8S9/blib/arch /export/home/cpant5/.cpan/build/MooseX-SemiAffordanceAccessor-0.09-4B_1rG/blib/arch /export/home/cpant5/.cpan/build/MooseX-SemiAffordanceAccessor-0.09-4B_1rG/blib/lib /export/home/cpant5/.cpan/build/MooseX-SemiAffordanceAccessor-0.09-4B_1rG/blib/arch /export/home/cpant5/.cpan/build/MooseX-SemiAffordanceAccessor-0.09-4B_1rG/blib/lib /export/home/cpant5/perl5/perlbrew/perls/perl-5.17.2/lib/site_perl/5.17.2/i86pc-solaris-64int /export/home/cpant5/perl5/perlbrew/perls/perl-5.17.2/lib/site_perl/5.17.2 /export/home/cpant5/perl5/perlbrew/perls/perl-5.17.2/lib/5.17.2/i86pc-solaris-64int /export/home/cpant5/perl5/perlbrew/perls/perl-5.17.2/lib/5.17.2 .) at /export/home/cpant5/.cpan/build/Lorem-0.16-u6E8S9/blib/lib/Lorem/Style.pm line 16.
BEGIN failed--compilation aborted at /export/home/cpant5/.cpan/build/Lorem-0.16-u6E8S9/blib/lib/Lorem/Style.pm line 16.
Compilation failed in require at t/150_style_parsing.t line 6.
BEGIN failed--compilation aborted at t/150_style_parsing.t line 6.
# Looks like your test exited with 2 before it could output anything.
t/150_style_parsing.t ....... 
Dubious, test returned 2 (wstat 512, 0x200)
Failed 35/35 subtests 
Can't locate Pango.pm in @INC (@INC contains: /export/home/cpant5/.cpan/build/Lorem-0.16-u6E8S9/blib/lib /export/home/cpant5/.cpan/build/Lorem-0.16-u6E8S9/blib/arch /export/home/cpant5/.cpan/build/MooseX-SemiAffordanceAccessor-0.09-4B_1rG/blib/arch /export/home/cpant5/.cpan/build/MooseX-SemiAffordanceAccessor-0.09-4B_1rG/blib/lib /export/home/cpant5/.cpan/build/MooseX-SemiAffordanceAccessor-0.09-4B_1rG/blib/arch /export/home/cpant5/.cpan/build/MooseX-SemiAffordanceAccessor-0.09-4B_1rG/blib/lib /export/home/cpant5/perl5/perlbrew/perls/perl-5.17.2/lib/site_perl/5.17.2/i86pc-solaris-64int /export/home/cpant5/perl5/perlbrew/perls/perl-5.17.2/lib/site_perl/5.17.2 /export/home/cpant5/perl5/perlbrew/perls/perl-5.17.2/lib/5.17.2/i86pc-solaris-64int /export/home/cpant5/perl5/perlbrew/perls/perl-5.17.2/lib/5.17.2 .) at /export/home/cpant5/.cpan/build/Lorem-0.16-u6E8S9/blib/lib/Lorem/Style.pm line 16.
BEGIN failed--compilation aborted at /export/home/cpant5/.cpan/build/Lorem-0.16-u6E8S9/blib/lib/Lorem/Style.pm line 16.
Compilation failed in require at t/151_style_parsing.t line 6.
BEGIN failed--compilation aborted at t/151_style_parsing.t line 6.
# Looks like your test exited with 2 before it could output anything.
t/151_style_parsing.t ....... 
Dubious, test returned 2 (wstat 512, 0x200)
Failed 8/8 subtests 
Can't locate Cairo.pm in @INC (@INC contains: /export/home/cpant5/.cpan/build/Lorem-0.16-u6E8S9/blib/lib /export/home/cpant5/.cpan/build/Lorem-0.16-u6E8S9/blib/arch /export/home/cpant5/.cpan/build/MooseX-SemiAffordanceAccessor-0.09-4B_1rG/blib/arch /export/home/cpant5/.cpan/build/MooseX-SemiAffordanceAccessor-0.09-4B_1rG/blib/lib /export/home/cpant5/.cpan/build/MooseX-SemiAffordanceAccessor-0.09-4B_1rG/blib/arch /export/home/cpant5/.cpan/build/MooseX-SemiAffordanceAccessor-0.09-4B_1rG/blib/lib /export/home/cpant5/perl5/perlbrew/perls/perl-5.17.2/lib/site_perl/5.17.2/i86pc-solaris-64int /export/home/cpant5/perl5/perlbrew/perls/perl-5.17.2/lib/site_perl/5.17.2 /export/home/cpant5/perl5/perlbrew/perls/perl-5.17.2/lib/5.17.2/i86pc-solaris-64int /export/home/cpant5/perl5/perlbrew/perls/perl-5.17.2/lib/5.17.2 .) at /export/home/cpant5/.cpan/build/Lorem-0.16-u6E8S9/blib/lib/Lorem/Document.pm line 9.
BEGIN failed--compilation aborted at /export/home/cpant5/.cpan/build/Lorem-0.16-u6E8S9/blib/lib/Lorem/Document.pm line 9.
Compilation failed in require at /export/home/cpant5/.cpan/build/Lorem-0.16-u6E8S9/blib/lib/Lorem.pm line 6.
BEGIN failed--compilation aborted at /export/home/cpant5/.cpan/build/Lorem-0.16-u6E8S9/blib/lib/Lorem.pm line 6.
Compilation failed in require at t/152_style_coercion.t line 8.
BEGIN failed--compilation aborted at t/152_style_coercion.t line 8.
# Looks like your test exited with 2 before it could output anything.
t/152_style_coercion.t ...... 
Dubious, test returned 2 (wstat 512, 0x200)
Failed 10/10 subtests 
Can't locate Gtk2.pm in @INC (@INC contains: /export/home/cpant5/.cpan/build/Lorem-0.16-u6E8S9/blib/lib /export/home/cpant5/.cpan/build/Lorem-0.16-u6E8S9/blib/arch /export/home/cpant5/.cpan/build/MooseX-SemiAffordanceAccessor-0.09-4B_1rG/blib/arch /export/home/cpant5/.cpan/build/MooseX-SemiAffordanceAccessor-0.09-4B_1rG/blib/lib /export/home/cpant5/.cpan/build/MooseX-SemiAffordanceAccessor-0.09-4B_1rG/blib/arch /export/home/cpant5/.cpan/build/MooseX-SemiAffordanceAccessor-0.09-4B_1rG/blib/lib /export/home/cpant5/perl5/perlbrew/perls/perl-5.17.2/lib/site_perl/5.17.2/i86pc-solaris-64int /export/home/cpant5/perl5/perlbrew/perls/perl-5.17.2/lib/site_perl/5.17.2 /export/home/cpant5/perl5/perlbrew/perls/perl-5.17.2/lib/5.17.2/i86pc-solaris-64int /export/home/cpant5/perl5/perlbrew/perls/perl-5.17.2/lib/5.17.2 .) at t/200_lorum.t line 7.
BEGIN failed--compilation aborted at t/200_lorum.t line 7.
# Looks like your test exited with 2 before it could output anything.
t/200_lorum.t ............... 
Dubious, test returned 2 (wstat 512, 0x200)
No subtests run 

Test Summary Report
-------------------
t/001_document.t          (Wstat: 512 Tests: 0 Failed: 0)
  Non-zero exit status: 2
  Parse errors: No plan found in TAP output
t/002_pdf_surface.t       (Wstat: 512 Tests: 0 Failed: 0)
  Non-zero exit status: 2
  Parse errors: No plan found in TAP output
t/003_print_operation.t   (Wstat: 512 Tests: 0 Failed: 0)
  Non-zero exit status: 2
  Parse errors: No plan found in TAP output
t/011_box_element.t       (Wstat: 65280 Tests: 5 Failed: 3)
  Failed tests:  1-2, 4
  Non-zero exit status: 255
t/012_div.t               (Wstat: 65280 Tests: 5 Failed: 3)
  Failed tests:  1-2, 4
  Non-zero exit status: 255
t/013_div_relative_width.t (Wstat: 512 Tests: 0 Failed: 0)
  Non-zero exit status: 2
  Parse errors: No plan found in TAP output
t/014_table.t             (Wstat: 65280 Tests: 5 Failed: 3)
  Failed tests:  1-2, 4
  Non-zero exit status: 255
t/100_style.t             (Wstat: 512 Tests: 0 Failed: 0)
  Non-zero exit status: 2
  Parse errors: No plan found in TAP output
t/101_style_dimensions.t  (Wstat: 512 Tests: 0 Failed: 0)
  Non-zero exit status: 2
  Parse errors: Bad plan.  You planned 6 tests but ran 0.
t/102_style_borders.t     (Wstat: 512 Tests: 0 Failed: 0)
  Non-zero exit status: 2
  Parse errors: Bad plan.  You planned 21 tests but ran 0.
t/103_style_padding.t     (Wstat: 512 Tests: 0 Failed: 0)
  Non-zero exit status: 2
  Parse errors: Bad plan.  You planned 8 tests but ran 0.
t/104_style_margin.t      (Wstat: 512 Tests: 0 Failed: 0)
  Non-zero exit status: 2
  Parse errors: Bad plan.  You planned 8 tests but ran 0.
t/150_style_parsing.t     (Wstat: 512 Tests: 0 Failed: 0)
  Non-zero exit status: 2
  Parse errors: Bad plan.  You planned 35 tests but ran 0.
t/151_style_parsing.t     (Wstat: 512 Tests: 0 Failed: 0)
  Non-zero exit status: 2
  Parse errors: Bad plan.  You planned 8 tests but ran 0.
t/152_style_coercion.t    (Wstat: 512 Tests: 0 Failed: 0)
  Non-zero exit status: 2
  Parse errors: Bad plan.  You planned 10 tests but ran 0.
t/200_lorum.t             (Wstat: 512 Tests: 0 Failed: 0)
  Non-zero exit status: 2
  Parse errors: No plan found in TAP output
Files=16, Tests=15,  5 wallclock secs ( 0.06 usr  0.03 sys +  2.81 cusr  0.33 csys =  3.23 CPU)
Result: FAIL
Failed 16/16 test programs. 9/15 subtests failed.
make: *** [test_dynamic] Error 2

------------------------------
PREREQUISITES
------------------------------

Prerequisite modules loaded:

requires:

    Module                         Need Have   
    ------------------------------ ---- -------
    Moose                          0    2.0603 
    MooseX::SemiAffordanceAccessor 0    0.09   
    MooseX::StrictConstructor      0    0.19   
    MooseX::Types                  0    0.35   

build_requires:

    Module                         Need Have   
    ------------------------------ ---- -------
    ExtUtils::MakeMaker            0    6.63_02


------------------------------
ENVIRONMENT AND OTHER CONTEXT
------------------------------

Environment variables:

    AUTOMATED_TESTING = 1
    LANG = C
    LD_LIBRARY_PATH = /usr/local/lib:
    MANPATH_WITHOUT_PERLBREW = 
    PATH = /export/home/cpant5/perl5/perlbrew/bin:/export/home/cpant5/perl5/perlbrew/perls/perl-5.17.2/bin:/export/home/cpant5/perl5/bin:/usr/local/bin:/usr/bin
    PATH_WITHOUT_PERLBREW = /export/home/cpant5/perl5/bin:/usr/local/bin:/usr/bin
    PERL5LIB = /export/home/cpant5/.cpan/build/MooseX-SemiAffordanceAccessor-0.09-4B_1rG/blib/arch:/export/home/cpant5/.cpan/build/MooseX-SemiAffordanceAccessor-0.09-4B_1rG/blib/lib
    PERL5OPT = 
    PERL5_CPANPLUS_IS_RUNNING = 5026
    PERL5_CPAN_IS_RUNNING = 5026
    PERL5_CPAN_IS_RUNNING_IN_RECURSION = 8920,5026
    PERLBREW_BASHRC_VERSION = 0.44
    PERLBREW_HOME = /export/home/cpant5/.perlbrew
    PERLBREW_MANPATH = /export/home/cpant5/perl5/perlbrew/perls/perl-5.17.2/man
    PERLBREW_PATH = /export/home/cpant5/perl5/perlbrew/bin:/export/home/cpant5/perl5/perlbrew/perls/perl-5.17.2/bin
    PERLBREW_PERL = perl-5.17.2
    PERLBREW_ROOT = /export/home/cpant5/perl5/perlbrew
    PERLBREW_VERSION = 0.44
    PERL_CR_SMOKER_CURRENT = Lorem-0.16-withoutworldwriteables
    PERL_EXTUTILS_AUTOINSTALL = --defaultdeps
    PERL_MM_USE_DEFAULT = 1
    SHELL = /bin/bash
    TERM = xterm

Perl special variables (and OS-specific diagnostics, for MSWin32):

    $^X = /export/home/cpant5/perl5/perlbrew/perls/perl-5.17.2/bin/perl5.17.2
    $UID/$EUID = 105 / 105
    $GID = 1 1
    $EGID = 1 1

Perl module toolchain versions installed:

    Module              Have    
    ------------------- --------
    CPAN                1.9800  
    CPAN::Meta          2.120921
    Cwd                 3.39_02 
    ExtUtils::CBuilder  0.280208
    ExtUtils::Command   1.17    
    ExtUtils::Install   1.58    
    ExtUtils::MakeMaker 6.63_02 
    ExtUtils::Manifest  1.61    
    ExtUtils::ParseXS   3.17    
    File::Spec          3.39_02 
    JSON                2.53    
    JSON::PP            2.27200 
    Module::Build       0.4002  
    Module::Signature   n/a     
    Parse::CPAN::Meta   1.4404  
    Test::Harness       3.25_01 
    Test::More          0.98    
    YAML                0.84    
    YAML::Syck          1.20    
    version             0.99    


--

Summary of my perl5 (revision 5 version 17 subversion 2) configuration:
   
  Platform:
    osname=solaris, osvers=2.10, archname=i86pc-solaris-64int
    uname='sunos vmrz0046 5.10 generic_141445-09 i86pc i386 i86pc solaris '
    config_args='-de -Dprefix=/export/home/cpant5/perl5/perlbrew/perls/perl-5.17.2 -Dcc=gcc -Duse64bitint -Dusedevel -Dusedevel -Aeval:scriptdir=/export/home/cpant5/perl5/perlbrew/perls/perl-5.17.2/bin'
    hint=recommended, useposix=true, d_sigaction=define
    useithreads=undef, usemultiplicity=undef
    useperlio=define, d_sfio=undef, uselargefiles=define, usesocks=undef
    use64bitint=define, use64bitall=undef, uselongdouble=undef
    usemymalloc=n, bincompat5005=undef
  Compiler:
    cc='gcc', ccflags ='-DPTR_IS_LONG -fno-strict-aliasing -pipe -I/usr/local/include -D_LARGEFILE_SOURCE -D_FILE_OFFSET_BITS=64 -DPERL_USE_SAFE_PUTENV',
    optimize='-O',
    cppflags='-DPTR_IS_LONG -fno-strict-aliasing -pipe -I/usr/local/include'
    ccversion='', gccversion='3.4.6', gccosandvers='solaris2.10'
    intsize=4, longsize=4, ptrsize=4, doublesize=8, byteorder=12345678
    d_longlong=define, longlongsize=8, d_longdbl=define, longdblsize=12
    ivtype='long long', ivsize=8, nvtype='double', nvsize=8, Off_t='off_t', lseeksize=8
    alignbytes=4, prototype=define
  Linker and Libraries:
    ld='gcc', ldflags =' -L/usr/local/lib '
    libpth=/usr/local/lib /usr/lib /usr/ccs/lib
    libs=-lsocket -lnsl -lgdbm -ldl -lm -lc
    perllibs=-lsocket -lnsl -ldl -lm -lc
    libc=/lib/libc.so, so=so, useshrplib=false, libperl=libperl.a
    gnulibc_version=''
  Dynamic Linking:
    dlsrc=dl_dlopen.xs, dlext=so, d_dlsymun=undef, ccdlflags=' '
    cccdlflags='-fPIC', lddlflags='-G -L/usr/local/lib'


Characteristics of this binary (from libperl): 
  Compile-time options: HAS_TIMES PERLIO_LAYERS PERL_DONT_CREATE_GVSV
                        PERL_MALLOC_WRAP PERL_PRESERVE_IVUV PERL_USE_DEVEL
                        PERL_USE_SAFE_PUTENV USE_64_BIT_INT USE_LARGE_FILES
                        USE_LOCALE USE_LOCALE_COLLATE USE_LOCALE_CTYPE
                        USE_LOCALE_NUMERIC USE_PERLIO USE_PERL_ATOF
  Built under solaris
  Compiled at Jul 31 2012 11:23:09
  %ENV:
    PERL5LIB="/export/home/cpant5/.cpan/build/MooseX-SemiAffordanceAccessor-0.09-4B_1rG/blib/arch:/export/home/cpant5/.cpan/build/MooseX-SemiAffordanceAccessor-0.09-4B_1rG/blib/lib"
    PERL5OPT=""
    PERL5_CPANPLUS_IS_RUNNING="5026"
    PERL5_CPAN_IS_RUNNING="5026"
    PERL5_CPAN_IS_RUNNING_IN_RECURSION="8920,5026"
    PERLBREW_BASHRC_VERSION="0.44"
    PERLBREW_HOME="/export/home/cpant5/.perlbrew"
    PERLBREW_MANPATH="/export/home/cpant5/perl5/perlbrew/perls/perl-5.17.2/man"
    PERLBREW_PATH="/export/home/cpant5/perl5/perlbrew/bin:/export/home/cpant5/perl5/perlbrew/perls/perl-5.17.2/bin"
    PERLBREW_PERL="perl-5.17.2"
    PERLBREW_ROOT="/export/home/cpant5/perl5/perlbrew"
    PERLBREW_VERSION="0.44"
    PERL_CR_SMOKER_CURRENT="Lorem-0.16-withoutworldwriteables"
    PERL_EXTUTILS_AUTOINSTALL="--defaultdeps"
    PERL_MM_USE_DEFAULT="1"
  @INC:
    /export/home/cpant5/.cpan/build/MooseX-SemiAffordanceAccessor-0.09-4B_1rG/blib/arch
    /export/home/cpant5/.cpan/build/MooseX-SemiAffordanceAccessor-0.09-4B_1rG/blib/lib
    /export/home/cpant5/perl5/perlbrew/perls/perl-5.17.2/lib/site_perl/5.17.2/i86pc-solaris-64int
    /export/home/cpant5/perl5/perlbrew/perls/perl-5.17.2/lib/site_perl/5.17.2
    /export/home/cpant5/perl5/perlbrew/perls/perl-5.17.2/lib/5.17.2/i86pc-solaris-64int
    /export/home/cpant5/perl5/perlbrew/perls/perl-5.17.2/lib/5.17.2
    .