Back
From: metabase:user:320bfe00-2aae-11df-837a-5e0a49663a4f
Subject: FAIL Test-AnyEvent-Time-0.01 v5.17.9 GNU/Linux
Date: 2013-05-11T08:29:27Z
This distribution has been tested as part of the CPAN Testers
project, supporting the Perl programming language.  See
http://wiki.cpantesters.org/ for more information or email
questions to cpan-testers-discuss@perl.org
--
Dear Toshio Ito,
This is a computer-generated report for Test-AnyEvent-Time-0.01
on perl 5.17.9, created by CPAN-Reporter-1.2010.
Thank you for uploading your work to CPAN.  However, there was a problem
testing your distribution.
If you think this report is invalid, please consult the CPAN Testers Wiki
for suggestions on how to avoid getting FAIL reports for missing library
or binary dependencies, unsupported operating systems, and so on:
http://wiki.cpantesters.org/wiki/CPANAuthorNotes
Sections of this report:
    * Tester comments
    * Program output
    * Prerequisites
    * Environment and other context
------------------------------
TESTER COMMENTS
------------------------------
Additional comments from tester:
this report is from an automated smoke testing program
and was not reviewed by a human for accuracy
------------------------------
PROGRAM OUTPUT
------------------------------
Output from '/usr/bin/make test':
PERL_DL_NONLAZY=1 /home/sand/src/perl/repoperls/installed-perls/perl/v5.17.9/a2da/bin/perl "-MExtUtils::Command::MM" "-e" "test_harness(0, 'blib/lib', 'blib/arch')" t/*.t
# Testing Test::AnyEvent::Time 0.01, Perl 5.017009, /home/sand/src/perl/repoperls/installed-perls/perl/v5.17.9/a2da/bin/perl
t/00-load.t .......... ok
#   Failed test at t/10-elapsed_time.t line 17.
#     '3'
#         <=
#     '2.9'
#   Failed test at t/10-elapsed_time.t line 18.
#     '1'
#         >=
#     '1.1'
# Looks like you failed 2 tests of 27.
t/10-elapsed_time.t .. 
Dubious, test returned 2 (wstat 512, 0x200)
Failed 2/27 subtests 
#   Failed test ' - >, timeout(1)'
#   at t/20-Time.t line 62.
# STDOUT is:
# not ok 1 - >, timeout(1)
# 
# not:
# ok 1 - >, timeout(1)
# 
# as expected
# STDERR is:
# #   Failed test '>, timeout(1)'
# #   at t/20-Time.t line 56.
# #     '0'
# #         >
# #     '0.5'
# 
# not:
# 
# as expected
#   Failed test 'return value: 1'
#   at t/20-Time.t line 63.
#          got: '0'
#     expected: '1'
#   Failed test ' - <, timeout(undef)'
#   at t/20-Time.t line 62.
# STDOUT is:
# not ok 1 - <, timeout(undef)
# 
# not:
# ok 1 - <, timeout(undef)
# 
# as expected
# STDERR is:
# #   Failed test '<, timeout(undef)'
# #   at t/20-Time.t line 56.
# #     '1'
# #         <
# #     '0.6'
# 
# not:
# 
# as expected
#   Failed test 'return value: 1'
#   at t/20-Time.t line 63.
#          got: '0'
#     expected: '1'
#   Failed test ' - >, timeout(undef)'
#   at t/20-Time.t line 62.
# STDOUT is:
# not ok 1 - >, timeout(undef)
# 
# not:
# ok 1 - >, timeout(undef)
# 
# as expected
# STDERR is:
# #   Failed test '>, timeout(undef)'
# #   at t/20-Time.t line 56.
# #     '0'
# #         >
# #     '0.1'
# 
# not:
# 
# as expected
#   Failed test 'return value: 1'
#   at t/20-Time.t line 63.
#          got: '0'
#     expected: '1'
#   Failed test ''
#   at t/20-Time.t line 62.
# STDOUT is:
# not ok 1
# 
# not:
# ok 1
# 
# as expected
# STDERR is:
# #   Failed test at t/20-Time.t line 59.
# #     '0'
# #         >
# #     '0.1'
# 
# not:
# 
# as expected
#   Failed test 'return value: 1'
#   at t/20-Time.t line 63.
#          got: '0'
#     expected: '1'
#   Failed test ''
#   at t/20-Time.t line 62.
# STDOUT is:
# not ok 1
# 
# not:
# ok 1
# 
# as expected
# STDERR is:
# #   Failed test at t/20-Time.t line 59.
# #     '1'
# #         <
# #     '1'
# 
# not:
# 
# as expected
#   Failed test 'return value: 1'
#   at t/20-Time.t line 63.
#          got: '0'
#     expected: '1'
#   Failed test ''
#   at t/20-Time.t line 62.
# STDOUT is:
# ok 1
# 
# not:
# not ok 1
# 
# as expected
# STDERR is:
# 
# not:
# /#\s+Failed\ test.*?\n?.*?at\ t\/20\-Time\.t line 59.*\n?/
# 
# (?^:# +'[^']+' *\n)
# (?^:# +< *\n)
# (?^:# +'0.1' *\n?)
# as expected
#   Failed test 'return value: 0'
#   at t/20-Time.t line 63.
#          got: '1'
#     expected: '0'
#   Failed test 'time_between_ok: ok (no desc)'
#   at t/20-Time.t line 161.
# STDOUT is:
# not ok 1
# 
# not:
# ok 1
# 
# as expected
# STDERR is:
# #   Failed test at t/20-Time.t line 160.
# #     '0'
# #         >
# #     '0'
# 
# not:
# 
# as expected
#   Failed test at t/20-Time.t line 162.
#   Failed test 'time_within_ok: ok, with desc'
#   at t/20-Time.t line 195.
# STDOUT is:
# not ok 1 - within
# 
# not:
# ok 1 - within
# 
# as expected
# STDERR is:
# #   Failed test 'within'
# #   at t/20-Time.t line 194.
# #     '1'
# #         <
# #     '0.6'
# 
# not:
# 
# as expected
#   Failed test at t/20-Time.t line 196.
t/20-Time.t .......... 
Failed 16/81 subtests 
t/manifest.t ......... skipped: Author tests not required for installation
t/pod.t .............. ok
Test Summary Report
-------------------
t/10-elapsed_time.t (Wstat: 512 Tests: 27 Failed: 2)
  Failed tests:  13, 20
  Non-zero exit status: 2
t/20-Time.t        (Wstat: 0 Tests: 81 Failed: 16)
  Failed tests:  9-18, 32-33, 58-59, 68-69
Files=5, Tests=110, 25 wallclock secs ( 0.02 usr  0.03 sys +  0.22 cusr  0.06 csys =  0.33 CPU)
Result: FAIL
Failed 2/5 test programs. 18/110 subtests failed.
make: *** [test_dynamic] Error 255
------------------------------
PREREQUISITES
------------------------------
Prerequisite modules loaded:
requires:
    Module              Need Have
    ------------------- ---- ----
    AnyEvent            7.01 7.04
    Scalar::Util        0    1.27
    Test::Builder       0    0.98
build_requires:
    Module              Need Have
    ------------------- ---- ----
    Test::More          0    0.98
configure_requires:
    Module              Need Have
    ------------------- ---- ----
    ExtUtils::MakeMaker 0    6.66
------------------------------
ENVIRONMENT AND OTHER CONTEXT
------------------------------
Environment variables:
    AUTOMATED_TESTING = 1
    LANG = en_US.UTF-8
    LANGUAGE = en_US:en
    PATH = /usr/lib/ccache:/home/sand/bin:/usr/local/bin:/usr/bin:/bin:/usr/bin/X11:/usr/games:/usr/local/perl/bin:/usr/X11/bin:/sbin:/usr/sbin
    PERL5LIB = 
    PERL5OPT = 
    PERL5_CPANPLUS_IS_RUNNING = 10259
    PERL5_CPAN_IS_RUNNING = 10259
    PERL_MM_USE_DEFAULT = 1
    SHELL = /usr/bin/zsh
    TERM = screen
Perl special variables (and OS-specific diagnostics, for MSWin32):
    $^X = /home/sand/src/perl/repoperls/installed-perls/perl/v5.17.9/a2da/bin/perl
    $UID/$EUID = 1005 / 1005
    $GID = 1005 1005
    $EGID = 1005 1005
Perl module toolchain versions installed:
    Module              Have    
    ------------------- --------
    CPAN                2.00    
    CPAN::Meta          2.120921
    Cwd                 3.40    
    ExtUtils::CBuilder  0.280209
    ExtUtils::Command   1.17    
    ExtUtils::Install   1.59    
    ExtUtils::MakeMaker 6.66    
    ExtUtils::Manifest  1.63    
    ExtUtils::ParseXS   3.18    
    File::Spec          3.40    
    JSON                2.57    
    JSON::PP            2.27200 
    Module::Build       0.4005  
    Module::Signature   0.70    
    Parse::CPAN::Meta   1.4404  
    Test::Harness       3.28    
    Test::More          0.98    
    YAML                0.84    
    YAML::Syck          n/a     
    version             0.9901  
--
Summary of my perl5 (revision 5 version 17 subversion 9) configuration:
  Commit id: 2426c3948e1fc088396e28ef9155a2e95fccd2a9
  Platform:
    osname=linux, osvers=3.2.0-4-amd64, archname=x86_64-linux-thread-multi-ld
    uname='linux k83 3.2.0-4-amd64 #1 smp debian 3.2.41-2 x86_64 gnulinux '
    config_args='-Dprefix=/home/src/perl/repoperls/installed-perls/perl/v5.17.9/a2da -Dmyhostname=k83 -Dinstallusrbinperl=n -Uversiononly -Dusedevel -des -Ui_db -Duseithreads -Duselongdouble -DDEBUGGING=-g'
    hint=recommended, useposix=true, d_sigaction=define
    useithreads=define, usemultiplicity=define
    useperlio=define, d_sfio=undef, uselargefiles=define, usesocks=undef
    use64bitint=define, use64bitall=define, uselongdouble=define
    usemymalloc=n, bincompat5005=undef
  Compiler:
    cc='cc', ccflags ='-D_REENTRANT -D_GNU_SOURCE -fno-strict-aliasing -pipe -fstack-protector -I/usr/local/include -D_LARGEFILE_SOURCE -D_FILE_OFFSET_BITS=64',
    optimize='-O2 -g',
    cppflags='-D_REENTRANT -D_GNU_SOURCE -fno-strict-aliasing -pipe -fstack-protector -I/usr/local/include'
    ccversion='', gccversion='4.7.2', gccosandvers=''
    intsize=4, longsize=8, ptrsize=8, doublesize=8, byteorder=12345678
    d_longlong=define, longlongsize=8, d_longdbl=define, longdblsize=16
    ivtype='long', ivsize=8, nvtype='long double', nvsize=16, Off_t='off_t', lseeksize=8
    alignbytes=16, prototype=define
  Linker and Libraries:
    ld='cc', ldflags =' -fstack-protector -L/usr/local/lib'
    libpth=/usr/local/lib /lib/x86_64-linux-gnu /lib/../lib /usr/lib/x86_64-linux-gnu /usr/lib/../lib /lib /usr/lib
    libs=-lnsl -lgdbm -ldb -ldl -lm -lcrypt -lutil -lpthread -lc -lgdbm_compat
    perllibs=-lnsl -ldl -lm -lcrypt -lutil -lpthread -lc
    libc=, so=so, useshrplib=false, libperl=libperl.a
    gnulibc_version='2.13'
  Dynamic Linking:
    dlsrc=dl_dlopen.xs, dlext=so, d_dlsymun=undef, ccdlflags='-Wl,-E'
    cccdlflags='-fPIC', lddlflags='-shared -O2 -g -L/usr/local/lib -fstack-protector'
Characteristics of this binary (from libperl): 
  Compile-time options: HAS_TIMES MULTIPLICITY PERLIO_LAYERS
                        PERL_DONT_CREATE_GVSV PERL_IMPLICIT_CONTEXT
                        PERL_MALLOC_WRAP PERL_NEW_COPY_ON_WRITE
                        PERL_PRESERVE_IVUV PERL_USE_DEVEL USE_64_BIT_ALL
                        USE_64_BIT_INT USE_ITHREADS USE_LARGE_FILES
                        USE_LOCALE USE_LOCALE_COLLATE USE_LOCALE_CTYPE
                        USE_LOCALE_NUMERIC USE_LONG_DOUBLE USE_PERLIO
                        USE_PERL_ATOF USE_REENTRANT_API
  Built under linux
  Compiled at May 10 2013 08:14:18
  %ENV:
    PERL5LIB=""
    PERL5OPT=""
    PERL5_CPANPLUS_IS_RUNNING="10259"
    PERL5_CPAN_IS_RUNNING="10259"
    PERL_MM_USE_DEFAULT="1"
  @INC:
    /home/src/perl/repoperls/installed-perls/perl/v5.17.9/a2da/lib/site_perl/5.17.9/x86_64-linux-thread-multi-ld
    /home/src/perl/repoperls/installed-perls/perl/v5.17.9/a2da/lib/site_perl/5.17.9
    /home/src/perl/repoperls/installed-perls/perl/v5.17.9/a2da/lib/5.17.9/x86_64-linux-thread-multi-ld
    /home/src/perl/repoperls/installed-perls/perl/v5.17.9/a2da/lib/5.17.9
    .