Report for Array-PrintCols-EastAsian-0.07

Back
From: metabase:user:30977d10-2aae-11df-837a-5e0a49663a4f
Subject: FAIL Array-PrintCols-EastAsian-0.07 v5.16.3 Mac OS X
Date: 2013-12-31T09:49:50Z

This distribution has been tested as part of the CPAN Testers
project, supporting the Perl programming language.  See
http://wiki.cpantesters.org/ for more information or email
questions to cpan-testers-discuss@perl.org


--
Dear Kenta Mori,

This is a computer-generated report for Array-PrintCols-EastAsian-0.07
on perl 5.16.3, created by CPAN-Reporter-1.2010.

Thank you for uploading your work to CPAN.  However, there was a problem
testing your distribution.

If you think this report is invalid, please consult the CPAN Testers Wiki
for suggestions on how to avoid getting FAIL reports for missing library
or binary dependencies, unsupported operating systems, and so on:

http://wiki.cpantesters.org/wiki/CPANAuthorNotes

Sections of this report:

    * Tester comments
    * Program output
    * Prerequisites
    * Environment and other context

------------------------------
TESTER COMMENTS
------------------------------

Additional comments from tester:

this report is from an automated smoke testing program
and was not reviewed by a human for accuracy

------------------------------
PROGRAM OUTPUT
------------------------------

Output from './Build test':

t/00_compile.t ............................ ok
t/100_unit/01_max.t ....................... ok
t/100_unit/02_min.t ....................... ok
t/100_unit/03_validate_valid_options.t .... ok
t/100_unit/04_validate_invalid_options.t .. ok
t/100_unit/05_align.t ..................... ok
t/200_format/01_format_array.t ............ ok
    
    #   Failed test at t/300_print/01_print_array.t line 89.
    # died: Unable to get Terminal Size. The TIOCGWINSZ ioctl didn't work. The COLUMNS and LINES environment variables didn't work. The resize program didn't work. at /Users/trushel/perl/5.16.3-th/lib/site_perl/5.16.3/darwin-thread-multi-2level/Term/ReadKey.pm line 362.
    # Looks like you failed 1 test of 1.

#   Failed test 'pretty print array with specifying gap, align and encode option'
#   at t/300_print/01_print_array.t line 90.
    
    #   Failed test at t/300_print/01_print_array.t line 97.
    # died: Unable to get Terminal Size. The TIOCGWINSZ ioctl didn't work. The COLUMNS and LINES environment variables didn't work. The resize program didn't work. at /Users/trushel/perl/5.16.3-th/lib/site_perl/5.16.3/darwin-thread-multi-2level/Term/ReadKey.pm line 362.
    # Looks like you failed 1 test of 1.

#   Failed test 'pretty print array with not used invalid option'
#   at t/300_print/01_print_array.t line 98.
# Looks like you failed 2 tests of 10.
t/300_print/01_print_array.t .............. 
Dubious, test returned 2 (wstat 512, 0x200)
Failed 2/10 subtests 

Test Summary Report
-------------------
t/300_print/01_print_array.t            (Wstat: 512 Tests: 10 Failed: 2)
  Failed tests:  9-10
  Non-zero exit status: 2
Files=8, Tests=29,  1 wallclock secs ( 0.05 usr  0.02 sys +  0.67 cusr  0.09 csys =  0.83 CPU)
Result: FAIL
Failed 1/8 test programs. 2/29 subtests failed.

------------------------------
PREREQUISITES
------------------------------

Prerequisite modules loaded:

requires:

    Module                Need  Have    
    --------------------- ----- --------
    Carp                  0     1.26    
    Data::Validator       0     1.03    
    Encode                0     2.51    
    perl                  5.010 5.016003
    Term::ReadKey         0     2.30    
    Text::VisualWidth::PP 0     0.04    

build_requires:

    Module                Need  Have    
    --------------------- ----- --------
    ExtUtils::CBuilder    0     0.280206
    Test::Exception       0     0.32    
    Test::More            0.98  1.001002

configure_requires:

    Module                Need  Have    
    --------------------- ----- --------
    CPAN::Meta            0     2.131560
    CPAN::Meta::Prereqs   0     2.131560
    Module::Build         0.38  0.4203  


------------------------------
ENVIRONMENT AND OTHER CONTEXT
------------------------------

Environment variables:

    AUTOMATED_TESTING = 1
    LANG = en_US.UTF-8
    PATH = /usr/bin:/bin:/usr/sbin:/sbin:/usr/local/bin:/usr/local/bin/g4bin:/usr/local/sbin
    PERL5LIB = 
    PERL5OPT = 
    PERL5_CPANPLUS_IS_RUNNING = 13042
    PERL5_CPAN_IS_RUNNING = 13042
    PERL5_CPAN_IS_RUNNING_IN_RECURSION = 82930,13042
    PERL_CR_SMOKER_CURRENT = Array-PrintCols-EastAsian-0.07
    PERL_EXTUTILS_AUTOINSTALL = --defaultdeps
    PERL_MM_USE_DEFAULT = 1
    SHELL = /bin/bash
    TERM = xterm-256color
    TMPDIR = /var/folders/00/11s1r000h01000cxqpysvccm004747/T/

Perl special variables (and OS-specific diagnostics, for MSWin32):

    $^X = /Users/trushel/perl/5.16.3-th/bin/perl
    $UID/$EUID = 138375 / 138375
    $GID = 5762 5762
    $EGID = 5762 5762

Perl module toolchain versions installed:

    Module              Have    
    ------------------- --------
    CPAN                1.9800  
    CPAN::Meta          2.131560
    Cwd                 3.40    
    ExtUtils::CBuilder  0.280206
    ExtUtils::Command   1.17    
    ExtUtils::Install   1.58    
    ExtUtils::MakeMaker 6.84    
    ExtUtils::Manifest  1.61    
    ExtUtils::ParseXS   3.22    
    File::Spec          3.40    
    JSON                2.59    
    JSON::PP            2.27203 
    Module::Build       0.4203  
    Module::Signature   n/a     
    Parse::CPAN::Meta   1.4409  
    Test::Harness       3.30    
    Test::More          1.001002
    YAML                0.84    
    YAML::Syck          1.27    
    version             0.9904  


--

Summary of my perl5 (revision 5 version 16 subversion 3) configuration:
   
  Platform:
    osname=darwin, osvers=12.4.0, archname=darwin-thread-multi-2level
    uname='darwin trushel-macbookpro.local 12.4.0 darwin kernel version 12.4.0: wed may 1 17:57:12 pdt 2013; root:xnu-2050.24.15~1release_x86_64 x86_64 '
    config_args=''
    hint=recommended, useposix=true, d_sigaction=define
    useithreads=define, usemultiplicity=define
    useperlio=define, d_sfio=undef, uselargefiles=define, usesocks=undef
    use64bitint=define, use64bitall=define, uselongdouble=undef
    usemymalloc=n, bincompat5005=undef
  Compiler:
    cc='cc', ccflags ='-fno-common -DPERL_DARWIN -fno-strict-aliasing -pipe -fstack-protector',
    optimize='-O3',
    cppflags='-fno-common -DPERL_DARWIN -fno-strict-aliasing -pipe -fstack-protector'
    ccversion='', gccversion='4.2.1 Compatible Apple LLVM 4.2 (clang-425.0.28)', gccosandvers=''
    intsize=4, longsize=8, ptrsize=8, doublesize=8, byteorder=12345678
    d_longlong=define, longlongsize=8, d_longdbl=define, longdblsize=16
    ivtype='long', ivsize=8, nvtype='double', nvsize=8, Off_t='off_t', lseeksize=8
    alignbytes=8, prototype=define
  Linker and Libraries:
    ld='env MACOSX_DEPLOYMENT_TARGET=10.3 cc', ldflags =' -fstack-protector -L/usr/local/lib'
    libpth=/usr/local/lib /usr/lib
    libs=-ldbm -ldl -lm -lutil -lc
    perllibs=-ldl -lm -lutil -lc
    libc=, so=dylib, useshrplib=false, libperl=libperl.a
    gnulibc_version=''
  Dynamic Linking:
    dlsrc=dl_dlopen.xs, dlext=bundle, d_dlsymun=undef, ccdlflags=' '
    cccdlflags=' ', lddlflags=' -bundle -undefined dynamic_lookup -L/usr/local/lib -fstack-protector'


Characteristics of this binary (from libperl): 
  Compile-time options: HAS_TIMES MULTIPLICITY PERLIO_LAYERS
                        PERL_DONT_CREATE_GVSV PERL_IMPLICIT_CONTEXT
                        PERL_MALLOC_WRAP PERL_PRESERVE_IVUV USE_64_BIT_ALL
                        USE_64_BIT_INT USE_ITHREADS USE_LARGE_FILES
                        USE_LOCALE USE_LOCALE_COLLATE USE_LOCALE_CTYPE
                        USE_LOCALE_NUMERIC USE_PERLIO USE_PERL_ATOF
  Built under darwin
  Compiled at Jul 13 2013 13:04:54
  %ENV:
    PERL5LIB=""
    PERL5OPT=""
    PERL5_CPANPLUS_IS_RUNNING="13042"
    PERL5_CPAN_IS_RUNNING="13042"
    PERL5_CPAN_IS_RUNNING_IN_RECURSION="82930,13042"
    PERL_CR_SMOKER_CURRENT="Array-PrintCols-EastAsian-0.07"
    PERL_EXTUTILS_AUTOINSTALL="--defaultdeps"
    PERL_MM_USE_DEFAULT="1"
  @INC:
    /Users/trushel/perl/5.16.3-th/lib/site_perl/5.16.3/darwin-thread-multi-2level
    /Users/trushel/perl/5.16.3-th/lib/site_perl/5.16.3
    /Users/trushel/perl/5.16.3-th/lib/5.16.3/darwin-thread-multi-2level
    /Users/trushel/perl/5.16.3-th/lib/5.16.3
    .