Report for IPC-LDT-2.03

Back
From: metabase:user:322078bc-2aae-11df-837a-5e0a49663a4f
Subject: FAIL IPC-LDT-2.03 v5.12.3 FreeBSD
Date: 2011-07-22T19:50:46Z

This distribution has been tested as part of the CPAN Testers
project, supporting the Perl programming language.  See
http://wiki.cpantesters.org/ for more information or email
questions to cpan-testers-discuss@perl.org


--

Dear JSTENZEL,

This is a computer-generated error report created automatically by
CPANPLUS, version 0.9105. Testers personal comments may appear
at the end of this report.


Thank you for uploading your work to CPAN.  However, it appears that
there were some problems testing your distribution.

TEST RESULTS:

Below is the error stack from stage 'make test':

[MSG] [Fri Jul 22 20:49:57 2011] cp LDT.pm blib/lib/IPC/LDT.pm
Manifying blib/man3/IPC::LDT.3

[ERROR] [Fri Jul 22 20:49:58 2011] MAKE TEST failed: PERL_DL_NONLAZY=1 /usr/home/cpan/pit/bare/perl-5.12.3/bin/perl "-MExtUtils::Command::MM" "-e" "test_harness(0, 'blib/lib', 'blib/arch')" t/*.t
Name "IPC::LDT::Trace" used only once: possible typo at /usr/home/cpan/pit/bare/conf/perl-5.12.3/.cpanplus/5.12.3/build/IPC-LDT-2.03/blib/lib/IPC/LDT.pm line 224.
Name "IPC::LDT::noAssert" used only once: possible typo at /usr/home/cpan/pit/bare/conf/perl-5.12.3/.cpanplus/5.12.3/build/IPC-LDT-2.03/blib/lib/IPC/LDT.pm line 228.
Not a HASH reference at /usr/home/cpan/pit/bare/conf/perl-5.12.3/.cpanplus/5.12.3/build/IPC-LDT-2.03/blib/lib/IPC/LDT.pm line 498.
	(in cleanup) Not a HASH reference at /usr/home/cpan/pit/bare/conf/perl-5.12.3/.cpanplus/5.12.3/build/IPC-LDT-2.03/blib/lib/IPC/LDT.pm line 529.
t/ascii.t .. 
Dubious, test returned 25 (wstat 6400, 0x1900)
Failed 2/2 subtests 
Name "IPC::LDT::Trace" used only once: possible typo at /usr/home/cpan/pit/bare/conf/perl-5.12.3/.cpanplus/5.12.3/build/IPC-LDT-2.03/blib/lib/IPC/LDT.pm line 224.
Name "IPC::LDT::noAssert" used only once: possible typo at /usr/home/cpan/pit/bare/conf/perl-5.12.3/.cpanplus/5.12.3/build/IPC-LDT-2.03/blib/lib/IPC/LDT.pm line 228.
Not a HASH reference at /usr/home/cpan/pit/bare/conf/perl-5.12.3/.cpanplus/5.12.3/build/IPC-LDT-2.03/blib/lib/IPC/LDT.pm line 498.
	(in cleanup) Not a HASH reference at /usr/home/cpan/pit/bare/conf/perl-5.12.3/.cpanplus/5.12.3/build/IPC-LDT-2.03/blib/lib/IPC/LDT.pm line 529.
t/data.t ... 
Dubious, test returned 25 (wstat 6400, 0x1900)
Failed 4/4 subtests 
Name "IPC::LDT::Trace" used only once: possible typo at /usr/home/cpan/pit/bare/conf/perl-5.12.3/.cpanplus/5.12.3/build/IPC-LDT-2.03/blib/lib/IPC/LDT.pm line 224.
Name "IPC::LDT::noAssert" used only once: possible typo at /usr/home/cpan/pit/bare/conf/perl-5.12.3/.cpanplus/5.12.3/build/IPC-LDT-2.03/blib/lib/IPC/LDT.pm line 228.
Not a HASH reference at /usr/home/cpan/pit/bare/conf/perl-5.12.3/.cpanplus/5.12.3/build/IPC-LDT-2.03/blib/lib/IPC/LDT.pm line 498.
	(in cleanup) Not a HASH reference at /usr/home/cpan/pit/bare/conf/perl-5.12.3/.cpanplus/5.12.3/build/IPC-LDT-2.03/blib/lib/IPC/LDT.pm line 529.
t/delay.t .. 
Dubious, test returned 25 (wstat 6400, 0x1900)
Failed 1/1 subtests 
Name "IPC::LDT::Trace" used only once: possible typo at /usr/home/cpan/pit/bare/conf/perl-5.12.3/.cpanplus/5.12.3/build/IPC-LDT-2.03/blib/lib/IPC/LDT.pm line 224.
Name "IPC::LDT::noAssert" used only once: possible typo at /usr/home/cpan/pit/bare/conf/perl-5.12.3/.cpanplus/5.12.3/build/IPC-LDT-2.03/blib/lib/IPC/LDT.pm line 228.
Not a HASH reference at /usr/home/cpan/pit/bare/conf/perl-5.12.3/.cpanplus/5.12.3/build/IPC-LDT-2.03/blib/lib/IPC/LDT.pm line 498.
	(in cleanup) Not a HASH reference at /usr/home/cpan/pit/bare/conf/perl-5.12.3/.cpanplus/5.12.3/build/IPC-LDT-2.03/blib/lib/IPC/LDT.pm line 529.
t/mixed.t .. 
Dubious, test returned 25 (wstat 6400, 0x1900)
Failed 12/12 subtests 

Test Summary Report
-------------------
t/ascii.t (Wstat: 6400 Tests: 0 Failed: 0)
  Non-zero exit status: 25
  Parse errors: Bad plan.  You planned 2 tests but ran 0.
t/data.t (Wstat: 6400 Tests: 0 Failed: 0)
  Non-zero exit status: 25
  Parse errors: Bad plan.  You planned 4 tests but ran 0.
t/delay.t (Wstat: 6400 Tests: 0 Failed: 0)
  Non-zero exit status: 25
  Parse errors: Bad plan.  You planned 1 tests but ran 0.
t/mixed.t (Wstat: 6400 Tests: 0 Failed: 0)
  Non-zero exit status: 25
  Parse errors: Bad plan.  You planned 12 tests but ran 0.
Files=4, Tests=0,  1 wallclock secs ( 0.03 usr  0.02 sys +  0.22 cusr  0.11 csys =  0.38 CPU)
Result: FAIL
*** Error code 25

Stop in /usr/home/cpan/pit/bare/conf/perl-5.12.3/.cpanplus/5.12.3/build/IPC-LDT-2.03.
Failed 4/4 test programs. 0/0 subtests failed.

[MSG] [Fri Jul 22 20:49:58 2011] DEFAULT 'proceed_on_test_failure' HANDLER RETURNING 'sub return value'

PREREQUISITES:

Here is a list of prerequisites you specified and versions we
managed to load:

	  Module Name                        Have     Want
	  Filter::Util::Call                 1.08        1
	  Storable                           2.25      0.6

Perl module toolchain versions installed:
	Module Name                        Have
	CPANPLUS                         0.9105
	CPANPLUS::Dist::Build              0.56
	Cwd                                3.33
	ExtUtils::CBuilder             0.280202
	ExtUtils::Command                  1.16
	ExtUtils::Install                  1.55
	ExtUtils::MakeMaker                6.56
	ExtUtils::Manifest                 1.58
	ExtUtils::ParseXS                2.2206
	File::Spec                         3.33
	Module::Build                    0.3800
	Test::Harness                      3.23
	Test::More                         0.98
	version                            0.91

******************************** NOTE ********************************
The comments above are created mechanically, possibly without manual
checking by the sender.  As there are many people performing automatic
tests on each upload to CPAN, it is likely that you will receive
identical messages about the same problem.

If you believe that the message is mistaken, please reply to the first
one with correction and/or additional informations, and do not take
it personally.  We appreciate your patience. :)
**********************************************************************

Additional comments:


This report was machine-generated by CPANPLUS::Dist::YACSmoke 0.62.
Powered by minismokebox version 0.54

------------------------------
ENVIRONMENT AND OTHER CONTEXT
------------------------------

Environment variables:

    AUTOMATED_TESTING = 1
    PATH = /sbin:/bin:/usr/sbin:/usr/bin:/usr/games:/usr/local/sbin:/usr/local/bin:/home/cpan/bin
    PERL5LIB = :/usr/home/cpan/pit/bare/conf/perl-5.12.3/.cpanplus/5.12.3/build/IPC-LDT-2.03/blib/lib:/usr/home/cpan/pit/bare/conf/perl-5.12.3/.cpanplus/5.12.3/build/IPC-LDT-2.03/blib/arch
    PERL5_CPANPLUS_IS_RUNNING = 99174
    PERL5_CPANPLUS_IS_VERSION = 0.9105
    PERL5_MINISMOKEBOX = 0.54
    PERL5_YACSMOKE_BASE = /usr/home/cpan/pit/bare/conf/perl-5.12.3
    PERL_EXTUTILS_AUTOINSTALL = --defaultdeps
    PERL_MM_USE_DEFAULT = 1
    SHELL = /usr/local/bin/bash
    TERM = screen

Perl special variables (and OS-specific diagnostics, for MSWin32):

    Perl: $^X = /usr/home/cpan/pit/bare/perl-5.12.3/bin/perl
    UID:  $<  = 1002
    EUID: $>  = 1002
    GID:  $(  = 1002 1002
    EGID: $)  = 1002 1002


-------------------------------


--

Summary of my perl5 (revision 5 version 12 subversion 3) configuration:
   
  Platform:
    osname=freebsd, osvers=9.0-current-201101, archname=amd64-freebsd
    uname='freebsd flooble.bingosnet.co.uk 9.0-current-201101 freebsd 9.0-current-201101 #0: mon jan 3 22:15:39 utc 2011 root@farrell.cse.buffalo.edu:usrobjusrsrcsysgeneric amd64 '
    config_args='-des -Dprefix=/usr/home/cpan/pit/bare/perl-5.12.3'
    hint=recommended, useposix=true, d_sigaction=define
    useithreads=undef, usemultiplicity=undef
    useperlio=define, d_sfio=undef, uselargefiles=define, usesocks=undef
    use64bitint=define, use64bitall=define, uselongdouble=undef
    usemymalloc=n, bincompat5005=undef
  Compiler:
    cc='cc', ccflags ='-DHAS_FPSETMASK -DHAS_FLOATINGPOINT_H -fno-strict-aliasing -pipe -fstack-protector -I/usr/local/include',
    optimize='-O',
    cppflags='-DHAS_FPSETMASK -DHAS_FLOATINGPOINT_H -fno-strict-aliasing -pipe -fstack-protector -I/usr/local/include'
    ccversion='', gccversion='4.2.1 20070719  [FreeBSD]', gccosandvers=''
    intsize=4, longsize=8, ptrsize=8, doublesize=8, byteorder=12345678
    d_longlong=define, longlongsize=8, d_longdbl=define, longdblsize=16
    ivtype='long', ivsize=8, nvtype='double', nvsize=8, Off_t='off_t', lseeksize=8
    alignbytes=8, prototype=define
  Linker and Libraries:
    ld='cc', ldflags ='-Wl,-E  -fstack-protector -L/usr/local/lib'
    libpth=/usr/lib /usr/local/lib
    libs=-lgdbm -lm -lcrypt -lutil -lc
    perllibs=-lm -lcrypt -lutil -lc
    libc=, so=so, useshrplib=false, libperl=libperl.a
    gnulibc_version=''
  Dynamic Linking:
    dlsrc=dl_dlopen.xs, dlext=so, d_dlsymun=undef, ccdlflags=' '
    cccdlflags='-DPIC -fPIC', lddlflags='-shared  -L/usr/local/lib -fstack-protector'


Characteristics of this binary (from libperl): 
  Compile-time options: PERL_DONT_CREATE_GVSV PERL_MALLOC_WRAP USE_64_BIT_ALL
                        USE_64_BIT_INT USE_LARGE_FILES USE_PERLIO
                        USE_PERL_ATOF
  Built under freebsd
  Compiled at Apr 29 2011 02:56:20
  %ENV:
    PERL5LIB=":/usr/home/cpan/pit/bare/conf/perl-5.12.3/.cpanplus/5.12.3/build/IPC-LDT-2.03/blib/lib:/usr/home/cpan/pit/bare/conf/perl-5.12.3/.cpanplus/5.12.3/build/IPC-LDT-2.03/blib/arch"
    PERL5_CPANPLUS_IS_RUNNING="99174"
    PERL5_CPANPLUS_IS_VERSION="0.9105"
    PERL5_MINISMOKEBOX="0.54"
    PERL5_YACSMOKE_BASE="/usr/home/cpan/pit/bare/conf/perl-5.12.3"
    PERL_EXTUTILS_AUTOINSTALL="--defaultdeps"
    PERL_MM_USE_DEFAULT="1"
  @INC:
    /usr/home/cpan/pit/bare/conf/perl-5.12.3/.cpanplus/5.12.3/build/IPC-LDT-2.03/blib/lib
    /usr/home/cpan/pit/bare/conf/perl-5.12.3/.cpanplus/5.12.3/build/IPC-LDT-2.03/blib/arch
    /usr/home/cpan/pit/bare/perl-5.12.3/lib/site_perl/5.12.3/amd64-freebsd
    /usr/home/cpan/pit/bare/perl-5.12.3/lib/site_perl/5.12.3
    /usr/home/cpan/pit/bare/perl-5.12.3/lib/5.12.3/amd64-freebsd
    /usr/home/cpan/pit/bare/perl-5.12.3/lib/5.12.3
    .