Data-CTable v1.03_02 Perl 5 v5.26.1 OpenBSD.amd64-openbsd
- Status
- Fail
- From
- Alceu Rodrigues de Freitas Junior
- Dist
-
Data-CTable v1.03_02
- Platform
- Perl 5 v5.26.1 OpenBSD.amd64-openbsd
- Date
- 2018-01-04 02:28:03
- ID
- e3c3abb8-f0f6-11e7-b5ee-b4fde3a5e640
This distribution has been tested as part of the CPAN Testers
project, supporting the Perl programming language. See
http://wiki.cpantesters.org/ for more information or email
questions to cpan-testers-discuss@perl.org
--
Dear Jay Hannah,
This is a computer-generated report for Data-CTable-1.03_02
on perl 5.26.1, created by CPAN-Reporter-1.2018.
Thank you for uploading your work to CPAN. However, there was a problem
testing your distribution.
If you think this report is invalid, please consult the CPAN Testers Wiki
for suggestions on how to avoid getting FAIL reports for missing library
or binary dependencies, unsupported operating systems, and so on:
http://wiki.cpantesters.org/wiki/CPANAuthorNotes
Sections of this report:
* Tester comments
* Program output
* Prerequisites
* Environment and other context
------------------------------
TESTER COMMENTS
------------------------------
Additional comments from tester:
this report is from an automated smoke testing program
and was not reviewed by a human for accuracy
------------------------------
PROGRAM OUTPUT
------------------------------
Output from '/usr/bin/make test':
PERL_DL_NONLAZY=1 "/home/goku/perl5/perlbrew/perls/perl-5.26.1/bin/perl" "-MExtUtils::Command::MM" "-MTest::Harness" "-e" "undef *Test::Harness::Switches; test_harness(0, 'blib/lib', 'blib/arch')" t/*.t
t/append.t ............ ok
t/cache.t ............. ok
t/cache_abs.t ......... ok
t/calc.t .............. ok
# Failed test at t/clean.t line 45.
# got: 'Âa fait dix ans.'
# expected: 'ÃÂa fait dix ans.'
# Failed test at t/clean.t line 46.
# got: 'CrÂÂe par SeÂor Âberpfeffer.'
# expected: 'CrÃÂÃÂe par SeÃÂor ÃÂberpfeffer.'
# Failed test at t/clean.t line 47.
# got: 'CrÂme glaÂÂe en croÂte.'
# expected: 'CrÃÂme glaÃÂÃÂe en croÃÂte.'
# Failed test at t/clean.t line 50.
# got: 'Ãa fait dix ans.'
# expected: 'ÃÂa fait dix ans.'
# Failed test at t/clean.t line 51.
# got: 'Créée par Señor Ãberpfeffer.'
# expected: 'Créée par Señor ÃÂberpfeffer.'
# Failed test at t/clean.t line 52.
# got: 'Crème glaçée en croûte.'
# expected: 'Crème glaçée en croûte.'
# Failed test at t/clean.t line 58.
# got: 'Crème glaçée en croûte.'
# expected: 'Crème glaçée en croûte.'
# Failed test at t/clean.t line 62.
# got: 'Ãa fait dix ans.'
# expected: 'ÃÂa fait dix ans.'
# Failed test at t/clean.t line 63.
# got: 'Créée par Señor Ãberpfeffer.'
# expected: 'Créée par Señor ÃÂberpfeffer.'
# Failed test at t/clean.t line 64.
# got: 'Crème glaçée en croûte.'
# expected: 'Crème glaçée en croûte.'
# Looks like you failed 10 tests of 25.
t/clean.t .............
Dubious, test returned 10 (wstat 2560, 0xa00)
Failed 10/25 subtests
t/col.t ............... ok
t/combine.t ........... ok
t/cull.t .............. ok
t/fieldlist.t ......... ok
t/format.t ............ skipped: (no reason given)
t/formats.t ........... ok
t/indexes.t ........... ok
t/join.t .............. ok
t/join2.t ............. ok
t/progress.t .......... ok
t/read.t .............. ok
# Failed test at t/row.t line 44.
# Structures begin differing at:
# $got->{Age} = undef
# $expected->{Age} = ''
# Failed test at t/row.t line 51.
# Structures begin differing at:
# $got->{Last} = undef
# $expected->{Last} = ''
# Failed test at t/row.t line 58.
# Structures begin differing at:
# $got->{State} = undef
# $expected->{State} = ''
# Failed test at t/row.t line 78.
# Structures begin differing at:
# $got->{First} = undef
# $expected->{First} = ''
# Failed test at t/row.t line 84.
# Structures begin differing at:
# $got->{State} = undef
# $expected->{State} = ''
# Failed test at t/row.t line 90.
# Structures begin differing at:
# $got->{First} = undef
# $expected->{First} = ''
# Failed test at t/row.t line 95.
# Structures begin differing at:
# $got->{First} = undef
# $expected->{First} = ''
# Looks like you failed 7 tests of 46.
t/row.t ...............
Dubious, test returned 7 (wstat 1792, 0x700)
Failed 7/46 subtests
# Failed test at t/row_misc.t line 12.
# Structures begin differing at:
# $got->{Last} = undef
# $expected->{Last} = ''
# Looks like you failed 1 test of 35.
t/row_misc.t ..........
Dubious, test returned 1 (wstat 256, 0x100)
Failed 1/35 subtests
t/row_move.t .......... ok
t/sel.t ............... ok
t/select.t ............ ok
t/selection.t ......... ok
t/snapshot.t .......... ok
t/sort.t .............. ok
t/subclasses.t ........ ok
t/subroutines.t ....... ok
# Failed test 'First message must NOT appear...'
# at t/timedprog.t line 52.
# 'Testing delayed timed progress... 1 (25%)'
# doesn't match '(?^: 0 \( 0%\))'
# Looks like you failed 1 test of 6.
t/timedprog.t .........
Dubious, test returned 1 (wstat 256, 0x100)
Failed 1/6 subtests
t/unbalanced_quote.t .. ok
t/write.t ............. ok
Test Summary Report
-------------------
t/clean.t (Wstat: 2560 Tests: 25 Failed: 10)
Failed tests: 15-24
Non-zero exit status: 10
t/format.t (Wstat: 65280 Tests: 0 Failed: 0)
Non-zero exit status: 255
t/row.t (Wstat: 1792 Tests: 46 Failed: 7)
Failed tests: 18, 22, 26, 37, 40, 43, 45
Non-zero exit status: 7
t/row_misc.t (Wstat: 256 Tests: 35 Failed: 1)
Failed test: 1
Non-zero exit status: 1
t/timedprog.t (Wstat: 256 Tests: 6 Failed: 1)
Failed test: 5
Non-zero exit status: 1
Files=29, Tests=530, 14 wallclock secs ( 0.08 usr 0.21 sys + 3.59 cusr 8.72 csys = 12.60 CPU)
Result: FAIL
Failed 5/29 test programs. 19/530 subtests failed.
*** Error 255 in /mnt/cpan_build_dir/goku/Data-CTable-1.03_02-0 (Makefile:896 'test_dynamic')
------------------------------
PREREQUISITES
------------------------------
Prerequisite modules loaded:
requires:
Module Need Have
------------------- ---- --------
FindBin 0 1.51
Test::More 0 1.302120
build_requires:
Module Need Have
------------------- ---- --------
ExtUtils::MakeMaker 0 7.31_05
configure_requires:
Module Need Have
------------------- ---- --------
ExtUtils::MakeMaker 0 7.31_05
------------------------------
ENVIRONMENT AND OTHER CONTEXT
------------------------------
Environment variables:
AUTOMATED_TESTING = 1
DBD_MYSQL_TESTDB = test
DBD_MYSQL_TESTHOST = localhost
DBD_MYSQL_TESTPASSWORD =
DBD_MYSQL_TESTPORT = 3306
DBD_MYSQL_TESTUSER = goku
EXTENDED_TESTING = 1
PATH = /home/goku/perl5/perlbrew/bin:/home/goku/perl5/perlbrew/perls/perl-5.26.1/bin:/home/goku/bin:/usr/bin:/bin:/usr/sbin:/sbin:/usr/X11R6/bin:/usr/local/bin:/usr/local/sbin
PERL5LIB =
PERL5OPT =
PERL5_CPANPLUS_IS_RUNNING = 55656
PERL5_CPAN_IS_RUNNING = 55656
PERL5_CPAN_IS_RUNNING_IN_RECURSION = 87604,55656
PERLBREW_HOME = /home/goku/.perlbrew
PERLBREW_MANPATH = /home/goku/perl5/perlbrew/perls/perl-5.26.1/man
PERLBREW_PATH = /home/goku/perl5/perlbrew/bin:/home/goku/perl5/perlbrew/perls/perl-5.26.1/bin
PERLBREW_PERL = perl-5.26.1
PERLBREW_ROOT = /home/goku/perl5/perlbrew
PERLBREW_SHELLRC_VERSION = 0.82
PERLBREW_VERSION = 0.82
PERL_CR_SMOKER_CURRENT = Data-CTable-1.03_02
PERL_EXTUTILS_AUTOINSTALL = --defaultdeps
PERL_MM_USE_DEFAULT = 1
SHELL = /usr/local/bin/bash
TERM = xterm
Perl special variables (and OS-specific diagnostics, for MSWin32):
$^X = /home/goku/perl5/perlbrew/perls/perl-5.26.1/bin/perl
$UID/$EUID = 1001 / 1001
$GID = 998 998 1001
$EGID = 998 998 1001
Perl module toolchain versions installed:
Module Have
------------------- --------
CPAN 2.16
CPAN::Meta 2.150010
Cwd 3.62
ExtUtils::CBuilder 0.280230
ExtUtils::Command 7.31_05
ExtUtils::Install 2.14
ExtUtils::MakeMaker 7.31_05
ExtUtils::Manifest 1.70
ExtUtils::ParseXS 3.35
File::Spec 3.62
JSON 2.90
JSON::PP 2.97001
Module::Build 0.4224
Module::Signature n/a
Parse::CPAN::Meta 2.150010
Test::Harness 3.39
Test::More 1.302120
YAML 1.24
YAML::Syck 1.30
version 0.9918
--
Summary of my perl5 (revision 5 version 26 subversion 1) configuration:
Platform:
osname=openbsd
osvers=6.2
archname=OpenBSD.amd64-openbsd
uname='openbsd cpan-smoker-openbsd 6.2 generic.mp#134 amd64 '
config_args='-de -Dprefix=/home/goku/perl5/perlbrew/perls/perl-5.26.1 -Aeval:scriptdir=/home/goku/perl5/perlbrew/perls/perl-5.26.1/bin'
hint=recommended
useposix=true
d_sigaction=define
useithreads=undef
usemultiplicity=undef
use64bitint=define
use64bitall=define
uselongdouble=undef
usemymalloc=n
default_inc_excludes_dot=define
bincompat5005=undef
Compiler:
cc='cc'
ccflags ='-fno-strict-aliasing -pipe -fstack-protector-strong -I/usr/local/include -D_FORTIFY_SOURCE=2'
optimize='-O2'
cppflags='-fno-strict-aliasing -pipe -fstack-protector-strong -I/usr/local/include'
ccversion=''
gccversion='4.2.1 Compatible OpenBSD Clang 4.0.0 (tags/RELEASE_400/final)'
gccosandvers=''
intsize=4
longsize=8
ptrsize=8
doublesize=8
byteorder=12345678
doublekind=3
d_longlong=define
longlongsize=8
d_longdbl=define
longdblsize=16
longdblkind=3
ivtype='long'
ivsize=8
nvtype='double'
nvsize=8
Off_t='off_t'
lseeksize=8
alignbytes=8
prototype=define
Linker and Libraries:
ld='cc'
ldflags ='-Wl,-E -fstack-protector-strong -L/usr/local/lib'
libpth=/usr/lib /usr/local/lib
libs=-lpthread -lm -lutil -lc
perllibs=-lpthread -lm -lutil -lc
libc=/usr/lib/libc.so.90.0
so=so
useshrplib=false
libperl=libperl.a
gnulibc_version=''
Dynamic Linking:
dlsrc=dl_dlopen.xs
dlext=so
d_dlsymun=undef
ccdlflags=' '
cccdlflags='-DPIC -fPIC '
lddlflags='-shared -fPIC -L/usr/local/lib -fstack-protector-strong'
Characteristics of this binary (from libperl):
Compile-time options:
HAS_TIMES
PERLIO_LAYERS
PERL_COPY_ON_WRITE
PERL_DONT_CREATE_GVSV
PERL_MALLOC_WRAP
PERL_OP_PARENT
PERL_PRESERVE_IVUV
USE_64_BIT_ALL
USE_64_BIT_INT
USE_LARGE_FILES
USE_LOCALE
USE_LOCALE_COLLATE
USE_LOCALE_CTYPE
USE_LOCALE_NUMERIC
USE_LOCALE_TIME
USE_PERLIO
USE_PERL_ATOF
Locally applied patches:
Devel::PatchPerl 1.48
Built under openbsd
Compiled at Dec 20 2017 18:45:59
%ENV:
PERL5LIB=""
PERL5OPT=""
PERL5_CPANPLUS_IS_RUNNING="55656"
PERL5_CPAN_IS_RUNNING="55656"
PERL5_CPAN_IS_RUNNING_IN_RECURSION="87604,55656"
PERLBREW_HOME="/home/goku/.perlbrew"
PERLBREW_MANPATH="/home/goku/perl5/perlbrew/perls/perl-5.26.1/man"
PERLBREW_PATH="/home/goku/perl5/perlbrew/bin:/home/goku/perl5/perlbrew/perls/perl-5.26.1/bin"
PERLBREW_PERL="perl-5.26.1"
PERLBREW_ROOT="/home/goku/perl5/perlbrew"
PERLBREW_SHELLRC_VERSION="0.82"
PERLBREW_VERSION="0.82"
PERL_CR_SMOKER_CURRENT="Data-CTable-1.03_02"
PERL_EXTUTILS_AUTOINSTALL="--defaultdeps"
PERL_MM_USE_DEFAULT="1"
@INC:
/home/goku/perl5/perlbrew/perls/perl-5.26.1/lib/site_perl/5.26.1/OpenBSD.amd64-openbsd
/home/goku/perl5/perlbrew/perls/perl-5.26.1/lib/site_perl/5.26.1
/home/goku/perl5/perlbrew/perls/perl-5.26.1/lib/5.26.1/OpenBSD.amd64-openbsd
/home/goku/perl5/perlbrew/perls/perl-5.26.1/lib/5.26.1