Back
From: metabase:user:9820532a-708b-1014-9a05-b18a96298da1
Subject: FAIL Variable-Strongly-Typed-v1.1.0 v5.15.6 GNU/Linux
Date: 2012-01-08T18:52:18Z
This distribution has been tested as part of the CPAN Testers
project, supporting the Perl programming language. See
http://wiki.cpantesters.org/ for more information or email
questions to cpan-testers-discuss@perl.org
--
Dear Mark Ethan Trostler,
This is a computer-generated report for Variable-Strongly-Typed-v1.1.0
on perl 5.15.6, created by CPAN-Reporter-1.2003.
Thank you for uploading your work to CPAN. However, there was a problem
testing your distribution.
If you think this report is invalid, please consult the CPAN Testers Wiki
for suggestions on how to avoid getting FAIL reports for missing library
or binary dependencies, unsupported operating systems, and so on:
http://wiki.cpantesters.org/wiki/CPANAuthorNotes
Sections of this report:
* Tester comments
* Program output
* Prerequisites
* Environment and other context
------------------------------
TESTER COMMENTS
------------------------------
Additional comments from tester:
this report is from an automated smoke testing program
and was not reviewed by a human for accuracy
------------------------------
PROGRAM OUTPUT
------------------------------
Output from './Build test':
# Testing Variable::Strongly::Typed 1.1.0
t/00.load.t ......... ok
# Testing Variable::Strongly::Typed 1.1.0
Error handler must be a CODE ref! at /home/bri/perl5/perlbrew/perls/perl-5.15.6-ld/lib/5.15.6/Attribute/Handlers.pm line 225
# 19 tests planned, but 1 ran.
# Looks like your test exited with 255 just after 1.
t/01.simple.type.t ..
Dubious, test returned 255 (wstat 65280, 0xff00)
Failed 18/19 subtests
# Testing Variable::Strongly::Typed 1.1.0
Error handler must be a CODE ref! at /home/bri/perl5/perlbrew/perls/perl-5.15.6-ld/lib/5.15.6/Attribute/Handlers.pm line 225
# 4 tests planned, but 1 ran.
# Looks like your test exited with 255 just after 1.
t/02.my.type.t ......
Dubious, test returned 255 (wstat 65280, 0xff00)
Failed 3/4 subtests
# Testing Variable::Strongly::Typed 1.1.0
Error handler must be a CODE ref! at /home/bri/perl5/perlbrew/perls/perl-5.15.6-ld/lib/5.15.6/Attribute/Handlers.pm line 225
# 9 tests planned, but 1 ran.
# Looks like your test exited with 255 just after 1.
t/03.array.type.t ...
Dubious, test returned 255 (wstat 65280, 0xff00)
Failed 8/9 subtests
# Testing Variable::Strongly::Typed 1.1.0
Error handler must be a CODE ref! at /home/bri/perl5/perlbrew/perls/perl-5.15.6-ld/lib/5.15.6/Attribute/Handlers.pm line 225
# 8 tests planned, but 1 ran.
# Looks like your test exited with 255 just after 1.
t/04.hash.type.t ....
Dubious, test returned 255 (wstat 65280, 0xff00)
Failed 7/8 subtests
# Testing Variable::Strongly::Typed 1.1.0
Error handler must be a CODE ref! at /home/bri/perl5/perlbrew/perls/perl-5.15.6-ld/lib/5.15.6/Attribute/Handlers.pm line 225
# 3 tests planned, but 1 ran.
# Looks like your test exited with 255 just after 1.
t/05.no.type.t ......
Dubious, test returned 255 (wstat 65280, 0xff00)
Failed 2/3 subtests
Error handler must be a CODE ref! at /home/bri/perl5/perlbrew/perls/perl-5.15.6-ld/lib/5.15.6/Attribute/Handlers.pm line 225
CHECK failed--call queue aborted.
# 4 tests planned, but 1 ran.
# Looks like your test exited with 255 just after 1.
t/06.code.t .........
Dubious, test returned 255 (wstat 65280, 0xff00)
Failed 3/4 subtests
t/pod-coverage.t .... ok
t/pod.t ............. ok
Test Summary Report
-------------------
t/01.simple.type.t (Wstat: 65280 Tests: 1 Failed: 0)
Non-zero exit status: 255
Parse errors: Bad plan. You planned 19 tests but ran 1.
t/02.my.type.t (Wstat: 65280 Tests: 1 Failed: 0)
Non-zero exit status: 255
Parse errors: Bad plan. You planned 4 tests but ran 1.
t/03.array.type.t (Wstat: 65280 Tests: 1 Failed: 0)
Non-zero exit status: 255
Parse errors: Bad plan. You planned 9 tests but ran 1.
t/04.hash.type.t (Wstat: 65280 Tests: 1 Failed: 0)
Non-zero exit status: 255
Parse errors: Bad plan. You planned 8 tests but ran 1.
t/05.no.type.t (Wstat: 65280 Tests: 1 Failed: 0)
Non-zero exit status: 255
Parse errors: Bad plan. You planned 3 tests but ran 1.
t/06.code.t (Wstat: 65280 Tests: 1 Failed: 0)
Non-zero exit status: 255
Parse errors: Bad plan. You planned 4 tests but ran 1.
Files=9, Tests=18, 2 wallclock secs ( 0.07 usr 0.01 sys + 1.84 cusr 0.08 csys = 2.00 CPU)
Result: FAIL
Failed 6/9 test programs. 0/18 subtests failed.
------------------------------
PREREQUISITES
------------------------------
Prerequisite modules loaded:
requires:
Module Need Have
------------------- ---- ------------
Attribute::Handlers 0 0.93
Class::Std::Utils 0 0.0.3
IO::File 0 1.14
Test::More 0 1.005000_002
Tie::Array 0 1.05
Tie::Hash 0 1.04
Tie::Scalar 0 1.02
version 0 0.95
------------------------------
ENVIRONMENT AND OTHER CONTEXT
------------------------------
Environment variables:
AUTOMATED_TESTING = 1
LANG = C
LANGUAGE = en_GB:en
LC_ALL = C
MANPATH_WITHOUT_PERLBREW =
PATH = /home/bri/bin:/home/bri/perl5/perlbrew/bin:/home/bri/perl5/perlbrew/perls/perl-5.15.6-ld/bin:~/bin:/usr/local/sbin:/usr/local/bin:/usr/sbin:/usr/bin:/sbin:/bin:/usr/games
PATH_WITHOUT_PERLBREW = ~/bin:/usr/local/sbin:/usr/local/bin:/usr/sbin:/usr/bin:/sbin:/bin:/usr/games
PERL5LIB =
PERL5OPT =
PERL5_CPANPLUS_IS_RUNNING = 13204
PERL5_CPAN_IS_RUNNING = 13204
PERL5_CPAN_IS_RUNNING_IN_RECURSION = 2080,13204
PERLBREW_BASHRC_VERSION = 0.39
PERLBREW_HOME = /home/bri/.perlbrew
PERLBREW_MANPATH = /home/bri/perl5/perlbrew/perls/perl-5.15.6-ld/man
PERLBREW_PATH = /home/bri/perl5/perlbrew/bin:/home/bri/perl5/perlbrew/perls/perl-5.15.6-ld/bin
PERLBREW_PERL = perl-5.15.6-ld
PERLBREW_ROOT = /home/bri/perl5/perlbrew
PERLBREW_VERSION = 0.39
PERL_CPANM_OPT = --prompt --mirror http://172.16.1.3/cpan/
PERL_CR_SMOKER_CURRENT = Variable-Strongly-Typed-v1.1.0
PERL_EXTUTILS_AUTOINSTALL = --defaultdeps
PERL_MM_USE_DEFAULT = 1
SHELL = /bin/bash
TERM = linux
Perl special variables (and OS-specific diagnostics, for MSWin32):
$^X = /home/bri/perl5/perlbrew/perls/perl-5.15.6-ld/bin/perl5.15.6
$UID/$EUID = 1000 / 1000
$GID = 1000 4 20 24 46 112 120 122 1000
$EGID = 1000 4 20 24 46 112 120 122 1000
Perl module toolchain versions installed:
Module Have
------------------- ------------
CPAN 1.9800
CPAN::Meta 2.113640
Cwd 3.33
ExtUtils::CBuilder 0.280205
ExtUtils::Command 1.17
ExtUtils::Install 1.52
ExtUtils::MakeMaker 6.62
ExtUtils::Manifest 1.60
ExtUtils::ParseXS 3.11
File::Spec 3.33
JSON 2.53
JSON::PP 2.27008
Module::Build 0.39_01
Module::Signature 0.68
Parse::CPAN::Meta 1.4401
Test::Harness 3.23
Test::More 1.005000_002
YAML 0.78
YAML::Syck 1.19
version 0.95
--
Summary of my perl5 (revision 5 version 15 subversion 6) configuration:
Platform:
osname=linux, osvers=2.6.38-11-generic, archname=i686-linux-ld
uname='linux lappy 2.6.38-11-generic #48-ubuntu smp fri jul 29 19:05:14 utc 2011 i686 i686 i386 gnulinux '
config_args='-de -Dprefix=/home/bri/perl5/perlbrew/perls/perl-5.15.6-ld -Duselongdouble -Dusedevel'
hint=recommended, useposix=true, d_sigaction=define
useithreads=undef, usemultiplicity=undef
useperlio=define, d_sfio=undef, uselargefiles=define, usesocks=undef
use64bitint=undef, use64bitall=undef, uselongdouble=define
usemymalloc=n, bincompat5005=undef
Compiler:
cc='cc', ccflags ='-fno-strict-aliasing -pipe -fstack-protector -I/usr/local/include -D_LARGEFILE_SOURCE -D_FILE_OFFSET_BITS=64',
optimize='-O2',
cppflags='-fno-strict-aliasing -pipe -fstack-protector -I/usr/local/include'
ccversion='', gccversion='4.5.2', gccosandvers=''
intsize=4, longsize=4, ptrsize=4, doublesize=8, byteorder=1234
d_longlong=define, longlongsize=8, d_longdbl=define, longdblsize=12
ivtype='long', ivsize=4, nvtype='long double', nvsize=12, Off_t='off_t', lseeksize=8
alignbytes=4, prototype=define
Linker and Libraries:
ld='cc', ldflags =' -fstack-protector -L/usr/local/lib'
libpth=/usr/local/lib /lib /usr/lib /usr/lib/i386-linux-gnu /usr/lib64
libs=-lnsl -ldl -lm -lcrypt -lutil -lc
perllibs=-lnsl -ldl -lm -lcrypt -lutil -lc
libc=, so=so, useshrplib=false, libperl=libperl.a
gnulibc_version='2.13'
Dynamic Linking:
dlsrc=dl_dlopen.xs, dlext=so, d_dlsymun=undef, ccdlflags='-Wl,-E'
cccdlflags='-fPIC', lddlflags='-shared -O2 -L/usr/local/lib -fstack-protector'
Characteristics of this binary (from libperl):
Compile-time options: HAS_TIMES PERLIO_LAYERS PERL_DONT_CREATE_GVSV
PERL_MALLOC_WRAP PERL_PRESERVE_IVUV PERL_USE_DEVEL
USE_LARGE_FILES USE_LOCALE USE_LOCALE_COLLATE
USE_LOCALE_CTYPE USE_LOCALE_NUMERIC USE_LONG_DOUBLE
USE_PERLIO USE_PERL_ATOF
Built under linux
Compiled at Dec 30 2011 13:19:33
%ENV:
PERL5LIB=""
PERL5OPT=""
PERL5_CPANPLUS_IS_RUNNING="13204"
PERL5_CPAN_IS_RUNNING="13204"
PERL5_CPAN_IS_RUNNING_IN_RECURSION="2080,13204"
PERLBREW_BASHRC_VERSION="0.39"
PERLBREW_HOME="/home/bri/.perlbrew"
PERLBREW_MANPATH="/home/bri/perl5/perlbrew/perls/perl-5.15.6-ld/man"
PERLBREW_PATH="/home/bri/perl5/perlbrew/bin:/home/bri/perl5/perlbrew/perls/perl-5.15.6-ld/bin"
PERLBREW_PERL="perl-5.15.6-ld"
PERLBREW_ROOT="/home/bri/perl5/perlbrew"
PERLBREW_VERSION="0.39"
PERL_CPANM_OPT="--prompt --mirror http://172.16.1.3/cpan/"
PERL_CR_SMOKER_CURRENT="Variable-Strongly-Typed-v1.1.0"
PERL_EXTUTILS_AUTOINSTALL="--defaultdeps"
PERL_MM_USE_DEFAULT="1"
@INC:
/home/bri/perl5/perlbrew/perls/perl-5.15.6-ld/lib/site_perl/5.15.6/i686-linux-ld
/home/bri/perl5/perlbrew/perls/perl-5.15.6-ld/lib/site_perl/5.15.6
/home/bri/perl5/perlbrew/perls/perl-5.15.6-ld/lib/5.15.6/i686-linux-ld
/home/bri/perl5/perlbrew/perls/perl-5.15.6-ld/lib/5.15.6
.