Report for Froody-42.041_2

Back
From: metabase:user:320bfe00-2aae-11df-837a-5e0a49663a4f
Subject: FAIL Froody-42.041_2 v5.16.3 GNU/Linux
Date: 2017-04-26T01:15:52Z

This distribution has been tested as part of the CPAN Testers
project, supporting the Perl programming language.  See
http://wiki.cpantesters.org/ for more information or email
questions to cpan-testers-discuss@perl.org


--
Dear Fotango Ltd,

This is a computer-generated report for Froody-42.041_2
on perl 5.16.3, created by CPAN-Reporter-1.2018.

Thank you for uploading your work to CPAN.  However, there was a problem
testing your distribution.

If you think this report is invalid, please consult the CPAN Testers Wiki
for suggestions on how to avoid getting FAIL reports for missing library
or binary dependencies, unsupported operating systems, and so on:

http://wiki.cpantesters.org/wiki/CPANAuthorNotes

Sections of this report:

    * Tester comments
    * Program output
    * Prerequisites
    * Environment and other context

------------------------------
TESTER COMMENTS
------------------------------

Additional comments from tester:

this report is from an automated smoke testing program
and was not reviewed by a human for accuracy

------------------------------
PROGRAM OUTPUT
------------------------------

Output from '/usr/bin/make test':

PERL_DL_NONLAZY=1 "/home/sand/src/perl/repoperls/installed-perls/host/k93msid/v5.16.3/2d7c/bin/perl" "-MExtUtils::Command::MM" "-MTest::Harness" "-e" "undef *Test::Harness::Switches; test_harness(0, 'blib/lib', 'blib/arch')" t/*.t
main::path_to_pkg() called too early to check prototype at t/000compile.t line 15.

#   Failed test 'use Froody::SimpleClient;'
#   at t/000compile.t line 64.
#     Tried to use 'Froody::SimpleClient'.
#     Error:  "from_json" is not exported by the JSON::XS module
# Can't continue after import errors at /tmp/loop_over_bdir-12183-3Zclpy/Froody-42.041_2-0/blib/lib/Froody/SimpleClient.pm line 18.
# BEGIN failed--compilation aborted at /tmp/loop_over_bdir-12183-3Zclpy/Froody-42.041_2-0/blib/lib/Froody/SimpleClient.pm line 18, <FILE> line 6.
# Compilation failed in require at t/000compile.t line 64, <FILE> line 6.
# BEGIN failed--compilation aborted at t/000compile.t line 64, <FILE> line 6.

#   Failed test 'use Froody::SimpleClient'
#   at t/000compile.t line 70.

#   Failed test 'use Froody::Server;'
#   at t/000compile.t line 64.
#     Tried to use 'Froody::Server'.
#     Error:  "to_json" is not exported by the JSON::XS module
# Can't continue after import errors at /tmp/loop_over_bdir-12183-3Zclpy/Froody-42.041_2-0/blib/lib/Froody/Renderer/json.pm line 5.
# BEGIN failed--compilation aborted at /tmp/loop_over_bdir-12183-3Zclpy/Froody-42.041_2-0/blib/lib/Froody/Renderer/json.pm line 5, <FILE> line 6.
# Compilation failed in require at /tmp/loop_over_bdir-12183-3Zclpy/Froody-42.041_2-0/blib/lib/Froody/Server.pm line 45, <FILE> line 6.
# BEGIN failed--compilation aborted at /tmp/loop_over_bdir-12183-3Zclpy/Froody-42.041_2-0/blib/lib/Froody/Server.pm line 45, <FILE> line 6.
# Compilation failed in require at t/000compile.t line 64, <FILE> line 6.
# BEGIN failed--compilation aborted at t/000compile.t line 64, <FILE> line 6.

#   Failed test 'use Froody::Server'
#   at t/000compile.t line 70.

#   Failed test 'use Froody::DocServer;'
#   at t/000compile.t line 64.
#     Tried to use 'Froody::DocServer'.
#     Error:  "to_json" is not exported by the JSON::XS module
# Can't continue after import errors at /tmp/loop_over_bdir-12183-3Zclpy/Froody-42.041_2-0/blib/lib/Froody/Renderer/json.pm line 5.
# BEGIN failed--compilation aborted at /tmp/loop_over_bdir-12183-3Zclpy/Froody-42.041_2-0/blib/lib/Froody/Renderer/json.pm line 5, <FILE> line 6.
# Compilation failed in require at /tmp/loop_over_bdir-12183-3Zclpy/Froody-42.041_2-0/blib/lib/Froody/Server.pm line 45, <FILE> line 6.
# BEGIN failed--compilation aborted at /tmp/loop_over_bdir-12183-3Zclpy/Froody-42.041_2-0/blib/lib/Froody/Server.pm line 45, <FILE> line 6.
# Compilation failed in require at (eval 49) line 2, <FILE> line 6.
# 	...propagated at /home/sand/src/perl/repoperls/installed-perls/host/k93msid/v5.16.3/2d7c/lib/5.16.3/base.pm line 84, <FILE> line 6.
# BEGIN failed--compilation aborted at /tmp/loop_over_bdir-12183-3Zclpy/Froody-42.041_2-0/blib/lib/Froody/DocServer.pm line 18, <FILE> line 6.
# Compilation failed in require at t/000compile.t line 64, <FILE> line 6.
# BEGIN failed--compilation aborted at t/000compile.t line 64, <FILE> line 6.

#   Failed test 'use Froody::DocServer'
#   at t/000compile.t line 70.

#   Failed test 'use Froody::Renderer::json;'
#   at t/000compile.t line 64.
#     Tried to use 'Froody::Renderer::json'.
#     Error:  "to_json" is not exported by the JSON::XS module
# Can't continue after import errors at /tmp/loop_over_bdir-12183-3Zclpy/Froody-42.041_2-0/blib/lib/Froody/Renderer/json.pm line 5.
# BEGIN failed--compilation aborted at /tmp/loop_over_bdir-12183-3Zclpy/Froody-42.041_2-0/blib/lib/Froody/Renderer/json.pm line 5, <FILE> line 6.
# Compilation failed in require at t/000compile.t line 64, <FILE> line 6.
# BEGIN failed--compilation aborted at t/000compile.t line 64, <FILE> line 6.

#   Failed test 'use Froody::Renderer::json'
#   at t/000compile.t line 70.

#   Failed test 'use Froody::Server::Apache;'
#   at t/000compile.t line 64.
#     Tried to use 'Froody::Server::Apache'.
#     Error:  "to_json" is not exported by the JSON::XS module
# Can't continue after import errors at /tmp/loop_over_bdir-12183-3Zclpy/Froody-42.041_2-0/blib/lib/Froody/Renderer/json.pm line 5.
# BEGIN failed--compilation aborted at /tmp/loop_over_bdir-12183-3Zclpy/Froody-42.041_2-0/blib/lib/Froody/Renderer/json.pm line 5, <FILE> line 6.
# Compilation failed in require at /tmp/loop_over_bdir-12183-3Zclpy/Froody-42.041_2-0/blib/lib/Froody/Server.pm line 45, <FILE> line 6.
# BEGIN failed--compilation aborted at /tmp/loop_over_bdir-12183-3Zclpy/Froody-42.041_2-0/blib/lib/Froody/Server.pm line 45, <FILE> line 6.
# Compilation failed in require at (eval 49) line 2, <FILE> line 6.
# 	...propagated at /home/sand/src/perl/repoperls/installed-perls/host/k93msid/v5.16.3/2d7c/lib/5.16.3/base.pm line 84, <FILE> line 6.
# BEGIN failed--compilation aborted at /tmp/loop_over_bdir-12183-3Zclpy/Froody-42.041_2-0/blib/lib/Froody/Server/Apache.pm line 18, <FILE> line 6.
# Compilation failed in require at t/000compile.t line 64, <FILE> line 6.
# BEGIN failed--compilation aborted at t/000compile.t line 64, <FILE> line 6.

#   Failed test 'use Froody::Server::Apache'
#   at t/000compile.t line 70.

#   Failed test 'use Froody::Server::CGI;'
#   at t/000compile.t line 64.
#     Tried to use 'Froody::Server::CGI'.
#     Error:  "to_json" is not exported by the JSON::XS module
# Can't continue after import errors at /tmp/loop_over_bdir-12183-3Zclpy/Froody-42.041_2-0/blib/lib/Froody/Renderer/json.pm line 5.
# BEGIN failed--compilation aborted at /tmp/loop_over_bdir-12183-3Zclpy/Froody-42.041_2-0/blib/lib/Froody/Renderer/json.pm line 5, <FILE> line 6.
# Compilation failed in require at /tmp/loop_over_bdir-12183-3Zclpy/Froody-42.041_2-0/blib/lib/Froody/Server.pm line 45, <FILE> line 6.
# BEGIN failed--compilation aborted at /tmp/loop_over_bdir-12183-3Zclpy/Froody-42.041_2-0/blib/lib/Froody/Server.pm line 45, <FILE> line 6.
# Compilation failed in require at (eval 49) line 2, <FILE> line 6.
# 	...propagated at /home/sand/src/perl/repoperls/installed-perls/host/k93msid/v5.16.3/2d7c/lib/5.16.3/base.pm line 84, <FILE> line 6.
# BEGIN failed--compilation aborted at /tmp/loop_over_bdir-12183-3Zclpy/Froody-42.041_2-0/blib/lib/Froody/Server/CGI.pm line 14, <FILE> line 6.
# Compilation failed in require at t/000compile.t line 64, <FILE> line 6.
# BEGIN failed--compilation aborted at t/000compile.t line 64, <FILE> line 6.

#   Failed test 'use Froody::Server::CGI'
#   at t/000compile.t line 70.

#   Failed test 'use Froody::Server::Test;'
#   at t/000compile.t line 64.
#     Tried to use 'Froody::Server::Test'.
#     Error:  "to_json" is not exported by the JSON::XS module
# Can't continue after import errors at /tmp/loop_over_bdir-12183-3Zclpy/Froody-42.041_2-0/blib/lib/Froody/Renderer/json.pm line 5.
# BEGIN failed--compilation aborted at /tmp/loop_over_bdir-12183-3Zclpy/Froody-42.041_2-0/blib/lib/Froody/Renderer/json.pm line 5, <DATA> line 16.
# Compilation failed in require at /tmp/loop_over_bdir-12183-3Zclpy/Froody-42.041_2-0/blib/lib/Froody/Server.pm line 45, <DATA> line 16.
# BEGIN failed--compilation aborted at /tmp/loop_over_bdir-12183-3Zclpy/Froody-42.041_2-0/blib/lib/Froody/Server.pm line 45, <DATA> line 16.
# Compilation failed in require at /tmp/loop_over_bdir-12183-3Zclpy/Froody-42.041_2-0/blib/lib/Froody/Server/Standalone.pm line 40, <DATA> line 16.
# BEGIN failed--compilation aborted at /tmp/loop_over_bdir-12183-3Zclpy/Froody-42.041_2-0/blib/lib/Froody/Server/Standalone.pm line 40, <DATA> line 16.
# Compilation failed in require at /tmp/loop_over_bdir-12183-3Zclpy/Froody-42.041_2-0/blib/lib/Froody/Server/Test.pm line 15, <DATA> line 16.
# BEGIN failed--compilation aborted at /tmp/loop_over_bdir-12183-3Zclpy/Froody-42.041_2-0/blib/lib/Froody/Server/Test.pm line 15, <DATA> line 16.
# Compilation failed in require at t/000compile.t line 64, <DATA> line 16.
# BEGIN failed--compilation aborted at t/000compile.t line 64, <DATA> line 16.

#   Failed test 'use Froody::Server::Test'
#   at t/000compile.t line 70.

#   Failed test 'use Froody::Server::Standalone;'
#   at t/000compile.t line 64.
#     Tried to use 'Froody::Server::Standalone'.
#     Error:  "to_json" is not exported by the JSON::XS module
# Can't continue after import errors at /tmp/loop_over_bdir-12183-3Zclpy/Froody-42.041_2-0/blib/lib/Froody/Renderer/json.pm line 5.
# BEGIN failed--compilation aborted at /tmp/loop_over_bdir-12183-3Zclpy/Froody-42.041_2-0/blib/lib/Froody/Renderer/json.pm line 5, <DATA> line 16.
# Compilation failed in require at /tmp/loop_over_bdir-12183-3Zclpy/Froody-42.041_2-0/blib/lib/Froody/Server.pm line 45, <DATA> line 16.
# BEGIN failed--compilation aborted at /tmp/loop_over_bdir-12183-3Zclpy/Froody-42.041_2-0/blib/lib/Froody/Server.pm line 45, <DATA> line 16.
# Compilation failed in require at /tmp/loop_over_bdir-12183-3Zclpy/Froody-42.041_2-0/blib/lib/Froody/Server/Standalone.pm line 40, <DATA> line 16.
# BEGIN failed--compilation aborted at /tmp/loop_over_bdir-12183-3Zclpy/Froody-42.041_2-0/blib/lib/Froody/Server/Standalone.pm line 40, <DATA> line 16.
# Compilation failed in require at t/000compile.t line 64, <DATA> line 16.
# BEGIN failed--compilation aborted at t/000compile.t line 64, <DATA> line 16.

#   Failed test 'use Froody::Server::Standalone'
#   at t/000compile.t line 70.

#   Failed test '/home/sand/src/perl/repoperls/installed-perls/host/k93msid/v5.16.3/2d7c/bin/perl -c -Iblib/lib bin/froody.cgi'
#   at t/000compile.t line 86.
# "to_json" is not exported by the JSON::XS module
# Can't continue after import errors at blib/lib/Froody/Renderer/json.pm line 5.
# BEGIN failed--compilation aborted at blib/lib/Froody/Renderer/json.pm line 5.
# Compilation failed in require at blib/lib/Froody/Server.pm line 45.
# BEGIN failed--compilation aborted at blib/lib/Froody/Server.pm line 45.
# Compilation failed in require at bin/froody.cgi line 11.
# BEGIN failed--compilation aborted at bin/froody.cgi line 11.

#   Failed test '/home/sand/src/perl/repoperls/installed-perls/host/k93msid/v5.16.3/2d7c/bin/perl -c -Iblib/lib bin/froody'
#   at t/000compile.t line 86.
# "to_json" is not exported by the JSON::XS module
# Can't continue after import errors at blib/lib/Froody/Renderer/json.pm line 5.
# BEGIN failed--compilation aborted at blib/lib/Froody/Renderer/json.pm line 5, <DATA> line 16.
# Compilation failed in require at blib/lib/Froody/Server.pm line 45, <DATA> line 16.
# BEGIN failed--compilation aborted at blib/lib/Froody/Server.pm line 45, <DATA> line 16.
# Compilation failed in require at blib/lib/Froody/Server/Standalone.pm line 40, <DATA> line 16.
# BEGIN failed--compilation aborted at blib/lib/Froody/Server/Standalone.pm line 40, <DATA> line 16.
# Compilation failed in require at bin/froody line 155, <DATA> line 16.
# BEGIN failed--compilation aborted at bin/froody line 155, <DATA> line 16.
# Looks like you failed 10 tests of 54.
t/000compile.t ......... 
Dubious, test returned 10 (wstat 2560, 0xa00)
Failed 10/54 subtests 
t/001pragmas.t ......... ok
t/003pod.t ............. ok
t/004uselib.t .......... ok
unknown key 'blah' defined within a terse structure at 'range' for structure 'testproject.object.extra'. at /tmp/loop_over_bdir-12183-3Zclpy/Froody-42.041_2-0/blib/lib/Froody/Walker.pm line 94.
t/api.t ................ ok
t/config.t ............. ok
t/copy.t ............... ok
t/dispatch.t ........... ok
t/err_isa.t ............ ok
t/error.t .............. ok
t/froodydoc_pod_js.t ... skipped: froodydoc.js needs JavaScript::Standalone
t/froodydoc_wiky_js.t .. skipped: froodydoc.js needs JavaScript::Standalone
"from_json" is not exported by the JSON::XS module
Can't continue after import errors at t/high-level.t line 17.
BEGIN failed--compilation aborted at t/high-level.t line 17.
# Looks like your test exited with 255 before it could output anything.
t/high-level.t ......... 
Dubious, test returned 255 (wstat 65280, 0xff00)
Failed 50/50 subtests 
unknown key 'ignored' defined within a terse structure at 'just' for structure 'wibble.frobniz.validate'. at /tmp/loop_over_bdir-12183-3Zclpy/Froody-42.041_2-0/blib/lib/Froody/Walker.pm line 94.
t/implementation.t ..... ok
t/inv_rem.t ............ ok
t/method.t ............. ok
t/method_basic.t ....... ok
"to_json" is not exported by the JSON::XS module
Can't continue after import errors at /tmp/loop_over_bdir-12183-3Zclpy/Froody-42.041_2-0/blib/lib/Froody/Renderer/json.pm line 5.
BEGIN failed--compilation aborted at /tmp/loop_over_bdir-12183-3Zclpy/Froody-42.041_2-0/blib/lib/Froody/Renderer/json.pm line 5, <DATA> line 16.
Compilation failed in require at /tmp/loop_over_bdir-12183-3Zclpy/Froody-42.041_2-0/blib/lib/Froody/Server.pm line 45, <DATA> line 16.
BEGIN failed--compilation aborted at /tmp/loop_over_bdir-12183-3Zclpy/Froody-42.041_2-0/blib/lib/Froody/Server.pm line 45, <DATA> line 16.
Compilation failed in require at /tmp/loop_over_bdir-12183-3Zclpy/Froody-42.041_2-0/blib/lib/Froody/Server/Standalone.pm line 40, <DATA> line 16.
BEGIN failed--compilation aborted at /tmp/loop_over_bdir-12183-3Zclpy/Froody-42.041_2-0/blib/lib/Froody/Server/Standalone.pm line 40, <DATA> line 16.
Compilation failed in require at /tmp/loop_over_bdir-12183-3Zclpy/Froody-42.041_2-0/blib/lib/Froody/Server/Test.pm line 15, <DATA> line 16.
BEGIN failed--compilation aborted at /tmp/loop_over_bdir-12183-3Zclpy/Froody-42.041_2-0/blib/lib/Froody/Server/Test.pm line 15, <DATA> line 16.
Compilation failed in require at t/multipart.t line 11, <DATA> line 16.
BEGIN failed--compilation aborted at t/multipart.t line 11, <DATA> line 16.
# Looks like your test exited with 255 before it could output anything.
t/multipart.t .......... 
Dubious, test returned 255 (wstat 65280, 0xff00)
Failed 8/8 subtests 
t/pluggable.t .......... ok
t/reflection.t ......... ok
t/reflection2.t ........ ok
t/repos.t .............. ok
t/rsp_basic.t .......... ok
t/rsp_convert.t ........ ok
t/rsp_err.t ............ ok
t/rsp_evil_edges.t ..... ok
error : string is not in UTF-8
encoding error : output conversion failed due to conv error, bytes 0xE9 0x6F 0x6E 0x3D
I/O error : encoder error
t/rsp_perlds.t ......... ok
t/rsp_terse.t .......... ok
t/rsp_xml.t ............ ok
t/structure.t .......... ok
bad element 'evil' in node 'top' (not in spec) at /tmp/loop_over_bdir-12183-3Zclpy/Froody-42.041_2-0/blib/lib/Froody/Walker.pm line 94.
bad attr 'foo' in node 'top' (not in spec) at /tmp/loop_over_bdir-12183-3Zclpy/Froody-42.041_2-0/blib/lib/Froody/Walker.pm line 94.
unknown key 'foo' defined within a terse structure at 'top' for structure '<unknown>'. at /tmp/loop_over_bdir-12183-3Zclpy/Froody-42.041_2-0/blib/lib/Froody/Walker.pm line 94.
t/walker.t ............. ok
t/xml.t ................ ok

Test Summary Report
-------------------
t/000compile.t       (Wstat: 2560 Tests: 54 Failed: 10)
  Failed tests:  13, 15, 18, 24, 41-42, 44-45, 51-52
  Non-zero exit status: 10
t/high-level.t       (Wstat: 65280 Tests: 0 Failed: 0)
  Non-zero exit status: 255
  Parse errors: Bad plan.  You planned 50 tests but ran 0.
t/multipart.t        (Wstat: 65280 Tests: 0 Failed: 0)
  Non-zero exit status: 255
  Parse errors: Bad plan.  You planned 8 tests but ran 0.
Files=32, Tests=816, 17 wallclock secs ( 0.12 usr  0.16 sys +  7.07 cusr  2.06 csys =  9.41 CPU)
Result: FAIL
Failed 3/32 test programs. 10/816 subtests failed.
Makefile:1126: recipe for target 'test_dynamic' failed
make: *** [test_dynamic] Error 255

------------------------------
PREREQUISITES
------------------------------

Prerequisite modules loaded:

requires:

    Module                         Need Have    
    ------------------------------ ---- --------
    Class::Accessor::Chained::Fast 0    0       
    Class::Data::Inheritable       0    0.08    
    Email::Valid                   0    1.202   
    Error                          0.15 0.17024 
    File::Find::Rule               0    0.34    
    File::Spec                     0    3.62    
    HTTP::Date                     0    6.02    
    HTTP::Request::Common          0    6.11    
    HTTP::Server::Simple           0    0.52    
    JSON::XS                       0    3.03    
    List::MoreUtils                0    0.419   
    LWP::Simple                    0    6.26    
    LWP::UserAgent                 0    6.26    
    Module::Pluggable              0    5.2     
    Params::Validate               0    1.26    
    Template                       0    2.26    
    Test::Differences              0    0.64    
    Test::Exception                0    0.43    
    Test::More                     0    1.302083
    Test::XML                      0    0.08    
    UNIVERSAL::require             0    0.18    
    URI                            0    1.71    
    XML::LibXML                    0    2.0129  
    YAML::Syck                     0    1.29    

build_requires:

    Module                         Need Have    
    ------------------------------ ---- --------
    ExtUtils::MakeMaker            0    7.24    


------------------------------
ENVIRONMENT AND OTHER CONTEXT
------------------------------

Environment variables:

    AUTOMATED_TESTING = 1
    LANG = en_US.UTF-8
    PATH = /home/sand/bin:/usr/local/bin:/usr/bin:/bin:/usr/games:/usr/local/perl/bin:/usr/X11/bin:/sbin:/usr/sbin
    PERL5LIB = 
    PERL5OPT = 
    PERL5_CPANPLUS_IS_RUNNING = 12189
    PERL5_CPAN_IS_RUNNING = 12189
    PERL_CANARY_STABILITY_NOPROMPT = 1
    PERL_MM_USE_DEFAULT = 1
    PERL_USE_UNSAFE_INC = 1
    SHELL = /usr/bin/zsh
    TERM = screen

Perl special variables (and OS-specific diagnostics, for MSWin32):

    $^X = /home/sand/src/perl/repoperls/installed-perls/host/k93msid/v5.16.3/2d7c/bin/perl
    $UID/$EUID = 1005 / 1005
    $GID = 1005 1005
    $EGID = 1005 1005

Perl module toolchain versions installed:

    Module              Have    
    ------------------- --------
    CPAN                2.18    
    CPAN::Meta          2.150010
    Cwd                 3.62    
    ExtUtils::CBuilder  0.280224
    ExtUtils::Command   7.24    
    ExtUtils::Install   1.58    
    ExtUtils::MakeMaker 7.24    
    ExtUtils::Manifest  1.70    
    ExtUtils::ParseXS   3.30    
    File::Spec          3.62    
    JSON                2.90    
    JSON::PP            2.27400 
    Module::Build       0.4222  
    Module::Signature   0.81    
    Parse::CPAN::Meta   2.150010
    Test::Harness       3.39    
    Test::More          1.302083
    YAML                1.23    
    YAML::Syck          1.29    
    version             0.9917  


--

Summary of my perl5 (revision 5 version 16 subversion 3) configuration:
  Derived from: fd04d42d38f4751b981eb6e9213ee1ab8ef11ea6
  Platform:
    osname=linux, osvers=4.9.0-2-amd64, archname=x86_64-linux-ld
    uname='linux k93msid 4.9.0-2-amd64 #1 smp debian 4.9.18-1 (2017-03-30) x86_64 gnulinux '
    config_args='-Dprefix=/home/sand/src/perl/repoperls/installed-perls/host/k93msid/v5.16.3/2d7c -Dmyhostname=k93msid -Dinstallusrbinperl=n -Uversiononly -Dusedevel -des -Ui_db -Dlibswanted=cl pthread socket inet nsl gdbm dbm malloc dl ld sun m crypt sec util c cposix posix ucb BSD gdbm_compat -Uuseithreads -Duselongdouble -DDEBUGGING=-g'
    hint=recommended, useposix=true, d_sigaction=define
    useithreads=undef, usemultiplicity=undef
    useperlio=define, d_sfio=undef, uselargefiles=define, usesocks=undef
    use64bitint=define, use64bitall=define, uselongdouble=define
    usemymalloc=n, bincompat5005=undef
  Compiler:
    cc='cc', ccflags ='-fno-strict-aliasing -pipe -fstack-protector -I/usr/local/include -D_LARGEFILE_SOURCE -D_FILE_OFFSET_BITS=64',
    optimize='-O2 -g',
    cppflags='-fno-strict-aliasing -pipe -fstack-protector -I/usr/local/include'
    ccversion='', gccversion='6.3.0 20170406', gccosandvers=''
    intsize=4, longsize=8, ptrsize=8, doublesize=8, byteorder=12345678
    d_longlong=define, longlongsize=8, d_longdbl=define, longdblsize=16
    ivtype='long', ivsize=8, nvtype='long double', nvsize=16, Off_t='off_t', lseeksize=8
    alignbytes=16, prototype=define
  Linker and Libraries:
    ld='cc', ldflags =' -fstack-protector -L/usr/local/lib'
    libpth=/usr/local/lib /lib/x86_64-linux-gnu /lib/../lib /usr/lib/x86_64-linux-gnu /usr/lib/../lib /lib /usr/lib
    libs=-lpthread -lnsl -ldl -lm -lcrypt -lutil -lc
    perllibs=-lpthread -lnsl -ldl -lm -lcrypt -lutil -lc
    libc=libc-2.24.so, so=so, useshrplib=false, libperl=libperl.a
    gnulibc_version='2.24'
  Dynamic Linking:
    dlsrc=dl_dlopen.xs, dlext=so, d_dlsymun=undef, ccdlflags='-Wl,-E'
    cccdlflags='-fPIC', lddlflags='-shared -O2 -g -L/usr/local/lib -fstack-protector'


Characteristics of this binary (from libperl): 
  Compile-time options: HAS_TIMES PERLIO_LAYERS PERL_DONT_CREATE_GVSV
                        PERL_MALLOC_WRAP PERL_PRESERVE_IVUV PERL_USE_DEVEL
                        USE_64_BIT_ALL USE_64_BIT_INT USE_LARGE_FILES
                        USE_LOCALE USE_LOCALE_COLLATE USE_LOCALE_CTYPE
                        USE_LOCALE_NUMERIC USE_LONG_DOUBLE USE_PERLIO
                        USE_PERL_ATOF
  Locally applied patches:
	uncommitted-changes
  Built under linux
  Compiled at Apr 14 2017 06:52:05
  %ENV:
    PERL5LIB=""
    PERL5OPT=""
    PERL5_CPANPLUS_IS_RUNNING="12189"
    PERL5_CPAN_IS_RUNNING="12189"
    PERL_CANARY_STABILITY_NOPROMPT="1"
    PERL_MM_USE_DEFAULT="1"
    PERL_USE_UNSAFE_INC="1"
  @INC:
    /home/sand/src/perl/repoperls/installed-perls/host/k93msid/v5.16.3/2d7c/lib/site_perl/5.16.3/x86_64-linux-ld
    /home/sand/src/perl/repoperls/installed-perls/host/k93msid/v5.16.3/2d7c/lib/site_perl/5.16.3
    /home/sand/src/perl/repoperls/installed-perls/host/k93msid/v5.16.3/2d7c/lib/5.16.3/x86_64-linux-ld
    /home/sand/src/perl/repoperls/installed-perls/host/k93msid/v5.16.3/2d7c/lib/5.16.3
    .