Gtk2 v1.24993 Perl 5 v5.36.0 darwin-thread-multi-2level

Status
Fail
From
Gintautas Grigelionis
Dist
Gtk2 v1.24993
Platform
Perl 5 v5.36.0 darwin-thread-multi-2level
Date
2022-10-11 21:51:40
ID
e35a669c-49ae-11ed-a1ad-3d5f3cfa2dcb
This distribution has been tested as part of the CPAN Testers
project, supporting the Perl programming language.  See
http://wiki.cpantesters.org/ for more information or email
questions to cpan-testers-discuss@perl.org


--
Dear Brian Manning,

This is a computer-generated report for Gtk2-1.24993
on perl 5.36.0, created by CPAN-Reporter-1.2018.

Thank you for uploading your work to CPAN.  However, there was a problem
testing your distribution.

If you think this report is invalid, please consult the CPAN Testers Wiki
for suggestions on how to avoid getting FAIL reports for missing library
or binary dependencies, unsupported operating systems, and so on:

http://wiki.cpantesters.org/wiki/CPANAuthorNotes

Sections of this report:

    * Tester comments
    * Program output
    * Prerequisites
    * Environment and other context

------------------------------
TESTER COMMENTS
------------------------------

Additional comments from tester:

none provided

------------------------------
PROGRAM OUTPUT
------------------------------

Output from '/usr/bin/make test':

"/usr/local/Cellar/perl/5.36.0/bin/perl" -MExtUtils::Command::MM -e 'cp_nonempty' -- Gtk2.bs blib/arch/auto/Gtk2/Gtk2.bs 644
PERL_DL_NONLAZY=1 "/usr/local/Cellar/perl/5.36.0/bin/perl" "-MExtUtils::Command::MM" "-MTest::Harness" "-e" "undef *Test::Harness::Switches; test_harness(0, 'blib/lib', 'blib/arch')" t/*.t
# Testing Gtk2 1.24993
#    Running against gtk+ 2.24.33
#   Compiled against gtk+ 2.24.33
2022-10-11 23:49:18.201 perl[73431:11272465] *** WARNING: Method userSpaceScaleFactor in class NSView is deprecated on 10.7 and later. It should not be used in new applications. Use convertRectToBacking: instead. 
t/00.Gtk2.t ........................ ok
2022-10-11 23:49:19.102 perl[73432:11272497] *** WARNING: Method userSpaceScaleFactor in class NSView is deprecated on 10.7 and later. It should not be used in new applications. Use convertRectToBacking: instead. 
t/01.GtkWindow.t ................... ok
2022-10-11 23:49:20.485 perl[73433:11272511] *** WARNING: Method userSpaceScaleFactor in class NSView is deprecated on 10.7 and later. It should not be used in new applications. Use convertRectToBacking: instead. 
t/02.GtkContainer.t ................ ok
t/constants.t ...................... ok
2022-10-11 23:49:21.938 perl[73435:11272536] *** WARNING: Method userSpaceScaleFactor in class NSView is deprecated on 10.7 and later. It should not be used in new applications. Use convertRectToBacking: instead. 
t/Gdk.t ............................ ok
2022-10-11 23:49:22.455 perl[73436:11272567] *** WARNING: Method userSpaceScaleFactor in class NSView is deprecated on 10.7 and later. It should not be used in new applications. Use convertRectToBacking: instead. 
t/GdkCairo.t ....................... ok
2022-10-11 23:49:22.984 perl[73437:11272572] *** WARNING: Method userSpaceScaleFactor in class NSView is deprecated on 10.7 and later. It should not be used in new applications. Use convertRectToBacking: instead. 

#   Failed test 'new colormap'
#   at t/GdkColor.t line 19.
# Looks like you failed 1 test of 18.
t/GdkColor.t ....................... 
Dubious, test returned 1 (wstat 256, 0x100)
Failed 1/18 subtests 
2022-10-11 23:49:23.352 perl[73438:11272576] *** WARNING: Method userSpaceScaleFactor in class NSView is deprecated on 10.7 and later. It should not be used in new applications. Use convertRectToBacking: instead. 

#   Failed test at t/GdkCursor.t line 9.
#          got: 'cursor-is-pixmap'
#     expected: 'watch'
# Looks like you failed 1 test of 9.
t/GdkCursor.t ...................... 
Dubious, test returned 1 (wstat 256, 0x100)
Failed 1/9 subtests 
	(less 2 skipped subtests: 6 okay)
2022-10-11 23:49:23.838 perl[73439:11272582] *** WARNING: Method userSpaceScaleFactor in class NSView is deprecated on 10.7 and later. It should not be used in new applications. Use convertRectToBacking: instead. 

#   Failed test 'undef isa 'Gtk2::Gdk::Display''
#   at t/GdkDisplay.t line 17.
#     undef isn't defined

#   Failed test 'undef isa 'Gtk2::Gdk::Display''
#   at t/GdkDisplay.t line 19.
#     undef isn't defined
# Looks like you failed 2 tests of 27.
t/GdkDisplay.t ..................... 
Dubious, test returned 2 (wstat 512, 0x200)
Failed 2/27 subtests 
	(less 1 skipped subtest: 24 okay)
2022-10-11 23:49:24.305 perl[73440:11272612] *** WARNING: Method userSpaceScaleFactor in class NSView is deprecated on 10.7 and later. It should not be used in new applications. Use convertRectToBacking: instead. 
t/GdkDisplayManager.t .............. ok
2022-10-11 23:49:24.770 perl[73441:11272617] *** WARNING: Method userSpaceScaleFactor in class NSView is deprecated on 10.7 and later. It should not be used in new applications. Use convertRectToBacking: instead. 
t/GdkDrawable.t .................... 
Failed 6/15 subtests 
2022-10-11 23:49:25.888 perl[73442:11272629] *** WARNING: Method userSpaceScaleFactor in class NSView is deprecated on 10.7 and later. It should not be used in new applications. Use convertRectToBacking: instead. 
Can't locate object method "get_xid" via package "Gtk2::Gdk::Window" at t/GdkEvent.t line 406.
# Looks like your test exited with 2 just after 110.
t/GdkEvent.t ....................... 
Dubious, test returned 2 (wstat 512, 0x200)
Failed 13/123 subtests 
2022-10-11 23:49:26.559 perl[73443:11272638] *** WARNING: Method userSpaceScaleFactor in class NSView is deprecated on 10.7 and later. It should not be used in new applications. Use convertRectToBacking: instead. 
FATAL: could not convert value -1196400236 to enum type GdkSubwindowMode at t/GdkGC.t line 83.
# Looks like your test exited with 2 just after 1.
t/GdkGC.t .......................... 
Dubious, test returned 2 (wstat 512, 0x200)
Failed 34/35 subtests 
2022-10-11 23:49:27.053 perl[73444:11272652] *** WARNING: Method userSpaceScaleFactor in class NSView is deprecated on 10.7 and later. It should not be used in new applications. Use convertRectToBacking: instead. 
undef is not of type Gtk2::Gdk::Colormap at t/GdkImage.t line 26.
# Looks like your test exited with 2 just after 12.
t/GdkImage.t ....................... 
Dubious, test returned 2 (wstat 512, 0x200)
Failed 11/23 subtests 
2022-10-11 23:49:27.490 perl[73445:11272661] *** WARNING: Method userSpaceScaleFactor in class NSView is deprecated on 10.7 and later. It should not be used in new applications. Use convertRectToBacking: instead. 
t/GdkInput.t ....................... ok
2022-10-11 23:49:28.054 perl[73446:11272671] *** WARNING: Method userSpaceScaleFactor in class NSView is deprecated on 10.7 and later. It should not be used in new applications. Use convertRectToBacking: instead. 
t/GdkKeys.t ........................ ok
2022-10-11 23:49:28.643 perl[73448:11272695] *** WARNING: Method userSpaceScaleFactor in class NSView is deprecated on 10.7 and later. It should not be used in new applications. Use convertRectToBacking: instead. 
t/GdkPango.t ....................... ok

#   Failed test 'Don't crash on partial pixmap data'
#   at t/GdkPixbuf.t line 126.
2022-10-11 23:49:29.548 perl[73450:11272728] *** WARNING: Method userSpaceScaleFactor in class NSView is deprecated on 10.7 and later. It should not be used in new applications. Use convertRectToBacking: instead. 
# Looks like you failed 1 test of 112.
t/GdkPixbuf.t ...................... 
Dubious, test returned 1 (wstat 256, 0x100)
Failed 1/112 subtests 
t/GdkPixbufLoader.t ................ ok
t/GdkPixbufSimpleAnim.t ............ ok
2022-10-11 23:49:30.814 perl[73454:11272781] *** WARNING: Method userSpaceScaleFactor in class NSView is deprecated on 10.7 and later. It should not be used in new applications. Use convertRectToBacking: instead. 
t/GdkPixmap.t ...................... ok
2022-10-11 23:49:31.393 perl[73455:11272786] *** WARNING: Method userSpaceScaleFactor in class NSView is deprecated on 10.7 and later. It should not be used in new applications. Use convertRectToBacking: instead. 
Can't call method "name" on an undefined value at t/GdkProperty.t line 56.
# Looks like your test exited with 2 just after 14.
t/GdkProperty.t .................... 
Dubious, test returned 2 (wstat 512, 0x200)
Failed 35/49 subtests 
t/GdkRegion.t ...................... ok
2022-10-11 23:49:32.311 perl[73457:11272801] *** WARNING: Method userSpaceScaleFactor in class NSView is deprecated on 10.7 and later. It should not be used in new applications. Use convertRectToBacking: instead. 
t/GdkRgb.t ......................... ok
2022-10-11 23:49:32.828 perl[73458:11272884] *** WARNING: Method userSpaceScaleFactor in class NSView is deprecated on 10.7 and later. It should not be used in new applications. Use convertRectToBacking: instead. 
t/GdkScreen.t ...................... ok
2022-10-11 23:49:33.213 perl[73459:11272917] *** WARNING: Method userSpaceScaleFactor in class NSView is deprecated on 10.7 and later. It should not be used in new applications. Use convertRectToBacking: instead. 

#   Failed test at t/GdkSelection.t line 49.
#          got: undef
#     expected: 'Gtk2::Gdk::Window=HASH(0x7fd9832ade88)'
# Looks like you failed 1 test of 20.
t/GdkSelection.t ................... 
Dubious, test returned 1 (wstat 256, 0x100)
Failed 1/20 subtests 
	(less 1 skipped subtest: 18 okay)
2022-10-11 23:49:33.723 perl[73460:11272923] *** WARNING: Method userSpaceScaleFactor in class NSView is deprecated on 10.7 and later. It should not be used in new applications. Use convertRectToBacking: instead. 
t/GdkVisual.t ...................... ok
2022-10-11 23:49:34.211 perl[73461:11272931] *** WARNING: Method userSpaceScaleFactor in class NSView is deprecated on 10.7 and later. It should not be used in new applications. Use convertRectToBacking: instead. 
Gdk-CRITICAL **: gdk_window_set_opacity: assertion 'WINDOW_IS_TOPLEVEL (window)' failed at t/GdkWindow.t line 330.
t/GdkWindow.t ...................... ok
2022-10-11 23:49:34.875 perl[73462:11272942] *** WARNING: Method userSpaceScaleFactor in class NSView is deprecated on 10.7 and later. It should not be used in new applications. Use convertRectToBacking: instead. 
t/GdkX11.t ......................... ok
2022-10-11 23:49:35.296 perl[73463:11272948] *** WARNING: Method userSpaceScaleFactor in class NSView is deprecated on 10.7 and later. It should not be used in new applications. Use convertRectToBacking: instead. 
t/GtkAboutDialog.t ................. ok
2022-10-11 23:49:36.466 perl[73464:11272953] *** WARNING: Method userSpaceScaleFactor in class NSView is deprecated on 10.7 and later. It should not be used in new applications. Use convertRectToBacking: instead. 
t/GtkAccelGroup.t .................. ok
2022-10-11 23:49:36.844 perl[73465:11272959] *** WARNING: Method userSpaceScaleFactor in class NSView is deprecated on 10.7 and later. It should not be used in new applications. Use convertRectToBacking: instead. 
t/GtkAccelLabel.t .................. ok
2022-10-11 23:49:37.435 perl[73466:11272966] *** WARNING: Method userSpaceScaleFactor in class NSView is deprecated on 10.7 and later. It should not be used in new applications. Use convertRectToBacking: instead. 
t/GtkAccelMap.t .................... ok
2022-10-11 23:49:37.796 perl[73467:11272971] *** WARNING: Method userSpaceScaleFactor in class NSView is deprecated on 10.7 and later. It should not be used in new applications. Use convertRectToBacking: instead. 
t/GtkAction.t ...................... ok
2022-10-11 23:49:38.291 perl[73468:11272977] *** WARNING: Method userSpaceScaleFactor in class NSView is deprecated on 10.7 and later. It should not be used in new applications. Use convertRectToBacking: instead. 
t/GtkActionGroup.t ................. ok
2022-10-11 23:49:38.752 perl[73469:11272989] *** WARNING: Method userSpaceScaleFactor in class NSView is deprecated on 10.7 and later. It should not be used in new applications. Use convertRectToBacking: instead. 
t/GtkActivatable.t ................. ok
t/GtkAdjustment.t .................. ok
t/GtkAlignment.t ................... ok
t/GtkArrow.t ....................... ok
t/GtkAspectFrame.t ................. ok
2022-10-11 23:49:40.796 perl[73474:11273011] *** WARNING: Method userSpaceScaleFactor in class NSView is deprecated on 10.7 and later. It should not be used in new applications. Use convertRectToBacking: instead. 
t/GtkAssistant.t ................... ok
2022-10-11 23:49:41.334 perl[73475:11273018] *** WARNING: Method userSpaceScaleFactor in class NSView is deprecated on 10.7 and later. It should not be used in new applications. Use convertRectToBacking: instead. 
t/GtkBin.t ......................... ok
2022-10-11 23:49:41.809 perl[73476:11273024] *** WARNING: Method userSpaceScaleFactor in class NSView is deprecated on 10.7 and later. It should not be used in new applications. Use convertRectToBacking: instead. 
t/GtkBindings.t .................... ok
2022-10-11 23:49:42.334 perl[73478:11273030] *** WARNING: Method userSpaceScaleFactor in class NSView is deprecated on 10.7 and later. It should not be used in new applications. Use convertRectToBacking: instead. 
t/GtkBox.t ......................... ok
2022-10-11 23:49:43.494 perl[73479:11273041] *** WARNING: Method userSpaceScaleFactor in class NSView is deprecated on 10.7 and later. It should not be used in new applications. Use convertRectToBacking: instead. 
t/GtkBuildable.t ................... ok
2022-10-11 23:49:43.914 perl[73480:11273045] *** WARNING: Method userSpaceScaleFactor in class NSView is deprecated on 10.7 and later. It should not be used in new applications. Use convertRectToBacking: instead. 
t/GtkBuildableIface.t .............. ok
2022-10-11 23:49:44.431 perl[73481:11273065] *** WARNING: Method userSpaceScaleFactor in class NSView is deprecated on 10.7 and later. It should not be used in new applications. Use convertRectToBacking: instead. 
t/GtkBuilder.t ..................... ok
2022-10-11 23:49:45.637 perl[73482:11273082] *** WARNING: Method userSpaceScaleFactor in class NSView is deprecated on 10.7 and later. It should not be used in new applications. Use convertRectToBacking: instead. 
t/GtkButton.t ...................... ok
2022-10-11 23:49:46.187 perl[73483:11273086] *** WARNING: Method userSpaceScaleFactor in class NSView is deprecated on 10.7 and later. It should not be used in new applications. Use convertRectToBacking: instead. 
t/GtkButtonBox.t ................... ok
2022-10-11 23:49:46.705 perl[73484:11273091] *** WARNING: Method userSpaceScaleFactor in class NSView is deprecated on 10.7 and later. It should not be used in new applications. Use convertRectToBacking: instead. 
t/GtkCalendar.t .................... ok
2022-10-11 23:49:47.871 perl[73485:11273096] *** WARNING: Method userSpaceScaleFactor in class NSView is deprecated on 10.7 and later. It should not be used in new applications. Use convertRectToBacking: instead. 
GLib-GObject-CRITICAL **: Object class EditableTest doesn't implement property 'editing-canceled' from interface 'GtkCellEditable' at /Users/gintas/Projects/perl5/lib/perl5/darwin-thread-multi-2level/Glib/Object/Subclass.pm line 235.
t/GtkCellEditable.t ................ ok
2022-10-11 23:49:48.350 perl[73486:11273103] *** WARNING: Method userSpaceScaleFactor in class NSView is deprecated on 10.7 and later. It should not be used in new applications. Use convertRectToBacking: instead. 
t/GtkCellLayout.t .................. ok
2022-10-11 23:49:49.332 perl[73487:11273113] *** WARNING: Method userSpaceScaleFactor in class NSView is deprecated on 10.7 and later. It should not be used in new applications. Use convertRectToBacking: instead. 
t/GtkCellLayoutIface.t ............. ok
2022-10-11 23:49:49.698 perl[73488:11273125] *** WARNING: Method userSpaceScaleFactor in class NSView is deprecated on 10.7 and later. It should not be used in new applications. Use convertRectToBacking: instead. 
t/GtkCellRenderer.t ................ ok
t/GtkCellRendererAccel.t ........... ok
t/GtkCellRendererCombo.t ........... ok
2022-10-11 23:49:51.456 perl[73491:11273158] *** WARNING: Method userSpaceScaleFactor in class NSView is deprecated on 10.7 and later. It should not be used in new applications. Use convertRectToBacking: instead. 
t/GtkCellRendererIface-Chaining.t .. ok
t/GtkCellRendererPixbuf.t .......... ok
t/GtkCellRendererProgress.t ........ ok
t/GtkCellRendererSpin.t ............ ok
t/GtkCellRendererSpinner.t ......... ok
t/GtkCellRendererText.t ............ ok
t/GtkCellRendererToggle.t .......... ok
2022-10-11 23:49:54.427 perl[73498:11273181] *** WARNING: Method userSpaceScaleFactor in class NSView is deprecated on 10.7 and later. It should not be used in new applications. Use convertRectToBacking: instead. 
t/GtkCellView.t .................... ok
2022-10-11 23:49:54.902 perl[73499:11273186] *** WARNING: Method userSpaceScaleFactor in class NSView is deprecated on 10.7 and later. It should not be used in new applications. Use convertRectToBacking: instead. 
t/GtkCheckButton.t ................. ok
2022-10-11 23:49:55.394 perl[73500:11273193] *** WARNING: Method userSpaceScaleFactor in class NSView is deprecated on 10.7 and later. It should not be used in new applications. Use convertRectToBacking: instead. 
t/GtkCheckMenuItem.t ............... ok
2022-10-11 23:49:55.871 perl[73502:11273200] *** WARNING: Method userSpaceScaleFactor in class NSView is deprecated on 10.7 and later. It should not be used in new applications. Use convertRectToBacking: instead. 

#   Failed test at t/GtkClipboard.t line 48.
#          got: undef
#     expected: '0123456789abcdef'

#   Failed test at t/GtkClipboard.t line 68.
#          got: ''
#     expected: '1'

#   Failed test at t/GtkClipboard.t line 123.
#          got: undef
#     expected: 'test test test'
Can't call method "name" on an undefined value at t/GtkClipboard.t line 124.
# Looks like your test exited with 255 just after 25.
t/GtkClipboard.t ................... 
Dubious, test returned 255 (wstat 65280, 0xff00)
Failed 93/115 subtests 
2022-10-11 23:49:56.386 perl[73503:11273209] *** WARNING: Method userSpaceScaleFactor in class NSView is deprecated on 10.7 and later. It should not be used in new applications. Use convertRectToBacking: instead. 
t/GtkColorButton.t ................. ok
2022-10-11 23:49:57.411 perl[73504:11273228] *** WARNING: Method userSpaceScaleFactor in class NSView is deprecated on 10.7 and later. It should not be used in new applications. Use convertRectToBacking: instead. 
t/GtkColorSelection.t .............. ok
2022-10-11 23:49:58.518 perl[73506:11273246] *** WARNING: Method userSpaceScaleFactor in class NSView is deprecated on 10.7 and later. It should not be used in new applications. Use convertRectToBacking: instead. 
t/GtkColorSelectionDialog.t ........ ok
2022-10-11 23:49:59.639 perl[73507:11273261] *** WARNING: Method userSpaceScaleFactor in class NSView is deprecated on 10.7 and later. It should not be used in new applications. Use convertRectToBacking: instead. 
t/GtkCombo.t ....................... ok
2022-10-11 23:50:00.825 perl[73509:11273282] *** WARNING: Method userSpaceScaleFactor in class NSView is deprecated on 10.7 and later. It should not be used in new applications. Use convertRectToBacking: instead. 
t/GtkComboBox.t .................... ok
2022-10-11 23:50:01.859 perl[73511:11273317] *** WARNING: Method userSpaceScaleFactor in class NSView is deprecated on 10.7 and later. It should not be used in new applications. Use convertRectToBacking: instead. 
t/GtkComboBoxEntry.t ............... ok
2022-10-11 23:50:02.977 perl[73512:11273329] *** WARNING: Method userSpaceScaleFactor in class NSView is deprecated on 10.7 and later. It should not be used in new applications. Use convertRectToBacking: instead. 
t/GtkCurve.t ....................... ok
2022-10-11 23:50:03.413 perl[73513:11273338] *** WARNING: Method userSpaceScaleFactor in class NSView is deprecated on 10.7 and later. It should not be used in new applications. Use convertRectToBacking: instead. 
t/GtkDialog.t ...................... ok
t/GtkDrawingArea.t ................. ok
2022-10-11 23:50:05.014 perl[73515:11273350] *** WARNING: Method userSpaceScaleFactor in class NSView is deprecated on 10.7 and later. It should not be used in new applications. Use convertRectToBacking: instead. 
t/GtkEditable.t .................... ok
2022-10-11 23:50:06.048 perl[73516:11273358] *** WARNING: Method userSpaceScaleFactor in class NSView is deprecated on 10.7 and later. It should not be used in new applications. Use convertRectToBacking: instead. 
t/GtkEntry.t ....................... ok
2022-10-11 23:50:07.115 perl[73517:11273365] *** WARNING: Method userSpaceScaleFactor in class NSView is deprecated on 10.7 and later. It should not be used in new applications. Use convertRectToBacking: instead. 
t/GtkEntryBuffer.t ................. ok
2022-10-11 23:50:07.793 perl[73518:11273371] *** WARNING: Method userSpaceScaleFactor in class NSView is deprecated on 10.7 and later. It should not be used in new applications. Use convertRectToBacking: instead. 
t/GtkEntryCompletion.t ............. ok
t/GtkEventBox.t .................... ok
2022-10-11 23:50:09.283 perl[73520:11273389] *** WARNING: Method userSpaceScaleFactor in class NSView is deprecated on 10.7 and later. It should not be used in new applications. Use convertRectToBacking: instead. 
t/GtkExpander.t .................... ok
t/GtkFileChooser.t ................. skipped: this test is unreliable
2022-10-11 23:50:10.141 perl[73522:11273402] *** WARNING: Method userSpaceScaleFactor in class NSView is deprecated on 10.7 and later. It should not be used in new applications. Use convertRectToBacking: instead. 
t/GtkFileChooserButton.t ........... ok
2022-10-11 23:50:11.162 perl[73523:11273418] *** WARNING: Method userSpaceScaleFactor in class NSView is deprecated on 10.7 and later. It should not be used in new applications. Use convertRectToBacking: instead. 
t/GtkFileChooserDialog.t ........... ok
2022-10-11 23:50:12.233 perl[73524:11273430] *** WARNING: Method userSpaceScaleFactor in class NSView is deprecated on 10.7 and later. It should not be used in new applications. Use convertRectToBacking: instead. 
t/GtkFileChooserWidget.t ........... ok
t/GtkFileFilter.t .................. ok
2022-10-11 23:50:13.830 perl[73526:11273453] *** WARNING: Method userSpaceScaleFactor in class NSView is deprecated on 10.7 and later. It should not be used in new applications. Use convertRectToBacking: instead. 
t/GtkFileSelection.t ............... ok
t/GtkFixed.t ....................... ok
2022-10-11 23:50:15.278 perl[73529:11273473] *** WARNING: Method userSpaceScaleFactor in class NSView is deprecated on 10.7 and later. It should not be used in new applications. Use convertRectToBacking: instead. 
t/GtkFontButton.t .................. ok
2022-10-11 23:50:16.279 perl[73530:11273481] *** WARNING: Method userSpaceScaleFactor in class NSView is deprecated on 10.7 and later. It should not be used in new applications. Use convertRectToBacking: instead. 
t/GtkFontSelection.t ............... ok
t/GtkFrame.t ....................... ok
2022-10-11 23:50:17.917 perl[73532:11273488] *** WARNING: Method userSpaceScaleFactor in class NSView is deprecated on 10.7 and later. It should not be used in new applications. Use convertRectToBacking: instead. 
t/GtkGammaCurve.t .................. ok
2022-10-11 23:50:18.449 perl[73533:11273495] *** WARNING: Method userSpaceScaleFactor in class NSView is deprecated on 10.7 and later. It should not be used in new applications. Use convertRectToBacking: instead. 
Gdk-WARNING **: Unsupported bit depth 16
Gdk-CRITICAL **: gdk_gc_new_with_values: assertion 'drawable != NULL' failed at t/GtkGC.t line 30.
Gdk-CRITICAL **: gdk_gc_set_colormap: assertion 'GDK_IS_GC (gc)' failed at t/GtkGC.t line 30.
GLib-GObject-CRITICAL **: g_object_get_qdata: assertion 'G_IS_OBJECT (object)' failed at t/GtkGC.t line 30.
GLib-GObject-CRITICAL **: g_object_set_qdata: assertion 'G_IS_OBJECT (object)' failed at t/GtkGC.t line 30.
Can't bless non-reference value at t/GtkGC.t line 30.
# Looks like your test exited with 2 before it could output anything.
t/GtkGC.t .......................... 
Dubious, test returned 2 (wstat 512, 0x200)
Failed 3/3 subtests 
t/GtkHandleBox.t ................... ok
t/GtkHBox.t ........................ ok
t/GtkHButtonBox.t .................. ok
t/GtkHPaned.t ...................... ok
t/GtkHRuler.t ...................... ok
2022-10-11 23:50:20.481 perl[73539:11273519] *** WARNING: Method userSpaceScaleFactor in class NSView is deprecated on 10.7 and later. It should not be used in new applications. Use convertRectToBacking: instead. 
t/GtkHScale.t ...................... ok
t/GtkHScrollbar.t .................. ok
t/GtkHSeparator.t .................. ok
t/GtkHSV.t ......................... ok
2022-10-11 23:50:22.540 perl[73543:11273546] *** WARNING: Method userSpaceScaleFactor in class NSView is deprecated on 10.7 and later. It should not be used in new applications. Use convertRectToBacking: instead. 
t/GtkIconFactory.t ................. ok
2022-10-11 23:50:23.027 perl[73544:11273551] *** WARNING: Method userSpaceScaleFactor in class NSView is deprecated on 10.7 and later. It should not be used in new applications. Use convertRectToBacking: instead. 
t/GtkIconTheme.t ................... ok
2022-10-11 23:50:23.404 perl[73545:11273555] *** WARNING: Method userSpaceScaleFactor in class NSView is deprecated on 10.7 and later. It should not be used in new applications. Use convertRectToBacking: instead. 
t/GtkIconView.t .................... ok
2022-10-11 23:50:24.544 perl[73546:11273562] *** WARNING: Method userSpaceScaleFactor in class NSView is deprecated on 10.7 and later. It should not be used in new applications. Use convertRectToBacking: instead. 
t/GtkImage.t ....................... ok
2022-10-11 23:50:25.037 perl[73547:11273567] *** WARNING: Method userSpaceScaleFactor in class NSView is deprecated on 10.7 and later. It should not be used in new applications. Use convertRectToBacking: instead. 
t/GtkImageMenuItem.t ............... ok
2022-10-11 23:50:25.400 perl[73548:11273576] *** WARNING: Method userSpaceScaleFactor in class NSView is deprecated on 10.7 and later. It should not be used in new applications. Use convertRectToBacking: instead. 
t/GtkIMContext.t ................... ok
2022-10-11 23:50:25.985 perl[73549:11273587] *** WARNING: Method userSpaceScaleFactor in class NSView is deprecated on 10.7 and later. It should not be used in new applications. Use convertRectToBacking: instead. 
t/GtkInfoBar.t ..................... ok
2022-10-11 23:50:26.452 perl[73550:11273595] *** WARNING: Method userSpaceScaleFactor in class NSView is deprecated on 10.7 and later. It should not be used in new applications. Use convertRectToBacking: instead. 
t/GtkInputDialog.t ................. ok
2022-10-11 23:50:27.525 perl[73551:11273616] *** WARNING: Method userSpaceScaleFactor in class NSView is deprecated on 10.7 and later. It should not be used in new applications. Use convertRectToBacking: instead. 
t/GtkInvisible.t ................... ok
2022-10-11 23:50:28.034 perl[73552:11273620] *** WARNING: Method userSpaceScaleFactor in class NSView is deprecated on 10.7 and later. It should not be used in new applications. Use convertRectToBacking: instead. 
t/GtkItemFactory.t ................. ok
2022-10-11 23:50:29.122 perl[73553:11273628] *** WARNING: Method userSpaceScaleFactor in class NSView is deprecated on 10.7 and later. It should not be used in new applications. Use convertRectToBacking: instead. 

#   Failed test '$label->set_markup_with_mnemonic|get_mnemonic_keyval'
#   at t/GtkLabel.t line 56.
#          got: '16777215'
#     expected: '104'
# Looks like you failed 1 test of 32.
t/GtkLabel.t ....................... 
Dubious, test returned 1 (wstat 256, 0x100)
Failed 1/32 subtests 
2022-10-11 23:50:30.156 perl[73554:11273636] *** WARNING: Method userSpaceScaleFactor in class NSView is deprecated on 10.7 and later. It should not be used in new applications. Use convertRectToBacking: instead. 
t/GtkLayout.t ...................... ok
2022-10-11 23:50:30.571 perl[73555:11273641] *** WARNING: Method userSpaceScaleFactor in class NSView is deprecated on 10.7 and later. It should not be used in new applications. Use convertRectToBacking: instead. 
t/GtkLinkButton.t .................. ok
2022-10-11 23:50:31.047 perl[73556:11273650] *** WARNING: Method userSpaceScaleFactor in class NSView is deprecated on 10.7 and later. It should not be used in new applications. Use convertRectToBacking: instead. 
t/GtkListStore.t ................... ok
2022-10-11 23:50:31.573 perl[73557:11273660] *** WARNING: Method userSpaceScaleFactor in class NSView is deprecated on 10.7 and later. It should not be used in new applications. Use convertRectToBacking: instead. 
t/GtkMenu.t ........................ ok
t/GtkMenuBar.t ..................... ok
2022-10-11 23:50:32.962 perl[73559:11273671] *** WARNING: Method userSpaceScaleFactor in class NSView is deprecated on 10.7 and later. It should not be used in new applications. Use convertRectToBacking: instead. 
t/GtkMenuItem.t .................... ok
2022-10-11 23:50:33.353 perl[73560:11273684] *** WARNING: Method userSpaceScaleFactor in class NSView is deprecated on 10.7 and later. It should not be used in new applications. Use convertRectToBacking: instead. 
t/GtkMenuShell.t ................... ok
2022-10-11 23:50:33.824 perl[73561:11273691] *** WARNING: Method userSpaceScaleFactor in class NSView is deprecated on 10.7 and later. It should not be used in new applications. Use convertRectToBacking: instead. 
t/GtkMenuToolButton.t .............. ok
2022-10-11 23:50:34.310 perl[73562:11273696] *** WARNING: Method userSpaceScaleFactor in class NSView is deprecated on 10.7 and later. It should not be used in new applications. Use convertRectToBacking: instead. 
t/GtkMessageDialog.t ............... ok
t/GtkMisc.t ........................ ok
2022-10-11 23:50:35.775 perl[73564:11273710] *** WARNING: Method userSpaceScaleFactor in class NSView is deprecated on 10.7 and later. It should not be used in new applications. Use convertRectToBacking: instead. 
t/GtkNotebook.t .................... ok
t/GtkObject.t ...................... ok
2022-10-11 23:50:37.423 perl[73566:11273723] *** WARNING: Method userSpaceScaleFactor in class NSView is deprecated on 10.7 and later. It should not be used in new applications. Use convertRectToBacking: instead. 
t/GtkOffscreenWindow.t ............. ok
2022-10-11 23:50:37.900 perl[73567:11273728] *** WARNING: Method userSpaceScaleFactor in class NSView is deprecated on 10.7 and later. It should not be used in new applications. Use convertRectToBacking: instead. 
t/GtkOptionMenu.t .................. ok
2022-10-11 23:50:38.899 perl[73568:11273738] *** WARNING: Method userSpaceScaleFactor in class NSView is deprecated on 10.7 and later. It should not be used in new applications. Use convertRectToBacking: instead. 
t/GtkOrientable.t .................. ok
2022-10-11 23:50:39.397 perl[73569:11273753] *** WARNING: Method userSpaceScaleFactor in class NSView is deprecated on 10.7 and later. It should not be used in new applications. Use convertRectToBacking: instead. 
t/GtkPageSetup.t ................... ok
2022-10-11 23:50:39.800 perl[73570:11273759] *** WARNING: Method userSpaceScaleFactor in class NSView is deprecated on 10.7 and later. It should not be used in new applications. Use convertRectToBacking: instead. 
t/GtkPaned.t ....................... ok
2022-10-11 23:50:40.492 perl[73571:11273765] *** WARNING: Method userSpaceScaleFactor in class NSView is deprecated on 10.7 and later. It should not be used in new applications. Use convertRectToBacking: instead. 
t/GtkPaperSize.t ................... ok
2022-10-11 23:50:40.962 perl[73572:11273774] *** WARNING: Method userSpaceScaleFactor in class NSView is deprecated on 10.7 and later. It should not be used in new applications. Use convertRectToBacking: instead. 
t/GtkPrintContext.t ................ ok
2022-10-11 23:50:42.195 perl[73573:11273784] *** WARNING: Method userSpaceScaleFactor in class NSView is deprecated on 10.7 and later. It should not be used in new applications. Use convertRectToBacking: instead. 
t/GtkPrintOperation.t .............. ok
2022-10-11 23:50:42.877 perl[73574:11273798] *** WARNING: Method userSpaceScaleFactor in class NSView is deprecated on 10.7 and later. It should not be used in new applications. Use convertRectToBacking: instead. 
t/GtkPrintOperationPreview.t ....... ok
2022-10-11 23:50:43.368 perl[73575:11273803] *** WARNING: Method userSpaceScaleFactor in class NSView is deprecated on 10.7 and later. It should not be used in new applications. Use convertRectToBacking: instead. 
t/GtkPrintSettings.t ............... ok
t/GtkProgressBar.t ................. ok
t/GtkRadioAction.t ................. ok
2022-10-11 23:50:44.584 perl[73578:11273821] *** WARNING: Method userSpaceScaleFactor in class NSView is deprecated on 10.7 and later. It should not be used in new applications. Use convertRectToBacking: instead. 
t/GtkRadioButton.t ................. ok
2022-10-11 23:50:45.103 perl[73579:11273826] *** WARNING: Method userSpaceScaleFactor in class NSView is deprecated on 10.7 and later. It should not be used in new applications. Use convertRectToBacking: instead. 
t/GtkRadioMenuItem.t ............... ok
2022-10-11 23:50:45.536 perl[73580:11273844] *** WARNING: Method userSpaceScaleFactor in class NSView is deprecated on 10.7 and later. It should not be used in new applications. Use convertRectToBacking: instead. 
t/GtkRadioToolButton.t ............. ok
2022-10-11 23:50:45.981 perl[73581:11273850] *** WARNING: Method userSpaceScaleFactor in class NSView is deprecated on 10.7 and later. It should not be used in new applications. Use convertRectToBacking: instead. 
t/GtkRange.t ....................... ok
2022-10-11 23:50:47.154 perl[73582:11273857] *** WARNING: Method userSpaceScaleFactor in class NSView is deprecated on 10.7 and later. It should not be used in new applications. Use convertRectToBacking: instead. 
t/GtkRc.t .......................... ok
2022-10-11 23:50:47.560 perl[73583:11273862] *** WARNING: Method userSpaceScaleFactor in class NSView is deprecated on 10.7 and later. It should not be used in new applications. Use convertRectToBacking: instead. 
t/GtkRecentAction.t ................ ok
2022-10-11 23:50:47.931 perl[73584:11273868] *** WARNING: Method userSpaceScaleFactor in class NSView is deprecated on 10.7 and later. It should not be used in new applications. Use convertRectToBacking: instead. 
GLib-CRITICAL **: Source ID 11 was not found when attempting to remove it at t/GtkRecentChooser.t line 103.
t/GtkRecentChooser.t ............... ok
2022-10-11 23:50:49.073 perl[73586:11273881] *** WARNING: Method userSpaceScaleFactor in class NSView is deprecated on 10.7 and later. It should not be used in new applications. Use convertRectToBacking: instead. 
t/GtkRecentChooserDialog.t ......... ok
2022-10-11 23:50:49.567 perl[73587:11273891] *** WARNING: Method userSpaceScaleFactor in class NSView is deprecated on 10.7 and later. It should not be used in new applications. Use convertRectToBacking: instead. 
t/GtkRecentChooserMenu.t ........... ok
2022-10-11 23:50:49.945 perl[73588:11273897] *** WARNING: Method userSpaceScaleFactor in class NSView is deprecated on 10.7 and later. It should not be used in new applications. Use convertRectToBacking: instead. 
t/GtkRecentChooserWidget.t ......... ok
2022-10-11 23:50:50.415 perl[73589:11273903] *** WARNING: Method userSpaceScaleFactor in class NSView is deprecated on 10.7 and later. It should not be used in new applications. Use convertRectToBacking: instead. 
t/GtkRecentFilter.t ................ ok
2022-10-11 23:50:50.920 perl[73590:11273910] *** WARNING: Method userSpaceScaleFactor in class NSView is deprecated on 10.7 and later. It should not be used in new applications. Use convertRectToBacking: instead. 
t/GtkRecentManager.t ............... ok
t/GtkRuler.t ....................... ok
2022-10-11 23:50:51.717 perl[73592:11273926] *** WARNING: Method userSpaceScaleFactor in class NSView is deprecated on 10.7 and later. It should not be used in new applications. Use convertRectToBacking: instead. 
t/GtkScale.t ....................... ok
2022-10-11 23:50:52.849 perl[73593:11273940] *** WARNING: Method userSpaceScaleFactor in class NSView is deprecated on 10.7 and later. It should not be used in new applications. Use convertRectToBacking: instead. 
t/GtkScaleButton.t ................. ok
2022-10-11 23:50:53.831 perl[73594:11273946] *** WARNING: Method userSpaceScaleFactor in class NSView is deprecated on 10.7 and later. It should not be used in new applications. Use convertRectToBacking: instead. 
t/GtkScrolledWindow.t .............. ok
2022-10-11 23:50:54.302 perl[73595:11273950] *** WARNING: Method userSpaceScaleFactor in class NSView is deprecated on 10.7 and later. It should not be used in new applications. Use convertRectToBacking: instead. 
t/GtkSelection.t ................... ok
t/GtkSeparatorMenuItem.t ........... ok
2022-10-11 23:50:55.107 perl[73597:11273958] *** WARNING: Method userSpaceScaleFactor in class NSView is deprecated on 10.7 and later. It should not be used in new applications. Use convertRectToBacking: instead. 
t/GtkSeparatorToolItem.t ........... ok
t/GtkShow.t ........................ skipped: can only test interactively
2022-10-11 23:50:55.869 perl[73599:11273966] *** WARNING: Method userSpaceScaleFactor in class NSView is deprecated on 10.7 and later. It should not be used in new applications. Use convertRectToBacking: instead. 
t/GtkSimpleList.t .................. ok
2022-10-11 23:50:56.405 perl[73600:11273975] *** WARNING: Method userSpaceScaleFactor in class NSView is deprecated on 10.7 and later. It should not be used in new applications. Use convertRectToBacking: instead. 
t/GtkSimpleMenu.t .................. ok
t/GtkSizeGroup.t ................... ok
2022-10-11 23:50:57.193 perl[73602:11273983] *** WARNING: Method userSpaceScaleFactor in class NSView is deprecated on 10.7 and later. It should not be used in new applications. Use convertRectToBacking: instead. 
t/GtkSpinButton.t .................. ok
t/GtkSpinner.t ..................... ok
t/GtkStatusbar.t ................... ok
2022-10-11 23:50:59.117 perl[73605:11274005] *** WARNING: Method userSpaceScaleFactor in class NSView is deprecated on 10.7 and later. It should not be used in new applications. Use convertRectToBacking: instead. 
t/GtkStatusIcon.t .................. 
Failed 29/37 subtests 
t/GtkStock.t ....................... ok
2022-10-11 23:50:59.953 perl[73609:11274018] *** WARNING: Method userSpaceScaleFactor in class NSView is deprecated on 10.7 and later. It should not be used in new applications. Use convertRectToBacking: instead. 
t/GtkStyle.t ....................... ok
2022-10-11 23:51:00.592 perl[73611:11274047] *** WARNING: Method userSpaceScaleFactor in class NSView is deprecated on 10.7 and later. It should not be used in new applications. Use convertRectToBacking: instead. 
t/GtkTable.t ....................... ok
t/GtkTearoffMenuItem.t ............. ok
2022-10-11 23:51:01.334 perl[73614:11274077] *** WARNING: Method userSpaceScaleFactor in class NSView is deprecated on 10.7 and later. It should not be used in new applications. Use convertRectToBacking: instead. 
t/GtkTextBuffer.t .................. ok
2022-10-11 23:51:01.786 perl[73615:11274084] *** WARNING: Method userSpaceScaleFactor in class NSView is deprecated on 10.7 and later. It should not be used in new applications. Use convertRectToBacking: instead. 
GLib-WARNING **: (../glib/gerror.c:763):g_error_new_valist: runtime check failed: (domain != 0) at t/GtkTextBufferRichText.t line 210, <DATA> line 1.
t/GtkTextBufferRichText.t .......... ok
2022-10-11 23:51:02.393 perl[73617:11274107] *** WARNING: Method userSpaceScaleFactor in class NSView is deprecated on 10.7 and later. It should not be used in new applications. Use convertRectToBacking: instead. 
t/GtkTextChildAnchor.t ............. ok
t/GtkTextIter.t .................... ok
t/GtkTextMark.t .................... ok
2022-10-11 23:51:04.129 perl[73623:11274148] *** WARNING: Method userSpaceScaleFactor in class NSView is deprecated on 10.7 and later. It should not be used in new applications. Use convertRectToBacking: instead. 
t/GtkTextTag.t ..................... ok
t/GtkTextTagTable.t ................ ok
2022-10-11 23:51:04.872 perl[73625:11274154] *** WARNING: Method userSpaceScaleFactor in class NSView is deprecated on 10.7 and later. It should not be used in new applications. Use convertRectToBacking: instead. 
t/GtkTextView.t .................... ok
2022-10-11 23:51:05.924 perl[73626:11274161] *** WARNING: Method userSpaceScaleFactor in class NSView is deprecated on 10.7 and later. It should not be used in new applications. Use convertRectToBacking: instead. 
t/GtkToggleAction.t ................ ok
2022-10-11 23:51:06.393 perl[73627:11274167] *** WARNING: Method userSpaceScaleFactor in class NSView is deprecated on 10.7 and later. It should not be used in new applications. Use convertRectToBacking: instead. 
t/GtkToggleButton.t ................ ok
2022-10-11 23:51:06.755 perl[73628:11274172] *** WARNING: Method userSpaceScaleFactor in class NSView is deprecated on 10.7 and later. It should not be used in new applications. Use convertRectToBacking: instead. 
t/GtkToggleToolButton.t ............ ok
2022-10-11 23:51:07.244 perl[73630:11274177] *** WARNING: Method userSpaceScaleFactor in class NSView is deprecated on 10.7 and later. It should not be used in new applications. Use convertRectToBacking: instead. 
t/GtkToolbar.t ..................... ok
2022-10-11 23:51:08.369 perl[73631:11274187] *** WARNING: Method userSpaceScaleFactor in class NSView is deprecated on 10.7 and later. It should not be used in new applications. Use convertRectToBacking: instead. 
t/GtkToolButton.t .................. ok
2022-10-11 23:51:08.738 perl[73632:11274193] *** WARNING: Method userSpaceScaleFactor in class NSView is deprecated on 10.7 and later. It should not be used in new applications. Use convertRectToBacking: instead. 
t/GtkToolItem.t .................... ok
2022-10-11 23:51:09.128 perl[73633:11274198] *** WARNING: Method userSpaceScaleFactor in class NSView is deprecated on 10.7 and later. It should not be used in new applications. Use convertRectToBacking: instead. 
t/GtkToolItemGroup.t ............... ok
2022-10-11 23:51:10.274 perl[73634:11274212] *** WARNING: Method userSpaceScaleFactor in class NSView is deprecated on 10.7 and later. It should not be used in new applications. Use convertRectToBacking: instead. 
t/GtkToolPalette.t ................. ok
2022-10-11 23:51:10.676 perl[73635:11274218] *** WARNING: Method userSpaceScaleFactor in class NSView is deprecated on 10.7 and later. It should not be used in new applications. Use convertRectToBacking: instead. 
t/GtkToolShell.t ................... ok
2022-10-11 23:51:11.058 perl[73636:11274224] *** WARNING: Method userSpaceScaleFactor in class NSView is deprecated on 10.7 and later. It should not be used in new applications. Use convertRectToBacking: instead. 
t/GtkTooltip.t ..................... ok
2022-10-11 23:51:11.495 perl[73637:11274231] *** WARNING: Method userSpaceScaleFactor in class NSView is deprecated on 10.7 and later. It should not be used in new applications. Use convertRectToBacking: instead. 
t/GtkTooltips.t .................... ok
t/GtkTreeDnd.t ..................... ok
t/GtkTreeModel.t ................... ok
t/GtkTreeModelFilter.t ............. ok
t/GtkTreeModelIface.t .............. ok
t/GtkTreeModelSort.t ............... ok
2022-10-11 23:51:13.580 perl[73643:11274257] *** WARNING: Method userSpaceScaleFactor in class NSView is deprecated on 10.7 and later. It should not be used in new applications. Use convertRectToBacking: instead. 
t/GtkTreeSelection.t ............... ok
t/GtkTreeSortable.t ................ ok
t/GtkTreeStore.t ................... ok
t/GtkTreeView-Dnd.t ................ skipped: this test is interactive
2022-10-11 23:51:15.096 perl[73647:11274272] *** WARNING: Method userSpaceScaleFactor in class NSView is deprecated on 10.7 and later. It should not be used in new applications. Use convertRectToBacking: instead. 
t/GtkTreeView.t .................... ok
2022-10-11 23:51:16.409 perl[73648:11274292] *** WARNING: Method userSpaceScaleFactor in class NSView is deprecated on 10.7 and later. It should not be used in new applications. Use convertRectToBacking: instead. 
t/GtkUIManager.t ................... ok
t/GtkVBox.t ........................ ok
t/GtkVButtonBox.t .................. ok
2022-10-11 23:51:17.444 perl[73651:11274304] *** WARNING: Method userSpaceScaleFactor in class NSView is deprecated on 10.7 and later. It should not be used in new applications. Use convertRectToBacking: instead. 
t/GtkViewport.t .................... ok
2022-10-11 23:51:17.958 perl[73652:11274308] *** WARNING: Method userSpaceScaleFactor in class NSView is deprecated on 10.7 and later. It should not be used in new applications. Use convertRectToBacking: instead. 
t/GtkVolumeButton.t ................ ok
t/GtkVPaned.t ...................... ok
t/GtkVRuler.t ...................... ok
2022-10-11 23:51:19.685 perl[73655:11274318] *** WARNING: Method userSpaceScaleFactor in class NSView is deprecated on 10.7 and later. It should not be used in new applications. Use convertRectToBacking: instead. 
t/GtkVScale.t ...................... ok
t/GtkVScrollbar.t .................. ok
t/GtkVSeparator.t .................. ok
2022-10-11 23:51:21.486 perl[73660:11274329] *** WARNING: Method userSpaceScaleFactor in class NSView is deprecated on 10.7 and later. It should not be used in new applications. Use convertRectToBacking: instead. 
t/GtkWidget.t ...................... ok
2022-10-11 23:51:22.836 perl[73661:11274370] *** WARNING: Method userSpaceScaleFactor in class NSView is deprecated on 10.7 and later. It should not be used in new applications. Use convertRectToBacking: instead. 
t/options.t ........................ ok
2022-10-11 23:51:23.316 perl[73662:11274406] *** WARNING: Method userSpaceScaleFactor in class NSView is deprecated on 10.7 and later. It should not be used in new applications. Use convertRectToBacking: instead. 
t/pango-compat.t ................... ok
2022-10-11 23:51:24.263 perl[73663:11274414] *** WARNING: Method userSpaceScaleFactor in class NSView is deprecated on 10.7 and later. It should not be used in new applications. Use convertRectToBacking: instead. 
t/PangoAttributes.t ................ ok
Fontconfig warning: "/usr/local/etc/fonts/fonts.conf", line 86: unknown element "blank"
t/PangoCairo.t ..................... ok
2022-10-11 23:51:26.273 perl[73665:11274435] *** WARNING: Method userSpaceScaleFactor in class NSView is deprecated on 10.7 and later. It should not be used in new applications. Use convertRectToBacking: instead. 
t/PangoContext.t ................... ok
2022-10-11 23:51:27.390 perl[73666:11274441] *** WARNING: Method userSpaceScaleFactor in class NSView is deprecated on 10.7 and later. It should not be used in new applications. Use convertRectToBacking: instead. 
t/PangoFont.t ...................... ok
2022-10-11 23:51:28.440 perl[73667:11274454] *** WARNING: Method userSpaceScaleFactor in class NSView is deprecated on 10.7 and later. It should not be used in new applications. Use convertRectToBacking: instead. 
t/PangoFontMap.t ................... ok
2022-10-11 23:51:29.324 perl[73668:11274466] *** WARNING: Method userSpaceScaleFactor in class NSView is deprecated on 10.7 and later. It should not be used in new applications. Use convertRectToBacking: instead. 
t/PangoFontset.t ................... ok
t/PangoGravity.t ................... ok
2022-10-11 23:51:30.941 perl[73670:11274476] *** WARNING: Method userSpaceScaleFactor in class NSView is deprecated on 10.7 and later. It should not be used in new applications. Use convertRectToBacking: instead. 
t/PangoLayout.t .................... ok
t/PangoMatrix.t .................... ok
2022-10-11 23:51:32.625 perl[73673:11274504] *** WARNING: Method userSpaceScaleFactor in class NSView is deprecated on 10.7 and later. It should not be used in new applications. Use convertRectToBacking: instead. 
t/PangoRenderer.t .................. ok
2022-10-11 23:51:33.539 perl[73674:11274534] *** WARNING: Method userSpaceScaleFactor in class NSView is deprecated on 10.7 and later. It should not be used in new applications. Use convertRectToBacking: instead. 
t/PangoScript.t .................... ok
t/PangoTabs.t ...................... ok
t/PangoTypes.t ..................... ok
2022-10-11 23:51:34.672 perl[73677:11274550] *** WARNING: Method userSpaceScaleFactor in class NSView is deprecated on 10.7 and later. It should not be used in new applications. Use convertRectToBacking: instead. 
t/set-scroll-adjustments-signal.t .. ok
2022-10-11 23:51:35.150 perl[73678:11274555] *** WARNING: Method userSpaceScaleFactor in class NSView is deprecated on 10.7 and later. It should not be used in new applications. Use convertRectToBacking: instead. 
t/signal-chaining.t ................ ok
2022-10-11 23:51:35.520 perl[73679:11274562] *** WARNING: Method userSpaceScaleFactor in class NSView is deprecated on 10.7 and later. It should not be used in new applications. Use convertRectToBacking: instead. 
t/tied-objects.t ................... ok
t/version-checks.t ................. ok

Test Summary Report
-------------------
t/GdkColor.t                     (Wstat: 256 (exited 1) Tests: 18 Failed: 1)
  Failed test:  3
  Non-zero exit status: 1
t/GdkCursor.t                    (Wstat: 256 (exited 1) Tests: 9 Failed: 1)
  Failed test:  2
  Non-zero exit status: 1
t/GdkDisplay.t                   (Wstat: 512 (exited 2) Tests: 27 Failed: 2)
  Failed tests:  3-4
  Non-zero exit status: 2
t/GdkDrawable.t                  (Wstat: 11 (Signal: SEGV) Tests: 9 Failed: 0)
  Non-zero wait status: 11
  Parse errors: Bad plan.  You planned 15 tests but ran 9.
t/GdkEvent.t                     (Wstat: 512 (exited 2) Tests: 110 Failed: 0)
  Non-zero exit status: 2
  Parse errors: Bad plan.  You planned 123 tests but ran 110.
t/GdkGC.t                        (Wstat: 512 (exited 2) Tests: 1 Failed: 0)
  Non-zero exit status: 2
  Parse errors: Bad plan.  You planned 35 tests but ran 1.
t/GdkImage.t                     (Wstat: 512 (exited 2) Tests: 12 Failed: 0)
  Non-zero exit status: 2
  Parse errors: Bad plan.  You planned 23 tests but ran 12.
t/GdkPixbuf.t                    (Wstat: 256 (exited 1) Tests: 112 Failed: 1)
  Failed test:  44
  Non-zero exit status: 1
t/GdkProperty.t                  (Wstat: 512 (exited 2) Tests: 14 Failed: 0)
  Non-zero exit status: 2
  Parse errors: Bad plan.  You planned 49 tests but ran 14.
t/GdkSelection.t                 (Wstat: 256 (exited 1) Tests: 20 Failed: 1)
  Failed test:  20
  Non-zero exit status: 1
t/GtkClipboard.t                 (Wstat: 65280 (exited 255) Tests: 25 Failed: 3)
  Failed tests:  12, 17, 25
  Non-zero exit status: 255
  Parse errors: Bad plan.  You planned 115 tests but ran 25.
t/GtkGC.t                        (Wstat: 512 (exited 2) Tests: 0 Failed: 0)
  Non-zero exit status: 2
  Parse errors: Bad plan.  You planned 3 tests but ran 0.
t/GtkLabel.t                     (Wstat: 256 (exited 1) Tests: 32 Failed: 1)
  Failed test:  16
  Non-zero exit status: 1
t/GtkStatusIcon.t                (Wstat: 11 (Signal: SEGV) Tests: 8 Failed: 0)
  Non-zero wait status: 11
  Parse errors: Bad plan.  You planned 37 tests but ran 8.
Files=228, Tests=4844, 138 wallclock secs ( 1.07 usr  0.73 sys + 92.51 cusr 14.32 csys = 108.63 CPU)
Result: FAIL
Failed 14/228 test programs. 10/4844 subtests failed.
make: *** [test_dynamic] Error 255

------------------------------
PREREQUISITES
------------------------------

Prerequisite modules loaded:

requires:

    Module              Need  Have  
    ------------------- ----- ------
    Cairo               1.000 1.109 
    ExtUtils::Depends   0.300 0.8001
    ExtUtils::PkgConfig 1.030 1.16  
    Glib                1.280 1.3293
    Pango               1.220 1.227 

build_requires:

    Module              Need  Have  
    ------------------- ----- ------
    ExtUtils::MakeMaker 0     7.64  

configure_requires:

    Module              Need  Have  
    ------------------- ----- ------
    Cairo               1.000 1.109 
    ExtUtils::Depends   0.300 0.8001
    ExtUtils::MakeMaker 0     7.64  
    ExtUtils::PkgConfig 1.030 1.16  
    Glib                1.280 1.3293
    Pango               1.220 1.227 


------------------------------
ENVIRONMENT AND OTHER CONTEXT
------------------------------

Environment variables:

    LC_CTYPE = UTF-8
    PATH = /Users/gintas/Projects/perl5/bin:/usr/local/bin:/usr/bin:/bin:/usr/sbin:/sbin:/usr/local/MacGPG2/bin:/opt/X11/bin:/Library/Apple/usr/bin
    PERL5LIB = /Users/gintas/Projects/perl5/lib/perl5
    PERL5OPT = 
    PERL5_CPANPLUS_IS_RUNNING = 68590
    PERL5_CPAN_IS_RUNNING = 68590
    PERL_LOCAL_LIB_ROOT = /Users/gintas/Projects/perl5
    PERL_MB_OPT = --install_base "/Users/gintas/Projects/perl5"
    PERL_MM_OPT = INSTALL_BASE=/Users/gintas/Projects/perl5
    PERL_USE_UNSAFE_INC = 1
    SHELL = /bin/bash
    TERM = xterm-256color
    TMPDIR = /var/folders/7j/gsygg6dj3yg5vj5ph2nk1x880000gn/T/

Perl special variables (and OS-specific diagnostics, for MSWin32):

    $^X = /usr/local/Cellar/perl/5.36.0/bin/perl
    $UID/$EUID = 501 / 501
    $GID = 20 20 701 12 61 79 80 81 98 703 702 704 33 100 204 250 395
    $EGID = 20 20 701 12 61 79 80 81 98 703 702 704 33 100 204 250 395

Perl module toolchain versions installed:

    Module              Have    
    ------------------- --------
    CPAN                2.34    
    CPAN::Meta          2.150010
    Cwd                 3.84    
    ExtUtils::CBuilder  0.280236
    ExtUtils::Command   7.64    
    ExtUtils::Install   2.20    
    ExtUtils::MakeMaker 7.64    
    ExtUtils::Manifest  1.73    
    ExtUtils::ParseXS   3.44    
    File::Spec          3.84    
    JSON                4.10    
    JSON::PP            4.12    
    Module::Build       0.4231  
    Module::Signature   0.88    
    Parse::CPAN::Meta   2.150010
    Test::Harness       3.44    
    Test::More          1.302191
    YAML                1.30    
    YAML::Syck          1.34    
    version             0.9929  


--

Summary of my perl5 (revision 5 version 36 subversion 0) configuration:
   
  Platform:
    osname=darwin
    osvers=21.6.0
    archname=darwin-thread-multi-2level
    uname='darwin monterey 21.6.0 darwin kernel version 21.6.0: mon aug 22 20:17:10 pdt 2022; root:xnu-8020.140.49~2release_x86_64 x86_64 '
    config_args='-des -Dinstallstyle=lib/perl5 -Dinstallprefix=/usr/local/Cellar/perl/5.36.0 -Dprefix=/usr/local/opt/perl -Dprivlib=/usr/local/opt/perl/lib/perl5/5.36 -Dsitelib=/usr/local/opt/perl/lib/perl5/site_perl/5.36 -Dotherlibdirs=/usr/local/lib/perl5/site_perl/5.36 -Dperlpath=/usr/local/opt/perl/bin/perl -Dstartperl=#!/usr/local/opt/perl/bin/perl -Dman1dir=/usr/local/opt/perl/share/man/man1 -Dman3dir=/usr/local/opt/perl/share/man/man3 -Duseshrplib -Duselargefiles -Dusethreads'
    hint=recommended
    useposix=true
    d_sigaction=define
    useithreads=define
    usemultiplicity=define
    use64bitint=define
    use64bitall=define
    uselongdouble=undef
    usemymalloc=n
    default_inc_excludes_dot=define
  Compiler:
    cc='cc'
    ccflags ='-fno-common -DPERL_DARWIN -mmacosx-version-min=12.6 -fno-strict-aliasing -pipe -fstack-protector-strong -I/usr/local/include -DPERL_USE_SAFE_PUTENV'
    optimize='-O3'
    cppflags='-fno-common -DPERL_DARWIN -mmacosx-version-min=12.6 -fno-strict-aliasing -pipe -fstack-protector-strong -I/usr/local/include'
    ccversion=''
    gccversion='Apple LLVM 14.0.0 (clang-1400.0.29.102)'
    gccosandvers=''
    intsize=4
    longsize=8
    ptrsize=8
    doublesize=8
    byteorder=12345678
    doublekind=3
    d_longlong=define
    longlongsize=8
    d_longdbl=define
    longdblsize=16
    longdblkind=3
    ivtype='long'
    ivsize=8
    nvtype='double'
    nvsize=8
    Off_t='off_t'
    lseeksize=8
    alignbytes=8
    prototype=define
  Linker and Libraries:
    ld='cc'
    ldflags =' -mmacosx-version-min=12.6 -fstack-protector-strong -L/usr/local/lib'
    libpth=/usr/local/opt/openssl@1.1/lib /usr/local/opt/berkeley-db/lib /usr/local/lib /Applications/Xcode.app/Contents/Developer/Toolchains/XcodeDefault.xctoolchain/usr/lib/clang/14.0.0/lib /Library/Developer/CommandLineTools/SDKs/MacOSX12.sdk/usr/lib /Applications/Xcode.app/Contents/Developer/Toolchains/XcodeDefault.xctoolchain/usr/lib /usr/lib
    libs=-lgdbm -ldb
    perllibs=
    libc=
    so=dylib
    useshrplib=true
    libperl=libperl.dylib
    gnulibc_version=''
  Dynamic Linking:
    dlsrc=dl_dlopen.xs
    dlext=bundle
    d_dlsymun=undef
    ccdlflags=' '
    cccdlflags=' '
    lddlflags=' -mmacosx-version-min=12.6 -bundle -undefined dynamic_lookup -L/usr/local/lib -fstack-protector-strong'


Characteristics of this binary (from libperl): 
  Compile-time options:
    HAS_TIMES
    MULTIPLICITY
    PERLIO_LAYERS
    PERL_COPY_ON_WRITE
    PERL_DONT_CREATE_GVSV
    PERL_MALLOC_WRAP
    PERL_OP_PARENT
    PERL_PRESERVE_IVUV
    PERL_USE_SAFE_PUTENV
    USE_64_BIT_ALL
    USE_64_BIT_INT
    USE_ITHREADS
    USE_LARGE_FILES
    USE_LOCALE
    USE_LOCALE_COLLATE
    USE_LOCALE_CTYPE
    USE_LOCALE_NUMERIC
    USE_LOCALE_TIME
    USE_PERLIO
    USE_PERL_ATOF
    USE_REENTRANT_API
    USE_THREAD_SAFE_LOCALE
  Built under darwin
  Compiled at Oct  3 2022 21:04:43
  %ENV:
    PERL5LIB="/Users/gintas/Projects/perl5/lib/perl5"
    PERL5OPT=""
    PERL5_CPANPLUS_IS_RUNNING="68590"
    PERL5_CPAN_IS_RUNNING="68590"
    PERL_LOCAL_LIB_ROOT="/Users/gintas/Projects/perl5"
    PERL_MB_OPT="--install_base "/Users/gintas/Projects/perl5""
    PERL_MM_OPT="INSTALL_BASE=/Users/gintas/Projects/perl5"
    PERL_USE_UNSAFE_INC="1"
  @INC:
    /Users/gintas/Projects/perl5/lib/perl5/darwin-thread-multi-2level
    /Users/gintas/Projects/perl5/lib/perl5
    /usr/local/opt/perl/lib/perl5/site_perl/5.36/darwin-thread-multi-2level
    /usr/local/opt/perl/lib/perl5/site_perl/5.36
    /usr/local/opt/perl/lib/perl5/5.36/darwin-thread-multi-2level
    /usr/local/opt/perl/lib/perl5/5.36
    /usr/local/lib/perl5/site_perl/5.36/darwin-thread-multi-2level
    /usr/local/lib/perl5/site_perl/5.36
    .