Report for AnyEvent-Mojo-0.8003

Back
From: metabase:user:e3434da8-b236-11df-85ca-0247c6d74bde
Subject: FAIL AnyEvent-Mojo-0.8003 v5.12.2 GNU/Linux
Date: 2010-10-10T19:09:21Z

This distribution has been tested as part of the CPAN Testers
project, supporting the Perl programming language.  See
http://wiki.cpantesters.org/ for more information or email
questions to cpan-testers-discuss@perl.org


--
Dear Pedro Melo,

This is a computer-generated report for AnyEvent-Mojo-0.8003
on perl 5.12.2, created by CPAN-Reporter-1.1803.

Thank you for uploading your work to CPAN.  However, there was a problem
testing your distribution.

If you think this report is invalid, please consult the CPAN Testers Wiki
for suggestions on how to avoid getting FAIL reports for missing library
or binary dependencies, unsupported operating systems, and so on:

http://wiki.cpantesters.org/wiki/CPANAuthorNotes

Sections of this report:

    * Tester comments
    * Program output
    * Prerequisites
    * Environment and other context

------------------------------
TESTER COMMENTS
------------------------------

Additional comments from tester:

this report is from an automated smoke testing program
and was not reviewed by a human for accuracy

------------------------------
PROGRAM OUTPUT
------------------------------

Output from '/usr/bin/make test':

PERL_DL_NONLAZY=1 /home/cpt0/testing/perl-5.12.2/bin/perl "-MExtUtils::Command::MM" "-e" "test_harness(0, 'blib/lib', 'blib/arch')" t/*.t

#   Failed test 'use AnyEvent::Mojo::Server::Connection;'
#   at t/00-load.t line 6.
#     Tried to use 'AnyEvent::Mojo::Server::Connection'.
#     Error:  Can't locate Mojo/Transaction/Pipeline.pm in @INC (@INC contains: /home/cpt0/.cpan/build/AnyEvent-Mojo-0.8003-0f8pUE/blib/lib /home/cpt0/.cpan/build/AnyEvent-Mojo-0.8003-0f8pUE/blib/arch /home/cpt0/.cpan/build/AnyEvent-HTTP-1.46-_iyx6p/blib/arch /home/cpt0/.cpan/build/AnyEvent-HTTP-1.46-_iyx6p/blib/lib /home/cpt0/.cpan/build/AnyEvent-5.271-WpgJZk/blib/arch /home/cpt0/.cpan/build/AnyEvent-5.271-WpgJZk/blib/lib /home/cpt0/.cpan/build/Test-Deep-0.107-PCqXnC/blib/arch /home/cpt0/.cpan/build/Test-Deep-0.107-PCqXnC/blib/lib /home/cpt0/.cpan/build/Mojolicious-0.999929-TfoCC7/blib/arch /home/cpt0/.cpan/build/Mojolicious-0.999929-TfoCC7/blib/lib /home/cpt0/.cpan/build/AnyEvent-HTTP-1.46-_iyx6p/blib/arch /home/cpt0/.cpan/build/AnyEvent-HTTP-1.46-_iyx6p/blib/lib /home/cpt0/.cpan/build/AnyEvent-5.271-WpgJZk/blib/arch /home/cpt0/.cpan/build/AnyEvent-5.271-WpgJZk/blib/lib /home/cpt0/.cpan/build/Test-Deep-0.107-PCqXnC/blib/arch /home/cpt0/.cpan/build/Test-Deep-0.107-PCqXnC/blib/lib /home/cpt0/.cpan/build/Mojolicious-0.999929-TfoCC7/blib/arch /home/cpt0/.cpan/build/Mojolicious-0.999929-TfoCC7/blib/lib /home/cpt0/testing/perl-5.12.2/lib/site_perl/5.12.2/i686-linux /home/cpt0/testing/perl-5.12.2/lib/site_perl/5.12.2 /home/cpt0/testing/perl-5.12.2/lib/5.12.2/i686-linux /home/cpt0/testing/perl-5.12.2/lib/5.12.2 .) at /home/cpt0/.cpan/build/AnyEvent-Mojo-0.8003-0f8pUE/blib/lib/AnyEvent/Mojo/Server/Connection.pm line 9.
# BEGIN failed--compilation aborted at /home/cpt0/.cpan/build/AnyEvent-Mojo-0.8003-0f8pUE/blib/lib/AnyEvent/Mojo/Server/Connection.pm line 9.
# Compilation failed in require at (eval 4) line 2.
# BEGIN failed--compilation aborted at (eval 4) line 2.

#   Failed test 'use AnyEvent::Mojo::Server;'
#   at t/00-load.t line 7.
#     Tried to use 'AnyEvent::Mojo::Server'.
#     Error:  Attempt to reload AnyEvent/Mojo/Server/Connection.pm aborted.
# Compilation failed in require at /home/cpt0/.cpan/build/AnyEvent-Mojo-0.8003-0f8pUE/blib/lib/AnyEvent/Mojo/Server.pm line 14.
# BEGIN failed--compilation aborted at /home/cpt0/.cpan/build/AnyEvent-Mojo-0.8003-0f8pUE/blib/lib/AnyEvent/Mojo/Server.pm line 14.
# Compilation failed in require at (eval 5) line 2.
# BEGIN failed--compilation aborted at (eval 5) line 2.

#   Failed test 'use AnyEvent::Mojo;'
#   at t/00-load.t line 8.
#     Tried to use 'AnyEvent::Mojo'.
#     Error:  Attempt to reload AnyEvent/Mojo/Server.pm aborted.
# Compilation failed in require at /home/cpt0/.cpan/build/AnyEvent-Mojo-0.8003-0f8pUE/blib/lib/AnyEvent/Mojo.pm line 9.
# BEGIN failed--compilation aborted at /home/cpt0/.cpan/build/AnyEvent-Mojo-0.8003-0f8pUE/blib/lib/AnyEvent/Mojo.pm line 9.
# Compilation failed in require at (eval 56) line 2.
# BEGIN failed--compilation aborted at (eval 56) line 2.
Use of uninitialized value $AnyEvent::Mojo::VERSION in concatenation (.) or string at t/00-load.t line 10.
# Testing AnyEvent::Mojo , Perl 5.012002, /home/cpt0/testing/perl-5.12.2/bin/perl
# Looks like you failed 3 tests of 3.
t/00-load.t ............... 
Dubious, test returned 3 (wstat 768, 0x300)
Failed 3/3 subtests 
Can't locate Mojo/Transaction/Pipeline.pm in @INC (@INC contains: /home/cpt0/.cpan/build/AnyEvent-Mojo-0.8003-0f8pUE/blib/lib /home/cpt0/.cpan/build/AnyEvent-Mojo-0.8003-0f8pUE/blib/arch /home/cpt0/.cpan/build/AnyEvent-HTTP-1.46-_iyx6p/blib/arch /home/cpt0/.cpan/build/AnyEvent-HTTP-1.46-_iyx6p/blib/lib /home/cpt0/.cpan/build/AnyEvent-5.271-WpgJZk/blib/arch /home/cpt0/.cpan/build/AnyEvent-5.271-WpgJZk/blib/lib /home/cpt0/.cpan/build/Test-Deep-0.107-PCqXnC/blib/arch /home/cpt0/.cpan/build/Test-Deep-0.107-PCqXnC/blib/lib /home/cpt0/.cpan/build/Mojolicious-0.999929-TfoCC7/blib/arch /home/cpt0/.cpan/build/Mojolicious-0.999929-TfoCC7/blib/lib /home/cpt0/.cpan/build/AnyEvent-HTTP-1.46-_iyx6p/blib/arch /home/cpt0/.cpan/build/AnyEvent-HTTP-1.46-_iyx6p/blib/lib /home/cpt0/.cpan/build/AnyEvent-5.271-WpgJZk/blib/arch /home/cpt0/.cpan/build/AnyEvent-5.271-WpgJZk/blib/lib /home/cpt0/.cpan/build/Test-Deep-0.107-PCqXnC/blib/arch /home/cpt0/.cpan/build/Test-Deep-0.107-PCqXnC/blib/lib /home/cpt0/.cpan/build/Mojolicious-0.999929-TfoCC7/blib/arch /home/cpt0/.cpan/build/Mojolicious-0.999929-TfoCC7/blib/lib /home/cpt0/testing/perl-5.12.2/lib/site_perl/5.12.2/i686-linux /home/cpt0/testing/perl-5.12.2/lib/site_perl/5.12.2 /home/cpt0/testing/perl-5.12.2/lib/5.12.2/i686-linux /home/cpt0/testing/perl-5.12.2/lib/5.12.2 .) at /home/cpt0/.cpan/build/AnyEvent-Mojo-0.8003-0f8pUE/blib/lib/AnyEvent/Mojo/Server/Connection.pm line 9.
BEGIN failed--compilation aborted at /home/cpt0/.cpan/build/AnyEvent-Mojo-0.8003-0f8pUE/blib/lib/AnyEvent/Mojo/Server/Connection.pm line 9.
Compilation failed in require at /home/cpt0/.cpan/build/AnyEvent-Mojo-0.8003-0f8pUE/blib/lib/AnyEvent/Mojo/Server.pm line 14.
BEGIN failed--compilation aborted at /home/cpt0/.cpan/build/AnyEvent-Mojo-0.8003-0f8pUE/blib/lib/AnyEvent/Mojo/Server.pm line 14.
Compilation failed in require at /home/cpt0/.cpan/build/AnyEvent-Mojo-0.8003-0f8pUE/blib/lib/AnyEvent/Mojo.pm line 9.
BEGIN failed--compilation aborted at /home/cpt0/.cpan/build/AnyEvent-Mojo-0.8003-0f8pUE/blib/lib/AnyEvent/Mojo.pm line 9.
Compilation failed in require at t/03-functional.t line 7.
BEGIN failed--compilation aborted at t/03-functional.t line 7.
t/03-functional.t ......... 
Dubious, test returned 2 (wstat 512, 0x200)
No subtests run 
Can't locate Mojo/Transaction/Pipeline.pm in @INC (@INC contains: t/tlib /home/cpt0/.cpan/build/AnyEvent-Mojo-0.8003-0f8pUE/blib/lib /home/cpt0/.cpan/build/AnyEvent-Mojo-0.8003-0f8pUE/blib/arch /home/cpt0/.cpan/build/AnyEvent-HTTP-1.46-_iyx6p/blib/arch /home/cpt0/.cpan/build/AnyEvent-HTTP-1.46-_iyx6p/blib/lib /home/cpt0/.cpan/build/AnyEvent-5.271-WpgJZk/blib/arch /home/cpt0/.cpan/build/AnyEvent-5.271-WpgJZk/blib/lib /home/cpt0/.cpan/build/Test-Deep-0.107-PCqXnC/blib/arch /home/cpt0/.cpan/build/Test-Deep-0.107-PCqXnC/blib/lib /home/cpt0/.cpan/build/Mojolicious-0.999929-TfoCC7/blib/arch /home/cpt0/.cpan/build/Mojolicious-0.999929-TfoCC7/blib/lib /home/cpt0/testing/perl-5.12.2/lib/site_perl/5.12.2/i686-linux /home/cpt0/testing/perl-5.12.2/lib/site_perl/5.12.2 /home/cpt0/testing/perl-5.12.2/lib/5.12.2/i686-linux /home/cpt0/testing/perl-5.12.2/lib/5.12.2 .) at /home/cpt0/.cpan/build/AnyEvent-Mojo-0.8003-0f8pUE/blib/lib/AnyEvent/Mojo/Server/Connection.pm line 9.
BEGIN failed--compilation aborted at /home/cpt0/.cpan/build/AnyEvent-Mojo-0.8003-0f8pUE/blib/lib/AnyEvent/Mojo/Server/Connection.pm line 9.
Compilation failed in require at /home/cpt0/.cpan/build/AnyEvent-Mojo-0.8003-0f8pUE/blib/lib/AnyEvent/Mojo/Server.pm line 14.
BEGIN failed--compilation aborted at /home/cpt0/.cpan/build/AnyEvent-Mojo-0.8003-0f8pUE/blib/lib/AnyEvent/Mojo/Server.pm line 14.
Compilation failed in require at (eval 13) line 2.
	...propagated at /home/cpt0/testing/perl-5.12.2/lib/5.12.2/base.pm line 94.
BEGIN failed--compilation aborted at t/tlib/MyTestServer.pm line 9.
Compilation failed in require at t/05-simple.t line 11.
BEGIN failed--compilation aborted at t/05-simple.t line 11.
t/05-simple.t ............. 
Dubious, test returned 2 (wstat 512, 0x200)
No subtests run 
Can't locate Mojo/Transaction/Pipeline.pm in @INC (@INC contains: t/tlib /home/cpt0/.cpan/build/AnyEvent-Mojo-0.8003-0f8pUE/blib/lib /home/cpt0/.cpan/build/AnyEvent-Mojo-0.8003-0f8pUE/blib/arch /home/cpt0/.cpan/build/AnyEvent-HTTP-1.46-_iyx6p/blib/arch /home/cpt0/.cpan/build/AnyEvent-HTTP-1.46-_iyx6p/blib/lib /home/cpt0/.cpan/build/AnyEvent-5.271-WpgJZk/blib/arch /home/cpt0/.cpan/build/AnyEvent-5.271-WpgJZk/blib/lib /home/cpt0/.cpan/build/Test-Deep-0.107-PCqXnC/blib/arch /home/cpt0/.cpan/build/Test-Deep-0.107-PCqXnC/blib/lib /home/cpt0/.cpan/build/Mojolicious-0.999929-TfoCC7/blib/arch /home/cpt0/.cpan/build/Mojolicious-0.999929-TfoCC7/blib/lib /home/cpt0/testing/perl-5.12.2/lib/site_perl/5.12.2/i686-linux /home/cpt0/testing/perl-5.12.2/lib/site_perl/5.12.2 /home/cpt0/testing/perl-5.12.2/lib/5.12.2/i686-linux /home/cpt0/testing/perl-5.12.2/lib/5.12.2 .) at /home/cpt0/.cpan/build/AnyEvent-Mojo-0.8003-0f8pUE/blib/lib/AnyEvent/Mojo/Server/Connection.pm line 9.
BEGIN failed--compilation aborted at /home/cpt0/.cpan/build/AnyEvent-Mojo-0.8003-0f8pUE/blib/lib/AnyEvent/Mojo/Server/Connection.pm line 9.
Compilation failed in require at /home/cpt0/.cpan/build/AnyEvent-Mojo-0.8003-0f8pUE/blib/lib/AnyEvent/Mojo/Server.pm line 14.
BEGIN failed--compilation aborted at /home/cpt0/.cpan/build/AnyEvent-Mojo-0.8003-0f8pUE/blib/lib/AnyEvent/Mojo/Server.pm line 14.
Compilation failed in require at (eval 182) line 2.
	...propagated at /home/cpt0/testing/perl-5.12.2/lib/5.12.2/base.pm line 94.
BEGIN failed--compilation aborted at t/tlib/MyTestServer.pm line 9.
Compilation failed in require at t/10-keep-alive.t line 12.
BEGIN failed--compilation aborted at t/10-keep-alive.t line 12.
t/10-keep-alive.t ......... 
Dubious, test returned 2 (wstat 512, 0x200)
No subtests run 
Can't locate Mojo/Transaction/Pipeline.pm in @INC (@INC contains: t/tlib /home/cpt0/.cpan/build/AnyEvent-Mojo-0.8003-0f8pUE/blib/lib /home/cpt0/.cpan/build/AnyEvent-Mojo-0.8003-0f8pUE/blib/arch /home/cpt0/.cpan/build/AnyEvent-HTTP-1.46-_iyx6p/blib/arch /home/cpt0/.cpan/build/AnyEvent-HTTP-1.46-_iyx6p/blib/lib /home/cpt0/.cpan/build/AnyEvent-5.271-WpgJZk/blib/arch /home/cpt0/.cpan/build/AnyEvent-5.271-WpgJZk/blib/lib /home/cpt0/.cpan/build/Test-Deep-0.107-PCqXnC/blib/arch /home/cpt0/.cpan/build/Test-Deep-0.107-PCqXnC/blib/lib /home/cpt0/.cpan/build/Mojolicious-0.999929-TfoCC7/blib/arch /home/cpt0/.cpan/build/Mojolicious-0.999929-TfoCC7/blib/lib /home/cpt0/testing/perl-5.12.2/lib/site_perl/5.12.2/i686-linux /home/cpt0/testing/perl-5.12.2/lib/site_perl/5.12.2 /home/cpt0/testing/perl-5.12.2/lib/5.12.2/i686-linux /home/cpt0/testing/perl-5.12.2/lib/5.12.2 .) at /home/cpt0/.cpan/build/AnyEvent-Mojo-0.8003-0f8pUE/blib/lib/AnyEvent/Mojo/Server/Connection.pm line 9.
BEGIN failed--compilation aborted at /home/cpt0/.cpan/build/AnyEvent-Mojo-0.8003-0f8pUE/blib/lib/AnyEvent/Mojo/Server/Connection.pm line 9.
Compilation failed in require at /home/cpt0/.cpan/build/AnyEvent-Mojo-0.8003-0f8pUE/blib/lib/AnyEvent/Mojo/Server.pm line 14.
BEGIN failed--compilation aborted at /home/cpt0/.cpan/build/AnyEvent-Mojo-0.8003-0f8pUE/blib/lib/AnyEvent/Mojo/Server.pm line 14.
Compilation failed in require at (eval 10) line 2.
	...propagated at /home/cpt0/testing/perl-5.12.2/lib/5.12.2/base.pm line 94.
BEGIN failed--compilation aborted at t/tlib/MyTestServer.pm line 9.
Compilation failed in require at t/15-pause-resume.t line 10.
BEGIN failed--compilation aborted at t/15-pause-resume.t line 10.
t/15-pause-resume.t ....... 
Dubious, test returned 2 (wstat 512, 0x200)
No subtests run 
t/release-meta-yaml.t ..... skipped: these tests are for release candidate testing
t/release-pod-coverage.t .. skipped: these tests are for release candidate testing
t/release-pod-syntax.t .... skipped: these tests are for release candidate testing

Test Summary Report
-------------------
t/00-load.t             (Wstat: 768 Tests: 3 Failed: 3)
  Failed tests:  1-3
  Non-zero exit status: 3
t/03-functional.t       (Wstat: 512 Tests: 0 Failed: 0)
  Non-zero exit status: 2
  Parse errors: No plan found in TAP output
t/05-simple.t           (Wstat: 512 Tests: 0 Failed: 0)
  Non-zero exit status: 2
  Parse errors: No plan found in TAP output
t/10-keep-alive.t       (Wstat: 512 Tests: 0 Failed: 0)
  Non-zero exit status: 2
  Parse errors: No plan found in TAP output
t/15-pause-resume.t     (Wstat: 512 Tests: 0 Failed: 0)
  Non-zero exit status: 2
  Parse errors: No plan found in TAP output
Files=8, Tests=3,  1 wallclock secs ( 0.03 usr  0.01 sys +  0.52 cusr  0.09 csys =  0.65 CPU)
Result: FAIL
Failed 5/8 test programs. 3/3 subtests failed.
make: *** [test_dynamic] Error 255

------------------------------
PREREQUISITES
------------------------------

Prerequisite modules loaded:

requires:

    Module           Need     Have    
    ---------------- -------- --------
    AnyEvent         5.201    5.271   
    AnyEvent::Handle 0        5.271   
    AnyEvent::HTTP   1.43     1.46    
    AnyEvent::Socket 0        5.271   
    Carp             0        1.17    
    IO::Socket       0        1.31    
    Mojo             0.991251 0.999929
    parent           0        0.223   
    Pod::Man         2.22     2.23    
    Test::Deep       0        0.107   
    Test::Exception  0        0.29    
    Test::More       0.92     0.94    


------------------------------
ENVIRONMENT AND OTHER CONTEXT
------------------------------

Environment variables:

    AUTOMATED_TESTING = 1
    LANG = en_US.utf8
    PATH = /usr/local/bin:/usr/bin:/bin:/usr/local/games:/usr/games
    PERL5LIB = /home/cpt0/.cpan/build/AnyEvent-HTTP-1.46-_iyx6p/blib/arch:/home/cpt0/.cpan/build/AnyEvent-HTTP-1.46-_iyx6p/blib/lib:/home/cpt0/.cpan/build/AnyEvent-5.271-WpgJZk/blib/arch:/home/cpt0/.cpan/build/AnyEvent-5.271-WpgJZk/blib/lib:/home/cpt0/.cpan/build/Test-Deep-0.107-PCqXnC/blib/arch:/home/cpt0/.cpan/build/Test-Deep-0.107-PCqXnC/blib/lib:/home/cpt0/.cpan/build/Mojolicious-0.999929-TfoCC7/blib/arch:/home/cpt0/.cpan/build/Mojolicious-0.999929-TfoCC7/blib/lib
    PERL5OPT = 
    PERL5_CPANPLUS_IS_RUNNING = 13159
    PERL5_CPAN_IS_RUNNING = 13159
    PERL5_CPAN_IS_RUNNING_IN_RECURSION = 25469,13159
    PERL_CR_SMOKER_CURRENT = AnyEvent-Mojo-0.8003
    PERL_EXTUTILS_AUTOINSTALL = --defaultdeps
    PERL_MM_USE_DEFAULT = 1
    SHELL = /bin/bash
    TERM = screen

Perl special variables (and OS-specific diagnostics, for MSWin32):

    $^X = /home/cpt0/testing/perl-5.12.2/bin/perl
    $UID/$EUID = 1001 / 1001
    $GID = 1001 20 24 25 27 29 30 44 46 100 103 111 113 114 1001
    $EGID = 1001 20 24 25 27 29 30 44 46 100 103 111 113 114 1001

Perl module toolchain versions installed:

    Module              Have   
    ------------------- -------
    CPAN                1.94_56
    Cwd                 3.31   
    ExtUtils::CBuilder  0.27   
    ExtUtils::Command   1.16   
    ExtUtils::Install   1.55   
    ExtUtils::MakeMaker 6.56   
    ExtUtils::Manifest  1.57   
    ExtUtils::ParseXS   2.21   
    File::Spec          3.31_01
    Module::Build       0.3603 
    Module::Signature   n/a    
    Test::Harness       3.17   
    Test::More          0.94   
    YAML                0.72   
    YAML::Syck          n/a    
    version             0.82   


--

Summary of my perl5 (revision 5 version 12 subversion 2) configuration:
   
  Platform:
    osname=linux, osvers=2.6.35-4.slh.9-aptosid-686, archname=i686-linux
    uname='linux firenze 2.6.35-4.slh.9-aptosid-686 #1 smp preempt mon sep 13 16:40:35 utc 2010 i686 gnulinux '
    config_args='-Dprefix=/home/cpt0/testing/perl-5.12.2'
    hint=recommended, useposix=true, d_sigaction=define
    useithreads=undef, usemultiplicity=undef
    useperlio=define, d_sfio=undef, uselargefiles=define, usesocks=undef
    use64bitint=undef, use64bitall=undef, uselongdouble=undef
    usemymalloc=n, bincompat5005=undef
  Compiler:
    cc='cc', ccflags ='-fno-strict-aliasing -pipe -fstack-protector -I/usr/local/include -D_LARGEFILE_SOURCE -D_FILE_OFFSET_BITS=64',
    optimize='-O2',
    cppflags='-fno-strict-aliasing -pipe -fstack-protector -I/usr/local/include'
    ccversion='', gccversion='4.4.5', gccosandvers=''
    intsize=4, longsize=4, ptrsize=4, doublesize=8, byteorder=1234
    d_longlong=define, longlongsize=8, d_longdbl=define, longdblsize=12
    ivtype='long', ivsize=4, nvtype='double', nvsize=8, Off_t='off_t', lseeksize=8
    alignbytes=4, prototype=define
  Linker and Libraries:
    ld='cc', ldflags =' -fstack-protector -L/usr/local/lib'
    libpth=/usr/local/lib /lib /usr/lib
    libs=-lnsl -lgdbm -ldl -lm -lcrypt -lutil -lc -lgdbm_compat
    perllibs=-lnsl -ldl -lm -lcrypt -lutil -lc
    libc=/lib/libc-2.11.2.so, so=so, useshrplib=false, libperl=libperl.a
    gnulibc_version='2.11.2'
  Dynamic Linking:
    dlsrc=dl_dlopen.xs, dlext=so, d_dlsymun=undef, ccdlflags='-Wl,-E'
    cccdlflags='-fPIC', lddlflags='-shared -O2 -L/usr/local/lib -fstack-protector'


Characteristics of this binary (from libperl): 
  Compile-time options: PERL_DONT_CREATE_GVSV PERL_MALLOC_WRAP
                        USE_LARGE_FILES USE_PERLIO USE_PERL_ATOF
  Built under linux
  Compiled at Oct  5 2010 21:13:04
  %ENV:
    PERL5LIB="/home/cpt0/.cpan/build/AnyEvent-HTTP-1.46-_iyx6p/blib/arch:/home/cpt0/.cpan/build/AnyEvent-HTTP-1.46-_iyx6p/blib/lib:/home/cpt0/.cpan/build/AnyEvent-5.271-WpgJZk/blib/arch:/home/cpt0/.cpan/build/AnyEvent-5.271-WpgJZk/blib/lib:/home/cpt0/.cpan/build/Test-Deep-0.107-PCqXnC/blib/arch:/home/cpt0/.cpan/build/Test-Deep-0.107-PCqXnC/blib/lib:/home/cpt0/.cpan/build/Mojolicious-0.999929-TfoCC7/blib/arch:/home/cpt0/.cpan/build/Mojolicious-0.999929-TfoCC7/blib/lib"
    PERL5OPT=""
    PERL5_CPANPLUS_IS_RUNNING="13159"
    PERL5_CPAN_IS_RUNNING="13159"
    PERL5_CPAN_IS_RUNNING_IN_RECURSION="25469,13159"
    PERL_CR_SMOKER_CURRENT="AnyEvent-Mojo-0.8003"
    PERL_EXTUTILS_AUTOINSTALL="--defaultdeps"
    PERL_MM_USE_DEFAULT="1"
  @INC:
    /home/cpt0/.cpan/build/AnyEvent-HTTP-1.46-_iyx6p/blib/arch
    /home/cpt0/.cpan/build/AnyEvent-HTTP-1.46-_iyx6p/blib/lib
    /home/cpt0/.cpan/build/AnyEvent-5.271-WpgJZk/blib/arch
    /home/cpt0/.cpan/build/AnyEvent-5.271-WpgJZk/blib/lib
    /home/cpt0/.cpan/build/Test-Deep-0.107-PCqXnC/blib/arch
    /home/cpt0/.cpan/build/Test-Deep-0.107-PCqXnC/blib/lib
    /home/cpt0/.cpan/build/Mojolicious-0.999929-TfoCC7/blib/arch
    /home/cpt0/.cpan/build/Mojolicious-0.999929-TfoCC7/blib/lib
    /home/cpt0/testing/perl-5.12.2/lib/site_perl/5.12.2/i686-linux
    /home/cpt0/testing/perl-5.12.2/lib/site_perl/5.12.2
    /home/cpt0/testing/perl-5.12.2/lib/5.12.2/i686-linux
    /home/cpt0/testing/perl-5.12.2/lib/5.12.2
    .