Crypt-PKCS10 v2.005 Perl 5 v5.18.1 x86_64-linux

Status
Fail
From
Chris Williams (BINGOS)
Dist
Crypt-PKCS10 v2.005
Platform
Perl 5 v5.18.1 x86_64-linux
Date
2023-01-11 18:22:20
ID
e2fd7a1a-91dc-11ed-aba6-9a79f339625c
This distribution has been tested as part of the CPAN Testers
project, supporting the Perl programming language.  See
http://wiki.cpantesters.org/ for more information or email
questions to cpan-testers-discuss@perl.org


--

Dear MRSCOTTY,

This is a computer-generated error report created automatically by
CPANPLUS, version 0.9914. Testers personal comments may appear
at the end of this report.


Thank you for uploading your work to CPAN.  However, it appears that
there were some problems testing your distribution.

TEST RESULTS:

Below is the error stack from stage 'make test':

t/0-signature.t ..... skipped: Set the environment variable TEST_SIGNATURE to enable this test.
# Perl /home/cpan/pit/bare/perl-5.18.1/bin/perl version 5.18.1
# OpenSSL 1.1.1q  5 Jul 2022
# built on: Tue Jul  5 15:07:04 2022 UTC
# platform: linux-x86_64
# options:  bn(64,64) rc4(16x,int) des(int) blowfish(ptr) 
# compiler: gcc -fPIC -pthread -m64 -Wa,--noexecstack -Os -fomit-frame-pointer -g -Os
# 		    -fomit-frame-pointer -Os -fomit-frame-pointer -g
# 		    -Wa,--noexecstack -DOPENSSL_USE_NODELETE -DL_ENDIAN
# 		    -DOPENSSL_PIC -DOPENSSL_CPUID_OBJ -DOPENSSL_IA32_SSE2
# 		    -DOPENSSL_BN_ASM_MONT -DOPENSSL_BN_ASM_MONT5
# 		    -DOPENSSL_BN_ASM_GF2m -DSHA1_ASM -DSHA256_ASM
# 		    -DSHA512_ASM -DKECCAK1600_ASM -DRC4_ASM -DMD5_ASM
# 		    -DAESNI_ASM -DVPAES_ASM -DGHASH_ASM -DECP_NISTZ256_ASM
# 		    -DX25519_ASM -DPOLY1305_ASM -DNDEBUG -Os
# 		    -fomit-frame-pointer
# OPENSSLDIR: "/etc/ssl1.1"
# ENGINESDIR: "/usr/lib/engines-1.1"
# Seeding source: os-specific
# ciphers:          AES128-GCM-SHA256 AES128-SHA AES128-SHA256 AES256-GCM-SHA384 AES256-SHA
# 		    AES256-SHA256 DHE-PSK-AES128-CBC-SHA
# 		    DHE-PSK-AES128-CBC-SHA256 DHE-PSK-AES128-GCM-SHA256
# 		    DHE-PSK-AES256-CBC-SHA DHE-PSK-AES256-CBC-SHA384
# 		    DHE-PSK-AES256-GCM-SHA384 DHE-PSK-CHACHA20-POLY1305
# 		    DHE-RSA-AES128-GCM-SHA256 DHE-RSA-AES128-SHA
# 		    DHE-RSA-AES128-SHA256 DHE-RSA-AES256-GCM-SHA384
# 		    DHE-RSA-AES256-SHA DHE-RSA-AES256-SHA256
# 		    DHE-RSA-CHACHA20-POLY1305 ECDHE-ECDSA-AES128-GCM-SHA256
# 		    ECDHE-ECDSA-AES128-SHA ECDHE-ECDSA-AES128-SHA256
# 		    ECDHE-ECDSA-AES256-GCM-SHA384 ECDHE-ECDSA-AES256-SHA
# 		    ECDHE-ECDSA-AES256-SHA384 ECDHE-ECDSA-CHACHA20-POLY1305
# 		    ECDHE-PSK-AES128-CBC-SHA ECDHE-PSK-AES128-CBC-SHA256
# 		    ECDHE-PSK-AES256-CBC-SHA ECDHE-PSK-AES256-CBC-SHA384
# 		    ECDHE-PSK-CHACHA20-POLY1305 ECDHE-RSA-AES128-GCM-SHA256
# 		    ECDHE-RSA-AES128-SHA ECDHE-RSA-AES128-SHA256
# 		    ECDHE-RSA-AES256-GCM-SHA384 ECDHE-RSA-AES256-SHA
# 		    ECDHE-RSA-AES256-SHA384 ECDHE-RSA-CHACHA20-POLY1305
# 		    PSK-AES128-CBC-SHA PSK-AES128-CBC-SHA256
# 		    PSK-AES128-GCM-SHA256 PSK-AES256-CBC-SHA
# 		    PSK-AES256-CBC-SHA384 PSK-AES256-GCM-SHA384
# 		    PSK-CHACHA20-POLY1305 RSA-PSK-AES128-CBC-SHA
# 		    RSA-PSK-AES128-CBC-SHA256 RSA-PSK-AES128-GCM-SHA256
# 		    RSA-PSK-AES256-CBC-SHA RSA-PSK-AES256-CBC-SHA384
# 		    RSA-PSK-AES256-GCM-SHA384 RSA-PSK-CHACHA20-POLY1305
# 		    SRP-AES-128-CBC-SHA SRP-AES-256-CBC-SHA
# 		    SRP-RSA-AES-128-CBC-SHA SRP-RSA-AES-256-CBC-SHA
# 		    TLS_AES_128_GCM_SHA256 TLS_AES_256_GCM_SHA384
# 		    TLS_CHACHA20_POLY1305_SHA256
# Skipping DSA, RSA tests: no support
t/02_base.t ......... ok
t/03_ecc.t .......... skipped: Crypt::PK::ECC is not installed, skipping ECC tests
Can't call method "subject" on an undefined value at t/04_complex_rdn.t line 33.
# Looks like your test exited with 2 before it could output anything.
t/04_complex_rdn.t .. 
Dubious, test returned 2 (wstat 512, 0x200)
Failed 2/2 subtests 

Test Summary Report
-------------------
t/04_complex_rdn.t (Wstat: 512 (exited 2) Tests: 0 Failed: 0)
  Non-zero exit status: 2
  Parse errors: Bad plan.  You planned 2 tests but ran 0.
Files=4, Tests=12,  1 wallclock secs ( 0.04 usr  0.01 sys +  0.44 cusr  0.03 csys =  0.52 CPU)
Result: FAIL


PREREQUISITES:

Here is a list of prerequisites you specified and versions we
managed to load:

	  Module Name                        Have     Want
	  Convert::ASN1                      0.33        0
	  Encode                             2.49        0
	  MIME::Base64                       3.13        0
	  Scalar::Util                       1.27        0
	  Test::More                     1.302191     0.98

Perl module toolchain versions installed:
	Module Name                        Have
	CPANPLUS                         0.9914
	CPANPLUS::Dist::Build              0.90
	Cwd                                3.75
	ExtUtils::CBuilder             0.280236
	ExtUtils::Command                  7.64
	ExtUtils::Install                  2.20
	ExtUtils::MakeMaker                7.64
	ExtUtils::Manifest                 1.73
	ExtUtils::ParseXS                  3.44
	File::Spec                         3.75
	Module::Build                    0.4231
	Pod::Parser                        1.60
	Pod::Simple                        3.28
	Test2                          1.302191
	Test::Harness                      3.44
	Test::More                     1.302191
	version                          0.9929

******************************** NOTE ********************************
The comments above are created mechanically, possibly without manual
checking by the sender.  As there are many people performing automatic
tests on each upload to CPAN, it is likely that you will receive
identical messages about the same problem.

If you believe that the message is mistaken, please reply to the first
one with correction and/or additional informations, and do not take
it personally.  We appreciate your patience. :)
**********************************************************************

Additional comments:


This report was machine-generated by CPANPLUS::Dist::YACSmoke 1.08.
Powered by minismokebox version 0.68

CPANPLUS is prefering Build.PL

------------------------------
ENVIRONMENT AND OTHER CONTEXT
------------------------------

Environment variables:

    AUTOMATED_TESTING = 1
    LANG = C.UTF-8
    LC_COLLATE = C
    NONINTERACTIVE_TESTING = 1
    PATH = /usr/local/sbin:/usr/local/bin:/usr/sbin:/usr/bin:/sbin:/bin
    PERL5LIB = /home/cpan/pit/jail/bGENpdby42/lib/perl5:/home/cpan/pit/bare/conf/perl-5.18.1/.cpanplus/5.18.1/build/DKsgUEul5X/Crypt-PKCS10-2.005/blib/lib:/home/cpan/pit/bare/conf/perl-5.18.1/.cpanplus/5.18.1/build/DKsgUEul5X/Crypt-PKCS10-2.005/blib/arch
    PERL5_CPANPLUS_IS_RUNNING = 5453
    PERL5_CPANPLUS_IS_VERSION = 0.9914
    PERL5_MINISMOKEBOX = 0.68
    PERL5_YACSMOKE_BASE = /home/cpan/pit/bare/conf/perl-5.18.1
    PERL_EXTUTILS_AUTOINSTALL = --defaultdeps
    PERL_LOCAL_LIB_ROOT = /home/cpan/pit/jail/bGENpdby42
    PERL_MB_OPT = --install_base "/home/cpan/pit/jail/bGENpdby42"
    PERL_MM_OPT = INSTALL_BASE=/home/cpan/pit/jail/bGENpdby42
    PERL_MM_USE_DEFAULT = 1
    SHELL = /bin/bash
    TERM = screen

Perl special variables (and OS-specific diagnostics, for MSWin32):

    Perl: $^X = /home/cpan/pit/bare/perl-5.18.1/bin/perl
    UID:  $<  = 1001
    EUID: $>  = 1001
    GID:  $(  = 1001 1001
    EGID: $)  = 1001 1001


-------------------------------


--

Summary of my perl5 (revision 5 version 18 subversion 1) configuration:
   
  Platform:
    osname=linux, osvers=5.10.16-0-lts, archname=x86_64-linux
    uname='linux agaric 5.10.16-0-lts #1-alpine smp wed, 17 feb 2021 08:17:06 utc x86_64 linux '
    config_args='-des -Dprefix=/home/cpan/pit/bare/perl-5.18.1'
    hint=recommended, useposix=true, d_sigaction=define
    useithreads=undef, usemultiplicity=undef
    useperlio=define, d_sfio=undef, uselargefiles=define, usesocks=undef
    use64bitint=define, use64bitall=define, uselongdouble=undef
    usemymalloc=n, bincompat5005=undef
  Compiler:
    cc='cc', ccflags ='-D_GNU_SOURCE -fwrapv -fno-strict-aliasing -pipe -fstack-protector -D_LARGEFILE_SOURCE -D_FILE_OFFSET_BITS=64',
    optimize='-O2',
    cppflags='-D_GNU_SOURCE -fwrapv -fno-strict-aliasing -pipe -fstack-protector'
    ccversion='', gccversion='10.2.1 20201203', gccosandvers=''
    intsize=4, longsize=8, ptrsize=8, doublesize=8, byteorder=12345678
    d_longlong=define, longlongsize=8, d_longdbl=define, longdblsize=16
    ivtype='long', ivsize=8, nvtype='double', nvsize=8, Off_t='off_t', lseeksize=8
    alignbytes=8, prototype=define
  Linker and Libraries:
    ld='cc', ldflags =' -fstack-protector -L/usr/local/lib'
    libpth=/usr/local/lib /lib/../lib /usr/lib/../lib /lib /usr/lib
    libs=-lgdbm -ldl -lm -lcrypt -lutil -lc -lgdbm_compat
    perllibs=-ldl -lm -lcrypt -lutil -lc
    libc=/usr/lib/libc.a, so=so, useshrplib=false, libperl=libperl.a
    gnulibc_version=''
  Dynamic Linking:
    dlsrc=dl_dlopen.xs, dlext=so, d_dlsymun=undef, ccdlflags='-Wl,-E'
    cccdlflags='-fPIC', lddlflags='-shared -O2 -L/usr/local/lib -fstack-protector'


Characteristics of this binary (from libperl): 
  Compile-time options: HAS_TIMES PERLIO_LAYERS PERL_DONT_CREATE_GVSV
                        PERL_HASH_FUNC_ONE_AT_A_TIME_HARD PERL_MALLOC_WRAP
                        PERL_PRESERVE_IVUV PERL_SAWAMPERSAND USE_64_BIT_ALL
                        USE_64_BIT_INT USE_LARGE_FILES USE_LOCALE
                        USE_LOCALE_COLLATE USE_LOCALE_CTYPE
                        USE_LOCALE_NUMERIC USE_PERLIO USE_PERL_ATOF
  Locally applied patches:
	Devel::PatchPerl 2.08
  Built under linux
  Compiled at Mar 12 2021 00:13:26
  %ENV:
    PERL5LIB="/home/cpan/pit/jail/bGENpdby42/lib/perl5:/home/cpan/pit/bare/conf/perl-5.18.1/.cpanplus/5.18.1/build/DKsgUEul5X/Crypt-PKCS10-2.005/blib/lib:/home/cpan/pit/bare/conf/perl-5.18.1/.cpanplus/5.18.1/build/DKsgUEul5X/Crypt-PKCS10-2.005/blib/arch"
    PERL5_CPANPLUS_IS_RUNNING="5453"
    PERL5_CPANPLUS_IS_VERSION="0.9914"
    PERL5_MINISMOKEBOX="0.68"
    PERL5_YACSMOKE_BASE="/home/cpan/pit/bare/conf/perl-5.18.1"
    PERL_EXTUTILS_AUTOINSTALL="--defaultdeps"
    PERL_LOCAL_LIB_ROOT="/home/cpan/pit/jail/bGENpdby42"
    PERL_MB_OPT="--install_base "/home/cpan/pit/jail/bGENpdby42""
    PERL_MM_OPT="INSTALL_BASE=/home/cpan/pit/jail/bGENpdby42"
    PERL_MM_USE_DEFAULT="1"
  @INC:
    /home/cpan/pit/jail/bGENpdby42/lib/perl5/5.18.1/x86_64-linux
    /home/cpan/pit/jail/bGENpdby42/lib/perl5/5.18.1
    /home/cpan/pit/jail/bGENpdby42/lib/perl5/x86_64-linux
    /home/cpan/pit/jail/bGENpdby42/lib/perl5
    /home/cpan/pit/bare/conf/perl-5.18.1/.cpanplus/5.18.1/build/DKsgUEul5X/Crypt-PKCS10-2.005/blib/lib
    /home/cpan/pit/bare/conf/perl-5.18.1/.cpanplus/5.18.1/build/DKsgUEul5X/Crypt-PKCS10-2.005/blib/arch
    /home/cpan/pit/bare/perl-5.18.1/lib/site_perl/5.18.1/x86_64-linux
    /home/cpan/pit/bare/perl-5.18.1/lib/site_perl/5.18.1
    /home/cpan/pit/bare/perl-5.18.1/lib/5.18.1/x86_64-linux
    /home/cpan/pit/bare/perl-5.18.1/lib/5.18.1
    .