Lexical-Types v0.16 Perl 5 v5.8.9 amd64-freebsd

Status
Fail
From
Slaven Rezić (SREZIC)
Dist
Lexical-Types v0.16
Platform
Perl 5 v5.8.9 amd64-freebsd
Date
2017-11-04 17:23:34
ID
e2f33c18-c184-11e7-913f-91f6195de7e7
This distribution has been tested as part of the CPAN Testers
project, supporting the Perl programming language.  See
http://wiki.cpantesters.org/ for more information or email
questions to cpan-testers-discuss@perl.org


--
Dear Vincent Pit,

This is a computer-generated report for Lexical-Types-0.16
on perl 5.8.9, created by CPAN-Reporter-1.2018.

Thank you for uploading your work to CPAN.  However, there was a problem
testing your distribution.

If you think this report is invalid, please consult the CPAN Testers Wiki
for suggestions on how to avoid getting FAIL reports for missing library
or binary dependencies, unsupported operating systems, and so on:

http://wiki.cpantesters.org/wiki/CPANAuthorNotes

Sections of this report:

    * Tester comments
    * Program output
    * Prerequisites
    * Environment and other context

------------------------------
TESTER COMMENTS
------------------------------

Additional comments from tester:

none provided

------------------------------
PROGRAM OUTPUT
------------------------------

Output from '/usr/bin/make test':

"/usr/perl5.8.9/bin/perl" -MExtUtils::Command::MM -e 'cp_nonempty' -- Types.bs blib/arch/auto/Lexical/Types/Types.bs 644
PERL_DL_NONLAZY=1 "/usr/perl5.8.9/bin/perl" "-MExtUtils::Command::MM" "-MTest::Harness" "-e" "undef *Test::Harness::Switches; test_harness(0, 'blib/lib', 'blib/arch')" t/*.t
# Testing Lexical::Types 0.16, Perl 5.008009, /usr/perl5.8.9/bin/perl
t/00-load.t ............... ok
t/09-load-threads.t ....... skipped: This perl wasn't built to support threads
# This will throw two warnings
# This will throw two more warnings
t/10-args.t ............... ok
t/11-integrate.t .......... ok
# This will throw two warnings
# This will throw two warnings

#   Failed test '$_[1] in initializer is read only'
#   at t/12-ro.t line 48.
#                   'Can't use global @_ in "my" at (eval 7) line 2, near "{ $_"
# BEGIN not safe after errors--compilation aborted at (eval 7) line 2.
# '
#     doesn't match '(?-xism:^Modification of a read-only value attempted at \(eval \d+\) line 2)'

#   Failed test '$_[0] in initializer is read only'
#   at t/12-ro.t line 57.
#                   ''
#     doesn't match '(?-xism:^Modification of a read-only value attempted at t\/12\-ro\.t line 11)'
# Looks like you failed 2 tests of 4.
t/12-ro.t ................. 
Dubious, test returned 2 (wstat 512, 0x200)
Failed 2/4 subtests 
t/20-scalar-base.t ........ ok
t/21-scalar-padsv.t ....... ok
t/22-scalar-constants.t ... ok
t/23-scalar-object.t ...... ok
t/24-scalar-tie.t ......... ok
# Using Variable::Magic 0.62
t/25-scalar-magic.t ....... ok
# Using Variable::Magic 0.62
t/26-scalar-magic-uvar.t .. skipped: perl 5.10 required to test uvar magic
t/29-scalar-stress.t ...... ok
t/70-scope.t .............. ok
t/71-peep.t ............... ok
t/72-hints.t .............. ok
t/80-threads.t ............ skipped: This perl wasn't built to support threads
t/81-threads-teardown.t ... skipped: This perl wasn't built to support threads

Test Summary Report
-------------------
t/12-ro.t               (Wstat: 512 Tests: 4 Failed: 2)
  Failed tests:  2-3
  Non-zero exit status: 2
Files=18, Tests=1195,  1 wallclock secs ( 0.05 usr  0.12 sys +  0.70 cusr  0.27 csys =  1.13 CPU)
Result: FAIL
Failed 1/18 test programs. 2/1195 subtests failed.
*** [test_dynamic] Error code 255

Stop in /usr/home/eserte/.cpan/build/2017110418/Lexical-Types-0.16-4.

------------------------------
PREREQUISITES
------------------------------

Prerequisite modules loaded:

requires:

    Module              Need     Have    
    ------------------- -------- --------
    Carp                0        1.38    
    perl                5.008004 5.008009
    XSLoader            0        0.22    

build_requires:

    Module              Need     Have    
    ------------------- -------- --------
    Carp                0        1.38    
    Config              0        0       
    constant            0        1.33    
    ExtUtils::MakeMaker 0        7.24    
    File::Spec          0        3.62    
    lib                 0        0.61    
    Test::More          0        1.302106
    XSLoader            0        0.22    

configure_requires:

    Module              Need     Have    
    ------------------- -------- --------
    Config              0        0       
    ExtUtils::MakeMaker 0        7.24    


------------------------------
ENVIRONMENT AND OTHER CONTEXT
------------------------------

Environment variables:

    LC_ALL = de_DE.ISO8859-1
    PATH = /usr/local/bin:/usr/bin:/bin:/usr/local/sbin:/usr/sbin:/sbin:/home/cpansand/bin/freebsd9.3:/home/cpansand/bin/sh:/home/cpansand/bin:/usr/games:/home/cpansand/devel:/usr/home/eserte/src/srezic-misc/scripts
    PERL5LIB = /home/eserte/.cpan/build/2017110418/Specio-0.41-5/blib/arch:/home/eserte/.cpan/build/2017110418/Specio-0.41-5/blib/lib:/home/eserte/.cpan/build/2017110418/Variable-Temp-0.04-5/blib/arch:/home/eserte/.cpan/build/2017110418/Variable-Temp-0.04-5/blib/lib
    PERL5OPT = 
    PERL5_CPANPLUS_IS_RUNNING = 36481
    PERL5_CPAN_IS_RUNNING = 36481
    PERL5_CPAN_IS_RUNNING_IN_RECURSION = 36433,36481
    PERLDOC = -MPod::Perldoc::ToTextOverstrike
    PERL_BATCH = yes
    PERL_CANARY_STABILITY_NOPROMPT = 1
    PERL_CPAN_REPORTER_CONFIG = /var/tmp/cpansmoker-1023/2017110418/cpanreporter_000_config.ini
    PERL_EXTUTILS_AUTOINSTALL = --defaultdeps
    SHELL = /usr/local/bin/zsh
    TERM = screen
    TMPDIR = /var/tmp/cpansmoker-1023/2017110418

Perl special variables (and OS-specific diagnostics, for MSWin32):

    $^X = /usr/perl5.8.9/bin/perl
    $UID/$EUID = 1023 / 1023
    $GID = 1023 1023
    $EGID = 1023 1023

Perl module toolchain versions installed:

    Module              Have    
    ------------------- --------
    CPAN                2.16    
    CPAN::Meta          2.150010
    Cwd                 3.62    
    ExtUtils::CBuilder  0.280226
    ExtUtils::Command   7.24    
    ExtUtils::Install   2.12    
    ExtUtils::MakeMaker 7.24    
    ExtUtils::Manifest  1.70    
    ExtUtils::ParseXS   3.35    
    File::Spec          3.62    
    JSON                2.94    
    JSON::PP            2.94    
    Module::Build       0.4224  
    Module::Signature   0.81    
    Parse::CPAN::Meta   2.150010
    Test::Harness       3.39    
    Test::More          1.302106
    YAML                1.23    
    YAML::Syck          1.30    
    version             0.9918  


--

Summary of my perl5 (revision 5 version 8 subversion 9) configuration:
  Platform:
    osname=freebsd, osvers=9.2-release-p4, archname=amd64-freebsd
    uname='freebsd cvrsnica-freebsd-92 9.2-release-p4 freebsd 9.2-release-p4 #0: tue apr 8 18:08:22 utc 2014 root@amd64-builder.daemonology.net:usrobjusrsrcsysgeneric amd64 '
    config_args='-ds -e -Dprefix=/usr/perl5.8.9'
    hint=recommended, useposix=true, d_sigaction=define
    usethreads=undef use5005threads=undef useithreads=undef usemultiplicity=undef
    useperlio=define d_sfio=undef uselargefiles=define usesocks=undef
    use64bitint=define use64bitall=define uselongdouble=undef
    usemymalloc=n, bincompat5005=undef
  Compiler:
    cc='cc', ccflags ='-DHAS_FPSETMASK -DHAS_FLOATINGPOINT_H -fno-strict-aliasing -pipe -I/usr/local/include',
    optimize='-O',
    cppflags='-DHAS_FPSETMASK -DHAS_FLOATINGPOINT_H -fno-strict-aliasing -pipe -I/usr/local/include'
    ccversion='', gccversion='4.2.1 20070831 patched [FreeBSD]', gccosandvers=''
    intsize=4, longsize=8, ptrsize=8, doublesize=8, byteorder=12345678
    d_longlong=define, longlongsize=8, d_longdbl=define, longdblsize=16
    ivtype='long', ivsize=8, nvtype='double', nvsize=8, Off_t='off_t', lseeksize=8
    alignbytes=8, prototype=define
  Linker and Libraries:
    ld='cc', ldflags ='-Wl,-E  -L/usr/local/lib'
    libpth=/usr/lib /usr/local/lib
    libs=-lgdbm -lm -lcrypt -lutil -lc
    perllibs=-lm -lcrypt -lutil -lc
    libc=, so=so, useshrplib=false, libperl=libperl.a
    gnulibc_version=''
  Dynamic Linking:
    dlsrc=dl_dlopen.xs, dlext=so, d_dlsymun=undef, ccdlflags=' '
    cccdlflags='-DPIC -fPIC', lddlflags='-shared  -L/usr/local/lib'


Characteristics of this binary (from libperl): 
  Compile-time options: PERL_MALLOC_WRAP USE_64_BIT_ALL USE_64_BIT_INT
                        USE_FAST_STDIO USE_LARGE_FILES USE_PERLIO
  Built under freebsd
  Compiled at May 15 2014 22:27:57
  %ENV:
    PERL5LIB="/home/eserte/.cpan/build/2017110418/Specio-0.41-5/blib/arch:/home/eserte/.cpan/build/2017110418/Specio-0.41-5/blib/lib:/home/eserte/.cpan/build/2017110418/Variable-Temp-0.04-5/blib/arch:/home/eserte/.cpan/build/2017110418/Variable-Temp-0.04-5/blib/lib"
    PERL5OPT=""
    PERL5_CPANPLUS_IS_RUNNING="36481"
    PERL5_CPAN_IS_RUNNING="36481"
    PERL5_CPAN_IS_RUNNING_IN_RECURSION="36433,36481"
    PERLDOC="-MPod::Perldoc::ToTextOverstrike"
    PERL_BATCH="yes"
    PERL_CANARY_STABILITY_NOPROMPT="1"
    PERL_CPAN_REPORTER_CONFIG="/var/tmp/cpansmoker-1023/2017110418/cpanreporter_000_config.ini"
    PERL_EXTUTILS_AUTOINSTALL="--defaultdeps"
  @INC:
    /home/eserte/.cpan/build/2017110418/Specio-0.41-5/blib/arch
    /home/eserte/.cpan/build/2017110418/Specio-0.41-5/blib/lib
    /home/eserte/.cpan/build/2017110418/Variable-Temp-0.04-5/blib/arch
    /home/eserte/.cpan/build/2017110418/Variable-Temp-0.04-5/blib/lib
    /usr/perl5.8.9/lib/5.8.9/amd64-freebsd
    /usr/perl5.8.9/lib/5.8.9
    /usr/perl5.8.9/lib/site_perl/5.8.9/amd64-freebsd
    /usr/perl5.8.9/lib/site_perl/5.8.9
    .