Report for Config-Simple-Extended-0.12

Back
From: metabase:user:314402c4-2aae-11df-837a-5e0a49663a4f
Subject: FAIL Config-Simple-Extended-0.12 v5.14.0 FreeBSD
Date: 2013-09-01T06:51:11Z

This distribution has been tested as part of the CPAN Testers
project, supporting the Perl programming language.  See
http://wiki.cpantesters.org/ for more information or email
questions to cpan-testers-discuss@perl.org


--
Dear Hugh Esco,

This is a computer-generated report for Config-Simple-Extended-0.12
on perl 5.14.0, created by CPAN-Reporter-1.2007.

Thank you for uploading your work to CPAN.  However, there was a problem
testing your distribution.

If you think this report is invalid, please consult the CPAN Testers Wiki
for suggestions on how to avoid getting FAIL reports for missing library
or binary dependencies, unsupported operating systems, and so on:

http://wiki.cpantesters.org/wiki/CPANAuthorNotes

Sections of this report:

    * Tester comments
    * Program output
    * Prerequisites
    * Environment and other context

------------------------------
TESTER COMMENTS
------------------------------

Additional comments from tester:

none provided

------------------------------
PROGRAM OUTPUT
------------------------------

Output from '/usr/bin/make test':

PERL_DL_NONLAZY=1 /home2/cpansand/var/ctps/5140_1/install/perl-5.14.0/bin/perl5.14.0 "-MExtUtils::Command::MM" "-e" "test_harness(0, 'blib/lib', 'blib/arch')" t/*.t

#   Failed test 'use Config::Simple::Extended;'
#   at t/00-load.t line 8.
#     Tried to use 'Config::Simple::Extended'.
#     Error:  Can't locate File/PathInfo.pm in @INC (@INC contains: /var/tmp/CPAN-build/Config-Simple-Extended-0.12-ZCdgbu/t/../../../local/lib/perl5 lib local/lib/perl5 /var/tmp/CPAN-build/Config-Simple-Extended-0.12-ZCdgbu/blib/lib /var/tmp/CPAN-build/Config-Simple-Extended-0.12-ZCdgbu/blib/arch /usr/local/src/CPAN/build/Test-Mock-Redis-0.14-nLFgCf/blib/arch /usr/local/src/CPAN/build/Test-Mock-Redis-0.14-nLFgCf/blib/lib /home/cpansand/var/ctps/5140_1/install/perl-5.14.0/lib/site_perl/5.14.0/i386-freebsd /home/cpansand/var/ctps/5140_1/install/perl-5.14.0/lib/site_perl/5.14.0 /home/cpansand/var/ctps/5140_1/install/perl-5.14.0/lib/5.14.0/i386-freebsd /home/cpansand/var/ctps/5140_1/install/perl-5.14.0/lib/5.14.0 .) at lib/Config/Simple/Extended.pm line 11.
# BEGIN failed--compilation aborted at lib/Config/Simple/Extended.pm line 11.
# Compilation failed in require at (eval 4) line 2.
# BEGIN failed--compilation aborted at (eval 4) line 2.
Use of uninitialized value $Config::Simple::Extended::VERSION in concatenation (.) or string at t/00-load.t line 11.
# Testing Config::Simple::Extended , Perl 5.014000, /home2/cpansand/var/ctps/5140_1/install/perl-5.14.0/bin/perl5.14.0
# Looks like you failed 1 test of 1.
t/00-load.t .................... 
Dubious, test returned 1 (wstat 256, 0x100)
Failed 1/1 subtests 

#   Failed test 'use Config::Simple::Extended;'
#   at t/10_inherit.t line 14.
#     Tried to use 'Config::Simple::Extended'.
#     Error:  Can't locate File/PathInfo.pm in @INC (@INC contains: /var/tmp/CPAN-build/Config-Simple-Extended-0.12-ZCdgbu/t/../../../local/lib/perl5 lib local/lib/perl5 . /var/tmp/CPAN-build/Config-Simple-Extended-0.12-ZCdgbu/blib/lib /var/tmp/CPAN-build/Config-Simple-Extended-0.12-ZCdgbu/blib/arch /usr/local/src/CPAN/build/Test-Mock-Redis-0.14-nLFgCf/blib/arch /usr/local/src/CPAN/build/Test-Mock-Redis-0.14-nLFgCf/blib/lib /home/cpansand/var/ctps/5140_1/install/perl-5.14.0/lib/site_perl/5.14.0/i386-freebsd /home/cpansand/var/ctps/5140_1/install/perl-5.14.0/lib/site_perl/5.14.0 /home/cpansand/var/ctps/5140_1/install/perl-5.14.0/lib/5.14.0/i386-freebsd /home/cpansand/var/ctps/5140_1/install/perl-5.14.0/lib/5.14.0) at lib/Config/Simple/Extended.pm line 11.
# BEGIN failed--compilation aborted at lib/Config/Simple/Extended.pm line 11.
# Compilation failed in require at (eval 8) line 2.
# BEGIN failed--compilation aborted at (eval 8) line 2.

#   Failed test 'Config::Simple::Extended->can('inherit')'
#   at t/10_inherit.t line 19.
#     Config::Simple::Extended->can('inherit') failed
Can't locate auto/Config/Simple/Extended/inherit.al in @INC (@INC contains: /var/tmp/CPAN-build/Config-Simple-Extended-0.12-ZCdgbu/t/../../../local/lib/perl5 lib local/lib/perl5 . /var/tmp/CPAN-build/Config-Simple-Extended-0.12-ZCdgbu/blib/lib /var/tmp/CPAN-build/Config-Simple-Extended-0.12-ZCdgbu/blib/arch /usr/local/src/CPAN/build/Test-Mock-Redis-0.14-nLFgCf/blib/arch /usr/local/src/CPAN/build/Test-Mock-Redis-0.14-nLFgCf/blib/lib /home/cpansand/var/ctps/5140_1/install/perl-5.14.0/lib/site_perl/5.14.0/i386-freebsd /home/cpansand/var/ctps/5140_1/install/perl-5.14.0/lib/site_perl/5.14.0 /home/cpansand/var/ctps/5140_1/install/perl-5.14.0/lib/5.14.0/i386-freebsd /home/cpansand/var/ctps/5140_1/install/perl-5.14.0/lib/5.14.0) at t/10_inherit.t line 32.
# Looks like you failed 2 tests of 4.
# Looks like your test exited with 2 just after 4.
t/10_inherit.t ................. 
Dubious, test returned 2 (wstat 512, 0x200)
Failed 2/4 subtests 

#   Failed test 'use Config::Simple::Extended;'
#   at t/11_parse_url_for_cfg_path.t line 8.
#     Tried to use 'Config::Simple::Extended'.
#     Error:  Can't locate File/PathInfo.pm in @INC (@INC contains: /var/tmp/CPAN-build/Config-Simple-Extended-0.12-ZCdgbu/t/../../../local/lib/perl5 lib local/lib/perl5 /var/tmp/CPAN-build/Config-Simple-Extended-0.12-ZCdgbu/blib/lib /var/tmp/CPAN-build/Config-Simple-Extended-0.12-ZCdgbu/blib/arch /usr/local/src/CPAN/build/Test-Mock-Redis-0.14-nLFgCf/blib/arch /usr/local/src/CPAN/build/Test-Mock-Redis-0.14-nLFgCf/blib/lib /home/cpansand/var/ctps/5140_1/install/perl-5.14.0/lib/site_perl/5.14.0/i386-freebsd /home/cpansand/var/ctps/5140_1/install/perl-5.14.0/lib/site_perl/5.14.0 /home/cpansand/var/ctps/5140_1/install/perl-5.14.0/lib/5.14.0/i386-freebsd /home/cpansand/var/ctps/5140_1/install/perl-5.14.0/lib/5.14.0 .) at lib/Config/Simple/Extended.pm line 11.
# BEGIN failed--compilation aborted at lib/Config/Simple/Extended.pm line 11.
# Compilation failed in require at (eval 4) line 2.
# BEGIN failed--compilation aborted at (eval 4) line 2.

#   Failed test 'Config::Simple::Extended->can('inherit')'
#   at t/11_parse_url_for_cfg_path.t line 15.
#     Config::Simple::Extended->can('inherit') failed

#   Failed test 'Config::Simple::Extended->can('parse_url_for_config_path')'
#   at t/11_parse_url_for_cfg_path.t line 15.
#     Config::Simple::Extended->can('parse_url_for_config_path') failed
Can't locate auto/Config/Simple/Extended/parse_url_f.al in @INC (@INC contains: /var/tmp/CPAN-build/Config-Simple-Extended-0.12-ZCdgbu/t/../../../local/lib/perl5 lib local/lib/perl5 /var/tmp/CPAN-build/Config-Simple-Extended-0.12-ZCdgbu/blib/lib /var/tmp/CPAN-build/Config-Simple-Extended-0.12-ZCdgbu/blib/arch /usr/local/src/CPAN/build/Test-Mock-Redis-0.14-nLFgCf/blib/arch /usr/local/src/CPAN/build/Test-Mock-Redis-0.14-nLFgCf/blib/lib /home/cpansand/var/ctps/5140_1/install/perl-5.14.0/lib/site_perl/5.14.0/i386-freebsd /home/cpansand/var/ctps/5140_1/install/perl-5.14.0/lib/site_perl/5.14.0 /home/cpansand/var/ctps/5140_1/install/perl-5.14.0/lib/5.14.0/i386-freebsd /home/cpansand/var/ctps/5140_1/install/perl-5.14.0/lib/5.14.0 .) at t/11_parse_url_for_cfg_path.t line 23.
# Looks like you planned 6 tests but ran 3.
# Looks like you failed 3 tests of 3 run.
# Looks like your test exited with 2 just after 3.
t/11_parse_url_for_cfg_path.t .. 
Dubious, test returned 2 (wstat 512, 0x200)
Failed 6/6 subtests 
t/boilerplate.t ................ ok

#   Failed test 'Pod coverage on Config::Simple::Extended'
#   at /home/cpansand/var/ctps/5140_1/install/perl-5.14.0/lib/site_perl/5.14.0/Test/Pod/Coverage.pm line 126.
# Config::Simple::Extended: requiring 'Config::Simple::Extended' failed
# Looks like you failed 1 test of 1.
t/pod-coverage.t ............... 
Dubious, test returned 1 (wstat 256, 0x100)
Failed 1/1 subtests 
t/pod.t ........................ ok

Test Summary Report
-------------------
t/00-load.t                  (Wstat: 256 Tests: 1 Failed: 1)
  Failed test:  1
  Non-zero exit status: 1
t/10_inherit.t               (Wstat: 512 Tests: 4 Failed: 2)
  Failed tests:  2-3
  Non-zero exit status: 2
t/11_parse_url_for_cfg_path.t (Wstat: 512 Tests: 3 Failed: 3)
  Failed tests:  1-3
  Non-zero exit status: 2
  Parse errors: Bad plan.  You planned 6 tests but ran 3.
t/pod-coverage.t             (Wstat: 256 Tests: 1 Failed: 1)
  Failed test:  1
  Non-zero exit status: 1
Files=6, Tests=13,  0 wallclock secs ( 0.03 usr  0.02 sys +  0.28 cusr  0.15 csys =  0.48 CPU)
Result: FAIL
Failed 4/6 test programs. 7/13 subtests failed.
*** Error code 255

Stop in /var/tmp/CPAN-build/Config-Simple-Extended-0.12-ZCdgbu.

------------------------------
PREREQUISITES
------------------------------

Prerequisite modules loaded:

requires:

    Module              Need Have   
    ------------------- ---- -------
    Config::Simple      0    4.58   
    Data::Dumper        0    2.143  
    Test                0    1.25_02
    Test::Deep          0    0.110  
    Test::More          0    0.98   
    Text::ParseWords    0    3.27   
    UNIVERSAL           0    1.08   

build_requires:

    Module              Need Have   
    ------------------- ---- -------
    ExtUtils::MakeMaker 0    6.72   

configure_requires:

    Module              Need Have   
    ------------------- ---- -------
    ExtUtils::MakeMaker 0    6.72   


------------------------------
ENVIRONMENT AND OTHER CONTEXT
------------------------------

Environment variables:

    DBIC_NO_WARN_BAD_PERL = 1
    PATH = /usr/local/bin:/usr/X11R6/bin:/usr/X11/bin:/usr/perl5.8.0/bin:/usr/bin:/bin:/usr/local/sbin:/usr/sbin:/sbin:/usr/local/pilot/bin:/home2/cpansand/bin/freebsd8.0:/home2/cpansand/bin/sh:/home2/cpansand/bin:/usr/X386/bin:/usr/games:/home2/cpansand/devel:/usr/home/e/eserte/work/srezic-misc/scripts
    PERL5LIB = /usr/local/src/CPAN/build/Test-Mock-Redis-0.14-nLFgCf/blib/arch:/usr/local/src/CPAN/build/Test-Mock-Redis-0.14-nLFgCf/blib/lib
    PERL5OPT = 
    PERL5_CPANPLUS_IS_RUNNING = 58542
    PERL5_CPAN_IS_RUNNING = 58542
    PERL5_CPAN_IS_RUNNING_IN_RECURSION = 58521,58542
    PERL_BATCH = yes
    PERL_CPAN_REPORTER_CONFIG = /var/tmp/cpansmoker-1023/8uQ0b534nE_config.ini
    PERL_CPAN_REPORTER_DIR = /home/cpansand/var/ctps/5140_1/config/perl-5.14.0/cpanreporter
    PERL_EXTUTILS_AUTOINSTALL = --defaultdeps
    PERL_HTML_DISPLAY_CLASS = HTML::Display::Mozilla
    SHELL = /usr/local/bin/zsh
    TERM = screen
    TMPDIR = /var/tmp/cpansmoker-1023

Perl special variables (and OS-specific diagnostics, for MSWin32):

    $^X = /home2/cpansand/var/ctps/5140_1/install/perl-5.14.0/bin/perl5.14.0
    $UID/$EUID = 1023 / 1023
    $GID = 1023 1023
    $EGID = 1023 1023

Perl module toolchain versions installed:

    Module              Have    
    ------------------- --------
    CPAN                2.00    
    CPAN::Meta          2.131560
    Cwd                 3.40    
    ExtUtils::CBuilder  0.280205
    ExtUtils::Command   1.17    
    ExtUtils::Install   1.56    
    ExtUtils::MakeMaker 6.72    
    ExtUtils::Manifest  1.60    
    ExtUtils::ParseXS   3.18    
    File::Spec          3.40    
    JSON                2.59    
    JSON::PP            2.27200 
    Module::Build       0.4007  
    Module::Signature   0.73    
    Parse::CPAN::Meta   1.4404  
    Test::Harness       3.28    
    Test::More          0.98    
    YAML                0.84    
    YAML::Syck          1.27    
    version             0.9902  


--

Summary of my perl5 (revision 5 version 14 subversion 0) configuration:
   
  Platform:
    osname=freebsd, osvers=8.0-release, archname=i386-freebsd
    uname='freebsd biokovo.herceg.de 8.0-release freebsd 8.0-release #0: sat nov 21 15:48:17 utc 2009 root@almeida.cse.buffalo.edu:usrobjusrsrcsysgeneric i386 '
    config_args='-ds -e -Uversiononly -Dinstallusrbinperl=n -Dusedevel -Dprefix=/home/cpansand/var/ctps/5140_1/install/perl-5.14.0'
    hint=recommended, useposix=true, d_sigaction=define
    useithreads=undef, usemultiplicity=undef
    useperlio=define, d_sfio=undef, uselargefiles=define, usesocks=undef
    use64bitint=undef, use64bitall=undef, uselongdouble=undef
    usemymalloc=n, bincompat5005=undef
  Compiler:
    cc='cc', ccflags ='-DHAS_FPSETMASK -DHAS_FLOATINGPOINT_H -fno-strict-aliasing -pipe -fstack-protector -I/usr/local/include',
    optimize='-O',
    cppflags='-DHAS_FPSETMASK -DHAS_FLOATINGPOINT_H -fno-strict-aliasing -pipe -fstack-protector -I/usr/local/include'
    ccversion='', gccversion='4.2.1 20070719  [FreeBSD]', gccosandvers=''
    intsize=4, longsize=4, ptrsize=4, doublesize=8, byteorder=1234
    d_longlong=define, longlongsize=8, d_longdbl=define, longdblsize=12
    ivtype='long', ivsize=4, nvtype='double', nvsize=8, Off_t='off_t', lseeksize=8
    alignbytes=4, prototype=define
  Linker and Libraries:
    ld='cc', ldflags ='-Wl,-E  -fstack-protector -L/usr/local/lib'
    libpth=/usr/lib /usr/local/lib
    libs=-lgdbm -lm -lcrypt -lutil -lc
    perllibs=-lm -lcrypt -lutil -lc
    libc=, so=so, useshrplib=false, libperl=libperl.a
    gnulibc_version=''
  Dynamic Linking:
    dlsrc=dl_dlopen.xs, dlext=so, d_dlsymun=undef, ccdlflags=' '
    cccdlflags='-DPIC -fPIC', lddlflags='-shared  -L/usr/local/lib -fstack-protector'


Characteristics of this binary (from libperl): 
  Compile-time options: PERL_DONT_CREATE_GVSV PERL_MALLOC_WRAP
                        PERL_PRESERVE_IVUV PERL_USE_DEVEL USE_LARGE_FILES
                        USE_PERLIO USE_PERL_ATOF
  Built under freebsd
  Compiled at May 16 2011 22:19:43
  %ENV:
    PERL5LIB="/usr/local/src/CPAN/build/Test-Mock-Redis-0.14-nLFgCf/blib/arch:/usr/local/src/CPAN/build/Test-Mock-Redis-0.14-nLFgCf/blib/lib"
    PERL5OPT=""
    PERL5_CPANPLUS_IS_RUNNING="58542"
    PERL5_CPAN_IS_RUNNING="58542"
    PERL5_CPAN_IS_RUNNING_IN_RECURSION="58521,58542"
    PERL_BATCH="yes"
    PERL_CPAN_REPORTER_CONFIG="/var/tmp/cpansmoker-1023/8uQ0b534nE_config.ini"
    PERL_CPAN_REPORTER_DIR="/home/cpansand/var/ctps/5140_1/config/perl-5.14.0/cpanreporter"
    PERL_EXTUTILS_AUTOINSTALL="--defaultdeps"
    PERL_HTML_DISPLAY_CLASS="HTML::Display::Mozilla"
  @INC:
    /usr/local/src/CPAN/build/Test-Mock-Redis-0.14-nLFgCf/blib/arch
    /usr/local/src/CPAN/build/Test-Mock-Redis-0.14-nLFgCf/blib/lib
    /home/cpansand/var/ctps/5140_1/install/perl-5.14.0/lib/site_perl/5.14.0/i386-freebsd
    /home/cpansand/var/ctps/5140_1/install/perl-5.14.0/lib/site_perl/5.14.0
    /home/cpansand/var/ctps/5140_1/install/perl-5.14.0/lib/5.14.0/i386-freebsd
    /home/cpansand/var/ctps/5140_1/install/perl-5.14.0/lib/5.14.0
    .