Report for Perlbal-1.80

Back
From: metabase:user:320bfe00-2aae-11df-837a-5e0a49663a4f
Subject: FAIL Perlbal-1.80 v5.20.1 GNU/Linux
Date: 2014-09-16T22:22:02Z

This distribution has been tested as part of the CPAN Testers
project, supporting the Perl programming language.  See
http://wiki.cpantesters.org/ for more information or email
questions to cpan-testers-discuss@perl.org


--
Dear Alan Kasindorf,

This is a computer-generated report for Perlbal-1.80
on perl 5.20.1, created by CPAN-Reporter-1.2011.

Thank you for uploading your work to CPAN.  However, there was a problem
testing your distribution.

If you think this report is invalid, please consult the CPAN Testers Wiki
for suggestions on how to avoid getting FAIL reports for missing library
or binary dependencies, unsupported operating systems, and so on:

http://wiki.cpantesters.org/wiki/CPANAuthorNotes

Sections of this report:

    * Tester comments
    * Program output
    * Prerequisites
    * Environment and other context

------------------------------
TESTER COMMENTS
------------------------------

Additional comments from tester:

this report is from an automated smoke testing program
and was not reviewed by a human for accuracy

------------------------------
PROGRAM OUTPUT
------------------------------

Output from '/usr/bin/make test':

PERL_DL_NONLAZY=1 "/home/sand/src/perl/repoperls/installed-perls/perl/v5.20.1/127e/bin/perl" "-MExtUtils::Command::MM" "-MTest::Harness" "-e" "undef *Test::Harness::Switches; test_harness(0, 'blib/lib', 'blib/arch')" t/*.t
t/00-use.t ............... ok
t/10-testharness.t ....... ok
t/12-headers.t ........... ok
Configuration error at /tmp/loop_over_bdir-31540-rCi7ph/Perlbal-1.80-dRmktB/blib/lib/Perlbal/Test.pm line 290.
Child process (webserver) died.
# Looks like your test exited with 111 before it could output anything.
Can't use an undefined value as a symbol reference at /tmp/loop_over_bdir-31540-rCi7ph/Perlbal-1.80-dRmktB/blib/lib/Perlbal/Test.pm line 173.
END failed--call queue aborted at t/13-server-tokens.t line 346.
t/13-server-tokens.t ..... 
Dubious, test returned 22 (wstat 5632, 0x1600)
Failed 13/13 subtests 
Configuration error at /tmp/loop_over_bdir-31540-rCi7ph/Perlbal-1.80-dRmktB/blib/lib/Perlbal/Test.pm line 290.
Child process (webserver) died.
# Looks like your test exited with 111 before it could output anything.
Can't use an undefined value as a symbol reference at /tmp/loop_over_bdir-31540-rCi7ph/Perlbal-1.80-dRmktB/blib/lib/Perlbal/Test.pm line 173.
END failed--call queue aborted at t/15-webserver.t line 346.
t/15-webserver.t ......... 
Dubious, test returned 22 (wstat 5632, 0x1600)
Failed 17/17 subtests 
t/17-webserver-concat.t .. ok
Configuration error at /tmp/loop_over_bdir-31540-rCi7ph/Perlbal-1.80-dRmktB/blib/lib/Perlbal/Test.pm line 290.
Child process (webserver) died.
# Looks like your test exited with 111 before it could output anything.
Can't use an undefined value as a symbol reference at /tmp/loop_over_bdir-31540-rCi7ph/Perlbal-1.80-dRmktB/blib/lib/Perlbal/Test.pm line 173.
END failed--call queue aborted at t/20-put.t line 346.
t/20-put.t ............... 
Dubious, test returned 22 (wstat 5632, 0x1600)
No subtests run 
# Writing: 500
# Writing: 5
# Writing: 5
# Writing: 5
# Writing: 100000
# Writing: 60000
# Writing: 1000
# Writing: 338485
t/22-chunked-put.t ....... ok
t/30-reverseproxy.t ...... ok
t/31-realworld.t ......... ok
Configuration error at /tmp/loop_over_bdir-31540-rCi7ph/Perlbal-1.80-dRmktB/blib/lib/Perlbal/Test.pm line 290, <GEN9> line 1.
Child process (webserver) died.
# Looks like you planned 12 tests but ran 1.
# Looks like your test exited with 29 just after 1.
Can't use an undefined value as a symbol reference at /tmp/loop_over_bdir-31540-rCi7ph/Perlbal-1.80-dRmktB/blib/lib/Perlbal/Test.pm line 173.
END failed--call queue aborted at t/32-pipelining.t line 346.
t/32-pipelining.t ........ 
Dubious, test returned 22 (wstat 5632, 0x1600)
Failed 11/12 subtests 
t/32-selector.t .......... ok
Manage command failed: 'SERVER aio_mode = ioaio' 'ERROR: IO::AIO not available
'
t/35-reproxy.t ........... ok
Configuration error at /tmp/loop_over_bdir-31540-rCi7ph/Perlbal-1.80-dRmktB/blib/lib/Perlbal/Test.pm line 290, <GEN140> line 1.
Child process (webserver) died.
# Looks like your test exited with 29 before it could output anything.
Can't use an undefined value as a symbol reference at /tmp/loop_over_bdir-31540-rCi7ph/Perlbal-1.80-dRmktB/blib/lib/Perlbal/Test.pm line 173.
END failed--call queue aborted at t/40-ranges.t line 346.
t/40-ranges.t ............ 
Dubious, test returned 22 (wstat 5632, 0x1600)
Failed 35/35 subtests 
t/45-buffereduploads.t ... ok
t/50-plugins.t ........... ok
t/52-chunked-upload.t .... ok
t/60-child-httpd.t ....... skipped: Alpha feature; test skipped without $ENV{PERLBAL_TEST_ALPHA}
t/75-plugin-include.t .... ok
t/76-plugin-redirect.t ... ok
t/77-plugin-throttle.t ... ok
t/78-plugin-xffextras.t .. ok
t/90-accesscontrol.t ..... ok
t/91-fields.t ............ ok
t/99-benchmark-bool.t .... ok

Test Summary Report
-------------------
t/13-server-tokens.t   (Wstat: 5632 Tests: 0 Failed: 0)
  Non-zero exit status: 22
  Parse errors: Bad plan.  You planned 13 tests but ran 0.
t/15-webserver.t       (Wstat: 5632 Tests: 0 Failed: 0)
  Non-zero exit status: 22
  Parse errors: Bad plan.  You planned 17 tests but ran 0.
t/20-put.t             (Wstat: 5632 Tests: 0 Failed: 0)
  Non-zero exit status: 22
  Parse errors: No plan found in TAP output
t/32-pipelining.t      (Wstat: 5632 Tests: 1 Failed: 0)
  Non-zero exit status: 22
  Parse errors: Bad plan.  You planned 12 tests but ran 1.
t/40-ranges.t          (Wstat: 5632 Tests: 0 Failed: 0)
  Non-zero exit status: 22
  Parse errors: Bad plan.  You planned 35 tests but ran 0.
Files=25, Tests=430, 58 wallclock secs ( 0.15 usr  0.02 sys +  4.45 cusr  0.38 csys =  5.00 CPU)
Result: FAIL
Failed 5/25 test programs. 0/430 subtests failed.
Makefile:1180: recipe for target 'test_dynamic' failed
make: *** [test_dynamic] Error 255

------------------------------
PREREQUISITES
------------------------------

Prerequisite modules loaded:

requires:

    Module              Need Have    
    ------------------- ---- --------
    base                0    2.22    
    BSD::Resource       0    1.2907  
    Carp                0    1.3301  
    constant            0    1.31    
    Danga::Socket       1.44 1.61    
    Errno               0    1.20_03 
    Exporter            0    5.71    
    Fcntl               0    1.11    
    fields              0    2.17    
    File::Path          0    2.09    
    File::Temp          0    0.2304  
    FindBin             0    1.51    
    Getopt::Long        0    2.42    
    Hash::Util          0    0.16    
    HTTP::Date          0    6.02    
    HTTP::Request       0    6.00    
    HTTP::Response      0    6.04    
    IO::File            0    1.16    
    IO::Handle          0    1.35    
    IO::Select          0    1.22    
    IO::Socket::INET    0    1.35    
    lib                 0    0.63    
    LWP::UserAgent      0    6.06    
    Scalar::Util        0    1.41    
    Socket              0    2.013   
    strict              0    1.08    
    Sys::Syscall        0    0.25    
    Test::More          0.94 1.001006
    Time::HiRes         0    1.9726  
    vars                0    1.03    
    warnings            0    1.23    

build_requires:

    Module              Need Have    
    ------------------- ---- --------
    ExtUtils::MakeMaker 0    6.99_13 

configure_requires:

    Module              Need Have    
    ------------------- ---- --------
    ExtUtils::MakeMaker 0    6.99_13 


------------------------------
ENVIRONMENT AND OTHER CONTEXT
------------------------------

Environment variables:

    AUTOMATED_TESTING = 1
    LANG = en_US.UTF-8
    LANGUAGE = en_US:en
    PATH = /usr/lib/ccache:/home/sand/bin:/usr/local/bin:/usr/bin:/bin:/usr/games:/usr/local/perl/bin:/usr/X11/bin:/sbin:/usr/sbin
    PERL5LIB = 
    PERL5OPT = 
    PERL5_CPANPLUS_IS_RUNNING = 31541
    PERL5_CPAN_IS_RUNNING = 31541
    PERLBAL_DEBUG = 1
    PERLBAL_DEBUG_OBJ = 1
    PERLBAL_TRACK_STATES = 1
    PERL_MM_USE_DEFAULT = 1
    SHELL = /usr/bin/zsh
    TERM = screen

Perl special variables (and OS-specific diagnostics, for MSWin32):

    $^X = /home/sand/src/perl/repoperls/installed-perls/perl/v5.20.1/127e/bin/perl
    $UID/$EUID = 1005 / 1005
    $GID = 1005 1005
    $EGID = 1005 1005

Perl module toolchain versions installed:

    Module              Have    
    ------------------- --------
    CPAN                2.05    
    CPAN::Meta          2.142060
    Cwd                 3.48    
    ExtUtils::CBuilder  0.280219
    ExtUtils::Command   1.18    
    ExtUtils::Install   2.04    
    ExtUtils::MakeMaker 6.99_13 
    ExtUtils::Manifest  1.68    
    ExtUtils::ParseXS   3.24    
    File::Spec          3.48    
    JSON                2.90    
    JSON::PP            2.27203 
    Module::Build       0.4210  
    Module::Signature   0.73    
    Parse::CPAN::Meta   1.4414  
    Test::Harness       3.33    
    Test::More          1.001006
    YAML                1.11    
    YAML::Syck          1.27    
    version             0.9909  


--

Summary of my perl5 (revision 5 version 20 subversion 1) configuration:
  Commit id: 4f732e9acf9b96a6e70ba729c7eae63906b663e5
  Platform:
    osname=linux, osvers=3.16-1-amd64, archname=x86_64-linux-ld
    uname='linux k83 3.16-1-amd64 #1 smp debian 3.16.2-2 (2014-09-08) x86_64 gnulinux '
    config_args='-Dprefix=/home/sand/src/perl/repoperls/installed-perls/perl/v5.20.1/127e -Dmyhostname=k83 -Dinstallusrbinperl=n -Uversiononly -Dusedevel -des -Ui_db -Uuseithreads -Duselongdouble -DDEBUGGING=-g'
    hint=recommended, useposix=true, d_sigaction=define
    useithreads=undef, usemultiplicity=undef
    use64bitint=define, use64bitall=define, uselongdouble=define
    usemymalloc=n, bincompat5005=undef
  Compiler:
    cc='cc', ccflags ='-fwrapv -fno-strict-aliasing -pipe -fstack-protector -I/usr/local/include -D_LARGEFILE_SOURCE -D_FILE_OFFSET_BITS=64',
    optimize='-O2 -g',
    cppflags='-fwrapv -fno-strict-aliasing -pipe -fstack-protector -I/usr/local/include'
    ccversion='', gccversion='4.9.1', gccosandvers=''
    intsize=4, longsize=8, ptrsize=8, doublesize=8, byteorder=12345678
    d_longlong=define, longlongsize=8, d_longdbl=define, longdblsize=16
    ivtype='long', ivsize=8, nvtype='long double', nvsize=16, Off_t='off_t', lseeksize=8
    alignbytes=16, prototype=define
  Linker and Libraries:
    ld='cc', ldflags =' -fstack-protector -L/usr/local/lib'
    libpth=/usr/local/lib /usr/lib/gcc/x86_64-linux-gnu/4.9/include-fixed /usr/include/x86_64-linux-gnu /usr/lib /lib/x86_64-linux-gnu /lib/../lib /usr/lib/x86_64-linux-gnu /usr/lib/../lib /lib
    libs=-lnsl -lgdbm -ldb -ldl -lm -lcrypt -lutil -lc -lgdbm_compat
    perllibs=-lnsl -ldl -lm -lcrypt -lutil -lc
    libc=libc-2.19.so, so=so, useshrplib=false, libperl=libperl.a
    gnulibc_version='2.19'
  Dynamic Linking:
    dlsrc=dl_dlopen.xs, dlext=so, d_dlsymun=undef, ccdlflags='-Wl,-E'
    cccdlflags='-fPIC', lddlflags='-shared -O2 -g -L/usr/local/lib -fstack-protector'


Characteristics of this binary (from libperl): 
  Compile-time options: HAS_TIMES PERLIO_LAYERS PERL_DONT_CREATE_GVSV
                        PERL_HASH_FUNC_ONE_AT_A_TIME_HARD PERL_MALLOC_WRAP
                        PERL_NEW_COPY_ON_WRITE PERL_PRESERVE_IVUV
                        PERL_USE_DEVEL USE_64_BIT_ALL USE_64_BIT_INT
                        USE_LARGE_FILES USE_LOCALE USE_LOCALE_COLLATE
                        USE_LOCALE_CTYPE USE_LOCALE_NUMERIC USE_LONG_DOUBLE
                        USE_PERLIO USE_PERL_ATOF
  Built under linux
  Compiled at Sep 15 2014 01:49:39
  %ENV:
    PERL5LIB=""
    PERL5OPT=""
    PERL5_CPANPLUS_IS_RUNNING="31541"
    PERL5_CPAN_IS_RUNNING="31541"
    PERLBAL_DEBUG="1"
    PERLBAL_DEBUG_OBJ="1"
    PERLBAL_TRACK_STATES="1"
    PERL_MM_USE_DEFAULT="1"
  @INC:
    /home/sand/src/perl/repoperls/installed-perls/perl/v5.20.1/127e/lib/site_perl/5.20.1/x86_64-linux-ld
    /home/sand/src/perl/repoperls/installed-perls/perl/v5.20.1/127e/lib/site_perl/5.20.1
    /home/sand/src/perl/repoperls/installed-perls/perl/v5.20.1/127e/lib/5.20.1/x86_64-linux-ld
    /home/sand/src/perl/repoperls/installed-perls/perl/v5.20.1/127e/lib/5.20.1
    .