Promises v1.04 Perl 5 v5.12.0 OpenBSD.amd64-openbsd

Status
Fail
From
Chris Williams (BINGOS)
Dist
Promises v1.04
Platform
Perl 5 v5.12.0 OpenBSD.amd64-openbsd
Date
2023-03-24 01:12:01
ID
e1dd8c42-c9e0-11ed-aba6-9a79f339625c
This distribution has been tested as part of the CPAN Testers
project, supporting the Perl programming language.  See
http://wiki.cpantesters.org/ for more information or email
questions to cpan-testers-discuss@perl.org


--

Dear Yanick Champoux,

This is a computer-generated error report created automatically by
CPANPLUS, version 0.9914. Testers personal comments may appear
at the end of this report.


Thank you for uploading your work to CPAN.  However, it appears that
there were some problems testing your distribution.

TEST RESULTS:

Below is the error stack from stage 'make test':

PERL_DL_NONLAZY=1 "/home/cpan/pit/bare/perl-5.12.0/bin/perl" "-MExtUtils::Command::MM" "-MTest::Harness" "-e" "undef *Test::Harness::Switches; test_harness(0, 'blib/lib', 'blib/arch')" t/*.t
t/00-compile.t ................... ok
# 
# Versions for all modules listed in MYMETA.json (including optional ones):
# 
# === Configure Requires ===
# 
#     Module              Want Have
#     ------------------- ---- ----
#     ExtUtils::MakeMaker  any 7.64
# 
# === Configure Suggests ===
# 
#     Module      Want Have
#     -------- ------- ----
#     JSON::PP 2.27300 4.04
# 
# === Build Requires ===
# 
#     Module              Want Have
#     ------------------- ---- ----
#     ExtUtils::MakeMaker  any 7.64
# 
# === Test Requires ===
# 
#     Module              Want     Have
#     ------------------- ---- --------
#     ExtUtils::MakeMaker  any     7.64
#     File::Spec           any     3.75
#     IO::Handle           any     1.28
#     IPC::Open3           any     1.05
#     Test::Exception      any     0.43
#     Test::Fatal          any    0.017
#     Test::More          0.89 1.302191
#     Test::Pod            any     1.52
#     Test::Requires       any     0.11
#     Test::Warn           any     0.37
#     lib                  any     0.62
# 
# === Test Recommends ===
# 
#     Module         Want     Have
#     ---------- -------- --------
#     CPAN::Meta 2.120900 2.150010
# 
# === Runtime Requires ===
# 
#     Module          Want    Have
#     --------------- ---- -------
#     Carp             any    1.50
#     Data::Dumper     any   2.125
#     Exporter         any 5.64_01
#     Module::Runtime  any   0.016
#     Scalar::Util     any    1.22
#     Sub::Attribute   any    0.07
#     Sub::Exporter    any   0.989
#     constant         any    1.20
#     parent           any   0.223
#     strict           any    1.04
#     warnings         any    1.09
# 
t/00-report-prereqs.t ............ ok
t/000-load.t ..................... ok
# Delaying for 0.1 second ...
t/001-basic.t .................... ok
# Delaying for 0.1 second ...
# Delaying for 0.1 more second ...
t/002-multiples.t ................ ok
# Delaying for 0.1 second1 ...
t/003-post-resolve-then.t ........ ok
# Delaying for 0.1 second ...
t/004-error.t .................... ok
# Delaying for 0.1 second ...
# Delaying for 0.1 more second ...
t/005-multiples-w-error.t ........ ok
t/006-thenable.t ................. ok
t/007_callable.t ................. ok
# Delaying for 0.2 seconds ...
t/010-collect.t .................. ok
# Delaying for 0.2 seconds ...
t/011-collect-w-error.t .......... ok
# Delaying for 0.2 seconds ...
t/012-collect_hash.t ............. ok
t/013-collect_hash-params.t ...... ok
# Delaying for 0.2 seconds ...
t/013-collect_hash-with-error.t .. ok
t/020-chaining.t ................. ok
t/021-chaining-errors.t .......... ok
t/025-recursion.t ................ ok
t/030-deferred-default.t ......... ok
t/031-deferred-AE.t .............. ok
t/031-deferred-io-async.t ........ skipped: Test requires module 'IO::Async' but it's not found

#   Failed test '... run asynchronously'
#   at t/032-deferred-AnyEvent.t line 26.
#          got: '0'
#     expected: '1'
# Looks like you failed 1 test of 2.
t/032-deferred-AnyEvent.t ........ 
Dubious, test returned 1 (wstat 256, 0x100)
Failed 1/2 subtests 
t/033-deferred-EV.t .............. skipped: EV is required for this test
t/034-deferred-Mojo.t ............ skipped: Mojo::IOLoop is required for this test
t/040_finally.t .................. ok
t/045-attributes.t ............... ok
t/050-exceptions-pp.t ............ skipped: Localizing $@ before Perl 5.14 clobbers the exception
t/051-exceptions-pp-anyevent.t ... ok
t/052-exceptions-ev-anyevent.t ... skipped: Test requires module 'EV' but it's not found
t/053-exceptions-mojo.t .......... skipped: Test requires module 'Mojo::IOLoop' but it's not found
t/060-free-refs.t ................ ok
t/070-accepted-rejected.t ........ ok
t/080-deferred-as-sub.t .......... ok
t/090-timeout.t .................. skipped: Test requires module 'IO::Async' but it's not found
t/late-warning.t ................. ok
t/warnings.t ..................... ok

Test Summary Report
-------------------
t/032-deferred-AnyEvent.t      (Wstat: 256 (exited 1) Tests: 2 Failed: 1)
  Failed test:  2
  Non-zero exit status: 1
Files=36, Tests=148, 27 wallclock secs ( 0.61 usr  0.67 sys + 13.99 cusr  4.87 csys = 20.14 CPU)
Result: FAIL
Failed 1/36 test programs. 1/148 subtests failed.
*** Error 255 in /home/cpan/pit/bare/conf/perl-5.12.0/.cpanplus/5.12.0/build/BIEgZPq9Cu/Promises-1.04 (Makefile:947 'test_dynamic')


PREREQUISITES:

Here is a list of prerequisites you specified and versions we
managed to load:

	  Module Name                        Have     Want
	  Carp                               1.50        0
	  Data::Dumper                      2.125        0
	  Exporter                        5.64_01        0
	  ExtUtils::MakeMaker                7.64        0
	  File::Spec                         3.75        0
	  IO::Handle                         1.28        0
	  IPC::Open3                         1.05        0
	  Module::Runtime                   0.016        0
	  Scalar::Util                       1.22        0
	  Sub::Attribute                     0.07        0
	  Sub::Exporter                     0.989        0
	  Test::Exception                    0.43        0
	  Test::Fatal                       0.017        0
	  Test::More                     1.302191     0.89
	  Test::Pod                          1.52        0
	  Test::Requires                     0.11        0
	  Test::Warn                         0.37        0
	  constant                           1.20        0
	  lib                                0.62        0
	  parent                            0.223        0
	  strict                             1.04        0
	  warnings                           1.09        0

Perl module toolchain versions installed:
	Module Name                        Have
	CPANPLUS                         0.9914
	CPANPLUS::Dist::Build              0.90
	Cwd                                3.75
	ExtUtils::CBuilder             0.280236
	ExtUtils::Command                  7.64
	ExtUtils::Install                  2.20
	ExtUtils::MakeMaker                7.64
	ExtUtils::Manifest                 1.73
	ExtUtils::ParseXS                  3.44
	File::Spec                         3.75
	Module::Build                    0.4231
	Pod::Parser                        1.37
	Pod::Simple                        3.13
	Test2                          1.302191
	Test::Harness                      3.44
	Test::More                     1.302191
	version                          0.9929

******************************** NOTE ********************************
The comments above are created mechanically, possibly without manual
checking by the sender.  As there are many people performing automatic
tests on each upload to CPAN, it is likely that you will receive
identical messages about the same problem.

If you believe that the message is mistaken, please reply to the first
one with correction and/or additional informations, and do not take
it personally.  We appreciate your patience. :)
**********************************************************************

Additional comments:


This report was machine-generated by CPANPLUS::Dist::YACSmoke 1.08.
Powered by minismokebox version 0.68

CPANPLUS is prefering Build.PL

------------------------------
ENVIRONMENT AND OTHER CONTEXT
------------------------------

Environment variables:

    AUTOMATED_TESTING = 1
    NONINTERACTIVE_TESTING = 1
    PATH = /home/cpan/bin:/bin:/sbin:/usr/bin:/usr/sbin:/usr/X11R6/bin:/usr/local/bin:/usr/local/sbin:/usr/games
    PERL5LIB = /home/cpan/pit/jail/UWAybz8cki/lib/perl5:/home/cpan/pit/bare/conf/perl-5.12.0/.cpanplus/5.12.0/build/BIEgZPq9Cu/Promises-1.04/blib/lib:/home/cpan/pit/bare/conf/perl-5.12.0/.cpanplus/5.12.0/build/BIEgZPq9Cu/Promises-1.04/blib/arch
    PERL5_CPANPLUS_IS_RUNNING = 66102
    PERL5_CPANPLUS_IS_VERSION = 0.9914
    PERL5_MINISMOKEBOX = 0.68
    PERL5_YACSMOKE_BASE = /home/cpan/pit/bare/conf/perl-5.12.0
    PERL_EXTUTILS_AUTOINSTALL = --defaultdeps
    PERL_LOCAL_LIB_ROOT = /home/cpan/pit/jail/UWAybz8cki
    PERL_MB_OPT = --install_base "/home/cpan/pit/jail/UWAybz8cki"
    PERL_MM_OPT = INSTALL_BASE=/home/cpan/pit/jail/UWAybz8cki
    PERL_MM_USE_DEFAULT = 1
    PERL_USE_UNSAFE_INC = 1
    SHELL = /usr/local/bin/bash
    TERM = screen.xterm-256color

Perl special variables (and OS-specific diagnostics, for MSWin32):

    Perl: $^X = /home/cpan/pit/bare/perl-5.12.0/bin/perl
    UID:  $<  = 1001
    EUID: $>  = 1001
    GID:  $(  = 1001 1001
    EGID: $)  = 1001 1001


-------------------------------


--

Summary of my perl5 (revision 5 version 12 subversion 0) configuration:
   
  Platform:
    osname=openbsd, osvers=6.6, archname=OpenBSD.amd64-openbsd
    uname='openbsd outrage.bingosnet.co.uk 6.6 generic#4 amd64 '
    config_args='-des -Dprefix=/home/cpan/pit/bare/perl-5.12.0'
    hint=recommended, useposix=true, d_sigaction=define
    useithreads=undef, usemultiplicity=undef
    useperlio=define, d_sfio=undef, uselargefiles=define, usesocks=undef
    use64bitint=define, use64bitall=define, uselongdouble=undef
    usemymalloc=n, bincompat5005=undef
  Compiler:
    cc='cc', ccflags ='-fno-strict-aliasing -pipe -fstack-protector -I/usr/local/include',
    optimize='-O2',
    cppflags='-fno-strict-aliasing -pipe -fstack-protector -I/usr/local/include'
    ccversion='', gccversion='4.2.1 Compatible OpenBSD Clang 8.0.1 (tags/RELEASE_801/final)', gccosandvers=''
    intsize=4, longsize=8, ptrsize=8, doublesize=8, byteorder=12345678
    d_longlong=define, longlongsize=8, d_longdbl=define, longdblsize=16
    ivtype='long', ivsize=8, nvtype='double', nvsize=8, Off_t='off_t', lseeksize=8
    alignbytes=8, prototype=define
  Linker and Libraries:
    ld='cc', ldflags ='-Wl,-E  -fstack-protector -L/usr/local/lib'
    libpth=/usr/local/lib /usr/lib
    libs=-lgdbm -lm -lutil -lc
    perllibs=-lm -lutil -lc
    libc=/usr/lib/libc.so.95.1, so=so, useshrplib=false, libperl=libperl.a
    gnulibc_version=''
  Dynamic Linking:
    dlsrc=dl_dlopen.xs, dlext=so, d_dlsymun=undef, ccdlflags=' '
    cccdlflags='-DPIC -fPIC ', lddlflags='-shared -fPIC  -L/usr/local/lib -fstack-protector'


Characteristics of this binary (from libperl): 
  Compile-time options: PERL_DONT_CREATE_GVSV PERL_MALLOC_WRAP USE_64_BIT_ALL
                        USE_64_BIT_INT USE_LARGE_FILES USE_PERLIO
                        USE_PERL_ATOF
  Locally applied patches:
	Devel::PatchPerl 1.80
  Built under openbsd
  Compiled at Jan 22 2020 10:26:10
  %ENV:
    PERL5LIB="/home/cpan/pit/jail/UWAybz8cki/lib/perl5:/home/cpan/pit/bare/conf/perl-5.12.0/.cpanplus/5.12.0/build/BIEgZPq9Cu/Promises-1.04/blib/lib:/home/cpan/pit/bare/conf/perl-5.12.0/.cpanplus/5.12.0/build/BIEgZPq9Cu/Promises-1.04/blib/arch"
    PERL5_CPANPLUS_IS_RUNNING="66102"
    PERL5_CPANPLUS_IS_VERSION="0.9914"
    PERL5_MINISMOKEBOX="0.68"
    PERL5_YACSMOKE_BASE="/home/cpan/pit/bare/conf/perl-5.12.0"
    PERL_EXTUTILS_AUTOINSTALL="--defaultdeps"
    PERL_LOCAL_LIB_ROOT="/home/cpan/pit/jail/UWAybz8cki"
    PERL_MB_OPT="--install_base "/home/cpan/pit/jail/UWAybz8cki""
    PERL_MM_OPT="INSTALL_BASE=/home/cpan/pit/jail/UWAybz8cki"
    PERL_MM_USE_DEFAULT="1"
    PERL_USE_UNSAFE_INC="1"
  @INC:
    /home/cpan/pit/jail/UWAybz8cki/lib/perl5/5.12.0/OpenBSD.amd64-openbsd
    /home/cpan/pit/jail/UWAybz8cki/lib/perl5/5.12.0
    /home/cpan/pit/jail/UWAybz8cki/lib/perl5/OpenBSD.amd64-openbsd
    /home/cpan/pit/jail/UWAybz8cki/lib/perl5
    /home/cpan/pit/bare/conf/perl-5.12.0/.cpanplus/5.12.0/build/BIEgZPq9Cu/Promises-1.04/blib/lib
    /home/cpan/pit/bare/conf/perl-5.12.0/.cpanplus/5.12.0/build/BIEgZPq9Cu/Promises-1.04/blib/arch
    /home/cpan/pit/bare/perl-5.12.0/lib/site_perl/5.12.0/OpenBSD.amd64-openbsd
    /home/cpan/pit/bare/perl-5.12.0/lib/site_perl/5.12.0
    /home/cpan/pit/bare/perl-5.12.0/lib/5.12.0/OpenBSD.amd64-openbsd
    /home/cpan/pit/bare/perl-5.12.0/lib/5.12.0
    .