SQL-Abstract-Builder vv0.1.1 Perl 5 v5.27.1 MSWin32-x86-multi-thread-64int
- Status
- Fail
- From
- Alexandr Ciornii (CHORNY)
- Dist
-
SQL-Abstract-Builder vv0.1.1
- Platform
- Perl 5 v5.27.1 MSWin32-x86-multi-thread-64int
- Date
- 2018-02-23 11:39:24
- ID
- e1887cc9-6e07-1014-aaa6-1df1f23ef5ca
This distribution has been tested as part of the CPAN Testers
project, supporting the Perl programming language. See
http://wiki.cpantesters.org/ for more information or email
questions to cpan-testers-discuss@perl.org
--
Dear Traian Nedelea,
This is a computer-generated report for SQL-Abstract-Builder-v0.1.1
on perl 5.27.1, created by CPAN-Reporter-1.2018.
Thank you for uploading your work to CPAN. However, there was a problem
testing your distribution.
If you think this report is invalid, please consult the CPAN Testers Wiki
for suggestions on how to avoid getting FAIL reports for missing library
or binary dependencies, unsupported operating systems, and so on:
http://wiki.cpantesters.org/wiki/CPANAuthorNotes
Sections of this report:
* Tester comments
* Program output
* Prerequisites
* Environment and other context
------------------------------
TESTER COMMENTS
------------------------------
Additional comments from tester:
this report is from an automated smoke testing program
and was not reviewed by a human for accuracy
------------------------------
PROGRAM OUTPUT
------------------------------
Output from 'C:\Strawberry271\perl\bin\perl.exe ./Build test':
Experimental keys on scalar is now forbidden at lib/SQL/Abstract/Builder.pm line 34.
Type of arg 1 to keys must be hash or array (not private variable) at lib/SQL/Abstract/Builder.pm line 34, near "$b) "
syntax error at lib/SQL/Abstract/Builder.pm line 47, near "$row{"
syntax error at lib/SQL/Abstract/Builder.pm line 47, near "}}"
Can't use global $_ in "my" at lib/SQL/Abstract/Builder.pm line 48, near "= $_"
Global symbol "$dbh" requires explicit package name (did you forget to declare "my $dbh"?) at lib/SQL/Abstract/Builder.pm line 48.
syntax error at lib/SQL/Abstract/Builder.pm line 48, near "->hashes}"
Global symbol "%row" requires explicit package name (did you forget to declare "my %row"?) at lib/SQL/Abstract/Builder.pm line 49.
syntax error at lib/SQL/Abstract/Builder.pm line 50, near "}"
Can't use global @_ in "my" at lib/SQL/Abstract/Builder.pm line 53, near "= @_"
lib/SQL/Abstract/Builder.pm has too many errors.
Compilation failed in require at -e line 1.
# Failed test 'SQL::Abstract::Builder loaded ok'
# at t/00-compile.t line 62.
# ''
# doesn't match '(?^s:^\s*SQL::Abstract::Builder ok)'
# Looks like you failed 1 test of 1.
t/00-compile.t ...............
Dubious, test returned 1 (wstat 256, 0x100)
Failed 1/1 subtests
t/author-pod-spell.t ......... skipped: these tests are for testing by the author
t/author-test-eol.t .......... skipped: these tests are for testing by the author
Experimental keys on scalar is now forbidden at lib/SQL/Abstract/Builder.pm line 34.
Type of arg 1 to keys must be hash or array (not private variable) at lib/SQL/Abstract/Builder.pm line 34, near "$b) "
syntax error at lib/SQL/Abstract/Builder.pm line 47, near "$row{"
syntax error at lib/SQL/Abstract/Builder.pm line 47, near "}}"
Can't use global $_ in "my" at lib/SQL/Abstract/Builder.pm line 48, near "= $_"
Global symbol "$dbh" requires explicit package name (did you forget to declare "my $dbh"?) at lib/SQL/Abstract/Builder.pm line 48.
syntax error at lib/SQL/Abstract/Builder.pm line 48, near "->hashes}"
Global symbol "%row" requires explicit package name (did you forget to declare "my %row"?) at lib/SQL/Abstract/Builder.pm line 49.
syntax error at lib/SQL/Abstract/Builder.pm line 50, near "}"
Can't use global @_ in "my" at lib/SQL/Abstract/Builder.pm line 53, near "= @_"
lib/SQL/Abstract/Builder.pm has too many errors.
Compilation failed in require at t/base.t line 32.
BEGIN failed--compilation aborted at t/base.t line 32.
t/base.t .....................
Dubious, test returned 2 (wstat 512, 0x200)
No subtests run
t/release-cpan-changes.t ..... skipped: these tests are for release candidate testing
t/release-dist-manifest.t .... skipped: these tests are for release candidate testing
t/release-distmeta.t ......... skipped: these tests are for release candidate testing
t/release-meta-json.t ........ skipped: these tests are for release candidate testing
t/release-minimum-version.t .. skipped: these tests are for release candidate testing
t/release-mojibake.t ......... skipped: these tests are for release candidate testing
t/release-no-tabs.t .......... skipped: these tests are for release candidate testing
t/release-pod-coverage.t ..... skipped: these tests are for release candidate testing
t/release-pod-linkcheck.t .... skipped: these tests are for release candidate testing
t/release-pod-syntax.t ....... skipped: these tests are for release candidate testing
t/release-portability.t ...... skipped: these tests are for release candidate testing
t/release-test-version.t ..... skipped: these tests are for release candidate testing
t/release-unused-vars.t ...... skipped: these tests are for release candidate testing
Test Summary Report
-------------------
t/00-compile.t (Wstat: 256 Tests: 1 Failed: 1)
Failed test: 1
Non-zero exit status: 1
t/base.t (Wstat: 512 Tests: 0 Failed: 0)
Non-zero exit status: 2
Parse errors: No plan found in TAP output
Files=17, Tests=1, 4 wallclock secs ( 0.07 usr + 0.02 sys = 0.09 CPU)
Result: FAIL
Failed 2/17 test programs. 1/1 subtests failed.
------------------------------
PREREQUISITES
------------------------------
Prerequisite modules loaded:
requires:
Module Need Have
------------------- ------- --------
DBIx::Simple 0 1.37
Exporter 0 5.72
Hash::Merge 0 0.299
List::Util 0 1.49
perl v5.14.0 5.027001
SQL::Abstract::More 0 1.33
build_requires:
Module Need Have
------------------- ------- --------
Data::Dump 0 1.23
File::Find 0 1.34
File::Temp 0 0.2304
Module::Build 0.3601 0.4224
strict 0 1.11
Test::More 0 1.302120
Test::Requires 0 0.10
warnings 0 1.37
configure_requires:
Module Need Have
------------------- ------- --------
Module::Build 0.3601 0.4224
------------------------------
ENVIRONMENT AND OTHER CONTEXT
------------------------------
Environment variables:
AUTOMATED_TESTING = 1
COMSPEC = C:\WINDOWS\system32\cmd.exe
NUMBER_OF_PROCESSORS = 1
PATH = C:\Program Files\Far Manager\;C:\WINDOWS\system32;C:\WINDOWS;C:\WINDOWS\System32\Wbem;C:\Git\cmd;C:\Strawberry271\c\bin;C:\Strawberry271\perl\site\bin;C:\Strawberry271\perl\bin
PERL5LIB =
PERL5OPT =
PERL5_CPANPLUS_IS_RUNNING = 496016
PERL5_CPAN_IS_RUNNING = 496016
PERL5_CPAN_IS_RUNNING_IN_RECURSION = 123132,496016
PERL_CR_SMOKER_CURRENT = SQL-Abstract-Builder-v0.1.1
PERL_CR_SMOKER_RUNONCE = 1
PERL_EXTUTILS_AUTOINSTALL = --defaultdeps
PERL_MM_USE_DEFAULT = 1
PERL_USE_UNSAFE_INC = 1
PROCESSOR_IDENTIFIER = x86 Family 18 Model 1 Stepping 0, AuthenticAMD
TEMP = C:\DOCUME~1\a\LOCALS~1\Temp
Perl special variables (and OS-specific diagnostics, for MSWin32):
$^X = C:\Strawberry271\perl\bin\perl.exe
$UID/$EUID = 0 / 0
$GID = 0
$EGID = 0
Win32::GetOSName = WinXP/.Net
Win32::GetOSVersion = Service Pack 3, 5, 1, 2600, 2, 3, 0, 256, 1
Win32::FsType = NTFS
Win32::IsAdminUser = 1
Perl module toolchain versions installed:
Module Have
------------------- --------
CPAN 2.18
CPAN::Meta 2.150010
Cwd 3.67
ExtUtils::CBuilder 0.280230
ExtUtils::Command 7.30
ExtUtils::Install 2.14
ExtUtils::MakeMaker 7.30
ExtUtils::Manifest 1.70
ExtUtils::ParseXS 3.35
File::Spec 3.67
JSON 2.97001
JSON::PP 2.97001
Module::Build 0.4224
Module::Signature 0.81
Parse::CPAN::Meta 2.150010
Test::Harness 3.39
Test::More 1.302120
YAML 1.24
YAML::Syck 1.30
version 0.9918
--
Summary of my perl5 (revision 5 version 27 subversion 1) configuration:
Platform:
osname=MSWin32
osvers=4.0
archname=MSWin32-x86-multi-thread-64int
uname='Win32 strawberry-perl 5.27.1.1-beta1 #1 Sun Feb 4 15:09:50 2018 i386'
config_args='undef'
hint=recommended
useposix=true
d_sigaction=undef
useithreads=define
usemultiplicity=define
use64bitint=define
use64bitall=undef
uselongdouble=undef
usemymalloc=n
default_inc_excludes_dot=define
bincompat5005=undef
Compiler:
cc='gcc'
ccflags =' -s -O2 -DWIN32 -D__USE_MINGW_ANSI_STDIO -DPERL_TEXTMODE_SCRIPTS -DPERL_IMPLICIT_CONTEXT -DPERL_IMPLICIT_SYS -DUSE_PERLIO -fwrapv -fno-strict-aliasing -mms-bitfields'
optimize='-s -O2'
cppflags='-DWIN32'
ccversion=''
gccversion='7.1.0'
gccosandvers=''
intsize=4
longsize=4
ptrsize=4
doublesize=8
byteorder=12345678
doublekind=3
d_longlong=define
longlongsize=8
d_longdbl=define
longdblsize=12
longdblkind=3
ivtype='long long'
ivsize=8
nvtype='double'
nvsize=8
Off_t='long long'
lseeksize=8
alignbytes=8
prototype=define
Linker and Libraries:
ld='g++'
ldflags ='-s -L"C:\STRAWB~1\perl\lib\CORE" -L"C:\STRAWB~1\c\lib"'
libpth=C:\STRAWB~1\c\lib C:\STRAWB~1\c\i686-w64-mingw32\lib C:\STRAWB~1\c\lib\gcc\i686-w64-mingw32\7.1.0
libs= -lmoldname -lkernel32 -luser32 -lgdi32 -lwinspool -lcomdlg32 -ladvapi32 -lshell32 -lole32 -loleaut32 -lnetapi32 -luuid -lws2_32 -lmpr -lwinmm -lversion -lodbc32 -lodbccp32 -lcomctl32
perllibs= -lmoldname -lkernel32 -luser32 -lgdi32 -lwinspool -lcomdlg32 -ladvapi32 -lshell32 -lole32 -loleaut32 -lnetapi32 -luuid -lws2_32 -lmpr -lwinmm -lversion -lodbc32 -lodbccp32 -lcomctl32
libc=
so=dll
useshrplib=true
libperl=libperl527.a
gnulibc_version=''
Dynamic Linking:
dlsrc=dl_win32.xs
dlext=xs.dll
d_dlsymun=undef
ccdlflags=' '
cccdlflags=' '
lddlflags='-mdll -s -L"C:\STRAWB~1\perl\lib\CORE" -L"C:\STRAWB~1\c\lib"'
Characteristics of this binary (from libperl):
Compile-time options:
HAS_TIMES
HAVE_INTERP_INTERN
MULTIPLICITY
PERLIO_LAYERS
PERL_COPY_ON_WRITE
PERL_DONT_CREATE_GVSV
PERL_IMPLICIT_CONTEXT
PERL_IMPLICIT_SYS
PERL_MALLOC_WRAP
PERL_OP_PARENT
PERL_PRESERVE_IVUV
USE_64_BIT_INT
USE_ITHREADS
USE_LARGE_FILES
USE_LOCALE
USE_LOCALE_COLLATE
USE_LOCALE_CTYPE
USE_LOCALE_NUMERIC
USE_LOCALE_TIME
USE_PERLIO
USE_PERL_ATOF
Built under MSWin32
Compiled at Feb 4 2018 15:19:46
%ENV:
PERL5_CPANPLUS_IS_RUNNING="496016"
PERL5_CPAN_IS_RUNNING="496016"
PERL5_CPAN_IS_RUNNING_IN_RECURSION="123132,496016"
PERL_CR_SMOKER_CURRENT="SQL-Abstract-Builder-v0.1.1"
PERL_CR_SMOKER_RUNONCE="1"
PERL_EXTUTILS_AUTOINSTALL="--defaultdeps"
PERL_MM_USE_DEFAULT="1"
PERL_USE_UNSAFE_INC="1"
@INC:
C:/Strawberry271/perl/site/lib
C:/Strawberry271/perl/vendor/lib
C:/Strawberry271/perl/lib
.