Report for Lorem-0.16

Back
From: metabase:user:320bfe00-2aae-11df-837a-5e0a49663a4f
Subject: FAIL Lorem-0.16 v5.17.2 GNU/Linux
Date: 2012-06-30T22:56:51Z

This distribution has been tested as part of the CPAN Testers
project, supporting the Perl programming language.  See
http://wiki.cpantesters.org/ for more information or email
questions to cpan-testers-discuss@perl.org


--
Dear Jeffrey Ray Hallock,

This is a computer-generated report for Lorem-0.16-withoutworldwriteables
on perl 5.17.2, created by CPAN-Reporter-1.2006.

Thank you for uploading your work to CPAN.  However, there was a problem
testing your distribution.

If you think this report is invalid, please consult the CPAN Testers Wiki
for suggestions on how to avoid getting FAIL reports for missing library
or binary dependencies, unsupported operating systems, and so on:

http://wiki.cpantesters.org/wiki/CPANAuthorNotes

Sections of this report:

    * Tester comments
    * Program output
    * Prerequisites
    * Environment and other context

------------------------------
TESTER COMMENTS
------------------------------

Additional comments from tester:

this report is from an automated smoke testing program
and was not reviewed by a human for accuracy

------------------------------
PROGRAM OUTPUT
------------------------------

Output from '/usr/bin/make test':

PERL_DL_NONLAZY=1 /mnt/k75/homesand/src/perl/repoperls/installed-perls/perl/v5.17.1-45-gb1b1f55/9980/bin/perl "-MExtUtils::Command::MM" "-e" "test_harness(0, 'blib/lib', 'blib/arch')" t/*.t
Can't locate Gtk2.pm in @INC (@INC contains: /tmp/loop_over_bdir-VYcmJ7/Lorem-0.16-AMbkta/blib/lib /tmp/loop_over_bdir-VYcmJ7/Lorem-0.16-AMbkta/blib/arch /home/src/perl/repoperls/installed-perls/perl/v5.17.1-45-gb1b1f55/9980/lib/site_perl/5.17.2/x86_64-linux-thread-multi /home/src/perl/repoperls/installed-perls/perl/v5.17.1-45-gb1b1f55/9980/lib/site_perl/5.17.2 /home/src/perl/repoperls/installed-perls/perl/v5.17.1-45-gb1b1f55/9980/lib/5.17.2/x86_64-linux-thread-multi /home/src/perl/repoperls/installed-perls/perl/v5.17.1-45-gb1b1f55/9980/lib/5.17.2 .) at t/001_document.t line 7.
BEGIN failed--compilation aborted at t/001_document.t line 7.
# Looks like your test exited with 2 before it could output anything.
t/001_document.t ............ 
Dubious, test returned 2 (wstat 512, 0x200)
No subtests run 
Can't locate Gtk2.pm in @INC (@INC contains: /tmp/loop_over_bdir-VYcmJ7/Lorem-0.16-AMbkta/blib/lib /tmp/loop_over_bdir-VYcmJ7/Lorem-0.16-AMbkta/blib/arch /home/src/perl/repoperls/installed-perls/perl/v5.17.1-45-gb1b1f55/9980/lib/site_perl/5.17.2/x86_64-linux-thread-multi /home/src/perl/repoperls/installed-perls/perl/v5.17.1-45-gb1b1f55/9980/lib/site_perl/5.17.2 /home/src/perl/repoperls/installed-perls/perl/v5.17.1-45-gb1b1f55/9980/lib/5.17.2/x86_64-linux-thread-multi /home/src/perl/repoperls/installed-perls/perl/v5.17.1-45-gb1b1f55/9980/lib/5.17.2 .) at t/002_pdf_surface.t line 7.
BEGIN failed--compilation aborted at t/002_pdf_surface.t line 7.
# Looks like your test exited with 2 before it could output anything.
t/002_pdf_surface.t ......... 
Dubious, test returned 2 (wstat 512, 0x200)
No subtests run 
Can't locate Gtk2.pm in @INC (@INC contains: /tmp/loop_over_bdir-VYcmJ7/Lorem-0.16-AMbkta/blib/lib /tmp/loop_over_bdir-VYcmJ7/Lorem-0.16-AMbkta/blib/arch /home/src/perl/repoperls/installed-perls/perl/v5.17.1-45-gb1b1f55/9980/lib/site_perl/5.17.2/x86_64-linux-thread-multi /home/src/perl/repoperls/installed-perls/perl/v5.17.1-45-gb1b1f55/9980/lib/site_perl/5.17.2 /home/src/perl/repoperls/installed-perls/perl/v5.17.1-45-gb1b1f55/9980/lib/5.17.2/x86_64-linux-thread-multi /home/src/perl/repoperls/installed-perls/perl/v5.17.1-45-gb1b1f55/9980/lib/5.17.2 .) at t/003_print_operation.t line 14.
BEGIN failed--compilation aborted at t/003_print_operation.t line 14.
t/003_print_operation.t ..... 
Dubious, test returned 2 (wstat 512, 0x200)
No subtests run 

#   Failed test 'use Lorem::Document;'
#   at t/011_box_element.t line 9.
#     Tried to use 'Lorem::Document'.
#     Error:  Can't locate Cairo.pm in @INC (@INC contains: /tmp/loop_over_bdir-VYcmJ7/Lorem-0.16-AMbkta/blib/lib /tmp/loop_over_bdir-VYcmJ7/Lorem-0.16-AMbkta/blib/arch /home/src/perl/repoperls/installed-perls/perl/v5.17.1-45-gb1b1f55/9980/lib/site_perl/5.17.2/x86_64-linux-thread-multi /home/src/perl/repoperls/installed-perls/perl/v5.17.1-45-gb1b1f55/9980/lib/site_perl/5.17.2 /home/src/perl/repoperls/installed-perls/perl/v5.17.1-45-gb1b1f55/9980/lib/5.17.2/x86_64-linux-thread-multi /home/src/perl/repoperls/installed-perls/perl/v5.17.1-45-gb1b1f55/9980/lib/5.17.2 .) at /tmp/loop_over_bdir-VYcmJ7/Lorem-0.16-AMbkta/blib/lib/Lorem/Document.pm line 9.
# BEGIN failed--compilation aborted at /tmp/loop_over_bdir-VYcmJ7/Lorem-0.16-AMbkta/blib/lib/Lorem/Document.pm line 9.
# Compilation failed in require at t/011_box_element.t line 9.
# BEGIN failed--compilation aborted at t/011_box_element.t line 9.

#   Failed test 'use Lorem::Surface::Pdf;'
#   at t/011_box_element.t line 10.
#     Tried to use 'Lorem::Surface::Pdf'.
#     Error:  Can't locate Gtk2.pm in @INC (@INC contains: /tmp/loop_over_bdir-VYcmJ7/Lorem-0.16-AMbkta/blib/lib /tmp/loop_over_bdir-VYcmJ7/Lorem-0.16-AMbkta/blib/arch /home/src/perl/repoperls/installed-perls/perl/v5.17.1-45-gb1b1f55/9980/lib/site_perl/5.17.2/x86_64-linux-thread-multi /home/src/perl/repoperls/installed-perls/perl/v5.17.1-45-gb1b1f55/9980/lib/site_perl/5.17.2 /home/src/perl/repoperls/installed-perls/perl/v5.17.1-45-gb1b1f55/9980/lib/5.17.2/x86_64-linux-thread-multi /home/src/perl/repoperls/installed-perls/perl/v5.17.1-45-gb1b1f55/9980/lib/5.17.2 .) at /tmp/loop_over_bdir-VYcmJ7/Lorem-0.16-AMbkta/blib/lib/Lorem/Surface/Pdf.pm line 8.
# BEGIN failed--compilation aborted at /tmp/loop_over_bdir-VYcmJ7/Lorem-0.16-AMbkta/blib/lib/Lorem/Surface/Pdf.pm line 8.
# Compilation failed in require at t/011_box_element.t line 10.
# BEGIN failed--compilation aborted at t/011_box_element.t line 10.

#   Failed test 'use Lorem::Element::Table;'
#   at t/011_box_element.t line 12.
#     Tried to use 'Lorem::Element::Table'.
#     Error:  Can't locate Cairo.pm in @INC (@INC contains: /tmp/loop_over_bdir-VYcmJ7/Lorem-0.16-AMbkta/blib/lib /tmp/loop_over_bdir-VYcmJ7/Lorem-0.16-AMbkta/blib/arch /home/src/perl/repoperls/installed-perls/perl/v5.17.1-45-gb1b1f55/9980/lib/site_perl/5.17.2/x86_64-linux-thread-multi /home/src/perl/repoperls/installed-perls/perl/v5.17.1-45-gb1b1f55/9980/lib/site_perl/5.17.2 /home/src/perl/repoperls/installed-perls/perl/v5.17.1-45-gb1b1f55/9980/lib/5.17.2/x86_64-linux-thread-multi /home/src/perl/repoperls/installed-perls/perl/v5.17.1-45-gb1b1f55/9980/lib/5.17.2 .) at /tmp/loop_over_bdir-VYcmJ7/Lorem-0.16-AMbkta/blib/lib/Lorem/Element/Table.pm line 7.
# BEGIN failed--compilation aborted at /tmp/loop_over_bdir-VYcmJ7/Lorem-0.16-AMbkta/blib/lib/Lorem/Element/Table.pm line 7.
# Compilation failed in require at t/011_box_element.t line 12.
# BEGIN failed--compilation aborted at t/011_box_element.t line 12.
Can't locate object method "set_margin_top" via package "Lorem::Document" at t/011_box_element.t line 19.
# Looks like you failed 3 tests of 5.
# Looks like your test exited with 255 just after 5.
t/011_box_element.t ......... 
Dubious, test returned 255 (wstat 65280, 0xff00)
Failed 3/5 subtests 

#   Failed test 'use Lorem::Document;'
#   at t/012_div.t line 8.
#     Tried to use 'Lorem::Document'.
#     Error:  Can't locate Cairo.pm in @INC (@INC contains: /tmp/loop_over_bdir-VYcmJ7/Lorem-0.16-AMbkta/blib/lib /tmp/loop_over_bdir-VYcmJ7/Lorem-0.16-AMbkta/blib/arch /home/src/perl/repoperls/installed-perls/perl/v5.17.1-45-gb1b1f55/9980/lib/site_perl/5.17.2/x86_64-linux-thread-multi /home/src/perl/repoperls/installed-perls/perl/v5.17.1-45-gb1b1f55/9980/lib/site_perl/5.17.2 /home/src/perl/repoperls/installed-perls/perl/v5.17.1-45-gb1b1f55/9980/lib/5.17.2/x86_64-linux-thread-multi /home/src/perl/repoperls/installed-perls/perl/v5.17.1-45-gb1b1f55/9980/lib/5.17.2 .) at /tmp/loop_over_bdir-VYcmJ7/Lorem-0.16-AMbkta/blib/lib/Lorem/Document.pm line 9.
# BEGIN failed--compilation aborted at /tmp/loop_over_bdir-VYcmJ7/Lorem-0.16-AMbkta/blib/lib/Lorem/Document.pm line 9.
# Compilation failed in require at t/012_div.t line 8.
# BEGIN failed--compilation aborted at t/012_div.t line 8.

#   Failed test 'use Lorem::Surface::Pdf;'
#   at t/012_div.t line 9.
#     Tried to use 'Lorem::Surface::Pdf'.
#     Error:  Can't locate Gtk2.pm in @INC (@INC contains: /tmp/loop_over_bdir-VYcmJ7/Lorem-0.16-AMbkta/blib/lib /tmp/loop_over_bdir-VYcmJ7/Lorem-0.16-AMbkta/blib/arch /home/src/perl/repoperls/installed-perls/perl/v5.17.1-45-gb1b1f55/9980/lib/site_perl/5.17.2/x86_64-linux-thread-multi /home/src/perl/repoperls/installed-perls/perl/v5.17.1-45-gb1b1f55/9980/lib/site_perl/5.17.2 /home/src/perl/repoperls/installed-perls/perl/v5.17.1-45-gb1b1f55/9980/lib/5.17.2/x86_64-linux-thread-multi /home/src/perl/repoperls/installed-perls/perl/v5.17.1-45-gb1b1f55/9980/lib/5.17.2 .) at /tmp/loop_over_bdir-VYcmJ7/Lorem-0.16-AMbkta/blib/lib/Lorem/Surface/Pdf.pm line 8.
# BEGIN failed--compilation aborted at /tmp/loop_over_bdir-VYcmJ7/Lorem-0.16-AMbkta/blib/lib/Lorem/Surface/Pdf.pm line 8.
# Compilation failed in require at t/012_div.t line 9.
# BEGIN failed--compilation aborted at t/012_div.t line 9.

#   Failed test 'use Lorem::Element::Div;'
#   at t/012_div.t line 11.
#     Tried to use 'Lorem::Element::Div'.
#     Error:  Can't locate Cairo.pm in @INC (@INC contains: /tmp/loop_over_bdir-VYcmJ7/Lorem-0.16-AMbkta/blib/lib /tmp/loop_over_bdir-VYcmJ7/Lorem-0.16-AMbkta/blib/arch /home/src/perl/repoperls/installed-perls/perl/v5.17.1-45-gb1b1f55/9980/lib/site_perl/5.17.2/x86_64-linux-thread-multi /home/src/perl/repoperls/installed-perls/perl/v5.17.1-45-gb1b1f55/9980/lib/site_perl/5.17.2 /home/src/perl/repoperls/installed-perls/perl/v5.17.1-45-gb1b1f55/9980/lib/5.17.2/x86_64-linux-thread-multi /home/src/perl/repoperls/installed-perls/perl/v5.17.1-45-gb1b1f55/9980/lib/5.17.2 .) at /tmp/loop_over_bdir-VYcmJ7/Lorem-0.16-AMbkta/blib/lib/Lorem/Element/Div.pm line 7.
# BEGIN failed--compilation aborted at /tmp/loop_over_bdir-VYcmJ7/Lorem-0.16-AMbkta/blib/lib/Lorem/Element/Div.pm line 7.
# Compilation failed in require at t/012_div.t line 11.
# BEGIN failed--compilation aborted at t/012_div.t line 11.
Can't locate object method "set_margin_top" via package "Lorem::Document" at t/012_div.t line 18.
# Looks like you failed 3 tests of 5.
# Looks like your test exited with 255 just after 5.
t/012_div.t ................. 
Dubious, test returned 255 (wstat 65280, 0xff00)
Failed 3/5 subtests 
Can't locate TryCatch.pm in @INC (@INC contains: /tmp/loop_over_bdir-VYcmJ7/Lorem-0.16-AMbkta/blib/lib /tmp/loop_over_bdir-VYcmJ7/Lorem-0.16-AMbkta/blib/arch /home/src/perl/repoperls/installed-perls/perl/v5.17.1-45-gb1b1f55/9980/lib/site_perl/5.17.2/x86_64-linux-thread-multi /home/src/perl/repoperls/installed-perls/perl/v5.17.1-45-gb1b1f55/9980/lib/site_perl/5.17.2 /home/src/perl/repoperls/installed-perls/perl/v5.17.1-45-gb1b1f55/9980/lib/5.17.2/x86_64-linux-thread-multi /home/src/perl/repoperls/installed-perls/perl/v5.17.1-45-gb1b1f55/9980/lib/5.17.2 .) at t/013_div_relative_width.t line 8.
BEGIN failed--compilation aborted at t/013_div_relative_width.t line 8.
# Looks like your test exited with 2 before it could output anything.
t/013_div_relative_width.t .. 
Dubious, test returned 2 (wstat 512, 0x200)
No subtests run 

#   Failed test 'use Lorem::Document;'
#   at t/014_table.t line 10.
#     Tried to use 'Lorem::Document'.
#     Error:  Can't locate Cairo.pm in @INC (@INC contains: ..\lib /tmp/loop_over_bdir-VYcmJ7/Lorem-0.16-AMbkta/blib/lib /tmp/loop_over_bdir-VYcmJ7/Lorem-0.16-AMbkta/blib/arch /home/src/perl/repoperls/installed-perls/perl/v5.17.1-45-gb1b1f55/9980/lib/site_perl/5.17.2/x86_64-linux-thread-multi /home/src/perl/repoperls/installed-perls/perl/v5.17.1-45-gb1b1f55/9980/lib/site_perl/5.17.2 /home/src/perl/repoperls/installed-perls/perl/v5.17.1-45-gb1b1f55/9980/lib/5.17.2/x86_64-linux-thread-multi /home/src/perl/repoperls/installed-perls/perl/v5.17.1-45-gb1b1f55/9980/lib/5.17.2 .) at /tmp/loop_over_bdir-VYcmJ7/Lorem-0.16-AMbkta/blib/lib/Lorem/Document.pm line 9.
# BEGIN failed--compilation aborted at /tmp/loop_over_bdir-VYcmJ7/Lorem-0.16-AMbkta/blib/lib/Lorem/Document.pm line 9.
# Compilation failed in require at t/014_table.t line 10.
# BEGIN failed--compilation aborted at t/014_table.t line 10.

#   Failed test 'use Lorem::Surface::Pdf;'
#   at t/014_table.t line 11.
#     Tried to use 'Lorem::Surface::Pdf'.
#     Error:  Can't locate Gtk2.pm in @INC (@INC contains: ..\lib /tmp/loop_over_bdir-VYcmJ7/Lorem-0.16-AMbkta/blib/lib /tmp/loop_over_bdir-VYcmJ7/Lorem-0.16-AMbkta/blib/arch /home/src/perl/repoperls/installed-perls/perl/v5.17.1-45-gb1b1f55/9980/lib/site_perl/5.17.2/x86_64-linux-thread-multi /home/src/perl/repoperls/installed-perls/perl/v5.17.1-45-gb1b1f55/9980/lib/site_perl/5.17.2 /home/src/perl/repoperls/installed-perls/perl/v5.17.1-45-gb1b1f55/9980/lib/5.17.2/x86_64-linux-thread-multi /home/src/perl/repoperls/installed-perls/perl/v5.17.1-45-gb1b1f55/9980/lib/5.17.2 .) at /tmp/loop_over_bdir-VYcmJ7/Lorem-0.16-AMbkta/blib/lib/Lorem/Surface/Pdf.pm line 8.
# BEGIN failed--compilation aborted at /tmp/loop_over_bdir-VYcmJ7/Lorem-0.16-AMbkta/blib/lib/Lorem/Surface/Pdf.pm line 8.
# Compilation failed in require at t/014_table.t line 11.
# BEGIN failed--compilation aborted at t/014_table.t line 11.

#   Failed test 'use Lorem::Element::Div;'
#   at t/014_table.t line 13.
#     Tried to use 'Lorem::Element::Div'.
#     Error:  Can't locate Cairo.pm in @INC (@INC contains: ..\lib /tmp/loop_over_bdir-VYcmJ7/Lorem-0.16-AMbkta/blib/lib /tmp/loop_over_bdir-VYcmJ7/Lorem-0.16-AMbkta/blib/arch /home/src/perl/repoperls/installed-perls/perl/v5.17.1-45-gb1b1f55/9980/lib/site_perl/5.17.2/x86_64-linux-thread-multi /home/src/perl/repoperls/installed-perls/perl/v5.17.1-45-gb1b1f55/9980/lib/site_perl/5.17.2 /home/src/perl/repoperls/installed-perls/perl/v5.17.1-45-gb1b1f55/9980/lib/5.17.2/x86_64-linux-thread-multi /home/src/perl/repoperls/installed-perls/perl/v5.17.1-45-gb1b1f55/9980/lib/5.17.2 .) at /tmp/loop_over_bdir-VYcmJ7/Lorem-0.16-AMbkta/blib/lib/Lorem/Element/Div.pm line 7.
# BEGIN failed--compilation aborted at /tmp/loop_over_bdir-VYcmJ7/Lorem-0.16-AMbkta/blib/lib/Lorem/Element/Div.pm line 7.
# Compilation failed in require at t/014_table.t line 13.
# BEGIN failed--compilation aborted at t/014_table.t line 13.
Can't locate object method "new_header" via package "Lorem::Document" at t/014_table.t line 22.
# Looks like you failed 3 tests of 5.
# Looks like your test exited with 255 just after 5.
t/014_table.t ............... 
Dubious, test returned 255 (wstat 65280, 0xff00)
Failed 3/5 subtests 
Can't locate Pango.pm in @INC (@INC contains: /tmp/loop_over_bdir-VYcmJ7/Lorem-0.16-AMbkta/blib/lib /tmp/loop_over_bdir-VYcmJ7/Lorem-0.16-AMbkta/blib/arch /home/src/perl/repoperls/installed-perls/perl/v5.17.1-45-gb1b1f55/9980/lib/site_perl/5.17.2/x86_64-linux-thread-multi /home/src/perl/repoperls/installed-perls/perl/v5.17.1-45-gb1b1f55/9980/lib/site_perl/5.17.2 /home/src/perl/repoperls/installed-perls/perl/v5.17.1-45-gb1b1f55/9980/lib/5.17.2/x86_64-linux-thread-multi /home/src/perl/repoperls/installed-perls/perl/v5.17.1-45-gb1b1f55/9980/lib/5.17.2 .) at /tmp/loop_over_bdir-VYcmJ7/Lorem-0.16-AMbkta/blib/lib/Lorem/Style.pm line 16.
BEGIN failed--compilation aborted at /tmp/loop_over_bdir-VYcmJ7/Lorem-0.16-AMbkta/blib/lib/Lorem/Style.pm line 16.
Compilation failed in require at t/100_style.t line 6.
BEGIN failed--compilation aborted at t/100_style.t line 6.
# Looks like your test exited with 2 before it could output anything.
t/100_style.t ............... 
Dubious, test returned 2 (wstat 512, 0x200)
No subtests run 
Can't locate Pango.pm in @INC (@INC contains: /tmp/loop_over_bdir-VYcmJ7/Lorem-0.16-AMbkta/blib/lib /tmp/loop_over_bdir-VYcmJ7/Lorem-0.16-AMbkta/blib/arch /home/src/perl/repoperls/installed-perls/perl/v5.17.1-45-gb1b1f55/9980/lib/site_perl/5.17.2/x86_64-linux-thread-multi /home/src/perl/repoperls/installed-perls/perl/v5.17.1-45-gb1b1f55/9980/lib/site_perl/5.17.2 /home/src/perl/repoperls/installed-perls/perl/v5.17.1-45-gb1b1f55/9980/lib/5.17.2/x86_64-linux-thread-multi /home/src/perl/repoperls/installed-perls/perl/v5.17.1-45-gb1b1f55/9980/lib/5.17.2 .) at /tmp/loop_over_bdir-VYcmJ7/Lorem-0.16-AMbkta/blib/lib/Lorem/Style.pm line 16.
BEGIN failed--compilation aborted at /tmp/loop_over_bdir-VYcmJ7/Lorem-0.16-AMbkta/blib/lib/Lorem/Style.pm line 16.
Compilation failed in require at t/101_style_dimensions.t line 6.
BEGIN failed--compilation aborted at t/101_style_dimensions.t line 6.
# Looks like your test exited with 2 before it could output anything.
t/101_style_dimensions.t .... 
Dubious, test returned 2 (wstat 512, 0x200)
Failed 6/6 subtests 
Can't locate Pango.pm in @INC (@INC contains: /tmp/loop_over_bdir-VYcmJ7/Lorem-0.16-AMbkta/blib/lib /tmp/loop_over_bdir-VYcmJ7/Lorem-0.16-AMbkta/blib/arch /home/src/perl/repoperls/installed-perls/perl/v5.17.1-45-gb1b1f55/9980/lib/site_perl/5.17.2/x86_64-linux-thread-multi /home/src/perl/repoperls/installed-perls/perl/v5.17.1-45-gb1b1f55/9980/lib/site_perl/5.17.2 /home/src/perl/repoperls/installed-perls/perl/v5.17.1-45-gb1b1f55/9980/lib/5.17.2/x86_64-linux-thread-multi /home/src/perl/repoperls/installed-perls/perl/v5.17.1-45-gb1b1f55/9980/lib/5.17.2 .) at /tmp/loop_over_bdir-VYcmJ7/Lorem-0.16-AMbkta/blib/lib/Lorem/Style.pm line 16.
BEGIN failed--compilation aborted at /tmp/loop_over_bdir-VYcmJ7/Lorem-0.16-AMbkta/blib/lib/Lorem/Style.pm line 16.
Compilation failed in require at t/102_style_borders.t line 7.
BEGIN failed--compilation aborted at t/102_style_borders.t line 7.
# Looks like your test exited with 2 before it could output anything.
t/102_style_borders.t ....... 
Dubious, test returned 2 (wstat 512, 0x200)
Failed 21/21 subtests 
Can't locate Pango.pm in @INC (@INC contains: /tmp/loop_over_bdir-VYcmJ7/Lorem-0.16-AMbkta/blib/lib /tmp/loop_over_bdir-VYcmJ7/Lorem-0.16-AMbkta/blib/arch /home/src/perl/repoperls/installed-perls/perl/v5.17.1-45-gb1b1f55/9980/lib/site_perl/5.17.2/x86_64-linux-thread-multi /home/src/perl/repoperls/installed-perls/perl/v5.17.1-45-gb1b1f55/9980/lib/site_perl/5.17.2 /home/src/perl/repoperls/installed-perls/perl/v5.17.1-45-gb1b1f55/9980/lib/5.17.2/x86_64-linux-thread-multi /home/src/perl/repoperls/installed-perls/perl/v5.17.1-45-gb1b1f55/9980/lib/5.17.2 .) at /tmp/loop_over_bdir-VYcmJ7/Lorem-0.16-AMbkta/blib/lib/Lorem/Style.pm line 16.
BEGIN failed--compilation aborted at /tmp/loop_over_bdir-VYcmJ7/Lorem-0.16-AMbkta/blib/lib/Lorem/Style.pm line 16.
Compilation failed in require at t/103_style_padding.t line 6.
BEGIN failed--compilation aborted at t/103_style_padding.t line 6.
# Looks like your test exited with 2 before it could output anything.
t/103_style_padding.t ....... 
Dubious, test returned 2 (wstat 512, 0x200)
Failed 8/8 subtests 
Can't locate Pango.pm in @INC (@INC contains: /tmp/loop_over_bdir-VYcmJ7/Lorem-0.16-AMbkta/blib/lib /tmp/loop_over_bdir-VYcmJ7/Lorem-0.16-AMbkta/blib/arch /home/src/perl/repoperls/installed-perls/perl/v5.17.1-45-gb1b1f55/9980/lib/site_perl/5.17.2/x86_64-linux-thread-multi /home/src/perl/repoperls/installed-perls/perl/v5.17.1-45-gb1b1f55/9980/lib/site_perl/5.17.2 /home/src/perl/repoperls/installed-perls/perl/v5.17.1-45-gb1b1f55/9980/lib/5.17.2/x86_64-linux-thread-multi /home/src/perl/repoperls/installed-perls/perl/v5.17.1-45-gb1b1f55/9980/lib/5.17.2 .) at /tmp/loop_over_bdir-VYcmJ7/Lorem-0.16-AMbkta/blib/lib/Lorem/Style.pm line 16.
BEGIN failed--compilation aborted at /tmp/loop_over_bdir-VYcmJ7/Lorem-0.16-AMbkta/blib/lib/Lorem/Style.pm line 16.
Compilation failed in require at t/104_style_margin.t line 6.
BEGIN failed--compilation aborted at t/104_style_margin.t line 6.
# Looks like your test exited with 2 before it could output anything.
t/104_style_margin.t ........ 
Dubious, test returned 2 (wstat 512, 0x200)
Failed 8/8 subtests 
Can't locate Pango.pm in @INC (@INC contains: /tmp/loop_over_bdir-VYcmJ7/Lorem-0.16-AMbkta/blib/lib /tmp/loop_over_bdir-VYcmJ7/Lorem-0.16-AMbkta/blib/arch /home/src/perl/repoperls/installed-perls/perl/v5.17.1-45-gb1b1f55/9980/lib/site_perl/5.17.2/x86_64-linux-thread-multi /home/src/perl/repoperls/installed-perls/perl/v5.17.1-45-gb1b1f55/9980/lib/site_perl/5.17.2 /home/src/perl/repoperls/installed-perls/perl/v5.17.1-45-gb1b1f55/9980/lib/5.17.2/x86_64-linux-thread-multi /home/src/perl/repoperls/installed-perls/perl/v5.17.1-45-gb1b1f55/9980/lib/5.17.2 .) at /tmp/loop_over_bdir-VYcmJ7/Lorem-0.16-AMbkta/blib/lib/Lorem/Style.pm line 16.
BEGIN failed--compilation aborted at /tmp/loop_over_bdir-VYcmJ7/Lorem-0.16-AMbkta/blib/lib/Lorem/Style.pm line 16.
Compilation failed in require at t/150_style_parsing.t line 6.
BEGIN failed--compilation aborted at t/150_style_parsing.t line 6.
# Looks like your test exited with 2 before it could output anything.
t/150_style_parsing.t ....... 
Dubious, test returned 2 (wstat 512, 0x200)
Failed 35/35 subtests 
Can't locate Pango.pm in @INC (@INC contains: /tmp/loop_over_bdir-VYcmJ7/Lorem-0.16-AMbkta/blib/lib /tmp/loop_over_bdir-VYcmJ7/Lorem-0.16-AMbkta/blib/arch /home/src/perl/repoperls/installed-perls/perl/v5.17.1-45-gb1b1f55/9980/lib/site_perl/5.17.2/x86_64-linux-thread-multi /home/src/perl/repoperls/installed-perls/perl/v5.17.1-45-gb1b1f55/9980/lib/site_perl/5.17.2 /home/src/perl/repoperls/installed-perls/perl/v5.17.1-45-gb1b1f55/9980/lib/5.17.2/x86_64-linux-thread-multi /home/src/perl/repoperls/installed-perls/perl/v5.17.1-45-gb1b1f55/9980/lib/5.17.2 .) at /tmp/loop_over_bdir-VYcmJ7/Lorem-0.16-AMbkta/blib/lib/Lorem/Style.pm line 16.
BEGIN failed--compilation aborted at /tmp/loop_over_bdir-VYcmJ7/Lorem-0.16-AMbkta/blib/lib/Lorem/Style.pm line 16.
Compilation failed in require at t/151_style_parsing.t line 6.
BEGIN failed--compilation aborted at t/151_style_parsing.t line 6.
# Looks like your test exited with 2 before it could output anything.
t/151_style_parsing.t ....... 
Dubious, test returned 2 (wstat 512, 0x200)
Failed 8/8 subtests 
Can't locate Cairo.pm in @INC (@INC contains: /tmp/loop_over_bdir-VYcmJ7/Lorem-0.16-AMbkta/blib/lib /tmp/loop_over_bdir-VYcmJ7/Lorem-0.16-AMbkta/blib/arch /home/src/perl/repoperls/installed-perls/perl/v5.17.1-45-gb1b1f55/9980/lib/site_perl/5.17.2/x86_64-linux-thread-multi /home/src/perl/repoperls/installed-perls/perl/v5.17.1-45-gb1b1f55/9980/lib/site_perl/5.17.2 /home/src/perl/repoperls/installed-perls/perl/v5.17.1-45-gb1b1f55/9980/lib/5.17.2/x86_64-linux-thread-multi /home/src/perl/repoperls/installed-perls/perl/v5.17.1-45-gb1b1f55/9980/lib/5.17.2 .) at /tmp/loop_over_bdir-VYcmJ7/Lorem-0.16-AMbkta/blib/lib/Lorem/Document.pm line 9.
BEGIN failed--compilation aborted at /tmp/loop_over_bdir-VYcmJ7/Lorem-0.16-AMbkta/blib/lib/Lorem/Document.pm line 9.
Compilation failed in require at /tmp/loop_over_bdir-VYcmJ7/Lorem-0.16-AMbkta/blib/lib/Lorem.pm line 6.
BEGIN failed--compilation aborted at /tmp/loop_over_bdir-VYcmJ7/Lorem-0.16-AMbkta/blib/lib/Lorem.pm line 6.
Compilation failed in require at t/152_style_coercion.t line 8.
BEGIN failed--compilation aborted at t/152_style_coercion.t line 8.
# Looks like your test exited with 2 before it could output anything.
t/152_style_coercion.t ...... 
Dubious, test returned 2 (wstat 512, 0x200)
Failed 10/10 subtests 
Can't locate Gtk2.pm in @INC (@INC contains: /tmp/loop_over_bdir-VYcmJ7/Lorem-0.16-AMbkta/blib/lib /tmp/loop_over_bdir-VYcmJ7/Lorem-0.16-AMbkta/blib/arch /home/src/perl/repoperls/installed-perls/perl/v5.17.1-45-gb1b1f55/9980/lib/site_perl/5.17.2/x86_64-linux-thread-multi /home/src/perl/repoperls/installed-perls/perl/v5.17.1-45-gb1b1f55/9980/lib/site_perl/5.17.2 /home/src/perl/repoperls/installed-perls/perl/v5.17.1-45-gb1b1f55/9980/lib/5.17.2/x86_64-linux-thread-multi /home/src/perl/repoperls/installed-perls/perl/v5.17.1-45-gb1b1f55/9980/lib/5.17.2 .) at t/200_lorum.t line 7.
BEGIN failed--compilation aborted at t/200_lorum.t line 7.
# Looks like your test exited with 2 before it could output anything.
t/200_lorum.t ............... 
Dubious, test returned 2 (wstat 512, 0x200)
No subtests run 

Test Summary Report
-------------------
t/001_document.t          (Wstat: 512 Tests: 0 Failed: 0)
  Non-zero exit status: 2
  Parse errors: No plan found in TAP output
t/002_pdf_surface.t       (Wstat: 512 Tests: 0 Failed: 0)
  Non-zero exit status: 2
  Parse errors: No plan found in TAP output
t/003_print_operation.t   (Wstat: 512 Tests: 0 Failed: 0)
  Non-zero exit status: 2
  Parse errors: No plan found in TAP output
t/011_box_element.t       (Wstat: 65280 Tests: 5 Failed: 3)
  Failed tests:  1-2, 4
  Non-zero exit status: 255
t/012_div.t               (Wstat: 65280 Tests: 5 Failed: 3)
  Failed tests:  1-2, 4
  Non-zero exit status: 255
t/013_div_relative_width.t (Wstat: 512 Tests: 0 Failed: 0)
  Non-zero exit status: 2
  Parse errors: No plan found in TAP output
t/014_table.t             (Wstat: 65280 Tests: 5 Failed: 3)
  Failed tests:  1-2, 4
  Non-zero exit status: 255
t/100_style.t             (Wstat: 512 Tests: 0 Failed: 0)
  Non-zero exit status: 2
  Parse errors: No plan found in TAP output
t/101_style_dimensions.t  (Wstat: 512 Tests: 0 Failed: 0)
  Non-zero exit status: 2
  Parse errors: Bad plan.  You planned 6 tests but ran 0.
t/102_style_borders.t     (Wstat: 512 Tests: 0 Failed: 0)
  Non-zero exit status: 2
  Parse errors: Bad plan.  You planned 21 tests but ran 0.
t/103_style_padding.t     (Wstat: 512 Tests: 0 Failed: 0)
  Non-zero exit status: 2
  Parse errors: Bad plan.  You planned 8 tests but ran 0.
t/104_style_margin.t      (Wstat: 512 Tests: 0 Failed: 0)
  Non-zero exit status: 2
  Parse errors: Bad plan.  You planned 8 tests but ran 0.
t/150_style_parsing.t     (Wstat: 512 Tests: 0 Failed: 0)
  Non-zero exit status: 2
  Parse errors: Bad plan.  You planned 35 tests but ran 0.
t/151_style_parsing.t     (Wstat: 512 Tests: 0 Failed: 0)
  Non-zero exit status: 2
  Parse errors: Bad plan.  You planned 8 tests but ran 0.
t/152_style_coercion.t    (Wstat: 512 Tests: 0 Failed: 0)
  Non-zero exit status: 2
  Parse errors: Bad plan.  You planned 10 tests but ran 0.
t/200_lorum.t             (Wstat: 512 Tests: 0 Failed: 0)
  Non-zero exit status: 2
  Parse errors: No plan found in TAP output
Files=16, Tests=15,  3 wallclock secs ( 0.04 usr  0.02 sys +  2.17 cusr  0.14 csys =  2.37 CPU)
Result: FAIL
Failed 16/16 test programs. 9/15 subtests failed.
make: *** [test_dynamic] Error 2

------------------------------
PREREQUISITES
------------------------------

Prerequisite modules loaded:

requires:

    Module                         Need Have   
    ------------------------------ ---- -------
    Moose                          0    2.0602 
    MooseX::SemiAffordanceAccessor 0    0.09   
    MooseX::StrictConstructor      0    0.19   
    MooseX::Types                  0    0.35   

build_requires:

    Module                         Need Have   
    ------------------------------ ---- -------
    ExtUtils::MakeMaker            0    6.63_02


------------------------------
ENVIRONMENT AND OTHER CONTEXT
------------------------------

Environment variables:

    AUTOMATED_TESTING = 1
    LANG = en_US.UTF-8
    LANGUAGE = en_US:en
    PATH = /home/sand/bin:/usr/local/bin:/usr/bin:/bin:/usr/bin/X11:/usr/games:/usr/local/perl/bin:/usr/X11/bin:/sbin:/usr/sbin
    PERL5LIB = 
    PERL5OPT = 
    PERL5_CPANPLUS_IS_RUNNING = 8301
    PERL5_CPAN_IS_RUNNING = 8301
    PERL_MM_USE_DEFAULT = 1
    SHELL = /usr/bin/zsh
    TERM = screen

Perl special variables (and OS-specific diagnostics, for MSWin32):

    $^X = /mnt/k75/homesand/src/perl/repoperls/installed-perls/perl/v5.17.1-45-gb1b1f55/9980/bin/perl
    $UID/$EUID = 1005 / 1005
    $GID = 1005 1005
    $EGID = 1005 1005

Perl module toolchain versions installed:

    Module              Have    
    ------------------- --------
    CPAN                1.9800  
    CPAN::Meta          2.120921
    Cwd                 3.39_02 
    ExtUtils::CBuilder  0.280208
    ExtUtils::Command   1.17    
    ExtUtils::Install   1.58    
    ExtUtils::MakeMaker 6.63_02 
    ExtUtils::Manifest  1.61    
    ExtUtils::ParseXS   3.17    
    File::Spec          3.39_02 
    JSON                2.53    
    JSON::PP            2.27200 
    Module::Build       0.4001  
    Module::Signature   0.68    
    Parse::CPAN::Meta   1.4404  
    Test::Harness       3.25    
    Test::More          0.98_03 
    YAML                0.81    
    YAML::Syck          1.20    
    version             0.99    


--

Summary of my perl5 (revision 5 version 17 subversion 2) configuration:
  Commit id: b1b1f55e5c187eba903004a352aa77888a125500
  Platform:
    osname=linux, osvers=3.2.0-2-amd64, archname=x86_64-linux-thread-multi
    uname='linux k83 3.2.0-2-amd64 #1 smp mon may 21 17:45:41 utc 2012 x86_64 gnulinux '
    config_args='-Dprefix=/home/src/perl/repoperls/installed-perls/perl/v5.17.1-45-gb1b1f55/9980 -Dmyhostname=k83 -Dinstallusrbinperl=n -Uversiononly -Dusedevel -des -Ui_db -Duseithreads -Uuselongdouble -DDEBUGGING=-g'
    hint=recommended, useposix=true, d_sigaction=define
    useithreads=define, usemultiplicity=define
    useperlio=define, d_sfio=undef, uselargefiles=define, usesocks=undef
    use64bitint=define, use64bitall=define, uselongdouble=undef
    usemymalloc=n, bincompat5005=undef
  Compiler:
    cc='cc', ccflags ='-D_REENTRANT -D_GNU_SOURCE -fno-strict-aliasing -pipe -fstack-protector -I/usr/local/include -D_LARGEFILE_SOURCE -D_FILE_OFFSET_BITS=64',
    optimize='-O2 -g',
    cppflags='-D_REENTRANT -D_GNU_SOURCE -fno-strict-aliasing -pipe -fstack-protector -I/usr/local/include'
    ccversion='', gccversion='4.7.0', gccosandvers=''
    intsize=4, longsize=8, ptrsize=8, doublesize=8, byteorder=12345678
    d_longlong=define, longlongsize=8, d_longdbl=define, longdblsize=16
    ivtype='long', ivsize=8, nvtype='double', nvsize=8, Off_t='off_t', lseeksize=8
    alignbytes=8, prototype=define
  Linker and Libraries:
    ld='cc', ldflags =' -fstack-protector -L/usr/local/lib'
    libpth=/usr/local/lib /lib/x86_64-linux-gnu /lib/../lib /usr/lib/x86_64-linux-gnu /usr/lib/../lib /lib /usr/lib
    libs=-lnsl -ldb -ldl -lm -lcrypt -lutil -lpthread -lc
    perllibs=-lnsl -ldl -lm -lcrypt -lutil -lpthread -lc
    libc=, so=so, useshrplib=false, libperl=libperl.a
    gnulibc_version='2.13'
  Dynamic Linking:
    dlsrc=dl_dlopen.xs, dlext=so, d_dlsymun=undef, ccdlflags='-Wl,-E'
    cccdlflags='-fPIC', lddlflags='-shared -O2 -g -L/usr/local/lib -fstack-protector'


Characteristics of this binary (from libperl): 
  Compile-time options: HAS_TIMES MULTIPLICITY PERLIO_LAYERS
                        PERL_DONT_CREATE_GVSV PERL_IMPLICIT_CONTEXT
                        PERL_MALLOC_WRAP PERL_PRESERVE_IVUV PERL_USE_DEVEL
                        USE_64_BIT_ALL USE_64_BIT_INT USE_ITHREADS
                        USE_LARGE_FILES USE_LOCALE USE_LOCALE_COLLATE
                        USE_LOCALE_CTYPE USE_LOCALE_NUMERIC USE_PERLIO
                        USE_PERL_ATOF USE_REENTRANT_API
  Built under linux
  Compiled at Jun 21 2012 09:13:30
  %ENV:
    PERL5LIB=""
    PERL5OPT=""
    PERL5_CPANPLUS_IS_RUNNING="8301"
    PERL5_CPAN_IS_RUNNING="8301"
    PERL_MM_USE_DEFAULT="1"
  @INC:
    /home/src/perl/repoperls/installed-perls/perl/v5.17.1-45-gb1b1f55/9980/lib/site_perl/5.17.2/x86_64-linux-thread-multi
    /home/src/perl/repoperls/installed-perls/perl/v5.17.1-45-gb1b1f55/9980/lib/site_perl/5.17.2
    /home/src/perl/repoperls/installed-perls/perl/v5.17.1-45-gb1b1f55/9980/lib/5.17.2/x86_64-linux-thread-multi
    /home/src/perl/repoperls/installed-perls/perl/v5.17.1-45-gb1b1f55/9980/lib/5.17.2
    .