Reaction v0.002005 Perl 5 v5.26.3 x86_64-linux-gnu

Status
Fail
From
Dist
Reaction v0.002005
Platform
Perl 5 v5.26.3 x86_64-linux-gnu
Date
2019-06-01 16:32:42
ID
e0fcf0aa-848a-11e9-ba29-143ebfbda080
This distribution has been tested as part of the CPAN Testers
project, supporting the Perl programming language.  See
http://wiki.cpantesters.org/ for more information or email
questions to cpan-testers-discuss@perl.org


--
Dear ARCANEZ,

This is a computer-generated report for Reaction-0.002005
on perl 5.26.3, created by App::cpanminus::reporter 0.17 (1.7044).

Thank you for uploading your work to CPAN.  However, there was a problem
testing your distribution.

If you think this report is invalid, please consult the CPAN Testers Wiki
for suggestions on how to avoid getting FAIL reports for missing library
or binary dependencies, unsupported operating systems, and so on:

http://wiki.cpantesters.org/wiki/CPANAuthorNotes

Sections of this report:

    * Tester comments
    * Program output
    * Prerequisites
    * Environment and other context

------------------------------
TESTER COMMENTS
------------------------------

Additional comments from tester:

none provided

------------------------------
PROGRAM OUTPUT
------------------------------

Output from '':

Building and testing Reaction-0.002005
cp lib/Reaction/InterfaceModel/Action/DBIC/ResultSet.pm blib/lib/Reaction/InterfaceModel/Action/DBIC/ResultSet.pm
cp lib/ComponentUI/TestModel/Foo/Action/SearchSpec/Update.pm blib/lib/ComponentUI/TestModel/Foo/Action/SearchSpec/Update.pm
cp lib/ComponentUI/Controller/Root.pm blib/lib/ComponentUI/Controller/Root.pm
cp lib/Reaction/InterfaceModel/Action/DBIC/Result.pm blib/lib/Reaction/InterfaceModel/Action/DBIC/Result.pm
cp lib/Catalyst/Model/Reaction/InterfaceModel/DBIC.pm blib/lib/Catalyst/Model/Reaction/InterfaceModel/DBIC.pm
cp lib/Reaction/InterfaceModel/Action/DBIC/Result/Delete.pm blib/lib/Reaction/InterfaceModel/Action/DBIC/Result/Delete.pm
cp lib/Reaction/InterfaceModel/Action/DBIC/ResultSet/DeleteAll.pm blib/lib/Reaction/InterfaceModel/Action/DBIC/ResultSet/DeleteAll.pm
cp lib/Reaction/ClassExporter.pm blib/lib/Reaction/ClassExporter.pm
cp lib/ComponentUI/TestModel.pm blib/lib/ComponentUI/TestModel.pm
cp lib/ComponentUI/Controller/TestModel/Bar.pm blib/lib/ComponentUI/Controller/TestModel/Bar.pm
cp lib/ComponentUI.pm blib/lib/ComponentUI.pm
cp lib/Reaction/InterfaceModel/Action/DBIC/Role/CheckUniques.pm blib/lib/Reaction/InterfaceModel/Action/DBIC/Role/CheckUniques.pm
cp lib/ComponentUI/UI/Widget/Index.pm blib/lib/ComponentUI/UI/Widget/Index.pm
cp lib/Reaction/Class.pm blib/lib/Reaction/Class.pm
cp lib/Reaction.pm blib/lib/Reaction.pm
cp lib/ComponentUI/TestModel/Foo/SearchSpec.pm blib/lib/ComponentUI/TestModel/Foo/SearchSpec.pm
cp lib/ComponentUI/UI/ViewPort/Baz/ListView/Member.pm blib/lib/ComponentUI/UI/ViewPort/Baz/ListView/Member.pm
cp lib/ComponentUI/View/Site.pm blib/lib/ComponentUI/View/Site.pm
cp lib/Reaction/InterfaceModel/Action/DBIC/ResultSet/Create.pm blib/lib/Reaction/InterfaceModel/Action/DBIC/ResultSet/Create.pm
cp lib/Reaction/InterfaceModel/Action/DBIC/Result/Update.pm blib/lib/Reaction/InterfaceModel/Action/DBIC/Result/Update.pm
cp lib/Reaction/InterfaceModel/Action.pm blib/lib/Reaction/InterfaceModel/Action.pm
cp lib/ComponentUI/Model/TestModel.pm blib/lib/ComponentUI/Model/TestModel.pm
cp lib/ComponentUI/Model/TestDB.pm blib/lib/ComponentUI/Model/TestDB.pm
cp lib/ComponentUI/Controller/TestModel/Foo.pm blib/lib/ComponentUI/Controller/TestModel/Foo.pm
cp lib/ComponentUI/Controller/TestModel/Baz.pm blib/lib/ComponentUI/Controller/TestModel/Baz.pm
cp lib/ComponentUI/View/Site/Widget/Index.pm blib/lib/ComponentUI/View/Site/Widget/Index.pm
cp lib/ComponentUI/TestModel/Foo.pm blib/lib/ComponentUI/TestModel/Foo.pm
cp lib/Reaction/InterfaceModel/Action/User/Login.pm blib/lib/Reaction/InterfaceModel/Action/User/Login.pm
cp lib/Reaction/InterfaceModel/Action/DBIC/User/ResetPassword.pm blib/lib/Reaction/InterfaceModel/Action/DBIC/User/ResetPassword.pm
cp lib/Reaction/InterfaceModel/Reflector/DBIC.pm blib/lib/Reaction/InterfaceModel/Reflector/DBIC.pm
cp lib/Reaction/InterfaceModel/Collection/Persistent/ResultSet.pm blib/lib/Reaction/InterfaceModel/Collection/Persistent/ResultSet.pm
cp lib/Reaction/InterfaceModel/Collection/Persistent.pm blib/lib/Reaction/InterfaceModel/Collection/Persistent.pm
cp lib/Reaction/InterfaceModel/ObjectClass.pm blib/lib/Reaction/InterfaceModel/ObjectClass.pm
cp lib/Reaction/InterfaceModel/Object/User/Role/ConfirmationCodeSupport.pm blib/lib/Reaction/InterfaceModel/Object/User/Role/ConfirmationCodeSupport.pm
cp lib/Reaction/InterfaceModel/Action/Search/UpdateSpec.pm blib/lib/Reaction/InterfaceModel/Action/Search/UpdateSpec.pm
cp lib/Reaction/InterfaceModel/Collection/DBIC/Role/Where.pm blib/lib/Reaction/InterfaceModel/Collection/DBIC/Role/Where.pm
cp lib/Reaction/InterfaceModel/Collection.pm blib/lib/Reaction/InterfaceModel/Collection.pm
cp lib/Reaction/InterfaceModel/Collection/Virtual/ResultSet.pm blib/lib/Reaction/InterfaceModel/Collection/Virtual/ResultSet.pm
cp lib/Reaction/InterfaceModel/Action/User/ResetPassword.pm blib/lib/Reaction/InterfaceModel/Action/User/ResetPassword.pm
cp lib/Reaction/InterfaceModel/Action/Role/SimpleMethodCall.pm blib/lib/Reaction/InterfaceModel/Action/Role/SimpleMethodCall.pm
cp lib/Reaction/InterfaceModel/Action/DBIC/User/Role/SetPassword.pm blib/lib/Reaction/InterfaceModel/Action/DBIC/User/Role/SetPassword.pm
cp lib/Reaction/InterfaceModel/Action/User/SetPassword.pm blib/lib/Reaction/InterfaceModel/Action/User/SetPassword.pm
cp lib/Reaction/InterfaceModel/Collection/Virtual.pm blib/lib/Reaction/InterfaceModel/Collection/Virtual.pm
cp lib/Reaction/InterfaceModel/Action/User/ChangePassword.pm blib/lib/Reaction/InterfaceModel/Action/User/ChangePassword.pm
cp lib/Reaction/InterfaceModel/Action/DBIC/User/ChangePassword.pm blib/lib/Reaction/InterfaceModel/Action/DBIC/User/ChangePassword.pm
cp lib/Reaction/InterfaceModel/Action/DBIC/User/SetPassword.pm blib/lib/Reaction/InterfaceModel/Action/DBIC/User/SetPassword.pm
cp lib/Reaction/InterfaceModel/Object.pm blib/lib/Reaction/InterfaceModel/Object.pm
cp lib/Reaction/InterfaceModel/Collection/DBIC/Role/Base.pm blib/lib/Reaction/InterfaceModel/Collection/DBIC/Role/Base.pm
cp lib/Reaction/InterfaceModel/Reflector/SearchSpec.pm blib/lib/Reaction/InterfaceModel/Reflector/SearchSpec.pm
cp lib/Reaction/Manual/Clipboard.pod blib/lib/Reaction/Manual/Clipboard.pod
cp lib/Reaction/Role/Meta/Attribute.pm blib/lib/Reaction/Role/Meta/Attribute.pm
cp lib/Reaction/Role.pm blib/lib/Reaction/Role.pm
cp lib/Reaction/Manual/Troubleshooting.pod blib/lib/Reaction/Manual/Troubleshooting.pod
cp lib/Reaction/Manual.pod blib/lib/Reaction/Manual.pod
cp lib/Reaction/Meta/InterfaceModel/Object/Class.pm blib/lib/Reaction/Meta/InterfaceModel/Object/Class.pm
cp lib/Reaction/Meta/InterfaceModel/Object/ParameterAttribute.pm blib/lib/Reaction/Meta/InterfaceModel/Object/ParameterAttribute.pm
cp lib/Reaction/InterfaceModel/Search/Spec.pm blib/lib/Reaction/InterfaceModel/Search/Spec.pm
cp lib/Reaction/Test.pm blib/lib/Reaction/Test.pm
cp lib/Reaction/Types/Core.pm blib/lib/Reaction/Types/Core.pm
cp lib/Reaction/Manual/Tutorial.pod blib/lib/Reaction/Manual/Tutorial.pod
cp lib/Reaction/Manual/ActionPrototypes.pod blib/lib/Reaction/Manual/ActionPrototypes.pod
cp lib/Reaction/Manual/Intro.pod blib/lib/Reaction/Manual/Intro.pod
cp lib/Reaction/Meta/InterfaceModel/Object/DomainModelAttribute.pm blib/lib/Reaction/Meta/InterfaceModel/Object/DomainModelAttribute.pm
cp lib/Reaction/Test/WithDB.pm blib/lib/Reaction/Test/WithDB.pm
cp lib/Reaction/Role/Meta/Class.pm blib/lib/Reaction/Role/Meta/Class.pm
cp lib/Reaction/Manual/Unicode.pod blib/lib/Reaction/Manual/Unicode.pod
cp lib/Reaction/Role/Parameterized.pm blib/lib/Reaction/Role/Parameterized.pm
cp lib/Reaction/Manual/Templates.pod blib/lib/Reaction/Manual/Templates.pod
cp lib/Reaction/Meta/Class.pm blib/lib/Reaction/Meta/Class.pm
cp lib/Reaction/Meta/InterfaceModel/Action/Class.pm blib/lib/Reaction/Meta/InterfaceModel/Action/Class.pm
cp lib/Reaction/Types/DBIC.pm blib/lib/Reaction/Types/DBIC.pm
cp lib/Reaction/Role/Meta/Role.pm blib/lib/Reaction/Role/Meta/Role.pm
cp lib/Reaction/Meta/Role.pm blib/lib/Reaction/Meta/Role.pm
cp lib/Reaction/Manual/Widgets.pod blib/lib/Reaction/Manual/Widgets.pod
cp lib/Reaction/Manual/RenderPage.pod blib/lib/Reaction/Manual/RenderPage.pod
cp lib/Reaction/Manual/Glossary.pod blib/lib/Reaction/Manual/Glossary.pod
cp lib/Reaction/Object.pm blib/lib/Reaction/Object.pm
cp lib/Reaction/Manual/Overview.pod blib/lib/Reaction/Manual/Overview.pod
cp lib/Reaction/Meta/InterfaceModel/Action/ParameterAttribute.pm blib/lib/Reaction/Meta/InterfaceModel/Action/ParameterAttribute.pm
cp lib/Reaction/InterfaceModel/Search/UpdateSpec.pm blib/lib/Reaction/InterfaceModel/Search/UpdateSpec.pm
cp lib/Reaction/Meta/Attribute.pm blib/lib/Reaction/Meta/Attribute.pm
cp lib/Reaction/UI/Controller/Role/Action/DeleteAll.pm blib/lib/Reaction/UI/Controller/Role/Action/DeleteAll.pm
cp lib/Reaction/Types/File.pm blib/lib/Reaction/Types/File.pm
cp lib/Reaction/UI/View.pm blib/lib/Reaction/UI/View.pm
cp lib/Reaction/UI/Controller/Collection/CRUD/Search.pm blib/lib/Reaction/UI/Controller/Collection/CRUD/Search.pm
cp lib/Reaction/Types/Email.pm blib/lib/Reaction/Types/Email.pm
cp lib/Reaction/UI/View/TT.pm blib/lib/Reaction/UI/View/TT.pm
cp lib/Reaction/UI/LayoutSet/TT.pm blib/lib/Reaction/UI/LayoutSet/TT.pm
cp lib/Reaction/UI/ViewPort.pm blib/lib/Reaction/UI/ViewPort.pm
cp lib/Reaction/UI/Controller/Role/Action/List.pm blib/lib/Reaction/UI/Controller/Role/Action/List.pm
cp lib/Reaction/UI/RenderingContext.pm blib/lib/Reaction/UI/RenderingContext.pm
cp lib/Reaction/UI/LayoutSet.pm blib/lib/Reaction/UI/LayoutSet.pm
cp lib/Reaction/UI/Controller/Role/RedirectTo.pm blib/lib/Reaction/UI/Controller/Role/RedirectTo.pm
cp lib/Reaction/Types/DateTime.pm blib/lib/Reaction/Types/DateTime.pm
cp lib/Reaction/UI/Controller/Role/Action/Update.pm blib/lib/Reaction/UI/Controller/Role/Action/Update.pm
cp lib/Reaction/UI/Skin.pm blib/lib/Reaction/UI/Skin.pm
cp lib/Reaction/UI/ViewPort/Action.pm blib/lib/Reaction/UI/ViewPort/Action.pm
cp lib/Reaction/UI/Controller/Role/Action/Simple.pm blib/lib/Reaction/UI/Controller/Role/Action/Simple.pm
cp lib/Reaction/UI/Controller/Role/Action/View.pm blib/lib/Reaction/UI/Controller/Role/Action/View.pm
cp lib/Reaction/UI/Controller/Root.pm blib/lib/Reaction/UI/Controller/Root.pm
cp lib/Reaction/UI/Controller/Role/Action/Delete.pm blib/lib/Reaction/UI/Controller/Role/Action/Delete.pm
cp lib/Reaction/UI/Controller/Role/Action/Create.pm blib/lib/Reaction/UI/Controller/Role/Action/Create.pm
cp lib/Reaction/UI/RenderingContext/TT.pm blib/lib/Reaction/UI/RenderingContext/TT.pm
cp lib/Reaction/UI/Controller/Collection.pm blib/lib/Reaction/UI/Controller/Collection.pm
cp lib/Reaction/UI/Controller/Role/Action/Object.pm blib/lib/Reaction/UI/Controller/Role/Action/Object.pm
cp lib/Reaction/UI/Controller/Collection/CRUD.pm blib/lib/Reaction/UI/Controller/Collection/CRUD.pm
cp lib/Reaction/UI/Controller.pm blib/lib/Reaction/UI/Controller.pm
cp lib/Reaction/UI/ViewPort/Action/Link.pm blib/lib/Reaction/UI/ViewPort/Action/Link.pm
cp lib/Reaction/UI/Controller/Role/GetCollection.pm blib/lib/Reaction/UI/Controller/Role/GetCollection.pm
cp lib/Reaction/UI/ViewPort/Action/Role/Apply.pm blib/lib/Reaction/UI/ViewPort/Action/Role/Apply.pm
cp lib/Reaction/UI/FocusStack.pm blib/lib/Reaction/UI/FocusStack.pm
cp lib/Reaction/UI/ViewPort/Field/File.pm blib/lib/Reaction/UI/ViewPort/Field/File.pm
cp lib/Reaction/UI/ViewPort/Field/Collection.pm blib/lib/Reaction/UI/ViewPort/Field/Collection.pm
cp lib/Reaction/UI/ViewPort/Collection/Grid.pm blib/lib/Reaction/UI/ViewPort/Collection/Grid.pm
cp lib/Reaction/UI/ViewPort/Field/Mutable/File.pm blib/lib/Reaction/UI/ViewPort/Field/Mutable/File.pm
cp lib/Reaction/UI/ViewPort/Collection/Role/Pager.pm blib/lib/Reaction/UI/ViewPort/Collection/Role/Pager.pm
cp lib/Reaction/UI/ViewPort/Field/.ToDo/TimeRange.pm blib/lib/Reaction/UI/ViewPort/Field/.ToDo/TimeRange.pm
cp lib/Reaction/UI/ViewPort/Field/Container.pm blib/lib/Reaction/UI/ViewPort/Field/Container.pm
cp lib/Reaction/UI/ViewPort/Field/.ToDo/File.pm blib/lib/Reaction/UI/ViewPort/Field/.ToDo/File.pm
cp lib/Reaction/UI/ViewPort/Field/Mutable/DateTime.pm blib/lib/Reaction/UI/ViewPort/Field/Mutable/DateTime.pm
cp lib/Reaction/UI/ViewPort/Field.pm blib/lib/Reaction/UI/ViewPort/Field.pm
cp lib/Reaction/UI/ViewPort/Collection/Grid/Member/WithActions.pm blib/lib/Reaction/UI/ViewPort/Collection/Grid/Member/WithActions.pm
cp lib/Reaction/UI/ViewPort/Collection/Role/UseSearchSpec.pm blib/lib/Reaction/UI/ViewPort/Collection/Role/UseSearchSpec.pm
cp lib/Reaction/UI/ViewPort/Action/Role/OK.pm blib/lib/Reaction/UI/ViewPort/Action/Role/OK.pm
cp lib/Reaction/UI/ViewPort/Field/Boolean.pm blib/lib/Reaction/UI/ViewPort/Field/Boolean.pm
cp lib/Reaction/UI/ViewPort/Field/DateTime.pm blib/lib/Reaction/UI/ViewPort/Field/DateTime.pm
cp lib/Reaction/UI/ViewPort/Collection.pm blib/lib/Reaction/UI/ViewPort/Collection.pm
cp lib/Reaction/UI/ViewPort/Data.pm blib/lib/Reaction/UI/ViewPort/Data.pm
cp lib/Reaction/UI/ViewPort/Field/Array.pm blib/lib/Reaction/UI/ViewPort/Field/Array.pm
cp lib/Reaction/UI/ViewPort/Field/Mutable/ChooseOne.pm blib/lib/Reaction/UI/ViewPort/Field/Mutable/ChooseOne.pm
cp lib/Reaction/UI/ViewPort/Action/Role/Close.pm blib/lib/Reaction/UI/ViewPort/Action/Role/Close.pm
cp lib/Reaction/UI/ViewPort/Field/Mutable/ChooseMany.pm blib/lib/Reaction/UI/ViewPort/Field/Mutable/ChooseMany.pm
cp lib/Reaction/UI/ViewPort/Field/Mutable/Boolean.pm blib/lib/Reaction/UI/ViewPort/Field/Mutable/Boolean.pm
cp lib/Reaction/UI/ViewPort/Field/Mutable/Array.pm blib/lib/Reaction/UI/ViewPort/Field/Mutable/Array.pm
cp lib/Reaction/UI/ViewPort/Field/Integer.pm blib/lib/Reaction/UI/ViewPort/Field/Integer.pm
cp lib/Reaction/UI/ViewPort/Collection/Grid/Member.pm blib/lib/Reaction/UI/ViewPort/Collection/Grid/Member.pm
cp lib/Reaction/UI/ViewPort/Collection/Role/Order.pm blib/lib/Reaction/UI/ViewPort/Collection/Role/Order.pm
cp lib/Reaction/UI/ViewPort/Field/RelatedObject.pm blib/lib/Reaction/UI/ViewPort/Field/RelatedObject.pm
cp lib/Reaction/UI/ViewPort/Role/Actions.pm blib/lib/Reaction/UI/ViewPort/Role/Actions.pm
cp lib/Reaction/UI/ViewPort/Field/Mutable/String.pm blib/lib/Reaction/UI/ViewPort/Field/Mutable/String.pm
cp lib/Reaction/UI/ViewPort/Field/Role/Mutable/Simple.pm blib/lib/Reaction/UI/ViewPort/Field/Role/Mutable/Simple.pm
cp lib/Reaction/UI/ViewPort/Field/TimeRange.pm blib/lib/Reaction/UI/ViewPort/Field/TimeRange.pm
cp lib/Reaction/UI/ViewPort/Field/Mutable/HiddenArray.pm blib/lib/Reaction/UI/ViewPort/Field/Mutable/HiddenArray.pm
cp lib/Reaction/UI/ViewPort/Field/String.pm blib/lib/Reaction/UI/ViewPort/Field/String.pm
cp lib/Reaction/UI/ViewPort/Field/Mutable/MatchingPasswords.pm blib/lib/Reaction/UI/ViewPort/Field/Mutable/MatchingPasswords.pm
cp lib/Reaction/UI/ViewPort/Field/String/Fragment.pm blib/lib/Reaction/UI/ViewPort/Field/String/Fragment.pm
cp lib/Reaction/UI/ViewPort/ListView.pm blib/lib/Reaction/UI/ViewPort/ListView.pm
cp lib/Reaction/UI/ViewPort/Field/Mutable/Text.pm blib/lib/Reaction/UI/ViewPort/Field/Mutable/Text.pm
cp lib/Reaction/UI/ViewPort/Field/Mutable/Integer.pm blib/lib/Reaction/UI/ViewPort/Field/Mutable/Integer.pm
cp lib/Reaction/UI/ViewPort/Image.pm blib/lib/Reaction/UI/ViewPort/Image.pm
cp lib/Reaction/UI/ViewPort/ListViewWithSearch.pm blib/lib/Reaction/UI/ViewPort/ListViewWithSearch.pm
cp lib/Reaction/UI/ViewPort/SiteLayout.pm blib/lib/Reaction/UI/ViewPort/SiteLayout.pm
cp lib/Reaction/UI/ViewPort/Field/Text.pm blib/lib/Reaction/UI/ViewPort/Field/Text.pm
cp lib/Reaction/UI/ViewPort/SearchableListViewContainer.pm blib/lib/Reaction/UI/ViewPort/SearchableListViewContainer.pm
cp lib/Reaction/UI/ViewPort/Role/FieldArgs.pm blib/lib/Reaction/UI/ViewPort/Role/FieldArgs.pm
cp lib/Reaction/UI/ViewPort/Field/Mutable/Password.pm blib/lib/Reaction/UI/ViewPort/Field/Mutable/Password.pm
cp lib/Reaction/UI/ViewPort/Field/Mutable/Number.pm blib/lib/Reaction/UI/ViewPort/Field/Mutable/Number.pm
cp lib/Reaction/UI/ViewPort/Field/Number.pm blib/lib/Reaction/UI/ViewPort/Field/Number.pm
cp lib/Reaction/UI/ViewPort/Field/Password.pm blib/lib/Reaction/UI/ViewPort/Field/Password.pm
cp lib/Reaction/UI/ViewPort/Field/Role/Mutable.pm blib/lib/Reaction/UI/ViewPort/Field/Role/Mutable.pm
cp lib/Reaction/UI/ViewPort/Object.pm blib/lib/Reaction/UI/ViewPort/Object.pm
cp lib/Reaction/UI/ViewPort/Object/Mutable.pm blib/lib/Reaction/UI/ViewPort/Object/Mutable.pm
cp lib/Reaction/UI/ViewPort/Field/Role/Choices.pm blib/lib/Reaction/UI/ViewPort/Field/Role/Choices.pm
cp lib/Reaction/UI/Widget/Field/Collection.pm blib/lib/Reaction/UI/Widget/Field/Collection.pm
cp lib/Reaction/UI/Widget/Field/Array.pm blib/lib/Reaction/UI/Widget/Field/Array.pm
cp lib/Reaction/UI/Widget/Container.pm blib/lib/Reaction/UI/Widget/Container.pm
cp lib/Reaction/UI/Widget/Field/Container.pm blib/lib/Reaction/UI/Widget/Field/Container.pm
cp lib/Reaction/UI/Widget/Field/Mutable.pm blib/lib/Reaction/UI/Widget/Field/Mutable.pm
cp lib/Reaction/UI/Widget/Field/Mutable/MatchingPasswords.pm blib/lib/Reaction/UI/Widget/Field/Mutable/MatchingPasswords.pm
cp lib/Reaction/UI/Widget/Field/DateTime.pm blib/lib/Reaction/UI/Widget/Field/DateTime.pm
cp lib/Reaction/UI/Widget/Collection/Grid/Member/WithActions.pm blib/lib/Reaction/UI/Widget/Collection/Grid/Member/WithActions.pm
cp lib/Reaction/UI/Widget/Field/Mutable/HiddenArray.pm blib/lib/Reaction/UI/Widget/Field/Mutable/HiddenArray.pm
cp lib/Reaction/UI/Widget/Field/Mutable/Boolean.pm blib/lib/Reaction/UI/Widget/Field/Mutable/Boolean.pm
cp lib/Reaction/UI/Widget/Field/Image.pm blib/lib/Reaction/UI/Widget/Field/Image.pm
cp lib/Reaction/UI/Widget/Collection/Grid.pm blib/lib/Reaction/UI/Widget/Collection/Grid.pm
cp lib/Reaction/UI/Widget/Action/Link.pm blib/lib/Reaction/UI/Widget/Action/Link.pm
cp lib/Reaction/UI/ViewPort/URI.pm blib/lib/Reaction/UI/ViewPort/URI.pm
cp lib/Reaction/UI/Widget/Field/Mutable/ChooseOne.pm blib/lib/Reaction/UI/Widget/Field/Mutable/ChooseOne.pm
cp lib/Reaction/UI/Widget/Field/Integer.pm blib/lib/Reaction/UI/Widget/Field/Integer.pm
cp lib/Reaction/UI/Widget/Field/Mutable/DateTime.pm blib/lib/Reaction/UI/Widget/Field/Mutable/DateTime.pm
cp lib/Reaction/UI/Widget/Collection/Grid/Member.pm blib/lib/Reaction/UI/Widget/Collection/Grid/Member.pm
cp lib/Reaction/UI/Widget/Field.pm blib/lib/Reaction/UI/Widget/Field.pm
cp lib/Reaction/UI/Widget/Field/Mutable/File.pm blib/lib/Reaction/UI/Widget/Field/Mutable/File.pm
cp lib/Reaction/UI/Widget/Collection.pm blib/lib/Reaction/UI/Widget/Collection.pm
cp lib/Reaction/UI/Widget.pm blib/lib/Reaction/UI/Widget.pm
cp lib/Reaction/UI/Widget/Field/Mutable/Integer.pm blib/lib/Reaction/UI/Widget/Field/Mutable/Integer.pm
cp lib/Reaction/UI/Widget/Field/Mutable/ChooseMany.pm blib/lib/Reaction/UI/Widget/Field/Mutable/ChooseMany.pm
cp lib/Reaction/UI/Widget/Data.pm blib/lib/Reaction/UI/Widget/Data.pm
cp lib/Reaction/UI/ViewPort/TimeRangeCollection.pm blib/lib/Reaction/UI/ViewPort/TimeRangeCollection.pm
cp lib/Reaction/UI/Widget/Action.pm blib/lib/Reaction/UI/Widget/Action.pm
cp lib/Reaction/UI/Widget/Field/Boolean.pm blib/lib/Reaction/UI/Widget/Field/Boolean.pm
cp lib/Reaction/UI/Widget/Object.pm blib/lib/Reaction/UI/Widget/Object.pm
cp lib/Reaction/UI/Window.pm blib/lib/Reaction/UI/Window.pm
cp lib/Reaction/UI/Widget/SiteLayout.pm blib/lib/Reaction/UI/Widget/SiteLayout.pm
cp lib/Reaction/UI/Widget/Value/RelatedObject.pm blib/lib/Reaction/UI/Widget/Value/RelatedObject.pm
cp lib/Reaction/UI/Widget/Value/Image.pm blib/lib/Reaction/UI/Widget/Value/Image.pm
cp lib/Reaction/UI/Widget/Field/Mutable/String.pm blib/lib/Reaction/UI/Widget/Field/Mutable/String.pm
cp lib/Reaction/UI/WidgetClass/_OVER.pm blib/lib/Reaction/UI/WidgetClass/_OVER.pm
cp lib/Reaction/UI/Widget/Value/Number.pm blib/lib/Reaction/UI/Widget/Value/Number.pm
cp lib/Reaction/UI/Widget/URI.pm blib/lib/Reaction/UI/Widget/URI.pm
cp lib/Reaction/UI/Widget/Field/Text.pm blib/lib/Reaction/UI/Widget/Field/Text.pm
cp lib/Reaction/UI/Widget/Search/NoResults.pm blib/lib/Reaction/UI/Widget/Search/NoResults.pm
cp lib/Reaction/UI/Widget/Value/Collection.pm blib/lib/Reaction/UI/Widget/Value/Collection.pm
cp lib/Reaction/UI/Widget/Image.pm blib/lib/Reaction/UI/Widget/Image.pm
cp lib/Reaction/UI/Widget/Value/String.pm blib/lib/Reaction/UI/Widget/Value/String.pm
cp lib/Reaction/UI/Widget/Field/Mutable/Number.pm blib/lib/Reaction/UI/Widget/Field/Mutable/Number.pm
cp lib/Reaction/UI/Widget/Object/Mutable.pm blib/lib/Reaction/UI/Widget/Object/Mutable.pm
cp lib/Reaction/UI/WidgetClass.pm blib/lib/Reaction/UI/WidgetClass.pm
cp lib/Reaction/UI/Widget/Field/Number.pm blib/lib/Reaction/UI/Widget/Field/Number.pm
cp lib/Reaction/UI/Widget/Value/Boolean.pm blib/lib/Reaction/UI/Widget/Value/Boolean.pm
cp lib/Reaction/UI/Widget/SearchableListViewContainer.pm blib/lib/Reaction/UI/Widget/SearchableListViewContainer.pm
cp lib/Reaction/UI/Widget/Value/DateTime.pm blib/lib/Reaction/UI/Widget/Value/DateTime.pm
cp lib/Reaction/UI/Widget/Field/Mutable/TimeRange.pm blib/lib/Reaction/UI/Widget/Field/Mutable/TimeRange.pm
cp lib/Reaction/UI/Widget/Value.pm blib/lib/Reaction/UI/Widget/Value.pm
cp lib/Reaction/UI/Widget/Field/String.pm blib/lib/Reaction/UI/Widget/Field/String.pm
cp lib/Reaction/UI/Widget/ListView.pm blib/lib/Reaction/UI/Widget/ListView.pm
cp lib/Reaction/UI/Widget/Field/Mutable/Password.pm blib/lib/Reaction/UI/Widget/Field/Mutable/Password.pm
cp lib/Reaction/UI/Widget/Field/Mutable/Text.pm blib/lib/Reaction/UI/Widget/Field/Mutable/Text.pm
cp lib/Reaction/UI/Widget/Value/Text.pm blib/lib/Reaction/UI/Widget/Value/Text.pm
cp lib/Reaction/UI/Widget/Field/RelatedObject.pm blib/lib/Reaction/UI/Widget/Field/RelatedObject.pm
cp script/componentui_cgi.pl blib/script/componentui_cgi.pl
"/usr/local/bin/perl" "-Iinc" -MExtUtils::MY -e 'MY->fixin(shift)' -- blib/script/componentui_cgi.pl
cp script/componentui_create.pl blib/script/componentui_create.pl
"/usr/local/bin/perl" "-Iinc" -MExtUtils::MY -e 'MY->fixin(shift)' -- blib/script/componentui_create.pl
cp script/componentui_fastcgi.pl blib/script/componentui_fastcgi.pl
"/usr/local/bin/perl" "-Iinc" -MExtUtils::MY -e 'MY->fixin(shift)' -- blib/script/componentui_fastcgi.pl
cp script/componentui_server.pl blib/script/componentui_server.pl
"/usr/local/bin/perl" "-Iinc" -MExtUtils::MY -e 'MY->fixin(shift)' -- blib/script/componentui_server.pl
cp script/componentui_test.pl blib/script/componentui_test.pl
"/usr/local/bin/perl" "-Iinc" -MExtUtils::MY -e 'MY->fixin(shift)' -- blib/script/componentui_test.pl
cp script/moose_to_rclass.pl blib/script/moose_to_rclass.pl
"/usr/local/bin/perl" "-Iinc" -MExtUtils::MY -e 'MY->fixin(shift)' -- blib/script/moose_to_rclass.pl
cp script/rclass_back_to_moose.pl blib/script/rclass_back_to_moose.pl
"/usr/local/bin/perl" "-Iinc" -MExtUtils::MY -e 'MY->fixin(shift)' -- blib/script/rclass_back_to_moose.pl
PERL_DL_NONLAZY=1 "/usr/local/bin/perl" "-MExtUtils::Command::MM" "-MTest::Harness" "-e" "undef *Test::Harness::Switches; test_harness(0, 'inc', 'blib/lib', 'blib/arch')" t/00componentui_compiles.t t/01app.t t/04load_all.t t/05reflect_attr_from.t t/im_dbic.t t/ui_focus_stack.t t/ui_view.t t/ui_viewport.t t/uncheck_bool_field.t
Class::MOP::load_class is deprecated at /usr/local/lib/perl5/site_perl/5.26.3/x86_64-linux-gnu/Class/MOP.pm line 69.
	Class::MOP::load_class("ComponentUI::TestModel") called at /root/.cpanm/work/1559392557.6/Reaction-0.002005/blib/lib/Catalyst/Model/Reaction/InterfaceModel/DBIC.pm line 24
	Catalyst::Model::Reaction::InterfaceModel::DBIC::COMPONENT("ComponentUI::Model::TestModel", "ComponentUI", HASH(0x555633d5c1b8)) called at /usr/local/lib/perl5/site_perl/5.26.3/Catalyst.pm line 3225
	eval {...} called at /usr/local/lib/perl5/site_perl/5.26.3/Catalyst.pm line 3226
	Catalyst::setup_component("ComponentUI", "ComponentUI::Model::TestModel") called at /usr/local/lib/perl5/site_perl/5.26.3/Catalyst.pm line 3203
	Catalyst::__ANON__() called at /usr/local/lib/perl5/site_perl/5.26.3/Catalyst.pm line 3050
	Catalyst::setup_components("ComponentUI") called at /usr/local/lib/perl5/site_perl/5.26.3/Catalyst.pm line 1422
	Catalyst::setup("ComponentUI") called at /root/.cpanm/work/1559392557.6/Reaction-0.002005/blib/lib/ComponentUI.pm line 32
	require ComponentUI.pm called at t/00componentui_compiles.t line 7
	main::BEGIN() called at /root/.cpanm/work/1559392557.6/Reaction-0.002005/blib/lib/ComponentUI.pm line 0
	eval {...} called at /root/.cpanm/work/1559392557.6/Reaction-0.002005/blib/lib/ComponentUI.pm line 0
	eval 'package main;
BEGIN { ${^WARNING_BITS} = $args[-1] if defined $args[-1] }
#line 7 t/00componentui_compiles.t
use ComponentUI @{$args[0]};
1;
' called at /usr/local/lib/perl5/site_perl/5.26.3/Test/More.pm line 1033
	Test::More::_eval("package main;\x{a}BEGIN { \${^WARNING_BITS} = \$args[-1] if defined"..., ARRAY(0x55562e6187a0), "UUUUUUUUUUUUUUUUU\x{15}") called at /usr/local/lib/perl5/site_perl/5.26.3/Test/More.pm line 1009
	Test::More::use_ok("ComponentUI") called at t/00componentui_compiles.t line 7
Class::MOP::load_class is deprecated at /usr/local/lib/perl5/site_perl/5.26.3/x86_64-linux-gnu/Class/MOP.pm line 69.
	Class::MOP::load_class("Reaction::InterfaceModel::Object") called at /root/.cpanm/work/1559392557.6/Reaction-0.002005/blib/lib/Reaction/InterfaceModel/Reflector/DBIC.pm line 149
	Reaction::InterfaceModel::Reflector::DBIC::reflect_schema(Reaction::InterfaceModel::Reflector::DBIC=HASH(0x5556337ab300), "model_class", "ComponentUI::TestModel", "schema_class", "RTest::TestDB", "sources", ARRAY(0x5556337ab3d8)) called at /root/.cpanm/work/1559392557.6/Reaction-0.002005/blib/lib/ComponentUI/TestModel.pm line 10
	require ComponentUI/TestModel.pm called at /usr/local/lib/perl5/site_perl/5.26.3/Module/Runtime.pm line 314
	Module::Runtime::require_module("ComponentUI::TestModel") called at /usr/local/lib/perl5/site_perl/5.26.3/Class/Load.pm line 174
	Class::Load::try {...} () called at /usr/local/lib/perl5/site_perl/5.26.3/Try/Tiny.pm line 98
	eval {...} called at /usr/local/lib/perl5/site_perl/5.26.3/Try/Tiny.pm line 93
	Try::Tiny::try(CODE(0x555630dcac38), Try::Tiny::Catch=REF(0x5556344a83e0)) called at /usr/local/lib/perl5/site_perl/5.26.3/Class/Load.pm line 180
	Class::Load::try_load_class("ComponentUI::TestModel", undef) called at /usr/local/lib/perl5/site_perl/5.26.3/Class/Load.pm line 35
	Class::Load::load_class("ComponentUI::TestModel") called at /root/.cpanm/work/1559392557.6/Reaction-0.002005/blib/lib/Catalyst/Model/Reaction/InterfaceModel/DBIC.pm line 24
	Catalyst::Model::Reaction::InterfaceModel::DBIC::COMPONENT("ComponentUI::Model::TestModel", "ComponentUI", HASH(0x555633d5c1b8)) called at /usr/local/lib/perl5/site_perl/5.26.3/Catalyst.pm line 3225
	eval {...} called at /usr/local/lib/perl5/site_perl/5.26.3/Catalyst.pm line 3226
	Catalyst::setup_component("ComponentUI", "ComponentUI::Model::TestModel") called at /usr/local/lib/perl5/site_perl/5.26.3/Catalyst.pm line 3203
	Catalyst::__ANON__() called at /usr/local/lib/perl5/site_perl/5.26.3/Catalyst.pm line 3050
	Catalyst::setup_components("ComponentUI") called at /usr/local/lib/perl5/site_perl/5.26.3/Catalyst.pm line 1422
	Catalyst::setup("ComponentUI") called at /root/.cpanm/work/1559392557.6/Reaction-0.002005/blib/lib/ComponentUI.pm line 32
	require ComponentUI.pm called at t/00componentui_compiles.t line 7
	main::BEGIN() called at /root/.cpanm/work/1559392557.6/Reaction-0.002005/blib/lib/ComponentUI/TestModel.pm line 0
	eval {...} called at /root/.cpanm/work/1559392557.6/Reaction-0.002005/blib/lib/ComponentUI/TestModel.pm line 0
	eval 'package main;
BEGIN { ${^WARNING_BITS} = $args[-1] if defined $args[-1] }
#line 7 t/00componentui_compiles.t
use ComponentUI @{$args[0]};
1;
' called at /usr/local/lib/perl5/site_perl/5.26.3/Test/More.pm line 1033
	Test::More::_eval("package main;\x{a}BEGIN { \${^WARNING_BITS} = \$args[-1] if defined"..., ARRAY(0x55562e6187a0), "UUUUUUUUUUUUUUUUU\x{15}") called at /usr/local/lib/perl5/site_perl/5.26.3/Test/More.pm line 1009
	Test::More::use_ok("ComponentUI") called at t/00componentui_compiles.t line 7
Class::MOP::load_class is deprecated at /usr/local/lib/perl5/site_perl/5.26.3/x86_64-linux-gnu/Class/MOP.pm line 69.
	Class::MOP::load_class("Reaction::InterfaceModel::Object") called at /root/.cpanm/work/1559392557.6/Reaction-0.002005/blib/lib/Reaction/Class.pm line 123
	Reaction::Class::do_class_sub("Reaction::Class", "ComponentUI::TestModel::Foo", "ComponentUI::TestModel::Foo", "is", "Reaction::InterfaceModel::Object", "which", CODE(0x555634b14788)) called at /root/.cpanm/work/1559392557.6/Reaction-0.002005/blib/lib/Reaction/Class.pm line 86
	Reaction::Class::("ComponentUI::TestModel::Foo", "is", "Reaction::InterfaceModel::Object", "which", CODE(0x555634b14788)) called at /root/.cpanm/work/1559392557.6/Reaction-0.002005/blib/lib/ComponentUI/TestModel/Foo.pm line 8
	require ComponentUI/TestModel/Foo.pm called at /usr/local/lib/perl5/site_perl/5.26.3/Module/Runtime.pm line 314
	Module::Runtime::require_module("ComponentUI::TestModel::Foo") called at /usr/local/lib/perl5/site_perl/5.26.3/Class/Load.pm line 174
	Class::Load::try {...} () called at /usr/local/lib/perl5/site_perl/5.26.3/Try/Tiny.pm line 98
	eval {...} called at /usr/local/lib/perl5/site_perl/5.26.3/Try/Tiny.pm line 93
	Try::Tiny::try(CODE(0x555634b19438), Try::Tiny::Catch=REF(0x555634b297b0)) called at /usr/local/lib/perl5/site_perl/5.26.3/Class/Load.pm line 180
	Class::Load::try_load_class("ComponentUI::TestModel::Foo", undef) called at /usr/local/lib/perl5/site_perl/5.26.3/Class/Load.pm line 35
	Class::Load::load_class("ComponentUI::TestModel::Foo") called at /root/.cpanm/work/1559392557.6/Reaction-0.002005/blib/lib/Reaction/InterfaceModel/Reflector/DBIC.pm line 892
	eval {...} called at /root/.cpanm/work/1559392557.6/Reaction-0.002005/blib/lib/Reaction/InterfaceModel/Reflector/DBIC.pm line 892
	Reaction::InterfaceModel::Reflector::DBIC::_maybe_load_class(Reaction::InterfaceModel::Reflector::DBIC=HASH(0x5556337ab300), "ComponentUI::TestModel::Foo") called at /root/.cpanm/work/1559392557.6/Reaction-0.002005/blib/lib/Reaction/InterfaceModel/Reflector/DBIC.pm line 876
	Reaction::InterfaceModel::Reflector::DBIC::_load_or_create(Reaction::InterfaceModel::Reflector::DBIC=HASH(0x5556337ab300), "ComponentUI::TestModel::Foo", "superclasses", ARRAY(0x5556349fa340)) called at /root/.cpanm/work/1559392557.6/Reaction-0.002005/blib/lib/Reaction/InterfaceModel/Reflector/DBIC.pm line 448
	Reaction::InterfaceModel::Reflector::DBIC::reflect_source_object(Reaction::InterfaceModel::Reflector::DBIC=HASH(0x5556337ab300), "source_class", "RTest::TestDB::Foo", "schema_class", "RTest::TestDB", "parent_domain_model_name", "_rtest_test_db_store", "parent_class", ...) called at /root/.cpanm/work/1559392557.6/Reaction-0.002005/blib/lib/Reaction/InterfaceModel/Reflector/DBIC.pm line 323
	Reaction::InterfaceModel::Reflector::DBIC::reflect_source(Reaction::InterfaceModel::Reflector::DBIC=HASH(0x5556337ab300), "source_name", "Foo", "parent_class", "ComponentUI::TestModel", "schema_class", "RTest::TestDB", "source_class", ...) called at /root/.cpanm/work/1559392557.6/Reaction-0.002005/blib/lib/Reaction/InterfaceModel/Reflector/DBIC.pm line 185
	Reaction::InterfaceModel::Reflector::DBIC::reflect_schema(Reaction::InterfaceModel::Reflector::DBIC=HASH(0x5556337ab300), "model_class", "ComponentUI::TestModel", "schema_class", "RTest::TestDB", "sources", ARRAY(0x5556337ab3d8)) called at /root/.cpanm/work/1559392557.6/Reaction-0.002005/blib/lib/ComponentUI/TestModel.pm line 10
	require ComponentUI/TestModel.pm called at /usr/local/lib/perl5/site_perl/5.26.3/Module/Runtime.pm line 314
	Module::Runtime::require_module("ComponentUI::TestModel") called at /usr/local/lib/perl5/site_perl/5.26.3/Class/Load.pm line 174
	Class::Load::try {...} () called at /usr/local/lib/perl5/site_perl/5.26.3/Try/Tiny.pm line 98
	eval {...} called at /usr/local/lib/perl5/site_perl/5.26.3/Try/Tiny.pm line 93
	Try::Tiny::try(CODE(0x555630dcac38), Try::Tiny::Catch=REF(0x5556344a83e0)) called at /usr/local/lib/perl5/site_perl/5.26.3/Class/Load.pm line 180
	Class::Load::try_load_class("ComponentUI::TestModel", undef) called at /usr/local/lib/perl5/site_perl/5.26.3/Class/Load.pm line 35
	Class::Load::load_class("ComponentUI::TestModel") called at /root/.cpanm/work/1559392557.6/Reaction-0.002005/blib/lib/Catalyst/Model/Reaction/InterfaceModel/DBIC.pm line 24
	Catalyst::Model::Reaction::InterfaceModel::DBIC::COMPONENT("ComponentUI::Model::TestModel", "ComponentUI", HASH(0x555633d5c1b8)) called at /usr/local/lib/perl5/site_perl/5.26.3/Catalyst.pm line 3225
	eval {...} called at /usr/local/lib/perl5/site_perl/5.26.3/Catalyst.pm line 3226
	Catalyst::setup_component("ComponentUI", "ComponentUI::Model::TestModel") called at /usr/local/lib/perl5/site_perl/5.26.3/Catalyst.pm line 3203
	Catalyst::__ANON__() called at /usr/local/lib/perl5/site_perl/5.26.3/Catalyst.pm line 3050
	Catalyst::setup_components("ComponentUI") called at /usr/local/lib/perl5/site_perl/5.26.3/Catalyst.pm line 1422
	Catalyst::setup("ComponentUI") called at /root/.cpanm/work/1559392557.6/Reaction-0.002005/blib/lib/ComponentUI.pm line 32
	require ComponentUI.pm called at t/00componentui_compiles.t line 7
	main::BEGIN() called at /root/.cpanm/work/1559392557.6/Reaction-0.002005/blib/lib/ComponentUI/TestModel/Foo.pm line 0
	eval {...} called at /root/.cpanm/work/1559392557.6/Reaction-0.002005/blib/lib/ComponentUI/TestModel/Foo.pm line 0
	eval 'package main;
BEGIN { ${^WARNING_BITS} = $args[-1] if defined $args[-1] }
#line 7 t/00componentui_compiles.t
use ComponentUI @{$args[0]};
1;
' called at /usr/local/lib/perl5/site_perl/5.26.3/Test/More.pm line 1033
	Test::More::_eval("package main;\x{a}BEGIN { \${^WARNING_BITS} = \$args[-1] if defined"..., ARRAY(0x55562e6187a0), "UUUUUUUUUUUUUUUUU\x{15}") called at /usr/local/lib/perl5/site_perl/5.26.3/Test/More.pm line 1009
	Test::More::use_ok("ComponentUI") called at t/00componentui_compiles.t line 7
t/00componentui_compiles.t .. ok
Class::MOP::load_class is deprecated at /usr/local/lib/perl5/site_perl/5.26.3/x86_64-linux-gnu/Class/MOP.pm line 69.
	Class::MOP::load_class("ComponentUI::TestModel") called at /root/.cpanm/work/1559392557.6/Reaction-0.002005/blib/lib/Catalyst/Model/Reaction/InterfaceModel/DBIC.pm line 24
	Catalyst::Model::Reaction::InterfaceModel::DBIC::COMPONENT("ComponentUI::Model::TestModel", "ComponentUI", HASH(0x563543e7c7c0)) called at /usr/local/lib/perl5/site_perl/5.26.3/Catalyst.pm line 3225
	eval {...} called at /usr/local/lib/perl5/site_perl/5.26.3/Catalyst.pm line 3226
	Catalyst::setup_component("ComponentUI", "ComponentUI::Model::TestModel") called at /usr/local/lib/perl5/site_perl/5.26.3/Catalyst.pm line 3203
	Catalyst::__ANON__() called at /usr/local/lib/perl5/site_perl/5.26.3/Catalyst.pm line 3050
	Catalyst::setup_components("ComponentUI") called at /usr/local/lib/perl5/site_perl/5.26.3/Catalyst.pm line 1422
	Catalyst::setup("ComponentUI") called at /root/.cpanm/work/1559392557.6/Reaction-0.002005/blib/lib/ComponentUI.pm line 32
	require ComponentUI.pm called at /usr/local/lib/perl5/site_perl/5.26.3/Module/Runtime.pm line 314
	Module::Runtime::require_module("ComponentUI") called at /usr/local/lib/perl5/site_perl/5.26.3/Class/Load.pm line 174
	Class::Load::try {...} () called at /usr/local/lib/perl5/site_perl/5.26.3/Try/Tiny.pm line 98
	eval {...} called at /usr/local/lib/perl5/site_perl/5.26.3/Try/Tiny.pm line 93
	Try::Tiny::try(CODE(0x56353fa0f0e8), Try::Tiny::Catch=REF(0x56353f574d68)) called at /usr/local/lib/perl5/site_perl/5.26.3/Class/Load.pm line 180
	Class::Load::try_load_class("ComponentUI", undef) called at /usr/local/lib/perl5/site_perl/5.26.3/Class/Load.pm line 35
	Class::Load::load_class("ComponentUI") called at /usr/local/lib/perl5/site_perl/5.26.3/Catalyst/Test.pm line 29
	Catalyst::Test::_build_request_export("Catalyst::Test", HASH(0x56353fa4bf48)) called at /usr/local/lib/perl5/site_perl/5.26.3/Catalyst/Test.pm line 95
	Catalyst::Test::__ANON__("Catalyst::Test", "all", HASH(0x56353fa4bf18), HASH(0x56353e6d41a8)) called at /usr/local/lib/perl5/site_perl/5.26.3/Sub/Exporter.pm line 108
	Sub::Exporter::_expand_group("Catalyst::Test", HASH(0x56353fa4b6a8), ARRAY(0x56353e6d4130), HASH(0x56353e6d41a8), HASH(0x56353fa4bf78), HASH(0x56353fa4bdb0)) called at /usr/local/lib/perl5/site_perl/5.26.3/Sub/Exporter.pm line 39
	Sub::Exporter::_expand_groups("Catalyst::Test", HASH(0x56353fa4b6a8), ARRAY(0x56353fa4bae0), HASH(0x56353e6d41a8)) called at /usr/local/lib/perl5/site_perl/5.26.3/Sub/Exporter.pm line 323
	Sub::Exporter::__ANON__("Catalyst::Test", "-all", HASH(0x56353e6d4370)) called at /usr/local/lib/perl5/site_perl/5.26.3/Catalyst/Test.pm line 155
	Catalyst::Test::import("Catalyst::Test", "ComponentUI") called at t/01app.t line 7
	main::BEGIN() called at /root/.cpanm/work/1559392557.6/Reaction-0.002005/blib/lib/ComponentUI.pm line 0
	eval {...} called at /root/.cpanm/work/1559392557.6/Reaction-0.002005/blib/lib/ComponentUI.pm line 0
	eval 'package main;
BEGIN { ${^WARNING_BITS} = $args[-1] if defined $args[-1] }
#line 7 t/01app.t
use Catalyst::Test @{$args[0]};
1;
' called at /usr/local/lib/perl5/site_perl/5.26.3/Test/More.pm line 1033
	Test::More::_eval("package main;\x{a}BEGIN { \${^WARNING_BITS} = \$args[-1] if defined"..., ARRAY(0x56353e6f4cf8), "UUUUUUUUUUUUUUUUU\x{15}") called at /usr/local/lib/perl5/site_perl/5.26.3/Test/More.pm line 1009
	Test::More::use_ok("Catalyst::Test", "ComponentUI") called at t/01app.t line 7
	main::BEGIN() called at /root/.cpanm/work/1559392557.6/Reaction-0.002005/blib/lib/ComponentUI.pm line 0
	eval {...} called at /root/.cpanm/work/1559392557.6/Reaction-0.002005/blib/lib/ComponentUI.pm line 0
Class::MOP::load_class is deprecated at /usr/local/lib/perl5/site_perl/5.26.3/x86_64-linux-gnu/Class/MOP.pm line 69.
	Class::MOP::load_class("Reaction::InterfaceModel::Object") called at /root/.cpanm/work/1559392557.6/Reaction-0.002005/blib/lib/Reaction/InterfaceModel/Reflector/DBIC.pm line 149
	Reaction::InterfaceModel::Reflector::DBIC::reflect_schema(Reaction::InterfaceModel::Reflector::DBIC=HASH(0x563544b2da20), "model_class", "ComponentUI::TestModel", "schema_class", "RTest::TestDB", "sources", ARRAY(0x563544b2d900)) called at /root/.cpanm/work/1559392557.6/Reaction-0.002005/blib/lib/ComponentUI/TestModel.pm line 10
	require ComponentUI/TestModel.pm called at /usr/local/lib/perl5/site_perl/5.26.3/Module/Runtime.pm line 314
	Module::Runtime::require_module("ComponentUI::TestModel") called at /usr/local/lib/perl5/site_perl/5.26.3/Class/Load.pm line 174
	Class::Load::try {...} () called at /usr/local/lib/perl5/site_perl/5.26.3/Try/Tiny.pm line 98
	eval {...} called at /usr/local/lib/perl5/site_perl/5.26.3/Try/Tiny.pm line 93
	Try::Tiny::try(CODE(0x563540eb49f0), Try::Tiny::Catch=REF(0x5635445c4230)) called at /usr/local/lib/perl5/site_perl/5.26.3/Class/Load.pm line 180
	Class::Load::try_load_class("ComponentUI::TestModel", undef) called at /usr/local/lib/perl5/site_perl/5.26.3/Class/Load.pm line 35
	Class::Load::load_class("ComponentUI::TestModel") called at /root/.cpanm/work/1559392557.6/Reaction-0.002005/blib/lib/Catalyst/Model/Reaction/InterfaceModel/DBIC.pm line 24
	Catalyst::Model::Reaction::InterfaceModel::DBIC::COMPONENT("ComponentUI::Model::TestModel", "ComponentUI", HASH(0x563543e7c7c0)) called at /usr/local/lib/perl5/site_perl/5.26.3/Catalyst.pm line 3225
	eval {...} called at /usr/local/lib/perl5/site_perl/5.26.3/Catalyst.pm line 3226
	Catalyst::setup_component("ComponentUI", "ComponentUI::Model::TestModel") called at /usr/local/lib/perl5/site_perl/5.26.3/Catalyst.pm line 3203
	Catalyst::__ANON__() called at /usr/local/lib/perl5/site_perl/5.26.3/Catalyst.pm line 3050
	Catalyst::setup_components("ComponentUI") called at /usr/local/lib/perl5/site_perl/5.26.3/Catalyst.pm line 1422
	Catalyst::setup("ComponentUI") called at /root/.cpanm/work/1559392557.6/Reaction-0.002005/blib/lib/ComponentUI.pm line 32
	require ComponentUI.pm called at /usr/local/lib/perl5/site_perl/5.26.3/Module/Runtime.pm line 314
	Module::Runtime::require_module("ComponentUI") called at /usr/local/lib/perl5/site_perl/5.26.3/Class/Load.pm line 174
	Class::Load::try {...} () called at /usr/local/lib/perl5/site_perl/5.26.3/Try/Tiny.pm line 98
	eval {...} called at /usr/local/lib/perl5/site_perl/5.26.3/Try/Tiny.pm line 93
	Try::Tiny::try(CODE(0x56353fa0f0e8), Try::Tiny::Catch=REF(0x56353f574d68)) called at /usr/local/lib/perl5/site_perl/5.26.3/Class/Load.pm line 180
	Class::Load::try_load_class("ComponentUI", undef) called at /usr/local/lib/perl5/site_perl/5.26.3/Class/Load.pm line 35
	Class::Load::load_class("ComponentUI") called at /usr/local/lib/perl5/site_perl/5.26.3/Catalyst/Test.pm line 29
	Catalyst::Test::_build_request_export("Catalyst::Test", HASH(0x56353fa4bf48)) called at /usr/local/lib/perl5/site_perl/5.26.3/Catalyst/Test.pm line 95
	Catalyst::Test::__ANON__("Catalyst::Test", "all", HASH(0x56353fa4bf18), HASH(0x56353e6d41a8)) called at /usr/local/lib/perl5/site_perl/5.26.3/Sub/Exporter.pm line 108
	Sub::Exporter::_expand_group("Catalyst::Test", HASH(0x56353fa4b6a8), ARRAY(0x56353e6d4130), HASH(0x56353e6d41a8), HASH(0x56353fa4bf78), HASH(0x56353fa4bdb0)) called at /usr/local/lib/perl5/site_perl/5.26.3/Sub/Exporter.pm line 39
	Sub::Exporter::_expand_groups("Catalyst::Test", HASH(0x56353fa4b6a8), ARRAY(0x56353fa4bae0), HASH(0x56353e6d41a8)) called at /usr/local/lib/perl5/site_perl/5.26.3/Sub/Exporter.pm line 323
	Sub::Exporter::__ANON__("Catalyst::Test", "-all", HASH(0x56353e6d4370)) called at /usr/local/lib/perl5/site_perl/5.26.3/Catalyst/Test.pm line 155
	Catalyst::Test::import("Catalyst::Test", "ComponentUI") called at t/01app.t line 7
	main::BEGIN() called at /root/.cpanm/work/1559392557.6/Reaction-0.002005/blib/lib/ComponentUI/TestModel.pm line 0
	eval {...} called at /root/.cpanm/work/1559392557.6/Reaction-0.002005/blib/lib/ComponentUI/TestModel.pm line 0
	eval 'package main;
BEGIN { ${^WARNING_BITS} = $args[-1] if defined $args[-1] }
#line 7 t/01app.t
use Catalyst::Test @{$args[0]};
1;
' called at /usr/local/lib/perl5/site_perl/5.26.3/Test/More.pm line 1033
	Test::More::_eval("package main;\x{a}BEGIN { \${^WARNING_BITS} = \$args[-1] if defined"..., ARRAY(0x56353e6f4cf8), "UUUUUUUUUUUUUUUUU\x{15}") called at /usr/local/lib/perl5/site_perl/5.26.3/Test/More.pm line 1009
	Test::More::use_ok("Catalyst::Test", "ComponentUI") called at t/01app.t line 7
	main::BEGIN() called at /root/.cpanm/work/1559392557.6/Reaction-0.002005/blib/lib/ComponentUI/TestModel.pm line 0
	eval {...} called at /root/.cpanm/work/1559392557.6/Reaction-0.002005/blib/lib/ComponentUI/TestModel.pm line 0
Class::MOP::load_class is deprecated at /usr/local/lib/perl5/site_perl/5.26.3/x86_64-linux-gnu/Class/MOP.pm line 69.
	Class::MOP::load_class("Reaction::InterfaceModel::Object") called at /root/.cpanm/work/1559392557.6/Reaction-0.002005/blib/lib/Reaction/Class.pm line 123
	Reaction::Class::do_class_sub("Reaction::Class", "ComponentUI::TestModel::Foo", "ComponentUI::TestModel::Foo", "is", "Reaction::InterfaceModel::Object", "which", CODE(0x563544bd2a58)) called at /root/.cpanm/work/1559392557.6/Reaction-0.002005/blib/lib/Reaction/Class.pm line 86
	Reaction::Class::("ComponentUI::TestModel::Foo", "is", "Reaction::InterfaceModel::Object", "which", CODE(0x563544bd2a58)) called at /root/.cpanm/work/1559392557.6/Reaction-0.002005/blib/lib/ComponentUI/TestModel/Foo.pm line 8
	require ComponentUI/TestModel/Foo.pm called at /usr/local/lib/perl5/site_perl/5.26.3/Module/Runtime.pm line 314
	Module::Runtime::require_module("ComponentUI::TestModel::Foo") called at /usr/local/lib/perl5/site_perl/5.26.3/Class/Load.pm line 174
	Class::Load::try {...} () called at /usr/local/lib/perl5/site_perl/5.26.3/Try/Tiny.pm line 98
	eval {...} called at /usr/local/lib/perl5/site_perl/5.26.3/Try/Tiny.pm line 93
	Try::Tiny::try(CODE(0x563544c21d08), Try::Tiny::Catch=REF(0x563544c22980)) called at /usr/local/lib/perl5/site_perl/5.26.3/Class/Load.pm line 180
	Class::Load::try_load_class("ComponentUI::TestModel::Foo", undef) called at /usr/local/lib/perl5/site_perl/5.26.3/Class/Load.pm line 35
	Class::Load::load_class("ComponentUI::TestModel::Foo") called at /root/.cpanm/work/1559392557.6/Reaction-0.002005/blib/lib/Reaction/InterfaceModel/Reflector/DBIC.pm line 892
	eval {...} called at /root/.cpanm/work/1559392557.6/Reaction-0.002005/blib/lib/Reaction/InterfaceModel/Reflector/DBIC.pm line 892
	Reaction::InterfaceModel::Reflector::DBIC::_maybe_load_class(Reaction::InterfaceModel::Reflector::DBIC=HASH(0x563544b2da20), "ComponentUI::TestModel::Foo") called at /root/.cpanm/work/1559392557.6/Reaction-0.002005/blib/lib/Reaction/InterfaceModel/Reflector/DBIC.pm line 876
	Reaction::InterfaceModel::Reflector::DBIC::_load_or_create(Reaction::InterfaceModel::Reflector::DBIC=HASH(0x563544b2da20), "ComponentUI::TestModel::Foo", "superclasses", ARRAY(0x563544c220c8)) called at /root/.cpanm/work/1559392557.6/Reaction-0.002005/blib/lib/Reaction/InterfaceModel/Reflector/DBIC.pm line 448
	Reaction::InterfaceModel::Reflector::DBIC::reflect_source_object(Reaction::InterfaceModel::Reflector::DBIC=HASH(0x563544b2da20), "source_class", "RTest::TestDB::Foo", "schema_class", "RTest::TestDB", "parent_domain_model_name", "_rtest_test_db_store", "source_name", ...) called at /root/.cpanm/work/1559392557.6/Reaction-0.002005/blib/lib/Reaction/InterfaceModel/Reflector/DBIC.pm line 323
	Reaction::InterfaceModel::Reflector::DBIC::reflect_source(Reaction::InterfaceModel::Reflector::DBIC=HASH(0x563544b2da20), "source_name", "Foo", "parent_class", "ComponentUI::TestModel", "schema_class", "RTest::TestDB", "source_class", ...) called at /root/.cpanm/work/1559392557.6/Reaction-0.002005/blib/lib/Reaction/InterfaceModel/Reflector/DBIC.pm line 185
	Reaction::InterfaceModel::Reflector::DBIC::reflect_schema(Reaction::InterfaceModel::Reflector::DBIC=HASH(0x563544b2da20), "model_class", "ComponentUI::TestModel", "schema_class", "RTest::TestDB", "sources", ARRAY(0x563544b2d900)) called at /root/.cpanm/work/1559392557.6/Reaction-0.002005/blib/lib/ComponentUI/TestModel.pm line 10
	require ComponentUI/TestModel.pm called at /usr/local/lib/perl5/site_perl/5.26.3/Module/Runtime.pm line 314
	Module::Runtime::require_module("ComponentUI::TestModel") called at /usr/local/lib/perl5/site_perl/5.26.3/Class/Load.pm line 174
	Class::Load::try {...} () called at /usr/local/lib/perl5/site_perl/5.26.3/Try/Tiny.pm line 98
	eval {...} called at /usr/local/lib/perl5/site_perl/5.26.3/Try/Tiny.pm line 93
	Try::Tiny::try(CODE(0x563540eb49f0), Try::Tiny::Catch=REF(0x5635445c4230)) called at /usr/local/lib/perl5/site_perl/5.26.3/Class/Load.pm line 180
	Class::Load::try_load_class("ComponentUI::TestModel", undef) called at /usr/local/lib/perl5/site_perl/5.26.3/Class/Load.pm line 35
	Class::Load::load_class("ComponentUI::TestModel") called at /root/.cpanm/work/1559392557.6/Reaction-0.002005/blib/lib/Catalyst/Model/Reaction/InterfaceModel/DBIC.pm line 24
	Catalyst::Model::Reaction::InterfaceModel::DBIC::COMPONENT("ComponentUI::Model::TestModel", "ComponentUI", HASH(0x563543e7c7c0)) called at /usr/local/lib/perl5/site_perl/5.26.3/Catalyst.pm line 3225
	eval {...} called at /usr/local/lib/perl5/site_perl/5.26.3/Catalyst.pm line 3226
	Catalyst::setup_component("ComponentUI", "ComponentUI::Model::TestModel") called at /usr/local/lib/perl5/site_perl/5.26.3/Catalyst.pm line 3203
	Catalyst::__ANON__() called at /usr/local/lib/perl5/site_perl/5.26.3/Catalyst.pm line 3050
	Catalyst::setup_components("ComponentUI") called at /usr/local/lib/perl5/site_perl/5.26.3/Catalyst.pm line 1422
	Catalyst::setup("ComponentUI") called at /root/.cpanm/work/1559392557.6/Reaction-0.002005/blib/lib/ComponentUI.pm line 32
	require ComponentUI.pm called at /usr/local/lib/perl5/site_perl/5.26.3/Module/Runtime.pm line 314
	Module::Runtime::require_module("ComponentUI") called at /usr/local/lib/perl5/site_perl/5.26.3/Class/Load.pm line 174
	Class::Load::try {...} () called at /usr/local/lib/perl5/site_perl/5.26.3/Try/Tiny.pm line 98
	eval {...} called at /usr/local/lib/perl5/site_perl/5.26.3/Try/Tiny.pm line 93
	Try::Tiny::try(CODE(0x56353fa0f0e8), Try::Tiny::Catch=REF(0x56353f574d68)) called at /usr/local/lib/perl5/site_perl/5.26.3/Class/Load.pm line 180
	Class::Load::try_load_class("ComponentUI", undef) called at /usr/local/lib/perl5/site_perl/5.26.3/Class/Load.pm line 35
	Class::Load::load_class("ComponentUI") called at /usr/local/lib/perl5/site_perl/5.26.3/Catalyst/Test.pm line 29
	Catalyst::Test::_build_request_export("Catalyst::Test", HASH(0x56353fa4bf48)) called at /usr/local/lib/perl5/site_perl/5.26.3/Catalyst/Test.pm line 95
	Catalyst::Test::__ANON__("Catalyst::Test", "all", HASH(0x56353fa4bf18), HASH(0x56353e6d41a8)) called at /usr/local/lib/perl5/site_perl/5.26.3/Sub/Exporter.pm line 108
	Sub::Exporter::_expand_group("Catalyst::Test", HASH(0x56353fa4b6a8), ARRAY(0x56353e6d4130), HASH(0x56353e6d41a8), HASH(0x56353fa4bf78), HASH(0x56353fa4bdb0)) called at /usr/local/lib/perl5/site_perl/5.26.3/Sub/Exporter.pm line 39
	Sub::Exporter::_expand_groups("Catalyst::Test", HASH(0x56353fa4b6a8), ARRAY(0x56353fa4bae0), HASH(0x56353e6d41a8)) called at /usr/local/lib/perl5/site_perl/5.26.3/Sub/Exporter.pm line 323
	Sub::Exporter::__ANON__("Catalyst::Test", "-all", HASH(0x56353e6d4370)) called at /usr/local/lib/perl5/site_perl/5.26.3/Catalyst/Test.pm line 155
	Catalyst::Test::import("Catalyst::Test", "ComponentUI") called at t/01app.t line 7
	main::BEGIN() called at /root/.cpanm/work/1559392557.6/Reaction-0.002005/blib/lib/ComponentUI/TestModel/Foo.pm line 0
	eval {...} called at /root/.cpanm/work/1559392557.6/Reaction-0.002005/blib/lib/ComponentUI/TestModel/Foo.pm line 0
	eval 'package main;
BEGIN { ${^WARNING_BITS} = $args[-1] if defined $args[-1] }
#line 7 t/01app.t
use Catalyst::Test @{$args[0]};
1;
' called at /usr/local/lib/perl5/site_perl/5.26.3/Test/More.pm line 1033
	Test::More::_eval("package main;\x{a}BEGIN { \${^WARNING_BITS} = \$args[-1] if defined"..., ARRAY(0x56353e6f4cf8), "UUUUUUUUUUUUUUUUU\x{15}") called at /usr/local/lib/perl5/site_perl/5.26.3/Test/More.pm line 1009
	Test::More::use_ok("Catalyst::Test", "ComponentUI") called at t/01app.t line 7
	main::BEGIN() called at /root/.cpanm/work/1559392557.6/Reaction-0.002005/blib/lib/ComponentUI/TestModel/Foo.pm line 0
	eval {...} called at /root/.cpanm/work/1559392557.6/Reaction-0.002005/blib/lib/ComponentUI/TestModel/Foo.pm line 0
Class::MOP::load_class is deprecated at /usr/local/lib/perl5/site_perl/5.26.3/x86_64-linux-gnu/Class/MOP.pm line 69.
	Class::MOP::load_class("ComponentUI::RenderingContext::Site") called at /root/.cpanm/work/1559392557.6/Reaction-0.002005/blib/lib/Reaction/UI/View.pm line 125
	eval {...} called at /root/.cpanm/work/1559392557.6/Reaction-0.002005/blib/lib/Reaction/UI/View.pm line 125
	Reaction::UI::View::find_related_class(ComponentUI::View::Site=HASH(0x5635419138b8), "RenderingContext") called at /root/.cpanm/work/1559392557.6/Reaction-0.002005/blib/lib/Reaction/UI/View.pm line 43
	Reaction::UI::View::_build_rendering_context_class(ComponentUI::View::Site=HASH(0x5635419138b8)) called at reader Reaction::UI::View::rendering_context_class (defined at /root/.cpanm/work/1559392557.6/Reaction-0.002005/blib/lib/Reaction/UI/View.pm line 29) line 8
	Reaction::UI::View::rendering_context_class(ComponentUI::View::Site=HASH(0x5635419138b8)) called at /root/.cpanm/work/1559392557.6/Reaction-0.002005/blib/lib/Reaction/UI/View.pm line 134
	Reaction::UI::View::create_rendering_context(ComponentUI::View::Site=HASH(0x5635419138b8)) called at /root/.cpanm/work/1559392557.6/Reaction-0.002005/blib/lib/Reaction/UI/View.pm line 60
	Reaction::UI::View::render_window(ComponentUI::View::Site=HASH(0x5635419138b8), Reaction::UI::Window=HASH(0x563545361590)) called at /root/.cpanm/work/1559392557.6/Reaction-0.002005/blib/lib/Reaction/UI/Window.pm line 74
	Reaction::UI::Window::flush_view(Reaction::UI::Window=HASH(0x563545361590)) called at /root/.cpanm/work/1559392557.6/Reaction-0.002005/blib/lib/Reaction/UI/Window.pm line 36
	Reaction::UI::Window::flush(Reaction::UI::Window=HASH(0x563545361590)) called at /root/.cpanm/work/1559392557.6/Reaction-0.002005/blib/lib/Reaction/UI/Controller/Root.pm line 38
	Reaction::UI::Controller::Root::end(ComponentUI::Controller::Root=HASH(0x5635452ff670), ComponentUI=HASH(0x563545305350)) called at /usr/local/lib/perl5/site_perl/5.26.3/Catalyst/Action.pm line 358
	Catalyst::Action::execute(Catalyst::Action=HASH(0x563545177b50), ComponentUI::Controller::Root=HASH(0x5635452ff670), ComponentUI=HASH(0x563545305350)) called at /usr/local/lib/perl5/site_perl/5.26.3/Catalyst.pm line 2051
	eval {...} called at /usr/local/lib/perl5/site_perl/5.26.3/Catalyst.pm line 2051
	Catalyst::execute(ComponentUI=HASH(0x563545305350), "ComponentUI::Controller::Root", Catalyst::Action=HASH(0x563545177b50)) called at /usr/local/lib/perl5/site_perl/5.26.3/Catalyst/Action.pm line 353
	Catalyst::Action::dispatch(Catalyst::Action=HASH(0x563545177b50), ComponentUI=HASH(0x563545305350)) called at /usr/local/lib/perl5/site_perl/5.26.3/Catalyst/Controller.pm line 188
	Catalyst::Controller::_END(ComponentUI::Controller::Root=HASH(0x5635452ff670), ComponentUI=HASH(0x563545305350)) called at /usr/local/lib/perl5/site_perl/5.26.3/Catalyst/Action.pm line 358
	Catalyst::Action::execute(Catalyst::Action=HASH(0x5635451784c8), ComponentUI::Controller::Root=HASH(0x5635452ff670), ComponentUI=HASH(0x563545305350)) called at /usr/local/lib/perl5/site_perl/5.26.3/Catalyst.pm line 2051
	eval {...} called at /usr/local/lib/perl5/site_perl/5.26.3/Catalyst.pm line 2051
	Catalyst::execute(ComponentUI=HASH(0x563545305350), "ComponentUI::Controller::Root", Catalyst::Action=HASH(0x5635451784c8)) called at /usr/local/lib/perl5/site_perl/5.26.3/Catalyst/Action.pm line 353
	Catalyst::Action::dispatch(Catalyst::Action=HASH(0x5635451784c8), ComponentUI=HASH(0x563545305350)) called at /usr/local/lib/perl5/site_perl/5.26.3/Catalyst/Dispatcher.pm line 261
	Catalyst::Dispatcher::_do_forward(Catalyst::Dispatcher=HASH(0x563540a28a60), "forward", ComponentUI=HASH(0x563545305350), "_END") called at /usr/local/lib/perl5/site_perl/5.26.3/Catalyst/Dispatcher.pm line 241
	Catalyst::Dispatcher::forward(Catalyst::Dispatcher=HASH(0x563540a28a60), ComponentUI=HASH(0x563545305350), "_END") called at /usr/local/lib/perl5/site_perl/5.26.3/Catalyst.pm line 477
	Catalyst::forward(ComponentUI=HASH(0x563545305350), "_END") called at /usr/local/lib/perl5/site_perl/5.26.3/Catalyst/Controller.pm line 137
	Catalyst::Controller::_DISPATCH(ComponentUI::Controller::Root=HASH(0x5635452ff670), ComponentUI=HASH(0x563545305350)) called at /usr/local/lib/perl5/site_perl/5.26.3/Catalyst/Action.pm line 358
	Catalyst::Action::execute(Catalyst::Action=HASH(0x5635451786c0), ComponentUI::Controller::Root=HASH(0x5635452ff670), ComponentUI=HASH(0x563545305350)) called at /usr/local/lib/perl5/site_perl/5.26.3/Catalyst.pm line 2051
	eval {...} called at /usr/local/lib/perl5/site_perl/5.26.3/Catalyst.pm line 2051
	Catalyst::execute(ComponentUI=HASH(0x563545305350), "ComponentUI::Controller::Root", Catalyst::Action=HASH(0x5635451786c0)) called at /usr/local/lib/perl5/site_perl/5.26.3/Catalyst/Action.pm line 353
	Catalyst::Action::dispatch(Catalyst::Action=HASH(0x5635451786c0), ComponentUI=HASH(0x563545305350)) called at /usr/local/lib/perl5/site_perl/5.26.3/Catalyst/Dispatcher.pm line 261
	Catalyst::Dispatcher::_do_forward(Catalyst::Dispatcher=HASH(0x563540a28a60), "forward", ComponentUI=HASH(0x563545305350), "//_DISPATCH") called at /usr/local/lib/perl5/site_perl/5.26.3/Catalyst/Dispatcher.pm line 241
	Catalyst::Dispatcher::forward(Catalyst::Dispatcher=HASH(0x563540a28a60), ComponentUI=HASH(0x563545305350), "//_DISPATCH") called at /usr/local/lib/perl5/site_perl/5.26.3/Catalyst.pm line 477
	Catalyst::forward(ComponentUI=HASH(0x563545305350), "//_DISPATCH") called at /usr/local/lib/perl5/site_perl/5.26.3/Catalyst/Dispatcher.pm line 107
	Catalyst::Dispatcher::dispatch(Catalyst::Dispatcher=HASH(0x563540a28a60), ComponentUI=HASH(0x563545305350)) called at /usr/local/lib/perl5/site_perl/5.26.3/Catalyst.pm line 1997
	Catalyst::dispatch(ComponentUI=HASH(0x563545305350)) called at /usr/local/lib/perl5/site_perl/5.26.3/Catalyst/Plugin/Static/Simple.pm line 86
	Class::MOP::Class:::around(CODE(0x563540701b48), ComponentUI=HASH(0x563545305350)) called at /usr/local/lib/perl5/site_perl/5.26.3/x86_64-linux-gnu/Class/MOP/Method/Wrapped.pm line 164
	ComponentUI::_wrapped_dispatch(ComponentUI=HASH(0x563545305350)) called at /usr/local/lib/perl5/site_perl/5.26.3/x86_64-linux-gnu/Class/MOP/Method/Wrapped.pm line 95
	ComponentUI::dispatch(ComponentUI=HASH(0x563545305350)) called at /usr/local/lib/perl5/site_perl/5.26.3/Catalyst.pm line 2403
	Catalyst::try {...} () called at /usr/local/lib/perl5/site_perl/5.26.3/Try/Tiny.pm line 102
	eval {...} called at /usr/local/lib/perl5/site_perl/5.26.3/Try/Tiny.pm line 93
	Try::Tiny::try(CODE(0x563545304cc0), Try::Tiny::Catch=REF(0x563545304ac8)) called at /usr/local/lib/perl5/site_perl/5.26.3/Catalyst.pm line 2412
	Catalyst::handle_request("ComponentUI", "env", HASH(0x563545303990), "response_cb", CODE(0x563545304b28)) called at /usr/local/lib/perl5/site_perl/5.26.3/Catalyst/Engine.pm line 806
	Catalyst::Engine::__ANON__(CODE(0x563545304b28)) called at /usr/local/lib/perl5/site_perl/5.26.3/Plack/Middleware/HTTPExceptions.pm line 32
	Plack::Middleware::HTTPExceptions::try {...} () called at /usr/local/lib/perl5/site_perl/5.26.3/Try/Tiny.pm line 102
	eval {...} called at /usr/local/lib/perl5/site_perl/5.26.3/Try/Tiny.pm line 93
	Try::Tiny::try(CODE(0x563545304960), Try::Tiny::Catch=REF(0x5635453041a0)) called at /usr/local/lib/perl5/site_perl/5.26.3/Plack/Middleware/HTTPExceptions.pm line 41
	Plack::Middleware::HTTPExceptions::__ANON__(CODE(0x563545303f78)) called at /usr/local/lib/perl5/site_perl/5.26.3/Plack/Util.pm line 339
	Plack::Util::__ANON__(CODE(0x563545303918)) called at /usr/local/lib/perl5/site_perl/5.26.3/Plack/Util.pm line 339
	Plack::Util::__ANON__(CODE(0x56354534ed30)) called at /usr/local/lib/perl5/site_perl/5.26.3/Plack/Util.pm line 339
	Plack::Util::__ANON__(CODE(0x56354534ecb8)) called at /usr/local/lib/perl5/site_perl/5.26.3/HTTP/Message/PSGI.pm line 100
	HTTP::Message::PSGI::res_from_psgi(CODE(0x5635453046b0)) called at /usr/local/lib/perl5/site_perl/5.26.3/HTTP/Message/PSGI.pm line 156
	HTTP::Response::from_psgi("HTTP::Response", CODE(0x5635453046b0)) called at /usr/local/lib/perl5/site_perl/5.26.3/Plack/Test/MockHTTP.pm line 24
	Plack::Test::MockHTTP::try {...} () called at /usr/local/lib/perl5/site_perl/5.26.3/Try/Tiny.pm line 100
	eval {...} called at /usr/local/lib/perl5/site_perl/5.26.3/Try/Tiny.pm line 93
	Try::Tiny::try(CODE(0x56353de388d8), Try::Tiny::Catch=REF(0x563545187e80)) called at /usr/local/lib/perl5/site_perl/5.26.3/Plack/Test/MockHTTP.pm line 27
	Plack::Test::MockHTTP::request(Plack::Test::MockHTTP=HASH(0x56353de38c80), HTTP::Request=HASH(0x56353de38848)) called at /usr/local/lib/perl5/site_perl/5.26.3/Plack/Test.pm line 38
	Plack::Test::__ANON__(HTTP::Request=HASH(0x56353de38848)) called at /usr/local/lib/perl5/site_perl/5.26.3/Catalyst/Test.pm line 290
	Catalyst::Test::__ANON__(CODE(0x56353de38b30)) called at /usr/local/lib/perl5/site_perl/5.26.3/Plack/Test.pm line 38
	Plack::Test::test_psgi("mangle_response", CODE(0x56353fa34708), "app", CODE(0x56353de383c8), "app", CODE(0x56354522e808), "client", CODE(0x56353de389f8)) called at /usr/local/lib/perl5/site_perl/5.26.3/Catalyst/Test.pm line 293
	Catalyst::Test::_request(HASH(0x5635452322f8), "/") called at /usr/local/lib/perl5/site_perl/5.26.3/Catalyst/Test.pm line 336
	Catalyst::Test::_local_request("ComponentUI", "/") called at /usr/local/lib/perl5/site_perl/5.26.3/Catalyst/Test.pm line 32
	Catalyst::Test::__ANON__("/") called at t/01app.t line 10
Class::MOP::is_class_loaded is deprecated at /usr/local/lib/perl5/site_perl/5.26.3/x86_64-linux-gnu/Class/MOP.pm line 87.
	Class::MOP::is_class_loaded("ComponentUI::UI::Widget::SiteLayout") called at /root/.cpanm/work/1559392557.6/Reaction-0.002005/blib/lib/Reaction/UI/Skin.pm line 178
	Reaction::UI::Skin::widget_class_for(Reaction::UI::Skin=HASH(0x5635453c8b40), Reaction::UI::LayoutSet::TT=HASH(0x5635453dc288)) called at /root/.cpanm/work/1559392557.6/Reaction-0.002005/blib/lib/Reaction/UI/LayoutSet.pm line 29
	Reaction::UI::LayoutSet::BUILD(Reaction::UI::LayoutSet::TT=HASH(0x5635453dc288), HASH(0x5635453dc2e8)) called at constructor Reaction::UI::LayoutSet::TT::new (defined at /root/.cpanm/work/1559392557.6/Reaction-0.002005/blib/lib/Reaction/UI/LayoutSet/TT.pm line 43) line 80
	Reaction::UI::LayoutSet::TT::new("Reaction::UI::LayoutSet::TT", "name", "site_layout", "skin", Reaction::UI::Skin=HASH(0x5635453c8b40), "tt_object", Template=HASH(0x563543e7cc28), "source_file", ...) called at /root/.cpanm/work/1559392557.6/Reaction-0.002005/blib/lib/Reaction/UI/Skin.pm line 115
	Reaction::UI::Skin::_create_layout_set(Reaction::UI::Skin=HASH(0x5635453c8b40), "site_layout", ARRAY(0x5635453d8fb8), Reaction::UI::Skin=HASH(0x5635453c8b40)) called at /root/.cpanm/work/1559392557.6/Reaction-0.002005/blib/lib/Reaction/UI/Skin.pm line 110
	Reaction::UI::Skin::create_layout_set(Reaction::UI::Skin=HASH(0x5635453c8b40), "site_layout") called at /root/.cpanm/work/1559392557.6/Reaction-0.002005/blib/lib/Reaction/UI/LayoutSet.pm line 83
	Reaction::UI::LayoutSet::_load_file(Reaction::UI::LayoutSet::TT=HASH(0x5635453cdc80), Path::Class::File=HASH(0x5635453cd320), HASH(0x5635453cdb48)) called at /root/.cpanm/work/1559392557.6/Reaction-0.002005/blib/lib/Reaction/UI/LayoutSet.pm line 27
	Reaction::UI::LayoutSet::BUILD(Reaction::UI::LayoutSet::TT=HASH(0x5635453cdc80), HASH(0x5635453cdb48)) called at constructor Reaction::UI::LayoutSet::TT::new (defined at /root/.cpanm/work/1559392557.6/Reaction-0.002005/blib/lib/Reaction/UI/LayoutSet/TT.pm line 43) line 80
	Reaction::UI::LayoutSet::TT::new("Reaction::UI::LayoutSet::TT", "name", "site_layout", "skin", Reaction::UI::Skin=HASH(0x5635453c82b8), "next_skin", Reaction::UI::Skin=HASH(0x5635453c8b40), "tt_object", ...) called at /root/.cpanm/work/1559392557.6/Reaction-0.002005/blib/lib/Reaction/UI/Skin.pm line 115
	Reaction::UI::Skin::_create_layout_set(Reaction::UI::Skin=HASH(0x5635453c82b8), "site_layout", ARRAY(0x5635453056c8), Reaction::UI::Skin=HASH(0x5635453c82b8)) called at /root/.cpanm/work/1559392557.6/Reaction-0.002005/blib/lib/Reaction/UI/Skin.pm line 110
	Reaction::UI::Skin::create_layout_set(Reaction::UI::Skin=HASH(0x5635453c82b8), "site_layout") called at /root/.cpanm/work/1559392557.6/Reaction-0.002005/blib/lib/Reaction/UI/LayoutSet.pm line 83
	Reaction::UI::LayoutSet::_load_file(Reaction::UI::LayoutSet::TT=HASH(0x563544bd33b8), Path::Class::File=HASH(0x563545379b78), HASH(0x5635453789b0)) called at /root/.cpanm/work/1559392557.6/Reaction-0.002005/blib/lib/Reaction/UI/LayoutSet.pm line 27
	Reaction::UI::LayoutSet::BUILD(Reaction::UI::LayoutSet::TT=HASH(0x563544bd33b8), HASH(0x5635453789b0)) called at constructor Reaction::UI::LayoutSet::TT::new (defined at /root/.cpanm/work/1559392557.6/Reaction-0.002005/blib/lib/Reaction/UI/LayoutSet/TT.pm line 43) line 80
	Reaction::UI::LayoutSet::TT::new("Reaction::UI::LayoutSet::TT", "name", "site_layout", "skin", Reaction::UI::Skin=HASH(0x5635453c2fa8), "next_skin", Reaction::UI::Skin=HASH(0x5635453c82b8), "tt_object", ...) called at /root/.cpanm/work/1559392557.6/Reaction-0.002005/blib/lib/Reaction/UI/Skin.pm line 115
	Reaction::UI::Skin::_create_layout_set(Reaction::UI::Skin=HASH(0x5635453c2fa8), "site_layout", ARRAY(0x5635453c8078), Reaction::UI::Skin=HASH(0x5635453c2fa8)) called at /root/.cpanm/work/1559392557.6/Reaction-0.002005/blib/lib/Reaction/UI/Skin.pm line 110
	Reaction::UI::Skin::create_layout_set(Reaction::UI::Skin=HASH(0x5635453c2fa8), "site_layout") called at inline delegation in Reaction::UI::View for skin->create_layout_set (attribute declared in /root/.cpanm/work/1559392557.6/Reaction-0.002005/blib/lib/Reaction/UI/View.pm at line 22) line 18
	Reaction::UI::View::create_layout_set(ComponentUI::View::Site=HASH(0x5635419138b8), "site_layout") called at /root/.cpanm/work/1559392557.6/Reaction-0.002005/blib/lib/Reaction/UI/View.pm line 99
	Reaction::UI::View::layout_set_for(ComponentUI::View::Site=HASH(0x5635419138b8), Reaction::UI::ViewPort::SiteLayout=HASH(0x563545361bc0)) called at /root/.cpanm/work/1559392557.6/Reaction-0.002005/blib/lib/Reaction/UI/View.pm line 78
	Reaction::UI::View::render_viewport_args(ComponentUI::View::Site=HASH(0x5635419138b8), Reaction::UI::ViewPort::SiteLayout=HASH(0x563545361bc0)) called at /root/.cpanm/work/1559392557.6/Reaction-0.002005/blib/lib/Reaction/UI/View.pm line 61
	Reaction::UI::View::render_window(ComponentUI::View::Site=HASH(0x5635419138b8), Reaction::UI::Window=HASH(0x563545361590)) called at /root/.cpanm/work/1559392557.6/Reaction-0.002005/blib/lib/Reaction/UI/Window.pm line 74
	Reaction::UI::Window::flush_view(Reaction::UI::Window=HASH(0x563545361590)) called at /root/.cpanm/work/1559392557.6/Reaction-0.002005/blib/lib/Reaction/UI/Window.pm line 36
	Reaction::UI::Window::flush(Reaction::UI::Window=HASH(0x563545361590)) called at /root/.cpanm/work/1559392557.6/Reaction-0.002005/blib/lib/Reaction/UI/Controller/Root.pm line 38
	Reaction::UI::Controller::Root::end(ComponentUI::Controller::Root=HASH(0x5635452ff670), ComponentUI=HASH(0x563545305350)) called at /usr/local/lib/perl5/site_perl/5.26.3/Catalyst/Action.pm line 358
	Catalyst::Action::execute(Catalyst::Action=HASH(0x563545177b50), ComponentUI::Controller::Root=HASH(0x5635452ff670), ComponentUI=HASH(0x563545305350)) called at /usr/local/lib/perl5/site_perl/5.26.3/Catalyst.pm line 2051
	eval {...} called at /usr/local/lib/perl5/site_perl/5.26.3/Catalyst.pm line 2051
	Catalyst::execute(ComponentUI=HASH(0x563545305350), "ComponentUI::Controller::Root", Catalyst::Action=HASH(0x563545177b50)) called at /usr/local/lib/perl5/site_perl/5.26.3/Catalyst/Action.pm line 353
	Catalyst::Action::dispatch(Catalyst::Action=HASH(0x563545177b50), ComponentUI=HASH(0x563545305350)) called at /usr/local/lib/perl5/site_perl/5.26.3/Catalyst/Controller.pm line 188
	Catalyst::Controller::_END(ComponentUI::Controller::Root=HASH(0x5635452ff670), ComponentUI=HASH(0x563545305350)) called at /usr/local/lib/perl5/site_perl/5.26.3/Catalyst/Action.pm line 358
	Catalyst::Action::execute(Catalyst::Action=HASH(0x5635451784c8), ComponentUI::Controller::Root=HASH(0x5635452ff670), ComponentUI=HASH(0x563545305350)) called at /usr/local/lib/perl5/site_perl/5.26.3/Catalyst.pm line 2051
	eval {...} called at /usr/local/lib/perl5/site_perl/5.26.3/Catalyst.pm line 2051
	Catalyst::execute(ComponentUI=HASH(0x563545305350), "ComponentUI::Controller::Root", Catalyst::Action=HASH(0x5635451784c8)) called at /usr/local/lib/perl5/site_perl/5.26.3/Catalyst/Action.pm line 353
	Catalyst::Action::dispatch(Catalyst::Action=HASH(0x5635451784c8), ComponentUI=HASH(0x563545305350)) called at /usr/local/lib/perl5/site_perl/5.26.3/Catalyst/Dispatcher.pm line 261
	Catalyst::Dispatcher::_do_forward(Catalyst::Dispatcher=HASH(0x563540a28a60), "forward", ComponentUI=HASH(0x563545305350), "_END") called at /usr/local/lib/perl5/site_perl/5.26.3/Catalyst/Dispatcher.pm line 241
	Catalyst::Dispatcher::forward(Catalyst::Dispatcher=HASH(0x563540a28a60), ComponentUI=HASH(0x563545305350), "_END") called at /usr/local/lib/perl5/site_perl/5.26.3/Catalyst.pm line 477
	Catalyst::forward(ComponentUI=HASH(0x563545305350), "_END") called at /usr/local/lib/perl5/site_perl/5.26.3/Catalyst/Controller.pm line 137
	Catalyst::Controller::_DISPATCH(ComponentUI::Controller::Root=HASH(0x5635452ff670), ComponentUI=HASH(0x563545305350)) called at /usr/local/lib/perl5/site_perl/5.26.3/Catalyst/Action.pm line 358
	Catalyst::Action::execute(Catalyst::Action=HASH(0x5635451786c0), ComponentUI::Controller::Root=HASH(0x5635452ff670), ComponentUI=HASH(0x563545305350)) called at /usr/local/lib/perl5/site_perl/5.26.3/Catalyst.pm line 2051
	eval {...} called at /usr/local/lib/perl5/site_perl/5.26.3/Catalyst.pm line 2051
	Catalyst::execute(ComponentUI=HASH(0x563545305350), "ComponentUI::Controller::Root", Catalyst::Action=HASH(0x5635451786c0)) called at /usr/local/lib/perl5/site_perl/5.26.3/Catalyst/Action.pm line 353
	Catalyst::Action::dispatch(Catalyst::Action=HASH(0x5635451786c0), ComponentUI=HASH(0x563545305350)) called at /usr/local/lib/perl5/site_perl/5.26.3/Catalyst/Dispatcher.pm line 261
	Catalyst::Dispatcher::_do_forward(Catalyst::Dispatcher=HASH(0x563540a28a60), "forward", ComponentUI=HASH(0x563545305350), "//_DISPATCH") called at /usr/local/lib/perl5/site_perl/5.26.3/Catalyst/Dispatcher.pm line 241
	Catalyst::Dispatcher::forward(Catalyst::Dispatcher=HASH(0x563540a28a60), ComponentUI=HASH(0x563545305350), "//_DISPATCH") called at /usr/local/lib/perl5/site_perl/5.26.3/Catalyst.pm line 477
	Catalyst::forward(ComponentUI=HASH(0x563545305350), "//_DISPATCH") called at /usr/local/lib/perl5/site_perl/5.26.3/Catalyst/Dispatcher.pm line 107
	Catalyst::Dispatcher::dispatch(Catalyst::Dispatcher=HASH(0x563540a28a60), ComponentUI=HASH(0x563545305350)) called at /usr/local/lib/perl5/site_perl/5.26.3/Catalyst.pm line 1997
	Catalyst::dispatch(ComponentUI=HASH(0x563545305350)) called at /usr/local/lib/perl5/site_perl/5.26.3/Catalyst/Plugin/Static/Simple.pm line 86
	Class::MOP::Class:::around(CODE(0x563540701b48), ComponentUI=HASH(0x563545305350)) called at /usr/local/lib/perl5/site_perl/5.26.3/x86_64-linux-gnu/Class/MOP/Method/Wrapped.pm line 164
	ComponentUI::_wrapped_dispatch(ComponentUI=HASH(0x563545305350)) called at /usr/local/lib/perl5/site_perl/5.26.3/x86_64-linux-gnu/Class/MOP/Method/Wrapped.pm line 95
	ComponentUI::dispatch(ComponentUI=HASH(0x563545305350)) called at /usr/local/lib/perl5/site_perl/5.26.3/Catalyst.pm line 2403
	Catalyst::try {...} () called at /usr/local/lib/perl5/site_perl/5.26.3/Try/Tiny.pm line 102
	eval {...} called at /usr/local/lib/perl5/site_perl/5.26.3/Try/Tiny.pm line 93
	Try::Tiny::try(CODE(0x563545304cc0), Try::Tiny::Catch=REF(0x563545304ac8)) called at /usr/local/lib/perl5/site_perl/5.26.3/Catalyst.pm line 2412
	Catalyst::handle_request("ComponentUI", "env", HASH(0x563545303990), "response_cb", CODE(0x563545304b28)) called at /usr/local/lib/perl5/site_perl/5.26.3/Catalyst/Engine.pm line 806
	Catalyst::Engine::__ANON__(CODE(0x563545304b28)) called at /usr/local/lib/perl5/site_perl/5.26.3/Plack/Middleware/HTTPExceptions.pm line 32
	Plack::Middleware::HTTPExceptions::try {...} () called at /usr/local/lib/perl5/site_perl/5.26.3/Try/Tiny.pm line 102
	eval {...} called at /usr/local/lib/perl5/site_perl/5.26.3/Try/Tiny.pm line 93
	Try::Tiny::try(CODE(0x563545304960), Try::Tiny::Catch=REF(0x5635453041a0)) called at /usr/local/lib/perl5/site_perl/5.26.3/Plack/Middleware/HTTPExceptions.pm line 41
	Plack::Middleware::HTTPExceptions::__ANON__(CODE(0x563545303f78)) called at /usr/local/lib/perl5/site_perl/5.26.3/Plack/Util.pm line 339
	Plack::Util::__ANON__(CODE(0x563545303918)) called at /usr/local/lib/perl5/site_perl/5.26.3/Plack/Util.pm line 339
	Plack::Util::__ANON__(CODE(0x56354534ed30)) called at /usr/local/lib/perl5/site_perl/5.26.3/Plack/Util.pm line 339
	Plack::Util::__ANON__(CODE(0x56354534ecb8)) called at /usr/local/lib/perl5/site_perl/5.26.3/HTTP/Message/PSGI.pm line 100
	HTTP::Message::PSGI::res_from_psgi(CODE(0x5635453046b0)) called at /usr/local/lib/perl5/site_perl/5.26.3/HTTP/Message/PSGI.pm line 156
	HTTP::Response::from_psgi("HTTP::Response", CODE(0x5635453046b0)) called at /usr/local/lib/perl5/site_perl/5.26.3/Plack/Test/MockHTTP.pm line 24
	Plack::Test::MockHTTP::try {...} () called at /usr/local/lib/perl5/site_perl/5.26.3/Try/Tiny.pm line 100
	eval {...} called at /usr/local/lib/perl5/site_perl/5.26.3/Try/Tiny.pm line 93
	Try::Tiny::try(CODE(0x56353de388d8), Try::Tiny::Catch=REF(0x563545187e80)) called at /usr/local/lib/perl5/site_perl/5.26.3/Plack/Test/MockHTTP.pm line 27
	Plack::Test::MockHTTP::request(Plack::Test::MockHTTP=HASH(0x56353de38c80), HTTP::Request=HASH(0x56353de38848)) called at /usr/local/lib/perl5/site_perl/5.26.3/Plack/Test.pm line 38
	Plack::Test::__ANON__(HTTP::Request=HASH(0x56353de38848)) called at /usr/local/lib/perl5/site_perl/5.26.3/Catalyst/Test.pm line 290
	Catalyst::Test::__ANON__(CODE(0x56353de38b30)) called at /usr/local/lib/perl5/site_perl/5.26.3/Plack/Test.pm line 38
	Plack::Test::test_psgi("mangle_response", CODE(0x56353fa34708), "app", CODE(0x56353de383c8), "app", CODE(0x56354522e808), "client", CODE(0x56353de389f8)) called at /usr/local/lib/perl5/site_perl/5.26.3/Catalyst/Test.pm line 293
	Catalyst::Test::_request(HASH(0x5635452322f8), "/") called at /usr/local/lib/perl5/site_perl/5.26.3/Catalyst/Test.pm line 336
	Catalyst::Test::_local_request("ComponentUI", "/") called at /usr/local/lib/perl5/site_perl/5.26.3/Catalyst/Test.pm line 32
	Catalyst::Test::__ANON__("/") called at t/01app.t line 10
Class::MOP::load_class is deprecated at /usr/local/lib/perl5/site_perl/5.26.3/x86_64-linux-gnu/Class/MOP.pm line 69.
	Class::MOP::load_class("Reaction::UI::Widget::SiteLayout") called at /root/.cpanm/work/1559392557.6/Reaction-0.002005/blib/lib/Reaction/UI/Skin.pm line 181
	eval {...} called at /root/.cpanm/work/1559392557.6/Reaction-0.002005/blib/lib/Reaction/UI/Skin.pm line 181
	Reaction::UI::Skin::widget_class_for(Reaction::UI::Skin=HASH(0x5635453c8b40), Reaction::UI::LayoutSet::TT=HASH(0x5635453dc288)) called at /root/.cpanm/work/1559392557.6/Reaction-0.002005/blib/lib/Reaction/UI/LayoutSet.pm line 29
	Reaction::UI::LayoutSet::BUILD(Reaction::UI::LayoutSet::TT=HASH(0x5635453dc288), HASH(0x5635453dc2e8)) called at constructor Reaction::UI::LayoutSet::TT::new (defined at /root/.cpanm/work/1559392557.6/Reaction-0.002005/blib/lib/Reaction/UI/LayoutSet/TT.pm line 43) line 80
	Reaction::UI::LayoutSet::TT::new("Reaction::UI::LayoutSet::TT", "name", "site_layout", "skin", Reaction::UI::Skin=HASH(0x5635453c8b40), "tt_object", Template=HASH(0x563543e7cc28), "source_file", ...) called at /root/.cpanm/work/1559392557.6/Reaction-0.002005/blib/lib/Reaction/UI/Skin.pm line 115
	Reaction::UI::Skin::_create_layout_set(Reaction::UI::Skin=HASH(0x5635453c8b40), "site_layout", ARRAY(0x5635453d8fb8), Reaction::UI::Skin=HASH(0x5635453c8b40)) called at /root/.cpanm/work/1559392557.6/Reaction-0.002005/blib/lib/Reaction/UI/Skin.pm line 110
	Reaction::UI::Skin::create_layout_set(Reaction::UI::Skin=HASH(0x5635453c8b40), "site_layout") called at /root/.cpanm/work/1559392557.6/Reaction-0.002005/blib/lib/Reaction/UI/LayoutSet.pm line 83
	Reaction::UI::LayoutSet::_load_file(Reaction::UI::LayoutSet::TT=HASH(0x5635453cdc80), Path::Class::File=HASH(0x5635453cd320), HASH(0x5635453cdb48)) called at /root/.cpanm/work/1559392557.6/Reaction-0.002005/blib/lib/Reaction/UI/LayoutSet.pm line 27
	Reaction::UI::LayoutSet::BUILD(Reaction::UI::LayoutSet::TT=HASH(0x5635453cdc80), HASH(0x5635453cdb48)) called at constructor Reaction::UI::LayoutSet::TT::new (defined at /root/.cpanm/work/1559392557.6/Reaction-0.002005/blib/lib/Reaction/UI/LayoutSet/TT.pm line 43) line 80
	Reaction::UI::LayoutSet::TT::new("Reaction::UI::LayoutSet::TT", "name", "site_layout", "skin", Reaction::UI::Skin=HASH(0x5635453c82b8), "next_skin", Reaction::UI::Skin=HASH(0x5635453c8b40), "tt_object", ...) called at /root/.cpanm/work/1559392557.6/Reaction-0.002005/blib/lib/Reaction/UI/Skin.pm line 115
	Reaction::UI::Skin::_create_layout_set(Reaction::UI::Skin=HASH(0x5635453c82b8), "site_layout", ARRAY(0x5635453056c8), Reaction::UI::Skin=HASH(0x5635453c82b8)) called at /root/.cpanm/work/1559392557.6/Reaction-0.002005/blib/lib/Reaction/UI/Skin.pm line 110
	Reaction::UI::Skin::create_layout_set(Reaction::UI::Skin=HASH(0x5635453c82b8), "site_layout") called at /root/.cpanm/work/1559392557.6/Reaction-0.002005/blib/lib/Reaction/UI/LayoutSet.pm line 83
	Reaction::UI::LayoutSet::_load_file(Reaction::UI::LayoutSet::TT=HASH(0x563544bd33b8), Path::Class::File=HASH(0x563545379b78), HASH(0x5635453789b0)) called at /root/.cpanm/work/1559392557.6/Reaction-0.002005/blib/lib/Reaction/UI/LayoutSet.pm line 27
	Reaction::UI::LayoutSet::BUILD(Reaction::UI::LayoutSet::TT=HASH(0x563544bd33b8), HASH(0x5635453789b0)) called at constructor Reaction::UI::LayoutSet::TT::new (defined at /root/.cpanm/work/1559392557.6/Reaction-0.002005/blib/lib/Reaction/UI/LayoutSet/TT.pm line 43) line 80
	Reaction::UI::LayoutSet::TT::new("Reaction::UI::LayoutSet::TT", "name", "site_layout", "skin", Reaction::UI::Skin=HASH(0x5635453c2fa8), "next_skin", Reaction::UI::Skin=HASH(0x5635453c82b8), "tt_object", ...) called at /root/.cpanm/work/1559392557.6/Reaction-0.002005/blib/lib/Reaction/UI/Skin.pm line 115
	Reaction::UI::Skin::_create_layout_set(Reaction::UI::Skin=HASH(0x5635453c2fa8), "site_layout", ARRAY(0x5635453c8078), Reaction::UI::Skin=HASH(0x5635453c2fa8)) called at /root/.cpanm/work/1559392557.6/Reaction-0.002005/blib/lib/Reaction/UI/Skin.pm line 110
	Reaction::UI::Skin::create_layout_set(Reaction::UI::Skin=HASH(0x5635453c2fa8), "site_layout") called at inline delegation in Reaction::UI::View for skin->create_layout_set (attribute declared in /root/.cpanm/work/1559392557.6/Reaction-0.002005/blib/lib/Reaction/UI/View.pm at line 22) line 18
	Reaction::UI::View::create_layout_set(ComponentUI::View::Site=HASH(0x5635419138b8), "site_layout") called at /root/.cpanm/work/1559392557.6/Reaction-0.002005/blib/lib/Reaction/UI/View.pm line 99
	Reaction::UI::View::layout_set_for(ComponentUI::View::Site=HASH(0x5635419138b8), Reaction::UI::ViewPort::SiteLayout=HASH(0x563545361bc0)) called at /root/.cpanm/work/1559392557.6/Reaction-0.002005/blib/lib/Reaction/UI/View.pm line 78
	Reaction::UI::View::render_viewport_args(ComponentUI::View::Site=HASH(0x5635419138b8), Reaction::UI::ViewPort::SiteLayout=HASH(0x563545361bc0)) called at /root/.cpanm/work/1559392557.6/Reaction-0.002005/blib/lib/Reaction/UI/View.pm line 61
	Reaction::UI::View::render_window(ComponentUI::View::Site=HASH(0x5635419138b8), Reaction::UI::Window=HASH(0x563545361590)) called at /root/.cpanm/work/1559392557.6/Reaction-0.002005/blib/lib/Reaction/UI/Window.pm line 74
	Reaction::UI::Window::flush_view(Reaction::UI::Window=HASH(0x563545361590)) called at /root/.cpanm/work/1559392557.6/Reaction-0.002005/blib/lib/Reaction/UI/Window.pm line 36
	Reaction::UI::Window::flush(Reaction::UI::Window=HASH(0x563545361590)) called at /root/.cpanm/work/1559392557.6/Reaction-0.002005/blib/lib/Reaction/UI/Controller/Root.pm line 38
	Reaction::UI::Controller::Root::end(ComponentUI::Controller::Root=HASH(0x5635452ff670), ComponentUI=HASH(0x563545305350)) called at /usr/local/lib/perl5/site_perl/5.26.3/Catalyst/Action.pm line 358
	Catalyst::Action::execute(Catalyst::Action=HASH(0x563545177b50), ComponentUI::Controller::Root=HASH(0x5635452ff670), ComponentUI=HASH(0x563545305350)) called at /usr/local/lib/perl5/site_perl/5.26.3/Catalyst.pm line 2051
	eval {...} called at /usr/local/lib/perl5/site_perl/5.26.3/Catalyst.pm line 2051
	Catalyst::execute(ComponentUI=HASH(0x563545305350), "ComponentUI::Controller::Root", Catalyst::Action=HASH(0x563545177b50)) called at /usr/local/lib/perl5/site_perl/5.26.3/Catalyst/Action.pm line 353
	Catalyst::Action::dispatch(Catalyst::Action=HASH(0x563545177b50), ComponentUI=HASH(0x563545305350)) called at /usr/local/lib/perl5/site_perl/5.26.3/Catalyst/Controller.pm line 188
	Catalyst::Controller::_END(ComponentUI::Controller::Root=HASH(0x5635452ff670), ComponentUI=HASH(0x563545305350)) called at /usr/local/lib/perl5/site_perl/5.26.3/Catalyst/Action.pm line 358
	Catalyst::Action::execute(Catalyst::Action=HASH(0x5635451784c8), ComponentUI::Controller::Root=HASH(0x5635452ff670), ComponentUI=HASH(0x563545305350)) called at /usr/local/lib/perl5/site_perl/5.26.3/Catalyst.pm line 2051
	eval {...} called at /usr/local/lib/perl5/site_perl/5.26.3/Catalyst.pm line 2051
	Catalyst::execute(ComponentUI=HASH(0x563545305350), "ComponentUI::Controller::Root", Catalyst::Action=HASH(0x5635451784c8)) called at /usr/local/lib/perl5/site_perl/5.26.3/Catalyst/Action.pm line 353
	Catalyst::Action::dispatch(Catalyst::Action=HASH(0x5635451784c8), ComponentUI=HASH(0x563545305350)) called at /usr/local/lib/perl5/site_perl/5.26.3/Catalyst/Dispatcher.pm line 261
	Catalyst::Dispatcher::_do_forward(Catalyst::Dispatcher=HASH(0x563540a28a60), "forward", ComponentUI=HASH(0x563545305350), "_END") called at /usr/local/lib/perl5/site_perl/5.26.3/Catalyst/Dispatcher.pm line 241
	Catalyst::Dispatcher::forward(Catalyst::Dispatcher=HASH(0x563540a28a60), ComponentUI=HASH(0x563545305350), "_END") called at /usr/local/lib/perl5/site_perl/5.26.3/Catalyst.pm line 477
	Catalyst::forward(ComponentUI=HASH(0x563545305350), "_END") called at /usr/local/lib/perl5/site_perl/5.26.3/Catalyst/Controller.pm line 137
	Catalyst::Controller::_DISPATCH(ComponentUI::Controller::Root=HASH(0x5635452ff670), ComponentUI=HASH(0x563545305350)) called at /usr/local/lib/perl5/site_perl/5.26.3/Catalyst/Action.pm line 358
	Catalyst::Action::execute(Catalyst::Action=HASH(0x5635451786c0), ComponentUI::Controller::Root=HASH(0x5635452ff670), ComponentUI=HASH(0x563545305350)) called at /usr/local/lib/perl5/site_perl/5.26.3/Catalyst.pm line 2051
	eval {...} called at /usr/local/lib/perl5/site_perl/5.26.3/Catalyst.pm line 2051
	Catalyst::execute(ComponentUI=HASH(0x563545305350), "ComponentUI::Controller::Root", Catalyst::Action=HASH(0x5635451786c0)) called at /usr/local/lib/perl5/site_perl/5.26.3/Catalyst/Action.pm line 353
	Catalyst::Action::dispatch(Catalyst::Action=HASH(0x5635451786c0), ComponentUI=HASH(0x563545305350)) called at /usr/local/lib/perl5/site_perl/5.26.3/Catalyst/Dispatcher.pm line 261
	Catalyst::Dispatcher::_do_forward(Catalyst::Dispatcher=HASH(0x563540a28a60), "forward", ComponentUI=HASH(0x563545305350), "//_DISPATCH") called at /usr/local/lib/perl5/site_perl/5.26.3/Catalyst/Dispatcher.pm line 241
	Catalyst::Dispatcher::forward(Catalyst::Dispatcher=HASH(0x563540a28a60), ComponentUI=HASH(0x563545305350), "//_DISPATCH") called at /usr/local/lib/perl5/site_perl/5.26.3/Catalyst.pm line 477
	Catalyst::forward(ComponentUI=HASH(0x563545305350), "//_DISPATCH") called at /usr/local/lib/perl5/site_perl/5.26.3/Catalyst/Dispatcher.pm line 107
	Catalyst::Dispatcher::dispatch(Catalyst::Dispatcher=HASH(0x563540a28a60), ComponentUI=HASH(0x563545305350)) called at /usr/local/lib/perl5/site_perl/5.26.3/Catalyst.pm line 1997
	Catalyst::dispatch(ComponentUI=HASH(0x563545305350)) called at /usr/local/lib/perl5/site_perl/5.26.3/Catalyst/Plugin/Static/Simple.pm line 86
	Class::MOP::Class:::around(CODE(0x563540701b48), ComponentUI=HASH(0x563545305350)) called at /usr/local/lib/perl5/site_perl/5.26.3/x86_64-linux-gnu/Class/MOP/Method/Wrapped.pm line 164
	ComponentUI::_wrapped_dispatch(ComponentUI=HASH(0x563545305350)) called at /usr/local/lib/perl5/site_perl/5.26.3/x86_64-linux-gnu/Class/MOP/Method/Wrapped.pm line 95
	ComponentUI::dispatch(ComponentUI=HASH(0x563545305350)) called at /usr/local/lib/perl5/site_perl/5.26.3/Catalyst.pm line 2403
	Catalyst::try {...} () called at /usr/local/lib/perl5/site_perl/5.26.3/Try/Tiny.pm line 102
	eval {...} called at /usr/local/lib/perl5/site_perl/5.26.3/Try/Tiny.pm line 93
	Try::Tiny::try(CODE(0x563545304cc0), Try::Tiny::Catch=REF(0x563545304ac8)) called at /usr/local/lib/perl5/site_perl/5.26.3/Catalyst.pm line 2412
	Catalyst::handle_request("ComponentUI", "env", HASH(0x563545303990), "response_cb", CODE(0x563545304b28)) called at /usr/local/lib/perl5/site_perl/5.26.3/Catalyst/Engine.pm line 806
	Catalyst::Engine::__ANON__(CODE(0x563545304b28)) called at /usr/local/lib/perl5/site_perl/5.26.3/Plack/Middleware/HTTPExceptions.pm line 32
	Plack::Middleware::HTTPExceptions::try {...} () called at /usr/local/lib/perl5/site_perl/5.26.3/Try/Tiny.pm line 102
	eval {...} called at /usr/local/lib/perl5/site_perl/5.26.3/Try/Tiny.pm line 93
	Try::Tiny::try(CODE(0x563545304960), Try::Tiny::Catch=REF(0x5635453041a0)) called at /usr/local/lib/perl5/site_perl/5.26.3/Plack/Middleware/HTTPExceptions.pm line 41
	Plack::Middleware::HTTPExceptions::__ANON__(CODE(0x563545303f78)) called at /usr/local/lib/perl5/site_perl/5.26.3/Plack/Util.pm line 339
	Plack::Util::__ANON__(CODE(0x563545303918)) called at /usr/local/lib/perl5/site_perl/5.26.3/Plack/Util.pm line 339
	Plack::Util::__ANON__(CODE(0x56354534ed30)) called at /usr/local/lib/perl5/site_perl/5.26.3/Plack/Util.pm line 339
	Plack::Util::__ANON__(CODE(0x56354534ecb8)) called at /usr/local/lib/perl5/site_perl/5.26.3/HTTP/Message/PSGI.pm line 100
	HTTP::Message::PSGI::res_from_psgi(CODE(0x5635453046b0)) called at /usr/local/lib/perl5/site_perl/5.26.3/HTTP/Message/PSGI.pm line 156
	HTTP::Response::from_psgi("HTTP::Response", CODE(0x5635453046b0)) called at /usr/local/lib/perl5/site_perl/5.26.3/Plack/Test/MockHTTP.pm line 24
	Plack::Test::MockHTTP::try {...} () called at /usr/local/lib/perl5/site_perl/5.26.3/Try/Tiny.pm line 100
	eval {...} called at /usr/local/lib/perl5/site_perl/5.26.3/Try/Tiny.pm line 93
	Try::Tiny::try(CODE(0x56353de388d8), Try::Tiny::Catch=REF(0x563545187e80)) called at /usr/local/lib/perl5/site_perl/5.26.3/Plack/Test/MockHTTP.pm line 27
	Plack::Test::MockHTTP::request(Plack::Test::MockHTTP=HASH(0x56353de38c80), HTTP::Request=HASH(0x56353de38848)) called at /usr/local/lib/perl5/site_perl/5.26.3/Plack/Test.pm line 38
	Plack::Test::__ANON__(HTTP::Request=HASH(0x56353de38848)) called at /usr/local/lib/perl5/site_perl/5.26.3/Catalyst/Test.pm line 290
	Catalyst::Test::__ANON__(CODE(0x56353de38b30)) called at /usr/local/lib/perl5/site_perl/5.26.3/Plack/Test.pm line 38
	Plack::Test::test_psgi("mangle_response", CODE(0x56353fa34708), "app", CODE(0x56353de383c8), "app", CODE(0x56354522e808), "client", CODE(0x56353de389f8)) called at /usr/local/lib/perl5/site_perl/5.26.3/Catalyst/Test.pm line 293
	Catalyst::Test::_request(HASH(0x5635452322f8), "/") called at /usr/local/lib/perl5/site_perl/5.26.3/Catalyst/Test.pm line 336
	Catalyst::Test::_local_request("ComponentUI", "/") called at /usr/local/lib/perl5/site_perl/5.26.3/Catalyst/Test.pm line 32
	Catalyst::Test::__ANON__("/") called at t/01app.t line 10
[debug] remote
t/01app.t ................... ok
t/04load_all.t .............. ok

#   Failed test 'Attribute lists match'
#   at t/05reflect_attr_from.t line 32.
#     Structures begin differing at:
#          $got->[0] = 'id'
#     $expected->[0] = 'created_d'
# Looks like you failed 1 test of 1.
t/05reflect_attr_from.t ..... 
Dubious, test returned 1 (wstat 256, 0x100)
Failed 1/1 subtests 
Class::MOP::load_class is deprecated at /usr/local/lib/perl5/site_perl/5.26.3/x86_64-linux-gnu/Class/MOP.pm line 69.
	Class::MOP::load_class("Reaction::InterfaceModel::Object") called at /root/.cpanm/work/1559392557.6/Reaction-0.002005/blib/lib/Reaction/InterfaceModel/Reflector/DBIC.pm line 149
	Reaction::InterfaceModel::Reflector::DBIC::reflect_schema(Reaction::InterfaceModel::Reflector::DBIC=HASH(0x55c206305d50), "model_class", "ComponentUI::TestModel", "schema_class", "RTest::TestDB", "sources", ARRAY(0x55c206308c68)) called at /root/.cpanm/work/1559392557.6/Reaction-0.002005/blib/lib/ComponentUI/TestModel.pm line 10
	require ComponentUI/TestModel.pm called at t/lib/RTest/InterfaceModel/Reflector/DBIC.pm line 6
	RTest::InterfaceModel::Reflector::DBIC::BEGIN() called at /root/.cpanm/work/1559392557.6/Reaction-0.002005/blib/lib/ComponentUI/TestModel.pm line 0
	eval {...} called at /root/.cpanm/work/1559392557.6/Reaction-0.002005/blib/lib/ComponentUI/TestModel.pm line 0
	require RTest/InterfaceModel/Reflector/DBIC.pm called at t/im_dbic.t line 7
	main::BEGIN() called at /root/.cpanm/work/1559392557.6/Reaction-0.002005/blib/lib/ComponentUI/TestModel.pm line 0
	eval {...} called at /root/.cpanm/work/1559392557.6/Reaction-0.002005/blib/lib/ComponentUI/TestModel.pm line 0
Class::MOP::load_class is deprecated at /usr/local/lib/perl5/site_perl/5.26.3/x86_64-linux-gnu/Class/MOP.pm line 69.
	Class::MOP::load_class("Reaction::InterfaceModel::Object") called at /root/.cpanm/work/1559392557.6/Reaction-0.002005/blib/lib/Reaction/Class.pm line 123
	Reaction::Class::do_class_sub("Reaction::Class", "ComponentUI::TestModel::Foo", "ComponentUI::TestModel::Foo", "is", "Reaction::InterfaceModel::Object", "which", CODE(0x55c207699758)) called at /root/.cpanm/work/1559392557.6/Reaction-0.002005/blib/lib/Reaction/Class.pm line 86
	Reaction::Class::("ComponentUI::TestModel::Foo", "is", "Reaction::InterfaceModel::Object", "which", CODE(0x55c207699758)) called at /root/.cpanm/work/1559392557.6/Reaction-0.002005/blib/lib/ComponentUI/TestModel/Foo.pm line 8
	require ComponentUI/TestModel/Foo.pm called at /usr/local/lib/perl5/site_perl/5.26.3/Module/Runtime.pm line 314
	Module::Runtime::require_module("ComponentUI::TestModel::Foo") called at /usr/local/lib/perl5/site_perl/5.26.3/Class/Load.pm line 174
	Class::Load::try {...} () called at /usr/local/lib/perl5/site_perl/5.26.3/Try/Tiny.pm line 98
	eval {...} called at /usr/local/lib/perl5/site_perl/5.26.3/Try/Tiny.pm line 93
	Try::Tiny::try(CODE(0x55c20768dfb8), Try::Tiny::Catch=REF(0x55c20768e0d8)) called at /usr/local/lib/perl5/site_perl/5.26.3/Class/Load.pm line 180
	Class::Load::try_load_class("ComponentUI::TestModel::Foo", undef) called at /usr/local/lib/perl5/site_perl/5.26.3/Class/Load.pm line 35
	Class::Load::load_class("ComponentUI::TestModel::Foo") called at /root/.cpanm/work/1559392557.6/Reaction-0.002005/blib/lib/Reaction/InterfaceModel/Reflector/DBIC.pm line 892
	eval {...} called at /root/.cpanm/work/1559392557.6/Reaction-0.002005/blib/lib/Reaction/InterfaceModel/Reflector/DBIC.pm line 892
	Reaction::InterfaceModel::Reflector::DBIC::_maybe_load_class(Reaction::InterfaceModel::Reflector::DBIC=HASH(0x55c206305d50), "ComponentUI::TestModel::Foo") called at /root/.cpanm/work/1559392557.6/Reaction-0.002005/blib/lib/Reaction/InterfaceModel/Reflector/DBIC.pm line 876
	Reaction::InterfaceModel::Reflector::DBIC::_load_or_create(Reaction::InterfaceModel::Reflector::DBIC=HASH(0x55c206305d50), "ComponentUI::TestModel::Foo", "superclasses", ARRAY(0x55c20763ea88)) called at /root/.cpanm/work/1559392557.6/Reaction-0.002005/blib/lib/Reaction/InterfaceModel/Reflector/DBIC.pm line 448
	Reaction::InterfaceModel::Reflector::DBIC::reflect_source_object(Reaction::InterfaceModel::Reflector::DBIC=HASH(0x55c206305d50), "schema_class", "RTest::TestDB", "parent_domain_model_name", "_rtest_test_db_store", "source_class", "RTest::TestDB::Foo", "parent_class", ...) called at /root/.cpanm/work/1559392557.6/Reaction-0.002005/blib/lib/Reaction/InterfaceModel/Reflector/DBIC.pm line 323
	Reaction::InterfaceModel::Reflector::DBIC::reflect_source(Reaction::InterfaceModel::Reflector::DBIC=HASH(0x55c206305d50), "source_name", "Foo", "parent_class", "ComponentUI::TestModel", "schema_class", "RTest::TestDB", "source_class", ...) called at /root/.cpanm/work/1559392557.6/Reaction-0.002005/blib/lib/Reaction/InterfaceModel/Reflector/DBIC.pm line 185
	Reaction::InterfaceModel::Reflector::DBIC::reflect_schema(Reaction::InterfaceModel::Reflector::DBIC=HASH(0x55c206305d50), "model_class", "ComponentUI::TestModel", "schema_class", "RTest::TestDB", "sources", ARRAY(0x55c206308c68)) called at /root/.cpanm/work/1559392557.6/Reaction-0.002005/blib/lib/ComponentUI/TestModel.pm line 10
	require ComponentUI/TestModel.pm called at t/lib/RTest/InterfaceModel/Reflector/DBIC.pm line 6
	RTest::InterfaceModel::Reflector::DBIC::BEGIN() called at /root/.cpanm/work/1559392557.6/Reaction-0.002005/blib/lib/ComponentUI/TestModel/Foo.pm line 0
	eval {...} called at /root/.cpanm/work/1559392557.6/Reaction-0.002005/blib/lib/ComponentUI/TestModel/Foo.pm line 0
	require RTest/InterfaceModel/Reflector/DBIC.pm called at t/im_dbic.t line 7
	main::BEGIN() called at /root/.cpanm/work/1559392557.6/Reaction-0.002005/blib/lib/ComponentUI/TestModel/Foo.pm line 0
	eval {...} called at /root/.cpanm/work/1559392557.6/Reaction-0.002005/blib/lib/ComponentUI/TestModel/Foo.pm line 0
Class::MOP::is_class_loaded is deprecated at /usr/local/lib/perl5/site_perl/5.26.3/x86_64-linux-gnu/Class/MOP.pm line 87.
	Class::MOP::is_class_loaded("RTest::TestIM::Foo") called at t/lib/RTest/InterfaceModel/Reflector/DBIC.pm line 74
	RTest::InterfaceModel::Reflector::DBIC::test_reflect_schema(RTest::InterfaceModel::Reflector::DBIC=HASH(0x55c207ac0578)) called at /usr/local/lib/perl5/site_perl/5.26.3/Test/Class.pm line 293
	Test::Class::try {...} () called at /usr/local/lib/perl5/site_perl/5.26.3/Try/Tiny.pm line 100
	eval {...} called at /usr/local/lib/perl5/site_perl/5.26.3/Try/Tiny.pm line 93
	Try::Tiny::try(CODE(0x55c207c4c488), Try::Tiny::Catch=REF(0x55c208988a98)) called at /usr/local/lib/perl5/site_perl/5.26.3/Test/Class.pm line 293
	Test::Class::_run_method(RTest::InterfaceModel::Reflector::DBIC=HASH(0x55c207ac0578), "test_reflect_schema", ARRAY(0x55c20497c0d8)) called at /usr/local/lib/perl5/site_perl/5.26.3/Test/Class.pm line 395
	Test::Class::runtests("Test::Class", RTest::InterfaceModel::Reflector::DBIC=HASH(0x55c207ac0578)) called at t/im_dbic.t line 10
t/im_dbic.t ................. ok
t/ui_focus_stack.t .......... ok
t/ui_view.t ................. ok
t/ui_viewport.t ............. ok
Class::MOP::load_class is deprecated at /usr/local/lib/perl5/site_perl/5.26.3/x86_64-linux-gnu/Class/MOP.pm line 69.
	Class::MOP::load_class("ComponentUI::TestModel") called at /root/.cpanm/work/1559392557.6/Reaction-0.002005/blib/lib/Catalyst/Model/Reaction/InterfaceModel/DBIC.pm line 24
	Catalyst::Model::Reaction::InterfaceModel::DBIC::COMPONENT("ComponentUI::Model::TestModel", "ComponentUI", HASH(0x563fc215fb50)) called at /usr/local/lib/perl5/site_perl/5.26.3/Catalyst.pm line 3225
	eval {...} called at /usr/local/lib/perl5/site_perl/5.26.3/Catalyst.pm line 3226
	Catalyst::setup_component("ComponentUI", "ComponentUI::Model::TestModel") called at /usr/local/lib/perl5/site_perl/5.26.3/Catalyst.pm line 3203
	Catalyst::__ANON__() called at /usr/local/lib/perl5/site_perl/5.26.3/Catalyst.pm line 3050
	Catalyst::setup_components("ComponentUI") called at /usr/local/lib/perl5/site_perl/5.26.3/Catalyst.pm line 1422
	Catalyst::setup("ComponentUI") called at /root/.cpanm/work/1559392557.6/Reaction-0.002005/blib/lib/ComponentUI.pm line 32
	require ComponentUI.pm called at /usr/local/lib/perl5/site_perl/5.26.3/Module/Runtime.pm line 314
	Module::Runtime::require_module("ComponentUI") called at /usr/local/lib/perl5/site_perl/5.26.3/Class/Load.pm line 174
	Class::Load::try {...} () called at /usr/local/lib/perl5/site_perl/5.26.3/Try/Tiny.pm line 98
	eval {...} called at /usr/local/lib/perl5/site_perl/5.26.3/Try/Tiny.pm line 93
	Try::Tiny::try(CODE(0x563fbb95c368), Try::Tiny::Catch=REF(0x563fbddad188)) called at /usr/local/lib/perl5/site_perl/5.26.3/Class/Load.pm line 180
	Class::Load::try_load_class("ComponentUI", undef) called at /usr/local/lib/perl5/site_perl/5.26.3/Class/Load.pm line 35
	Class::Load::load_class("ComponentUI") called at /usr/local/lib/perl5/site_perl/5.26.3/Test/WWW/Mechanize/Catalyst.pm line 245
	Test::WWW::Mechanize::Catalyst::import("Test::WWW::Mechanize::Catalyst", "ComponentUI") called at t/uncheck_bool_field.t line 6
	main::BEGIN() called at /root/.cpanm/work/1559392557.6/Reaction-0.002005/blib/lib/ComponentUI.pm line 0
	eval {...} called at /root/.cpanm/work/1559392557.6/Reaction-0.002005/blib/lib/ComponentUI.pm line 0
Class::MOP::load_class is deprecated at /usr/local/lib/perl5/site_perl/5.26.3/x86_64-linux-gnu/Class/MOP.pm line 69.
	Class::MOP::load_class("Reaction::InterfaceModel::Object") called at /root/.cpanm/work/1559392557.6/Reaction-0.002005/blib/lib/Reaction/InterfaceModel/Reflector/DBIC.pm line 149
	Reaction::InterfaceModel::Reflector::DBIC::reflect_schema(Reaction::InterfaceModel::Reflector::DBIC=HASH(0x563fc2d38228), "model_class", "ComponentUI::TestModel", "schema_class", "RTest::TestDB", "sources", ARRAY(0x563fc2d38240)) called at /root/.cpanm/work/1559392557.6/Reaction-0.002005/blib/lib/ComponentUI/TestModel.pm line 10
	require ComponentUI/TestModel.pm called at /usr/local/lib/perl5/site_perl/5.26.3/Module/Runtime.pm line 314
	Module::Runtime::require_module("ComponentUI::TestModel") called at /usr/local/lib/perl5/site_perl/5.26.3/Class/Load.pm line 174
	Class::Load::try {...} () called at /usr/local/lib/perl5/site_perl/5.26.3/Try/Tiny.pm line 98
	eval {...} called at /usr/local/lib/perl5/site_perl/5.26.3/Try/Tiny.pm line 93
	Try::Tiny::try(CODE(0x563fbf14d1c8), Try::Tiny::Catch=REF(0x563fc28a8db8)) called at /usr/local/lib/perl5/site_perl/5.26.3/Class/Load.pm line 180
	Class::Load::try_load_class("ComponentUI::TestModel", undef) called at /usr/local/lib/perl5/site_perl/5.26.3/Class/Load.pm line 35
	Class::Load::load_class("ComponentUI::TestModel") called at /root/.cpanm/work/1559392557.6/Reaction-0.002005/blib/lib/Catalyst/Model/Reaction/InterfaceModel/DBIC.pm line 24
	Catalyst::Model::Reaction::InterfaceModel::DBIC::COMPONENT("ComponentUI::Model::TestModel", "ComponentUI", HASH(0x563fc215fb50)) called at /usr/local/lib/perl5/site_perl/5.26.3/Catalyst.pm line 3225
	eval {...} called at /usr/local/lib/perl5/site_perl/5.26.3/Catalyst.pm line 3226
	Catalyst::setup_component("ComponentUI", "ComponentUI::Model::TestModel") called at /usr/local/lib/perl5/site_perl/5.26.3/Catalyst.pm line 3203
	Catalyst::__ANON__() called at /usr/local/lib/perl5/site_perl/5.26.3/Catalyst.pm line 3050
	Catalyst::setup_components("ComponentUI") called at /usr/local/lib/perl5/site_perl/5.26.3/Catalyst.pm line 1422
	Catalyst::setup("ComponentUI") called at /root/.cpanm/work/1559392557.6/Reaction-0.002005/blib/lib/ComponentUI.pm line 32
	require ComponentUI.pm called at /usr/local/lib/perl5/site_perl/5.26.3/Module/Runtime.pm line 314
	Module::Runtime::require_module("ComponentUI") called at /usr/local/lib/perl5/site_perl/5.26.3/Class/Load.pm line 174
	Class::Load::try {...} () called at /usr/local/lib/perl5/site_perl/5.26.3/Try/Tiny.pm line 98
	eval {...} called at /usr/local/lib/perl5/site_perl/5.26.3/Try/Tiny.pm line 93
	Try::Tiny::try(CODE(0x563fbb95c368), Try::Tiny::Catch=REF(0x563fbddad188)) called at /usr/local/lib/perl5/site_perl/5.26.3/Class/Load.pm line 180
	Class::Load::try_load_class("ComponentUI", undef) called at /usr/local/lib/perl5/site_perl/5.26.3/Class/Load.pm line 35
	Class::Load::load_class("ComponentUI") called at /usr/local/lib/perl5/site_perl/5.26.3/Test/WWW/Mechanize/Catalyst.pm line 245
	Test::WWW::Mechanize::Catalyst::import("Test::WWW::Mechanize::Catalyst", "ComponentUI") called at t/uncheck_bool_field.t line 6
	main::BEGIN() called at /root/.cpanm/work/1559392557.6/Reaction-0.002005/blib/lib/ComponentUI/TestModel.pm line 0
	eval {...} called at /root/.cpanm/work/1559392557.6/Reaction-0.002005/blib/lib/ComponentUI/TestModel.pm line 0
Class::MOP::load_class is deprecated at /usr/local/lib/perl5/site_perl/5.26.3/x86_64-linux-gnu/Class/MOP.pm line 69.
	Class::MOP::load_class("Reaction::InterfaceModel::Object") called at /root/.cpanm/work/1559392557.6/Reaction-0.002005/blib/lib/Reaction/Class.pm line 123
	Reaction::Class::do_class_sub("Reaction::Class", "ComponentUI::TestModel::Foo", "ComponentUI::TestModel::Foo", "is", "Reaction::InterfaceModel::Object", "which", CODE(0x563fc3044ba0)) called at /root/.cpanm/work/1559392557.6/Reaction-0.002005/blib/lib/Reaction/Class.pm line 86
	Reaction::Class::("ComponentUI::TestModel::Foo", "is", "Reaction::InterfaceModel::Object", "which", CODE(0x563fc3044ba0)) called at /root/.cpanm/work/1559392557.6/Reaction-0.002005/blib/lib/ComponentUI/TestModel/Foo.pm line 8
	require ComponentUI/TestModel/Foo.pm called at /usr/local/lib/perl5/site_perl/5.26.3/Module/Runtime.pm line 314
	Module::Runtime::require_module("ComponentUI::TestModel::Foo") called at /usr/local/lib/perl5/site_perl/5.26.3/Class/Load.pm line 174
	Class::Load::try {...} () called at /usr/local/lib/perl5/site_perl/5.26.3/Try/Tiny.pm line 98
	eval {...} called at /usr/local/lib/perl5/site_perl/5.26.3/Try/Tiny.pm line 93
	Try::Tiny::try(CODE(0x563fc2fda600), Try::Tiny::Catch=REF(0x563fc2fce030)) called at /usr/local/lib/perl5/site_perl/5.26.3/Class/Load.pm line 180
	Class::Load::try_load_class("ComponentUI::TestModel::Foo", undef) called at /usr/local/lib/perl5/site_perl/5.26.3/Class/Load.pm line 35
	Class::Load::load_class("ComponentUI::TestModel::Foo") called at /root/.cpanm/work/1559392557.6/Reaction-0.002005/blib/lib/Reaction/InterfaceModel/Reflector/DBIC.pm line 892
	eval {...} called at /root/.cpanm/work/1559392557.6/Reaction-0.002005/blib/lib/Reaction/InterfaceModel/Reflector/DBIC.pm line 892
	Reaction::InterfaceModel::Reflector::DBIC::_maybe_load_class(Reaction::InterfaceModel::Reflector::DBIC=HASH(0x563fc2d38228), "ComponentUI::TestModel::Foo") called at /root/.cpanm/work/1559392557.6/Reaction-0.002005/blib/lib/Reaction/InterfaceModel/Reflector/DBIC.pm line 876
	Reaction::InterfaceModel::Reflector::DBIC::_load_or_create(Reaction::InterfaceModel::Reflector::DBIC=HASH(0x563fc2d38228), "ComponentUI::TestModel::Foo", "superclasses", ARRAY(0x563fc2ef9338)) called at /root/.cpanm/work/1559392557.6/Reaction-0.002005/blib/lib/Reaction/InterfaceModel/Reflector/DBIC.pm line 448
	Reaction::InterfaceModel::Reflector::DBIC::reflect_source_object(Reaction::InterfaceModel::Reflector::DBIC=HASH(0x563fc2d38228), "parent_class", "ComponentUI::TestModel", "parent_domain_model_name", "_rtest_test_db_store", "source_class", "RTest::TestDB::Foo", "source_name", ...) called at /root/.cpanm/work/1559392557.6/Reaction-0.002005/blib/lib/Reaction/InterfaceModel/Reflector/DBIC.pm line 323
	Reaction::InterfaceModel::Reflector::DBIC::reflect_source(Reaction::InterfaceModel::Reflector::DBIC=HASH(0x563fc2d38228), "source_name", "Foo", "parent_class", "ComponentUI::TestModel", "schema_class", "RTest::TestDB", "source_class", ...) called at /root/.cpanm/work/1559392557.6/Reaction-0.002005/blib/lib/Reaction/InterfaceModel/Reflector/DBIC.pm line 185
	Reaction::InterfaceModel::Reflector::DBIC::reflect_schema(Reaction::InterfaceModel::Reflector::DBIC=HASH(0x563fc2d38228), "model_class", "ComponentUI::TestModel", "schema_class", "RTest::TestDB", "sources", ARRAY(0x563fc2d38240)) called at /root/.cpanm/work/1559392557.6/Reaction-0.002005/blib/lib/ComponentUI/TestModel.pm line 10
	require ComponentUI/TestModel.pm called at /usr/local/lib/perl5/site_perl/5.26.3/Module/Runtime.pm line 314
	Module::Runtime::require_module("ComponentUI::TestModel") called at /usr/local/lib/perl5/site_perl/5.26.3/Class/Load.pm line 174
	Class::Load::try {...} () called at /usr/local/lib/perl5/site_perl/5.26.3/Try/Tiny.pm line 98
	eval {...} called at /usr/local/lib/perl5/site_perl/5.26.3/Try/Tiny.pm line 93
	Try::Tiny::try(CODE(0x563fbf14d1c8), Try::Tiny::Catch=REF(0x563fc28a8db8)) called at /usr/local/lib/perl5/site_perl/5.26.3/Class/Load.pm line 180
	Class::Load::try_load_class("ComponentUI::TestModel", undef) called at /usr/local/lib/perl5/site_perl/5.26.3/Class/Load.pm line 35
	Class::Load::load_class("ComponentUI::TestModel") called at /root/.cpanm/work/1559392557.6/Reaction-0.002005/blib/lib/Catalyst/Model/Reaction/InterfaceModel/DBIC.pm line 24
	Catalyst::Model::Reaction::InterfaceModel::DBIC::COMPONENT("ComponentUI::Model::TestModel", "ComponentUI", HASH(0x563fc215fb50)) called at /usr/local/lib/perl5/site_perl/5.26.3/Catalyst.pm line 3225
	eval {...} called at /usr/local/lib/perl5/site_perl/5.26.3/Catalyst.pm line 3226
	Catalyst::setup_component("ComponentUI", "ComponentUI::Model::TestModel") called at /usr/local/lib/perl5/site_perl/5.26.3/Catalyst.pm line 3203
	Catalyst::__ANON__() called at /usr/local/lib/perl5/site_perl/5.26.3/Catalyst.pm line 3050
	Catalyst::setup_components("ComponentUI") called at /usr/local/lib/perl5/site_perl/5.26.3/Catalyst.pm line 1422
	Catalyst::setup("ComponentUI") called at /root/.cpanm/work/1559392557.6/Reaction-0.002005/blib/lib/ComponentUI.pm line 32
	require ComponentUI.pm called at /usr/local/lib/perl5/site_perl/5.26.3/Module/Runtime.pm line 314
	Module::Runtime::require_module("ComponentUI") called at /usr/local/lib/perl5/site_perl/5.26.3/Class/Load.pm line 174
	Class::Load::try {...} () called at /usr/local/lib/perl5/site_perl/5.26.3/Try/Tiny.pm line 98
	eval {...} called at /usr/local/lib/perl5/site_perl/5.26.3/Try/Tiny.pm line 93
	Try::Tiny::try(CODE(0x563fbb95c368), Try::Tiny::Catch=REF(0x563fbddad188)) called at /usr/local/lib/perl5/site_perl/5.26.3/Class/Load.pm line 180
	Class::Load::try_load_class("ComponentUI", undef) called at /usr/local/lib/perl5/site_perl/5.26.3/Class/Load.pm line 35
	Class::Load::load_class("ComponentUI") called at /usr/local/lib/perl5/site_perl/5.26.3/Test/WWW/Mechanize/Catalyst.pm line 245
	Test::WWW::Mechanize::Catalyst::import("Test::WWW::Mechanize::Catalyst", "ComponentUI") called at t/uncheck_bool_field.t line 6
	main::BEGIN() called at /root/.cpanm/work/1559392557.6/Reaction-0.002005/blib/lib/ComponentUI/TestModel/Foo.pm line 0
	eval {...} called at /root/.cpanm/work/1559392557.6/Reaction-0.002005/blib/lib/ComponentUI/TestModel/Foo.pm line 0
Class::MOP::load_class is deprecated at /usr/local/lib/perl5/site_perl/5.26.3/x86_64-linux-gnu/Class/MOP.pm line 69.
	Class::MOP::load_class("ComponentUI::RenderingContext::Site") called at /root/.cpanm/work/1559392557.6/Reaction-0.002005/blib/lib/Reaction/UI/View.pm line 125
	eval {...} called at /root/.cpanm/work/1559392557.6/Reaction-0.002005/blib/lib/Reaction/UI/View.pm line 125
	Reaction::UI::View::find_related_class(ComponentUI::View::Site=HASH(0x563fbfc0a068), "RenderingContext") called at /root/.cpanm/work/1559392557.6/Reaction-0.002005/blib/lib/Reaction/UI/View.pm line 43
	Reaction::UI::View::_build_rendering_context_class(ComponentUI::View::Site=HASH(0x563fbfc0a068)) called at reader Reaction::UI::View::rendering_context_class (defined at /root/.cpanm/work/1559392557.6/Reaction-0.002005/blib/lib/Reaction/UI/View.pm line 29) line 8
	Reaction::UI::View::rendering_context_class(ComponentUI::View::Site=HASH(0x563fbfc0a068)) called at /root/.cpanm/work/1559392557.6/Reaction-0.002005/blib/lib/Reaction/UI/View.pm line 134
	Reaction::UI::View::create_rendering_context(ComponentUI::View::Site=HASH(0x563fbfc0a068)) called at /root/.cpanm/work/1559392557.6/Reaction-0.002005/blib/lib/Reaction/UI/View.pm line 60
	Reaction::UI::View::render_window(ComponentUI::View::Site=HASH(0x563fbfc0a068), Reaction::UI::Window=HASH(0x563fc370aa00)) called at /root/.cpanm/work/1559392557.6/Reaction-0.002005/blib/lib/Reaction/UI/Window.pm line 74
	Reaction::UI::Window::flush_view(Reaction::UI::Window=HASH(0x563fc370aa00)) called at /root/.cpanm/work/1559392557.6/Reaction-0.002005/blib/lib/Reaction/UI/Window.pm line 36
	Reaction::UI::Window::flush(Reaction::UI::Window=HASH(0x563fc370aa00)) called at /root/.cpanm/work/1559392557.6/Reaction-0.002005/blib/lib/Reaction/UI/Controller/Root.pm line 38
	Reaction::UI::Controller::Root::end(ComponentUI::Controller::Root=HASH(0x563fc370aaf0), ComponentUI=HASH(0x563fc36d98c0)) called at /usr/local/lib/perl5/site_perl/5.26.3/Catalyst/Action.pm line 358
	Catalyst::Action::execute(Catalyst::Action=HASH(0x563fc3459ed0), ComponentUI::Controller::Root=HASH(0x563fc370aaf0), ComponentUI=HASH(0x563fc36d98c0)) called at /usr/local/lib/perl5/site_perl/5.26.3/Catalyst.pm line 2051
	eval {...} called at /usr/local/lib/perl5/site_perl/5.26.3/Catalyst.pm line 2051
	Catalyst::execute(ComponentUI=HASH(0x563fc36d98c0), "ComponentUI::Controller::Root", Catalyst::Action=HASH(0x563fc3459ed0)) called at /usr/local/lib/perl5/site_perl/5.26.3/Catalyst/Action.pm line 353
	Catalyst::Action::dispatch(Catalyst::Action=HASH(0x563fc3459ed0), ComponentUI=HASH(0x563fc36d98c0)) called at /usr/local/lib/perl5/site_perl/5.26.3/Catalyst/Controller.pm line 188
	Catalyst::Controller::_END(ComponentUI::Controller::TestModel::Baz=HASH(0x563fc36cf300), ComponentUI=HASH(0x563fc36d98c0)) called at /usr/local/lib/perl5/site_perl/5.26.3/Catalyst/Action.pm line 358
	Catalyst::Action::execute(Catalyst::Action=HASH(0x563fc34f6be8), ComponentUI::Controller::TestModel::Baz=HASH(0x563fc36cf300), ComponentUI=HASH(0x563fc36d98c0)) called at /usr/local/lib/perl5/site_perl/5.26.3/Catalyst.pm line 2051
	eval {...} called at /usr/local/lib/perl5/site_perl/5.26.3/Catalyst.pm line 2051
	Catalyst::execute(ComponentUI=HASH(0x563fc36d98c0), "ComponentUI::Controller::TestModel::Baz", Catalyst::Action=HASH(0x563fc34f6be8)) called at /usr/local/lib/perl5/site_perl/5.26.3/Catalyst/Action.pm line 353
	Catalyst::Action::dispatch(Catalyst::Action=HASH(0x563fc34f6be8), ComponentUI=HASH(0x563fc36d98c0)) called at /usr/local/lib/perl5/site_perl/5.26.3/Catalyst/Dispatcher.pm line 261
	Catalyst::Dispatcher::_do_forward(Catalyst::Dispatcher=HASH(0x563fbed34250), "forward", ComponentUI=HASH(0x563fc36d98c0), "_END") called at /usr/local/lib/perl5/site_perl/5.26.3/Catalyst/Dispatcher.pm line 241
	Catalyst::Dispatcher::forward(Catalyst::Dispatcher=HASH(0x563fbed34250), ComponentUI=HASH(0x563fc36d98c0), "_END") called at /usr/local/lib/perl5/site_perl/5.26.3/Catalyst.pm line 477
	Catalyst::forward(ComponentUI=HASH(0x563fc36d98c0), "_END") called at /usr/local/lib/perl5/site_perl/5.26.3/Catalyst/Controller.pm line 137
	Catalyst::Controller::_DISPATCH(ComponentUI::Controller::TestModel::Baz=HASH(0x563fc36cf300), ComponentUI=HASH(0x563fc36d98c0)) called at /usr/local/lib/perl5/site_perl/5.26.3/Catalyst/Action.pm line 358
	Catalyst::Action::execute(Catalyst::Action=HASH(0x563fc34fa7c8), ComponentUI::Controller::TestModel::Baz=HASH(0x563fc36cf300), ComponentUI=HASH(0x563fc36d98c0)) called at /usr/local/lib/perl5/site_perl/5.26.3/Catalyst.pm line 2051
	eval {...} called at /usr/local/lib/perl5/site_perl/5.26.3/Catalyst.pm line 2051
	Catalyst::execute(ComponentUI=HASH(0x563fc36d98c0), "ComponentUI::Controller::TestModel::Baz", Catalyst::Action=HASH(0x563fc34fa7c8)) called at /usr/local/lib/perl5/site_perl/5.26.3/Catalyst/Action.pm line 353
	Catalyst::Action::dispatch(Catalyst::Action=HASH(0x563fc34fa7c8), ComponentUI=HASH(0x563fc36d98c0)) called at /usr/local/lib/perl5/site_perl/5.26.3/Catalyst/Dispatcher.pm line 261
	Catalyst::Dispatcher::_do_forward(Catalyst::Dispatcher=HASH(0x563fbed34250), "forward", ComponentUI=HASH(0x563fc36d98c0), "/testmodel/baz/_DISPATCH") called at /usr/local/lib/perl5/site_perl/5.26.3/Catalyst/Dispatcher.pm line 241
	Catalyst::Dispatcher::forward(Catalyst::Dispatcher=HASH(0x563fbed34250), ComponentUI=HASH(0x563fc36d98c0), "/testmodel/baz/_DISPATCH") called at /usr/local/lib/perl5/site_perl/5.26.3/Catalyst.pm line 477
	Catalyst::forward(ComponentUI=HASH(0x563fc36d98c0), "/testmodel/baz/_DISPATCH") called at /usr/local/lib/perl5/site_perl/5.26.3/Catalyst/Dispatcher.pm line 107
	Catalyst::Dispatcher::dispatch(Catalyst::Dispatcher=HASH(0x563fbed34250), ComponentUI=HASH(0x563fc36d98c0)) called at /usr/local/lib/perl5/site_perl/5.26.3/Catalyst.pm line 1997
	Catalyst::dispatch(ComponentUI=HASH(0x563fc36d98c0)) called at /usr/local/lib/perl5/site_perl/5.26.3/Catalyst/Plugin/Static/Simple.pm line 86
	Class::MOP::Class:::around(CODE(0x563fbea102b0), ComponentUI=HASH(0x563fc36d98c0)) called at /usr/local/lib/perl5/site_perl/5.26.3/x86_64-linux-gnu/Class/MOP/Method/Wrapped.pm line 164
	ComponentUI::_wrapped_dispatch(ComponentUI=HASH(0x563fc36d98c0)) called at /usr/local/lib/perl5/site_perl/5.26.3/x86_64-linux-gnu/Class/MOP/Method/Wrapped.pm line 95
	ComponentUI::dispatch(ComponentUI=HASH(0x563fc36d98c0)) called at /usr/local/lib/perl5/site_perl/5.26.3/Catalyst.pm line 2403
	Catalyst::try {...} () called at /usr/local/lib/perl5/site_perl/5.26.3/Try/Tiny.pm line 102
	eval {...} called at /usr/local/lib/perl5/site_perl/5.26.3/Try/Tiny.pm line 93
	Try::Tiny::try(CODE(0x563fc36cbe48), Try::Tiny::Catch=REF(0x563fc36cbc50)) called at /usr/local/lib/perl5/site_perl/5.26.3/Catalyst.pm line 2412
	Catalyst::handle_request("ComponentUI", "env", HASH(0x563fc36f47c8), "response_cb", CODE(0x563fc36cbcb0)) called at /usr/local/lib/perl5/site_perl/5.26.3/Catalyst/Engine.pm line 806
	Catalyst::Engine::__ANON__(CODE(0x563fc36cbcb0)) called at /usr/local/lib/perl5/site_perl/5.26.3/Plack/Middleware/HTTPExceptions.pm line 32
	Plack::Middleware::HTTPExceptions::try {...} () called at /usr/local/lib/perl5/site_perl/5.26.3/Try/Tiny.pm line 102
	eval {...} called at /usr/local/lib/perl5/site_perl/5.26.3/Try/Tiny.pm line 93
	Try::Tiny::try(CODE(0x563fc36cbae8), Try::Tiny::Catch=REF(0x563fc36cb380)) called at /usr/local/lib/perl5/site_perl/5.26.3/Plack/Middleware/HTTPExceptions.pm line 41
	Plack::Middleware::HTTPExceptions::__ANON__(CODE(0x563fc36f4be8)) called at /usr/local/lib/perl5/site_perl/5.26.3/Plack/Util.pm line 339
	Plack::Util::__ANON__(CODE(0x563fc36f4720)) called at /usr/local/lib/perl5/site_perl/5.26.3/Plack/Util.pm line 339
	Plack::Util::__ANON__(CODE(0x563fc36f4630)) called at /usr/local/lib/perl5/site_perl/5.26.3/Plack/Util.pm line 339
	Plack::Util::__ANON__(CODE(0x563fc36f45b8)) called at /usr/local/lib/perl5/site_perl/5.26.3/HTTP/Message/PSGI.pm line 100
	HTTP::Message::PSGI::res_from_psgi(CODE(0x563fc36cb890)) called at /usr/local/lib/perl5/site_perl/5.26.3/HTTP/Message/PSGI.pm line 156
	HTTP::Response::from_psgi("HTTP::Response", CODE(0x563fc36cb890)) called at /usr/local/lib/perl5/site_perl/5.26.3/Plack/Test/MockHTTP.pm line 24
	Plack::Test::MockHTTP::try {...} () called at /usr/local/lib/perl5/site_perl/5.26.3/Try/Tiny.pm line 100
	eval {...} called at /usr/local/lib/perl5/site_perl/5.26.3/Try/Tiny.pm line 93
	Try::Tiny::try(CODE(0x563fc350c450), Try::Tiny::Catch=REF(0x563fc346d338)) called at /usr/local/lib/perl5/site_perl/5.26.3/Plack/Test/MockHTTP.pm line 27
	Plack::Test::MockHTTP::request(Plack::Test::MockHTTP=HASH(0x563fc36c7150), HTTP::Request=HASH(0x563fc367b930)) called at /usr/local/lib/perl5/site_perl/5.26.3/Plack/Test.pm line 38
	Plack::Test::__ANON__(HTTP::Request=HASH(0x563fc367b930)) called at /usr/local/lib/perl5/site_perl/5.26.3/Catalyst/Test.pm line 290
	Catalyst::Test::__ANON__(CODE(0x563fc36c7000)) called at /usr/local/lib/perl5/site_perl/5.26.3/Plack/Test.pm line 38
	Plack::Test::test_psgi("app", CODE(0x563fc35d8118), "mangle_response", CODE(0x563fbdd850a0), "app", CODE(0x563fc36c6e50), "client", CODE(0x563fc36c6ec8)) called at /usr/local/lib/perl5/site_perl/5.26.3/Catalyst/Test.pm line 293
	Catalyst::Test::_request(HASH(0x563fc35d74a0), HTTP::Request=HASH(0x563fc367b930)) called at /usr/local/lib/perl5/site_perl/5.26.3/Catalyst/Test.pm line 336
	Catalyst::Test::_local_request("ComponentUI", HTTP::Request=HASH(0x563fc367b930)) called at /usr/local/lib/perl5/site_perl/5.26.3/Test/WWW/Mechanize/Catalyst.pm line 176
	Test::WWW::Mechanize::Catalyst::_do_catalyst_request(Test::WWW::Mechanize::Catalyst=HASH(0x563fc35cd5b0), HTTP::Request=HASH(0x563fc367b930)) called at /usr/local/lib/perl5/site_perl/5.26.3/Test/WWW/Mechanize/Catalyst.pm line 78
	Test::WWW::Mechanize::Catalyst::_make_request(Test::WWW::Mechanize::Catalyst=HASH(0x563fc35cd5b0), HTTP::Request=HASH(0x563fc367b930)) called at /usr/local/lib/perl5/site_perl/5.26.3/WWW/Mechanize.pm line 1292
	WWW::Mechanize::request(Test::WWW::Mechanize::Catalyst=HASH(0x563fc35cd5b0), HTTP::Request=HASH(0x563fc367b930)) called at /usr/local/lib/perl5/site_perl/5.26.3/LWP/UserAgent.pm line 438
	LWP::UserAgent::get(Test::WWW::Mechanize::Catalyst=HASH(0x563fc35cd5b0), "http://localhost/testmodel/baz/id/1/update") called at /usr/local/lib/perl5/site_perl/5.26.3/WWW/Mechanize.pm line 122
	WWW::Mechanize::get(Test::WWW::Mechanize::Catalyst=HASH(0x563fc35cd5b0), "http://localhost/testmodel/baz/id/1/update") called at /usr/local/lib/perl5/site_perl/5.26.3/Test/WWW/Mechanize.pm line 179
	Test::WWW::Mechanize::get_ok(Test::WWW::Mechanize::Catalyst=HASH(0x563fc35cd5b0), "http://localhost/testmodel/baz/id/1/update") called at t/uncheck_bool_field.t line 9
Class::MOP::is_class_loaded is deprecated at /usr/local/lib/perl5/site_perl/5.26.3/x86_64-linux-gnu/Class/MOP.pm line 87.
	Class::MOP::is_class_loaded("ComponentUI::UI::Widget::SiteLayout") called at /root/.cpanm/work/1559392557.6/Reaction-0.002005/blib/lib/Reaction/UI/Skin.pm line 178
	Reaction::UI::Skin::widget_class_for(Reaction::UI::Skin=HASH(0x563fc39c8b48), Reaction::UI::LayoutSet::TT=HASH(0x563fc3ae8070)) called at /root/.cpanm/work/1559392557.6/Reaction-0.002005/blib/lib/Reaction/UI/LayoutSet.pm line 29
	Reaction::UI::LayoutSet::BUILD(Reaction::UI::LayoutSet::TT=HASH(0x563fc3ae8070), HASH(0x563fc3ae8058)) called at constructor Reaction::UI::LayoutSet::TT::new (defined at /root/.cpanm/work/1559392557.6/Reaction-0.002005/blib/lib/Reaction/UI/LayoutSet/TT.pm line 43) line 80
	Reaction::UI::LayoutSet::TT::new("Reaction::UI::LayoutSet::TT", "name", "site_layout", "skin", Reaction::UI::Skin=HASH(0x563fc39c8b48), "tt_object", Template=HASH(0x563fc1efcb40), "source_file", ...) called at /root/.cpanm/work/1559392557.6/Reaction-0.002005/blib/lib/Reaction/UI/Skin.pm line 115
	Reaction::UI::Skin::_create_layout_set(Reaction::UI::Skin=HASH(0x563fc39c8b48), "site_layout", ARRAY(0x563fc3ae7980), Reaction::UI::Skin=HASH(0x563fc39c8b48)) called at /root/.cpanm/work/1559392557.6/Reaction-0.002005/blib/lib/Reaction/UI/Skin.pm line 110
	Reaction::UI::Skin::create_layout_set(Reaction::UI::Skin=HASH(0x563fc39c8b48), "site_layout") called at /root/.cpanm/work/1559392557.6/Reaction-0.002005/blib/lib/Reaction/UI/LayoutSet.pm line 83
	Reaction::UI::LayoutSet::_load_file(Reaction::UI::LayoutSet::TT=HASH(0x563fc3ad2910), Path::Class::File=HASH(0x563fc3a74ea8), HASH(0x563fc3ad2778)) called at /root/.cpanm/work/1559392557.6/Reaction-0.002005/blib/lib/Reaction/UI/LayoutSet.pm line 27
	Reaction::UI::LayoutSet::BUILD(Reaction::UI::LayoutSet::TT=HASH(0x563fc3ad2910), HASH(0x563fc3ad2778)) called at constructor Reaction::UI::LayoutSet::TT::new (defined at /root/.cpanm/work/1559392557.6/Reaction-0.002005/blib/lib/Reaction/UI/LayoutSet/TT.pm line 43) line 80
	Reaction::UI::LayoutSet::TT::new("Reaction::UI::LayoutSet::TT", "name", "site_layout", "skin", Reaction::UI::Skin=HASH(0x563fc3a77b70), "next_skin", Reaction::UI::Skin=HASH(0x563fc39c8b48), "tt_object", ...) called at /root/.cpanm/work/1559392557.6/Reaction-0.002005/blib/lib/Reaction/UI/Skin.pm line 115
	Reaction::UI::Skin::_create_layout_set(Reaction::UI::Skin=HASH(0x563fc3a77b70), "site_layout", ARRAY(0x563fc3a344a8), Reaction::UI::Skin=HASH(0x563fc3a77b70)) called at /root/.cpanm/work/1559392557.6/Reaction-0.002005/blib/lib/Reaction/UI/Skin.pm line 110
	Reaction::UI::Skin::create_layout_set(Reaction::UI::Skin=HASH(0x563fc3a77b70), "site_layout") called at /root/.cpanm/work/1559392557.6/Reaction-0.002005/blib/lib/Reaction/UI/LayoutSet.pm line 83
	Reaction::UI::LayoutSet::_load_file(Reaction::UI::LayoutSet::TT=HASH(0x563fc3a691e0), Path::Class::File=HASH(0x563fc3a7bb28), HASH(0x563fc3a690d8)) called at /root/.cpanm/work/1559392557.6/Reaction-0.002005/blib/lib/Reaction/UI/LayoutSet.pm line 27
	Reaction::UI::LayoutSet::BUILD(Reaction::UI::LayoutSet::TT=HASH(0x563fc3a691e0), HASH(0x563fc3a690d8)) called at constructor Reaction::UI::LayoutSet::TT::new (defined at /root/.cpanm/work/1559392557.6/Reaction-0.002005/blib/lib/Reaction/UI/LayoutSet/TT.pm line 43) line 80
	Reaction::UI::LayoutSet::TT::new("Reaction::UI::LayoutSet::TT", "name", "site_layout", "skin", Reaction::UI::Skin=HASH(0x563fc3a68b80), "next_skin", Reaction::UI::Skin=HASH(0x563fc3a77b70), "tt_object", ...) called at /root/.cpanm/work/1559392557.6/Reaction-0.002005/blib/lib/Reaction/UI/Skin.pm line 115
	Reaction::UI::Skin::_create_layout_set(Reaction::UI::Skin=HASH(0x563fc3a68b80), "site_layout", ARRAY(0x563fc3a79608), Reaction::UI::Skin=HASH(0x563fc3a68b80)) called at /root/.cpanm/work/1559392557.6/Reaction-0.002005/blib/lib/Reaction/UI/Skin.pm line 110
	Reaction::UI::Skin::create_layout_set(Reaction::UI::Skin=HASH(0x563fc3a68b80), "site_layout") called at inline delegation in Reaction::UI::View for skin->create_layout_set (attribute declared in /root/.cpanm/work/1559392557.6/Reaction-0.002005/blib/lib/Reaction/UI/View.pm at line 22) line 18
	Reaction::UI::View::create_layout_set(ComponentUI::View::Site=HASH(0x563fbfc0a068), "site_layout") called at /root/.cpanm/work/1559392557.6/Reaction-0.002005/blib/lib/Reaction/UI/View.pm line 99
	Reaction::UI::View::layout_set_for(ComponentUI::View::Site=HASH(0x563fbfc0a068), Reaction::UI::ViewPort::SiteLayout=HASH(0x563fc370d858)) called at /root/.cpanm/work/1559392557.6/Reaction-0.002005/blib/lib/Reaction/UI/View.pm line 78
	Reaction::UI::View::render_viewport_args(ComponentUI::View::Site=HASH(0x563fbfc0a068), Reaction::UI::ViewPort::SiteLayout=HASH(0x563fc370d858)) called at /root/.cpanm/work/1559392557.6/Reaction-0.002005/blib/lib/Reaction/UI/View.pm line 61
	Reaction::UI::View::render_window(ComponentUI::View::Site=HASH(0x563fbfc0a068), Reaction::UI::Window=HASH(0x563fc370aa00)) called at /root/.cpanm/work/1559392557.6/Reaction-0.002005/blib/lib/Reaction/UI/Window.pm line 74
	Reaction::UI::Window::flush_view(Reaction::UI::Window=HASH(0x563fc370aa00)) called at /root/.cpanm/work/1559392557.6/Reaction-0.002005/blib/lib/Reaction/UI/Window.pm line 36
	Reaction::UI::Window::flush(Reaction::UI::Window=HASH(0x563fc370aa00)) called at /root/.cpanm/work/1559392557.6/Reaction-0.002005/blib/lib/Reaction/UI/Controller/Root.pm line 38
	Reaction::UI::Controller::Root::end(ComponentUI::Controller::Root=HASH(0x563fc370aaf0), ComponentUI=HASH(0x563fc36d98c0)) called at /usr/local/lib/perl5/site_perl/5.26.3/Catalyst/Action.pm line 358
	Catalyst::Action::execute(Catalyst::Action=HASH(0x563fc3459ed0), ComponentUI::Controller::Root=HASH(0x563fc370aaf0), ComponentUI=HASH(0x563fc36d98c0)) called at /usr/local/lib/perl5/site_perl/5.26.3/Catalyst.pm line 2051
	eval {...} called at /usr/local/lib/perl5/site_perl/5.26.3/Catalyst.pm line 2051
	Catalyst::execute(ComponentUI=HASH(0x563fc36d98c0), "ComponentUI::Controller::Root", Catalyst::Action=HASH(0x563fc3459ed0)) called at /usr/local/lib/perl5/site_perl/5.26.3/Catalyst/Action.pm line 353
	Catalyst::Action::dispatch(Catalyst::Action=HASH(0x563fc3459ed0), ComponentUI=HASH(0x563fc36d98c0)) called at /usr/local/lib/perl5/site_perl/5.26.3/Catalyst/Controller.pm line 188
	Catalyst::Controller::_END(ComponentUI::Controller::TestModel::Baz=HASH(0x563fc36cf300), ComponentUI=HASH(0x563fc36d98c0)) called at /usr/local/lib/perl5/site_perl/5.26.3/Catalyst/Action.pm line 358
	Catalyst::Action::execute(Catalyst::Action=HASH(0x563fc34f6be8), ComponentUI::Controller::TestModel::Baz=HASH(0x563fc36cf300), ComponentUI=HASH(0x563fc36d98c0)) called at /usr/local/lib/perl5/site_perl/5.26.3/Catalyst.pm line 2051
	eval {...} called at /usr/local/lib/perl5/site_perl/5.26.3/Catalyst.pm line 2051
	Catalyst::execute(ComponentUI=HASH(0x563fc36d98c0), "ComponentUI::Controller::TestModel::Baz", Catalyst::Action=HASH(0x563fc34f6be8)) called at /usr/local/lib/perl5/site_perl/5.26.3/Catalyst/Action.pm line 353
	Catalyst::Action::dispatch(Catalyst::Action=HASH(0x563fc34f6be8), ComponentUI=HASH(0x563fc36d98c0)) called at /usr/local/lib/perl5/site_perl/5.26.3/Catalyst/Dispatcher.pm line 261
	Catalyst::Dispatcher::_do_forward(Catalyst::Dispatcher=HASH(0x563fbed34250), "forward", ComponentUI=HASH(0x563fc36d98c0), "_END") called at /usr/local/lib/perl5/site_perl/5.26.3/Catalyst/Dispatcher.pm line 241
	Catalyst::Dispatcher::forward(Catalyst::Dispatcher=HASH(0x563fbed34250), ComponentUI=HASH(0x563fc36d98c0), "_END") called at /usr/local/lib/perl5/site_perl/5.26.3/Catalyst.pm line 477
	Catalyst::forward(ComponentUI=HASH(0x563fc36d98c0), "_END") called at /usr/local/lib/perl5/site_perl/5.26.3/Catalyst/Controller.pm line 137
	Catalyst::Controller::_DISPATCH(ComponentUI::Controller::TestModel::Baz=HASH(0x563fc36cf300), ComponentUI=HASH(0x563fc36d98c0)) called at /usr/local/lib/perl5/site_perl/5.26.3/Catalyst/Action.pm line 358
	Catalyst::Action::execute(Catalyst::Action=HASH(0x563fc34fa7c8), ComponentUI::Controller::TestModel::Baz=HASH(0x563fc36cf300), ComponentUI=HASH(0x563fc36d98c0)) called at /usr/local/lib/perl5/site_perl/5.26.3/Catalyst.pm line 2051
	eval {...} called at /usr/local/lib/perl5/site_perl/5.26.3/Catalyst.pm line 2051
	Catalyst::execute(ComponentUI=HASH(0x563fc36d98c0), "ComponentUI::Controller::TestModel::Baz", Catalyst::Action=HASH(0x563fc34fa7c8)) called at /usr/local/lib/perl5/site_perl/5.26.3/Catalyst/Action.pm line 353
	Catalyst::Action::dispatch(Catalyst::Action=HASH(0x563fc34fa7c8), ComponentUI=HASH(0x563fc36d98c0)) called at /usr/local/lib/perl5/site_perl/5.26.3/Catalyst/Dispatcher.pm line 261
	Catalyst::Dispatcher::_do_forward(Catalyst::Dispatcher=HASH(0x563fbed34250), "forward", ComponentUI=HASH(0x563fc36d98c0), "/testmodel/baz/_DISPATCH") called at /usr/local/lib/perl5/site_perl/5.26.3/Catalyst/Dispatcher.pm line 241
	Catalyst::Dispatcher::forward(Catalyst::Dispatcher=HASH(0x563fbed34250), ComponentUI=HASH(0x563fc36d98c0), "/testmodel/baz/_DISPATCH") called at /usr/local/lib/perl5/site_perl/5.26.3/Catalyst.pm line 477
	Catalyst::forward(ComponentUI=HASH(0x563fc36d98c0), "/testmodel/baz/_DISPATCH") called at /usr/local/lib/perl5/site_perl/5.26.3/Catalyst/Dispatcher.pm line 107
	Catalyst::Dispatcher::dispatch(Catalyst::Dispatcher=HASH(0x563fbed34250), ComponentUI=HASH(0x563fc36d98c0)) called at /usr/local/lib/perl5/site_perl/5.26.3/Catalyst.pm line 1997
	Catalyst::dispatch(ComponentUI=HASH(0x563fc36d98c0)) called at /usr/local/lib/perl5/site_perl/5.26.3/Catalyst/Plugin/Static/Simple.pm line 86
	Class::MOP::Class:::around(CODE(0x563fbea102b0), ComponentUI=HASH(0x563fc36d98c0)) called at /usr/local/lib/perl5/site_perl/5.26.3/x86_64-linux-gnu/Class/MOP/Method/Wrapped.pm line 164
	ComponentUI::_wrapped_dispatch(ComponentUI=HASH(0x563fc36d98c0)) called at /usr/local/lib/perl5/site_perl/5.26.3/x86_64-linux-gnu/Class/MOP/Method/Wrapped.pm line 95
	ComponentUI::dispatch(ComponentUI=HASH(0x563fc36d98c0)) called at /usr/local/lib/perl5/site_perl/5.26.3/Catalyst.pm line 2403
	Catalyst::try {...} () called at /usr/local/lib/perl5/site_perl/5.26.3/Try/Tiny.pm line 102
	eval {...} called at /usr/local/lib/perl5/site_perl/5.26.3/Try/Tiny.pm line 93
	Try::Tiny::try(CODE(0x563fc36cbe48), Try::Tiny::Catch=REF(0x563fc36cbc50)) called at /usr/local/lib/perl5/site_perl/5.26.3/Catalyst.pm line 2412
	Catalyst::handle_request("ComponentUI", "env", HASH(0x563fc36f47c8), "response_cb", CODE(0x563fc36cbcb0)) called at /usr/local/lib/perl5/site_perl/5.26.3/Catalyst/Engine.pm line 806
	Catalyst::Engine::__ANON__(CODE(0x563fc36cbcb0)) called at /usr/local/lib/perl5/site_perl/5.26.3/Plack/Middleware/HTTPExceptions.pm line 32
	Plack::Middleware::HTTPExceptions::try {...} () called at /usr/local/lib/perl5/site_perl/5.26.3/Try/Tiny.pm line 102
	eval {...} called at /usr/local/lib/perl5/site_perl/5.26.3/Try/Tiny.pm line 93
	Try::Tiny::try(CODE(0x563fc36cbae8), Try::Tiny::Catch=REF(0x563fc36cb380)) called at /usr/local/lib/perl5/site_perl/5.26.3/Plack/Middleware/HTTPExceptions.pm line 41
	Plack::Middleware::HTTPExceptions::__ANON__(CODE(0x563fc36f4be8)) called at /usr/local/lib/perl5/site_perl/5.26.3/Plack/Util.pm line 339
	Plack::Util::__ANON__(CODE(0x563fc36f4720)) called at /usr/local/lib/perl5/site_perl/5.26.3/Plack/Util.pm line 339
	Plack::Util::__ANON__(CODE(0x563fc36f4630)) called at /usr/local/lib/perl5/site_perl/5.26.3/Plack/Util.pm line 339
	Plack::Util::__ANON__(CODE(0x563fc36f45b8)) called at /usr/local/lib/perl5/site_perl/5.26.3/HTTP/Message/PSGI.pm line 100
	HTTP::Message::PSGI::res_from_psgi(CODE(0x563fc36cb890)) called at /usr/local/lib/perl5/site_perl/5.26.3/HTTP/Message/PSGI.pm line 156
	HTTP::Response::from_psgi("HTTP::Response", CODE(0x563fc36cb890)) called at /usr/local/lib/perl5/site_perl/5.26.3/Plack/Test/MockHTTP.pm line 24
	Plack::Test::MockHTTP::try {...} () called at /usr/local/lib/perl5/site_perl/5.26.3/Try/Tiny.pm line 100
	eval {...} called at /usr/local/lib/perl5/site_perl/5.26.3/Try/Tiny.pm line 93
	Try::Tiny::try(CODE(0x563fc350c450), Try::Tiny::Catch=REF(0x563fc346d338)) called at /usr/local/lib/perl5/site_perl/5.26.3/Plack/Test/MockHTTP.pm line 27
	Plack::Test::MockHTTP::request(Plack::Test::MockHTTP=HASH(0x563fc36c7150), HTTP::Request=HASH(0x563fc367b930)) called at /usr/local/lib/perl5/site_perl/5.26.3/Plack/Test.pm line 38
	Plack::Test::__ANON__(HTTP::Request=HASH(0x563fc367b930)) called at /usr/local/lib/perl5/site_perl/5.26.3/Catalyst/Test.pm line 290
	Catalyst::Test::__ANON__(CODE(0x563fc36c7000)) called at /usr/local/lib/perl5/site_perl/5.26.3/Plack/Test.pm line 38
	Plack::Test::test_psgi("app", CODE(0x563fc35d8118), "mangle_response", CODE(0x563fbdd850a0), "app", CODE(0x563fc36c6e50), "client", CODE(0x563fc36c6ec8)) called at /usr/local/lib/perl5/site_perl/5.26.3/Catalyst/Test.pm line 293
	Catalyst::Test::_request(HASH(0x563fc35d74a0), HTTP::Request=HASH(0x563fc367b930)) called at /usr/local/lib/perl5/site_perl/5.26.3/Catalyst/Test.pm line 336
	Catalyst::Test::_local_request("ComponentUI", HTTP::Request=HASH(0x563fc367b930)) called at /usr/local/lib/perl5/site_perl/5.26.3/Test/WWW/Mechanize/Catalyst.pm line 176
	Test::WWW::Mechanize::Catalyst::_do_catalyst_request(Test::WWW::Mechanize::Catalyst=HASH(0x563fc35cd5b0), HTTP::Request=HASH(0x563fc367b930)) called at /usr/local/lib/perl5/site_perl/5.26.3/Test/WWW/Mechanize/Catalyst.pm line 78
	Test::WWW::Mechanize::Catalyst::_make_request(Test::WWW::Mechanize::Catalyst=HASH(0x563fc35cd5b0), HTTP::Request=HASH(0x563fc367b930)) called at /usr/local/lib/perl5/site_perl/5.26.3/WWW/Mechanize.pm line 1292
	WWW::Mechanize::request(Test::WWW::Mechanize::Catalyst=HASH(0x563fc35cd5b0), HTTP::Request=HASH(0x563fc367b930)) called at /usr/local/lib/perl5/site_perl/5.26.3/LWP/UserAgent.pm line 438
	LWP::UserAgent::get(Test::WWW::Mechanize::Catalyst=HASH(0x563fc35cd5b0), "http://localhost/testmodel/baz/id/1/update") called at /usr/local/lib/perl5/site_perl/5.26.3/WWW/Mechanize.pm line 122
	WWW::Mechanize::get(Test::WWW::Mechanize::Catalyst=HASH(0x563fc35cd5b0), "http://localhost/testmodel/baz/id/1/update") called at /usr/local/lib/perl5/site_perl/5.26.3/Test/WWW/Mechanize.pm line 179
	Test::WWW::Mechanize::get_ok(Test::WWW::Mechanize::Catalyst=HASH(0x563fc35cd5b0), "http://localhost/testmodel/baz/id/1/update") called at t/uncheck_bool_field.t line 9
Class::MOP::load_class is deprecated at /usr/local/lib/perl5/site_perl/5.26.3/x86_64-linux-gnu/Class/MOP.pm line 69.
	Class::MOP::load_class("Reaction::UI::Widget::SiteLayout") called at /root/.cpanm/work/1559392557.6/Reaction-0.002005/blib/lib/Reaction/UI/Skin.pm line 181
	eval {...} called at /root/.cpanm/work/1559392557.6/Reaction-0.002005/blib/lib/Reaction/UI/Skin.pm line 181
	Reaction::UI::Skin::widget_class_for(Reaction::UI::Skin=HASH(0x563fc39c8b48), Reaction::UI::LayoutSet::TT=HASH(0x563fc3ae8070)) called at /root/.cpanm/work/1559392557.6/Reaction-0.002005/blib/lib/Reaction/UI/LayoutSet.pm line 29
	Reaction::UI::LayoutSet::BUILD(Reaction::UI::LayoutSet::TT=HASH(0x563fc3ae8070), HASH(0x563fc3ae8058)) called at constructor Reaction::UI::LayoutSet::TT::new (defined at /root/.cpanm/work/1559392557.6/Reaction-0.002005/blib/lib/Reaction/UI/LayoutSet/TT.pm line 43) line 80
	Reaction::UI::LayoutSet::TT::new("Reaction::UI::LayoutSet::TT", "name", "site_layout", "skin", Reaction::UI::Skin=HASH(0x563fc39c8b48), "tt_object", Template=HASH(0x563fc1efcb40), "source_file", ...) called at /root/.cpanm/work/1559392557.6/Reaction-0.002005/blib/lib/Reaction/UI/Skin.pm line 115
	Reaction::UI::Skin::_create_layout_set(Reaction::UI::Skin=HASH(0x563fc39c8b48), "site_layout", ARRAY(0x563fc3ae7980), Reaction::UI::Skin=HASH(0x563fc39c8b48)) called at /root/.cpanm/work/1559392557.6/Reaction-0.002005/blib/lib/Reaction/UI/Skin.pm line 110
	Reaction::UI::Skin::create_layout_set(Reaction::UI::Skin=HASH(0x563fc39c8b48), "site_layout") called at /root/.cpanm/work/1559392557.6/Reaction-0.002005/blib/lib/Reaction/UI/LayoutSet.pm line 83
	Reaction::UI::LayoutSet::_load_file(Reaction::UI::LayoutSet::TT=HASH(0x563fc3ad2910), Path::Class::File=HASH(0x563fc3a74ea8), HASH(0x563fc3ad2778)) called at /root/.cpanm/work/1559392557.6/Reaction-0.002005/blib/lib/Reaction/UI/LayoutSet.pm line 27
	Reaction::UI::LayoutSet::BUILD(Reaction::UI::LayoutSet::TT=HASH(0x563fc3ad2910), HASH(0x563fc3ad2778)) called at constructor Reaction::UI::LayoutSet::TT::new (defined at /root/.cpanm/work/1559392557.6/Reaction-0.002005/blib/lib/Reaction/UI/LayoutSet/TT.pm line 43) line 80
	Reaction::UI::LayoutSet::TT::new("Reaction::UI::LayoutSet::TT", "name", "site_layout", "skin", Reaction::UI::Skin=HASH(0x563fc3a77b70), "next_skin", Reaction::UI::Skin=HASH(0x563fc39c8b48), "tt_object", ...) called at /root/.cpanm/work/1559392557.6/Reaction-0.002005/blib/lib/Reaction/UI/Skin.pm line 115
	Reaction::UI::Skin::_create_layout_set(Reaction::UI::Skin=HASH(0x563fc3a77b70), "site_layout", ARRAY(0x563fc3a344a8), Reaction::UI::Skin=HASH(0x563fc3a77b70)) called at /root/.cpanm/work/1559392557.6/Reaction-0.002005/blib/lib/Reaction/UI/Skin.pm line 110
	Reaction::UI::Skin::create_layout_set(Reaction::UI::Skin=HASH(0x563fc3a77b70), "site_layout") called at /root/.cpanm/work/1559392557.6/Reaction-0.002005/blib/lib/Reaction/UI/LayoutSet.pm line 83
	Reaction::UI::LayoutSet::_load_file(Reaction::UI::LayoutSet::TT=HASH(0x563fc3a691e0), Path::Class::File=HASH(0x563fc3a7bb28), HASH(0x563fc3a690d8)) called at /root/.cpanm/work/1559392557.6/Reaction-0.002005/blib/lib/Reaction/UI/LayoutSet.pm line 27
	Reaction::UI::LayoutSet::BUILD(Reaction::UI::LayoutSet::TT=HASH(0x563fc3a691e0), HASH(0x563fc3a690d8)) called at constructor Reaction::UI::LayoutSet::TT::new (defined at /root/.cpanm/work/1559392557.6/Reaction-0.002005/blib/lib/Reaction/UI/LayoutSet/TT.pm line 43) line 80
	Reaction::UI::LayoutSet::TT::new("Reaction::UI::LayoutSet::TT", "name", "site_layout", "skin", Reaction::UI::Skin=HASH(0x563fc3a68b80), "next_skin", Reaction::UI::Skin=HASH(0x563fc3a77b70), "tt_object", ...) called at /root/.cpanm/work/1559392557.6/Reaction-0.002005/blib/lib/Reaction/UI/Skin.pm line 115
	Reaction::UI::Skin::_create_layout_set(Reaction::UI::Skin=HASH(0x563fc3a68b80), "site_layout", ARRAY(0x563fc3a79608), Reaction::UI::Skin=HASH(0x563fc3a68b80)) called at /root/.cpanm/work/1559392557.6/Reaction-0.002005/blib/lib/Reaction/UI/Skin.pm line 110
	Reaction::UI::Skin::create_layout_set(Reaction::UI::Skin=HASH(0x563fc3a68b80), "site_layout") called at inline delegation in Reaction::UI::View for skin->create_layout_set (attribute declared in /root/.cpanm/work/1559392557.6/Reaction-0.002005/blib/lib/Reaction/UI/View.pm at line 22) line 18
	Reaction::UI::View::create_layout_set(ComponentUI::View::Site=HASH(0x563fbfc0a068), "site_layout") called at /root/.cpanm/work/1559392557.6/Reaction-0.002005/blib/lib/Reaction/UI/View.pm line 99
	Reaction::UI::View::layout_set_for(ComponentUI::View::Site=HASH(0x563fbfc0a068), Reaction::UI::ViewPort::SiteLayout=HASH(0x563fc370d858)) called at /root/.cpanm/work/1559392557.6/Reaction-0.002005/blib/lib/Reaction/UI/View.pm line 78
	Reaction::UI::View::render_viewport_args(ComponentUI::View::Site=HASH(0x563fbfc0a068), Reaction::UI::ViewPort::SiteLayout=HASH(0x563fc370d858)) called at /root/.cpanm/work/1559392557.6/Reaction-0.002005/blib/lib/Reaction/UI/View.pm line 61
	Reaction::UI::View::render_window(ComponentUI::View::Site=HASH(0x563fbfc0a068), Reaction::UI::Window=HASH(0x563fc370aa00)) called at /root/.cpanm/work/1559392557.6/Reaction-0.002005/blib/lib/Reaction/UI/Window.pm line 74
	Reaction::UI::Window::flush_view(Reaction::UI::Window=HASH(0x563fc370aa00)) called at /root/.cpanm/work/1559392557.6/Reaction-0.002005/blib/lib/Reaction/UI/Window.pm line 36
	Reaction::UI::Window::flush(Reaction::UI::Window=HASH(0x563fc370aa00)) called at /root/.cpanm/work/1559392557.6/Reaction-0.002005/blib/lib/Reaction/UI/Controller/Root.pm line 38
	Reaction::UI::Controller::Root::end(ComponentUI::Controller::Root=HASH(0x563fc370aaf0), ComponentUI=HASH(0x563fc36d98c0)) called at /usr/local/lib/perl5/site_perl/5.26.3/Catalyst/Action.pm line 358
	Catalyst::Action::execute(Catalyst::Action=HASH(0x563fc3459ed0), ComponentUI::Controller::Root=HASH(0x563fc370aaf0), ComponentUI=HASH(0x563fc36d98c0)) called at /usr/local/lib/perl5/site_perl/5.26.3/Catalyst.pm line 2051
	eval {...} called at /usr/local/lib/perl5/site_perl/5.26.3/Catalyst.pm line 2051
	Catalyst::execute(ComponentUI=HASH(0x563fc36d98c0), "ComponentUI::Controller::Root", Catalyst::Action=HASH(0x563fc3459ed0)) called at /usr/local/lib/perl5/site_perl/5.26.3/Catalyst/Action.pm line 353
	Catalyst::Action::dispatch(Catalyst::Action=HASH(0x563fc3459ed0), ComponentUI=HASH(0x563fc36d98c0)) called at /usr/local/lib/perl5/site_perl/5.26.3/Catalyst/Controller.pm line 188
	Catalyst::Controller::_END(ComponentUI::Controller::TestModel::Baz=HASH(0x563fc36cf300), ComponentUI=HASH(0x563fc36d98c0)) called at /usr/local/lib/perl5/site_perl/5.26.3/Catalyst/Action.pm line 358
	Catalyst::Action::execute(Catalyst::Action=HASH(0x563fc34f6be8), ComponentUI::Controller::TestModel::Baz=HASH(0x563fc36cf300), ComponentUI=HASH(0x563fc36d98c0)) called at /usr/local/lib/perl5/site_perl/5.26.3/Catalyst.pm line 2051
	eval {...} called at /usr/local/lib/perl5/site_perl/5.26.3/Catalyst.pm line 2051
	Catalyst::execute(ComponentUI=HASH(0x563fc36d98c0), "ComponentUI::Controller::TestModel::Baz", Catalyst::Action=HASH(0x563fc34f6be8)) called at /usr/local/lib/perl5/site_perl/5.26.3/Catalyst/Action.pm line 353
	Catalyst::Action::dispatch(Catalyst::Action=HASH(0x563fc34f6be8), ComponentUI=HASH(0x563fc36d98c0)) called at /usr/local/lib/perl5/site_perl/5.26.3/Catalyst/Dispatcher.pm line 261
	Catalyst::Dispatcher::_do_forward(Catalyst::Dispatcher=HASH(0x563fbed34250), "forward", ComponentUI=HASH(0x563fc36d98c0), "_END") called at /usr/local/lib/perl5/site_perl/5.26.3/Catalyst/Dispatcher.pm line 241
	Catalyst::Dispatcher::forward(Catalyst::Dispatcher=HASH(0x563fbed34250), ComponentUI=HASH(0x563fc36d98c0), "_END") called at /usr/local/lib/perl5/site_perl/5.26.3/Catalyst.pm line 477
	Catalyst::forward(ComponentUI=HASH(0x563fc36d98c0), "_END") called at /usr/local/lib/perl5/site_perl/5.26.3/Catalyst/Controller.pm line 137
	Catalyst::Controller::_DISPATCH(ComponentUI::Controller::TestModel::Baz=HASH(0x563fc36cf300), ComponentUI=HASH(0x563fc36d98c0)) called at /usr/local/lib/perl5/site_perl/5.26.3/Catalyst/Action.pm line 358
	Catalyst::Action::execute(Catalyst::Action=HASH(0x563fc34fa7c8), ComponentUI::Controller::TestModel::Baz=HASH(0x563fc36cf300), ComponentUI=HASH(0x563fc36d98c0)) called at /usr/local/lib/perl5/site_perl/5.26.3/Catalyst.pm line 2051
	eval {...} called at /usr/local/lib/perl5/site_perl/5.26.3/Catalyst.pm line 2051
	Catalyst::execute(ComponentUI=HASH(0x563fc36d98c0), "ComponentUI::Controller::TestModel::Baz", Catalyst::Action=HASH(0x563fc34fa7c8)) called at /usr/local/lib/perl5/site_perl/5.26.3/Catalyst/Action.pm line 353
	Catalyst::Action::dispatch(Catalyst::Action=HASH(0x563fc34fa7c8), ComponentUI=HASH(0x563fc36d98c0)) called at /usr/local/lib/perl5/site_perl/5.26.3/Catalyst/Dispatcher.pm line 261
	Catalyst::Dispatcher::_do_forward(Catalyst::Dispatcher=HASH(0x563fbed34250), "forward", ComponentUI=HASH(0x563fc36d98c0), "/testmodel/baz/_DISPATCH") called at /usr/local/lib/perl5/site_perl/5.26.3/Catalyst/Dispatcher.pm line 241
	Catalyst::Dispatcher::forward(Catalyst::Dispatcher=HASH(0x563fbed34250), ComponentUI=HASH(0x563fc36d98c0), "/testmodel/baz/_DISPATCH") called at /usr/local/lib/perl5/site_perl/5.26.3/Catalyst.pm line 477
	Catalyst::forward(ComponentUI=HASH(0x563fc36d98c0), "/testmodel/baz/_DISPATCH") called at /usr/local/lib/perl5/site_perl/5.26.3/Catalyst/Dispatcher.pm line 107
	Catalyst::Dispatcher::dispatch(Catalyst::Dispatcher=HASH(0x563fbed34250), ComponentUI=HASH(0x563fc36d98c0)) called at /usr/local/lib/perl5/site_perl/5.26.3/Catalyst.pm line 1997
	Catalyst::dispatch(ComponentUI=HASH(0x563fc36d98c0)) called at /usr/local/lib/perl5/site_perl/5.26.3/Catalyst/Plugin/Static/Simple.pm line 86
	Class::MOP::Class:::around(CODE(0x563fbea102b0), ComponentUI=HASH(0x563fc36d98c0)) called at /usr/local/lib/perl5/site_perl/5.26.3/x86_64-linux-gnu/Class/MOP/Method/Wrapped.pm line 164
	ComponentUI::_wrapped_dispatch(ComponentUI=HASH(0x563fc36d98c0)) called at /usr/local/lib/perl5/site_perl/5.26.3/x86_64-linux-gnu/Class/MOP/Method/Wrapped.pm line 95
	ComponentUI::dispatch(ComponentUI=HASH(0x563fc36d98c0)) called at /usr/local/lib/perl5/site_perl/5.26.3/Catalyst.pm line 2403
	Catalyst::try {...} () called at /usr/local/lib/perl5/site_perl/5.26.3/Try/Tiny.pm line 102
	eval {...} called at /usr/local/lib/perl5/site_perl/5.26.3/Try/Tiny.pm line 93
	Try::Tiny::try(CODE(0x563fc36cbe48), Try::Tiny::Catch=REF(0x563fc36cbc50)) called at /usr/local/lib/perl5/site_perl/5.26.3/Catalyst.pm line 2412
	Catalyst::handle_request("ComponentUI", "env", HASH(0x563fc36f47c8), "response_cb", CODE(0x563fc36cbcb0)) called at /usr/local/lib/perl5/site_perl/5.26.3/Catalyst/Engine.pm line 806
	Catalyst::Engine::__ANON__(CODE(0x563fc36cbcb0)) called at /usr/local/lib/perl5/site_perl/5.26.3/Plack/Middleware/HTTPExceptions.pm line 32
	Plack::Middleware::HTTPExceptions::try {...} () called at /usr/local/lib/perl5/site_perl/5.26.3/Try/Tiny.pm line 102
	eval {...} called at /usr/local/lib/perl5/site_perl/5.26.3/Try/Tiny.pm line 93
	Try::Tiny::try(CODE(0x563fc36cbae8), Try::Tiny::Catch=REF(0x563fc36cb380)) called at /usr/local/lib/perl5/site_perl/5.26.3/Plack/Middleware/HTTPExceptions.pm line 41
	Plack::Middleware::HTTPExceptions::__ANON__(CODE(0x563fc36f4be8)) called at /usr/local/lib/perl5/site_perl/5.26.3/Plack/Util.pm line 339
	Plack::Util::__ANON__(CODE(0x563fc36f4720)) called at /usr/local/lib/perl5/site_perl/5.26.3/Plack/Util.pm line 339
	Plack::Util::__ANON__(CODE(0x563fc36f4630)) called at /usr/local/lib/perl5/site_perl/5.26.3/Plack/Util.pm line 339
	Plack::Util::__ANON__(CODE(0x563fc36f45b8)) called at /usr/local/lib/perl5/site_perl/5.26.3/HTTP/Message/PSGI.pm line 100
	HTTP::Message::PSGI::res_from_psgi(CODE(0x563fc36cb890)) called at /usr/local/lib/perl5/site_perl/5.26.3/HTTP/Message/PSGI.pm line 156
	HTTP::Response::from_psgi("HTTP::Response", CODE(0x563fc36cb890)) called at /usr/local/lib/perl5/site_perl/5.26.3/Plack/Test/MockHTTP.pm line 24
	Plack::Test::MockHTTP::try {...} () called at /usr/local/lib/perl5/site_perl/5.26.3/Try/Tiny.pm line 100
	eval {...} called at /usr/local/lib/perl5/site_perl/5.26.3/Try/Tiny.pm line 93
	Try::Tiny::try(CODE(0x563fc350c450), Try::Tiny::Catch=REF(0x563fc346d338)) called at /usr/local/lib/perl5/site_perl/5.26.3/Plack/Test/MockHTTP.pm line 27
	Plack::Test::MockHTTP::request(Plack::Test::MockHTTP=HASH(0x563fc36c7150), HTTP::Request=HASH(0x563fc367b930)) called at /usr/local/lib/perl5/site_perl/5.26.3/Plack/Test.pm line 38
	Plack::Test::__ANON__(HTTP::Request=HASH(0x563fc367b930)) called at /usr/local/lib/perl5/site_perl/5.26.3/Catalyst/Test.pm line 290
	Catalyst::Test::__ANON__(CODE(0x563fc36c7000)) called at /usr/local/lib/perl5/site_perl/5.26.3/Plack/Test.pm line 38
	Plack::Test::test_psgi("app", CODE(0x563fc35d8118), "mangle_response", CODE(0x563fbdd850a0), "app", CODE(0x563fc36c6e50), "client", CODE(0x563fc36c6ec8)) called at /usr/local/lib/perl5/site_perl/5.26.3/Catalyst/Test.pm line 293
	Catalyst::Test::_request(HASH(0x563fc35d74a0), HTTP::Request=HASH(0x563fc367b930)) called at /usr/local/lib/perl5/site_perl/5.26.3/Catalyst/Test.pm line 336
	Catalyst::Test::_local_request("ComponentUI", HTTP::Request=HASH(0x563fc367b930)) called at /usr/local/lib/perl5/site_perl/5.26.3/Test/WWW/Mechanize/Catalyst.pm line 176
	Test::WWW::Mechanize::Catalyst::_do_catalyst_request(Test::WWW::Mechanize::Catalyst=HASH(0x563fc35cd5b0), HTTP::Request=HASH(0x563fc367b930)) called at /usr/local/lib/perl5/site_perl/5.26.3/Test/WWW/Mechanize/Catalyst.pm line 78
	Test::WWW::Mechanize::Catalyst::_make_request(Test::WWW::Mechanize::Catalyst=HASH(0x563fc35cd5b0), HTTP::Request=HASH(0x563fc367b930)) called at /usr/local/lib/perl5/site_perl/5.26.3/WWW/Mechanize.pm line 1292
	WWW::Mechanize::request(Test::WWW::Mechanize::Catalyst=HASH(0x563fc35cd5b0), HTTP::Request=HASH(0x563fc367b930)) called at /usr/local/lib/perl5/site_perl/5.26.3/LWP/UserAgent.pm line 438
	LWP::UserAgent::get(Test::WWW::Mechanize::Catalyst=HASH(0x563fc35cd5b0), "http://localhost/testmodel/baz/id/1/update") called at /usr/local/lib/perl5/site_perl/5.26.3/WWW/Mechanize.pm line 122
	WWW::Mechanize::get(Test::WWW::Mechanize::Catalyst=HASH(0x563fc35cd5b0), "http://localhost/testmodel/baz/id/1/update") called at /usr/local/lib/perl5/site_perl/5.26.3/Test/WWW/Mechanize.pm line 179
	Test::WWW::Mechanize::get_ok(Test::WWW::Mechanize::Catalyst=HASH(0x563fc35cd5b0), "http://localhost/testmodel/baz/id/1/update") called at t/uncheck_bool_field.t line 9
t/uncheck_bool_field.t ...... ok

Test Summary Report
-------------------
t/05reflect_attr_from.t   (Wstat: 256 Tests: 1 Failed: 1)
  Failed test:  1
  Non-zero exit status: 1
Files=9, Tests=604, 33 wallclock secs ( 0.13 usr  0.02 sys + 20.85 cusr  0.89 csys = 21.89 CPU)
Result: FAIL

------------------------------
PREREQUISITES
------------------------------

Prerequisite modules loaded:

    No requirements found

------------------------------
ENVIRONMENT AND OTHER CONTEXT
------------------------------

Environment variables:

    PATH = /usr/local/sbin:/usr/local/bin:/usr/sbin:/usr/bin:/sbin:/bin
    PERL_CPAN_REPORTER_DIR = /etc/cpanm-reporter
    TERM = xterm

Perl special variables (and OS-specific diagnostics, for MSWin32):

    EGID = 0
    EUID = 0
    EXECUTABLE_NAME = /usr/local/bin/perl
    GID = 0
    UID = 0

Perl module toolchain versions installed:

    Module              Have      
    ------------------- ----------
    CPAN                2.18      
    CPAN::Meta          2.150010  
    Cwd                 3.67      
    ExtUtils::CBuilder  0.280225  
    ExtUtils::Command   7.24      
    ExtUtils::Install   2.04      
    ExtUtils::MakeMaker 7.24      
    ExtUtils::Manifest  1.70      
    ExtUtils::ParseXS   3.34      
    File::Spec          3.67      
    JSON                4.02      
    JSON::PP            2.27400_02
    Module::Build       0.4229    
    Module::Signature   n/a       
    Parse::CPAN::Meta   2.150010  
    Test::Harness       3.38      
    Test::More          1.302164  
    YAML                1.29      
    YAML::Syck          1.31      
    version             0.9917    


--

Summary of my perl5 (revision 5 version 26 subversion 3) configuration:
   
  Platform:
    osname=linux
    osvers=4.9.0-8-amd64
    archname=x86_64-linux-gnu
    uname='linux bd2491545afc 4.9.0-8-amd64 #1 smp debian 4.9.110-3+deb9u4 (2018-08-21) x86_64 gnulinux '
    config_args='-Darchname=x86_64-linux-gnu -Duse64bitall -Duseshrplib -Dvendorprefix=/usr/local -des'
    hint=recommended
    useposix=true
    d_sigaction=define
    useithreads=undef
    usemultiplicity=undef
    use64bitint=define
    use64bitall=define
    uselongdouble=undef
    usemymalloc=n
    default_inc_excludes_dot=define
    bincompat5005=undef
  Compiler:
    cc='cc'
    ccflags ='-fwrapv -fno-strict-aliasing -pipe -fstack-protector-strong -I/usr/local/include -D_LARGEFILE_SOURCE -D_FILE_OFFSET_BITS=64 -D_FORTIFY_SOURCE=2'
    optimize='-O2'
    cppflags='-fwrapv -fno-strict-aliasing -pipe -fstack-protector-strong -I/usr/local/include'
    ccversion=''
    gccversion='6.3.0 20170516'
    gccosandvers=''
    intsize=4
    longsize=8
    ptrsize=8
    doublesize=8
    byteorder=12345678
    doublekind=3
    d_longlong=define
    longlongsize=8
    d_longdbl=define
    longdblsize=16
    longdblkind=3
    ivtype='long'
    ivsize=8
    nvtype='double'
    nvsize=8
    Off_t='off_t'
    lseeksize=8
    alignbytes=8
    prototype=define
  Linker and Libraries:
    ld='cc'
    ldflags =' -fstack-protector-strong -L/usr/local/lib'
    libpth=/usr/local/lib /usr/lib/gcc/x86_64-linux-gnu/6/include-fixed /usr/include/x86_64-linux-gnu /usr/lib /lib/x86_64-linux-gnu /lib/../lib /usr/lib/x86_64-linux-gnu /usr/lib/../lib /lib
    libs=-lpthread -lnsl -lgdbm -ldb -ldl -lm -lcrypt -lutil -lc -lgdbm_compat
    perllibs=-lpthread -lnsl -ldl -lm -lcrypt -lutil -lc
    libc=libc-2.24.so
    so=so
    useshrplib=true
    libperl=libperl.so
    gnulibc_version='2.24'
  Dynamic Linking:
    dlsrc=dl_dlopen.xs
    dlext=so
    d_dlsymun=undef
    ccdlflags='-Wl,-E -Wl,-rpath,/usr/local/lib/perl5/5.26.3/x86_64-linux-gnu/CORE'
    cccdlflags='-fPIC'
    lddlflags='-shared -O2 -L/usr/local/lib -fstack-protector-strong'


Characteristics of this binary (from libperl): 
  Compile-time options:
    HAS_TIMES
    PERLIO_LAYERS
    PERL_COPY_ON_WRITE
    PERL_DONT_CREATE_GVSV
    PERL_MALLOC_WRAP
    PERL_OP_PARENT
    PERL_PRESERVE_IVUV
    USE_64_BIT_ALL
    USE_64_BIT_INT
    USE_LARGE_FILES
    USE_LOCALE
    USE_LOCALE_COLLATE
    USE_LOCALE_CTYPE
    USE_LOCALE_NUMERIC
    USE_LOCALE_TIME
    USE_PERLIO
    USE_PERL_ATOF
  Built under linux
  Compiled at May  8 2019 04:07:02
  %ENV:
    PERL_CPAN_REPORTER_DIR="/etc/cpanm-reporter"
  @INC:
    /usr/local/lib/perl5/site_perl/5.26.3/x86_64-linux-gnu
    /usr/local/lib/perl5/site_perl/5.26.3
    /usr/local/lib/perl5/vendor_perl/5.26.3/x86_64-linux-gnu
    /usr/local/lib/perl5/vendor_perl/5.26.3
    /usr/local/lib/perl5/5.26.3/x86_64-linux-gnu
    /usr/local/lib/perl5/5.26.3