AnyEvent v7.17 Perl 5 v5.37.2 amd64-freebsd
- Status
- Fail
- From
- Carlos Guevara
- Dist
-
AnyEvent v7.17
- Platform
- Perl 5 v5.37.2 amd64-freebsd
- Date
- 2022-07-02 20:59:34
- ID
- e096fc22-fa49-11ec-be1d-b0f055739bf3
This distribution has been tested as part of the CPAN Testers
project, supporting the Perl programming language. See
http://wiki.cpantesters.org/ for more information or email
questions to cpan-testers-discuss@perl.org
--
Dear Marc A. Lehmann,
This is a computer-generated report for AnyEvent-7.17
on perl 5.37.2, created by CPAN-Reporter-1.2018.
Thank you for uploading your work to CPAN. However, there was a problem
testing your distribution.
If you think this report is invalid, please consult the CPAN Testers Wiki
for suggestions on how to avoid getting FAIL reports for missing library
or binary dependencies, unsupported operating systems, and so on:
http://wiki.cpantesters.org/wiki/CPANAuthorNotes
Sections of this report:
* Tester comments
* Program output
* Prerequisites
* Environment and other context
------------------------------
TESTER COMMENTS
------------------------------
Additional comments from tester:
this report is from an automated smoke testing program
and was not reviewed by a human for accuracy
------------------------------
PROGRAM OUTPUT
------------------------------
Output from '/usr/bin/make test':
"/usr/home/cpan/bin/perl-blead/bin/perl5.37.2" "-Iblib/arch" "-Iblib/lib" constants.pl.PL constants.pl
PERL_DL_NONLAZY=1 "/usr/home/cpan/bin/perl-blead/bin/perl5.37.2" "-MExtUtils::Command::MM" "-MTest::Harness" "-e" "undef *Test::Harness::Switches; test_harness(0, 'blib/lib', 'blib/arch')" t/*.t t/handle/*.t
t/00_load.t ................ ok
t/01_basic.t ............... ok
t/02_signals.t ............. ok
t/03_child.t ............... ok
t/04_condvar.t ............. ok
t/05_dns.t ................. ok
t/06_socket.t .............. ok
t/07_io.t .................. ok
t/08_idna.t ................ ok
t/09_multi.t ............... ok
t/10_loadall.t ............. ok
t/11_io_perl.t ............. ok
t/12_io_ioaio.t ............ skipped: AnyEvent::IO::IOAIO not loadable
t/13_weaken.t .............. ok
t/61_fltk_01_basic.t ....... skipped: PERL_ANYEVENT_LOOP_TESTS not true
t/61_fltk_02_signals.t ..... skipped: PERL_ANYEVENT_LOOP_TESTS not true
t/61_fltk_03_child.t ....... skipped: PERL_ANYEVENT_LOOP_TESTS not true
t/61_fltk_04_condvar.t ..... skipped: PERL_ANYEVENT_LOOP_TESTS not true
t/61_fltk_05_dns.t ......... skipped: PERL_ANYEVENT_LOOP_TESTS not true
t/61_fltk_07_io.t .......... skipped: PERL_ANYEVENT_LOOP_TESTS not true
t/61_fltk_09_multi.t ....... skipped: PERL_ANYEVENT_LOOP_TESTS not true
t/62_cocoa_01_basic.t ...... skipped: PERL_ANYEVENT_LOOP_TESTS not true
t/62_cocoa_02_signals.t .... skipped: PERL_ANYEVENT_LOOP_TESTS not true
t/62_cocoa_03_child.t ...... skipped: PERL_ANYEVENT_LOOP_TESTS not true
t/62_cocoa_04_condvar.t .... skipped: PERL_ANYEVENT_LOOP_TESTS not true
t/62_cocoa_05_dns.t ........ skipped: PERL_ANYEVENT_LOOP_TESTS not true
t/62_cocoa_07_io.t ......... skipped: PERL_ANYEVENT_LOOP_TESTS not true
t/62_cocoa_09_multi.t ...... skipped: PERL_ANYEVENT_LOOP_TESTS not true
t/64_glib_01_basic.t ....... skipped: PERL_ANYEVENT_LOOP_TESTS not true
t/64_glib_02_signals.t ..... skipped: PERL_ANYEVENT_LOOP_TESTS not true
t/64_glib_03_child.t ....... skipped: PERL_ANYEVENT_LOOP_TESTS not true
t/64_glib_04_condvar.t ..... skipped: PERL_ANYEVENT_LOOP_TESTS not true
t/64_glib_05_dns.t ......... skipped: PERL_ANYEVENT_LOOP_TESTS not true
t/64_glib_07_io.t .......... skipped: PERL_ANYEVENT_LOOP_TESTS not true
t/64_glib_09_multi.t ....... skipped: PERL_ANYEVENT_LOOP_TESTS not true
t/65_event_01_basic.t ...... skipped: PERL_ANYEVENT_LOOP_TESTS not true
t/65_event_02_signals.t .... skipped: PERL_ANYEVENT_LOOP_TESTS not true
t/65_event_03_child.t ...... skipped: PERL_ANYEVENT_LOOP_TESTS not true
t/65_event_04_condvar.t .... skipped: PERL_ANYEVENT_LOOP_TESTS not true
t/65_event_05_dns.t ........ skipped: PERL_ANYEVENT_LOOP_TESTS not true
t/65_event_07_io.t ......... skipped: PERL_ANYEVENT_LOOP_TESTS not true
t/65_event_09_multi.t ...... skipped: PERL_ANYEVENT_LOOP_TESTS not true
t/66_ioasync_01_basic.t .... skipped: PERL_ANYEVENT_LOOP_TESTS not true
t/66_ioasync_02_signals.t .. skipped: PERL_ANYEVENT_LOOP_TESTS not true
t/66_ioasync_03_child.t .... skipped: PERL_ANYEVENT_LOOP_TESTS not true
t/66_ioasync_04_condvar.t .. skipped: PERL_ANYEVENT_LOOP_TESTS not true
t/66_ioasync_05_dns.t ...... skipped: PERL_ANYEVENT_LOOP_TESTS not true
t/66_ioasync_07_io.t ....... skipped: PERL_ANYEVENT_LOOP_TESTS not true
t/66_ioasync_09_multi.t .... skipped: PERL_ANYEVENT_LOOP_TESTS not true
t/67_tk_01_basic.t ......... skipped: PERL_ANYEVENT_LOOP_TESTS not true
t/67_tk_02_signals.t ....... skipped: PERL_ANYEVENT_LOOP_TESTS not true
t/67_tk_03_child.t ......... skipped: PERL_ANYEVENT_LOOP_TESTS not true
t/67_tk_04_condvar.t ....... skipped: PERL_ANYEVENT_LOOP_TESTS not true
t/67_tk_05_dns.t ........... skipped: PERL_ANYEVENT_LOOP_TESTS not true
t/67_tk_07_io.t ............ skipped: PERL_ANYEVENT_LOOP_TESTS not true
t/67_tk_09_multi.t ......... skipped: PERL_ANYEVENT_LOOP_TESTS not true
t/68_poe_01_basic.t ........ skipped: PERL_ANYEVENT_LOOP_TESTS not true
t/68_poe_02_signals.t ...... skipped: PERL_ANYEVENT_LOOP_TESTS not true
t/68_poe_03_child.t ........ skipped: PERL_ANYEVENT_LOOP_TESTS not true
t/68_poe_04_condvar.t ...... skipped: PERL_ANYEVENT_LOOP_TESTS not true
t/68_poe_05_dns.t .......... skipped: PERL_ANYEVENT_LOOP_TESTS not true
t/68_poe_07_io.t ........... skipped: PERL_ANYEVENT_LOOP_TESTS not true
t/68_poe_09_multi.t ........ skipped: PERL_ANYEVENT_LOOP_TESTS not true
t/69_ev_01_basic.t ......... skipped: PERL_ANYEVENT_LOOP_TESTS not true
t/69_ev_02_signals.t ....... skipped: PERL_ANYEVENT_LOOP_TESTS not true
t/69_ev_03_child.t ......... skipped: PERL_ANYEVENT_LOOP_TESTS not true
t/69_ev_04_condvar.t ....... skipped: PERL_ANYEVENT_LOOP_TESTS not true
t/69_ev_05_dns.t ........... skipped: PERL_ANYEVENT_LOOP_TESTS not true
t/69_ev_07_io.t ............ skipped: PERL_ANYEVENT_LOOP_TESTS not true
t/69_ev_09_multi.t ......... skipped: PERL_ANYEVENT_LOOP_TESTS not true
t/70_uv_01_basic.t ......... skipped: PERL_ANYEVENT_LOOP_TESTS not true
t/70_uv_02_signals.t ....... skipped: PERL_ANYEVENT_LOOP_TESTS not true
t/70_uv_03_child.t ......... skipped: PERL_ANYEVENT_LOOP_TESTS not true
t/70_uv_04_condvar.t ....... skipped: PERL_ANYEVENT_LOOP_TESTS not true
t/70_uv_05_dns.t ........... skipped: PERL_ANYEVENT_LOOP_TESTS not true
t/70_uv_07_io.t ............ skipped: PERL_ANYEVENT_LOOP_TESTS not true
t/70_uv_09_multi.t ......... skipped: PERL_ANYEVENT_LOOP_TESTS not true
# Failed test 'server_error <Connection reset by peer>'
# at t/80_ssltest.t line 37.
# Looks like you failed 1 test of 415.
t/80_ssltest.t .............
Dubious, test returned 1 (wstat 256, 0x100)
Failed 1/415 subtests
t/81_hosts.t ............... ok
t/handle/01_readline.t ..... ok
t/handle/02_write.t ........ ok
t/handle/03_http_req.t ..... skipped: PERL_ANYEVENT_NET_TESTS environment variable not set
t/handle/04_listen.t ....... ok
Test Summary Report
-------------------
t/80_ssltest.t (Wstat: 256 (exited 1) Tests: 415 Failed: 1)
Failed test: 6
Non-zero exit status: 1
Files=83, Tests=672, 8 wallclock secs ( 0.21 usr 0.13 sys + 2.19 cusr 0.67 csys = 3.20 CPU)
Result: FAIL
Failed 1/83 test programs. 1/672 subtests failed.
*** Error code 255
Stop.
make: stopped in /usr/home/cpan/.cpan/build/AnyEvent-7.17-0
------------------------------
PREREQUISITES
------------------------------
Prerequisite modules loaded:
build_requires:
Module Need Have
------------------- ---- ----
ExtUtils::MakeMaker 0 7.64
configure_requires:
Module Need Have
------------------- ---- ----
Canary::Stability 0 2013
ExtUtils::MakeMaker 6.52 7.64
------------------------------
ENVIRONMENT AND OTHER CONTEXT
------------------------------
Environment variables:
AUTOMATED_TESTING = 1
DATE_MANIP_TEST_DM5 = 1
LANG = C.UTF-8
LC_ALL = C
NONINTERACTIVE_TESTING = 1
PATH = /home/cpan/bin/perl-blead/bin:/home/cpan/bin:/sbin:/bin:/usr/sbin:/usr/bin:/usr/local/sbin:/usr/local/bin:/home/cpan/bin
PERL5LIB =
PERL5OPT =
PERL5_CPANPLUS_IS_RUNNING = 23266
PERL5_CPAN_IS_RUNNING = 23266
PERL_MM_USE_DEFAULT = 1
PERL_USE_UNSAFE_INC = 1
PERL_VERSION = blead
SHELL = /usr/local/bin/bash
TERM = screen
TMPDIR = /home/cpan/tmp
Perl special variables (and OS-specific diagnostics, for MSWin32):
$^X = /usr/home/cpan/bin/perl-blead/bin/perl5.37.2
$UID/$EUID = 1002 / 1002
$GID = 1002 1002
$EGID = 1002 1002
Perl module toolchain versions installed:
Module Have
------------------- --------
CPAN 2.33
CPAN::Meta 2.150010
Cwd 3.86
ExtUtils::CBuilder 0.280237
ExtUtils::Command 7.64
ExtUtils::Install 2.20
ExtUtils::MakeMaker 7.64
ExtUtils::Manifest 1.73
ExtUtils::ParseXS 3.45
File::Spec 3.86
JSON 4.07
JSON::PP 4.10
Module::Build 0.4231
Module::Signature n/a
Parse::CPAN::Meta 2.150010
Test::Harness 3.44
Test::More 1.302190
YAML 1.30
YAML::Syck n/a
version 0.9929
--
Summary of my perl5 (revision 5 version 37 subversion 2) configuration:
Commit id: 431ea43db26622d369b66e8ebcbf5abb1b899c0d
Platform:
osname=freebsd
osvers=13.0-release-p11
archname=amd64-freebsd
uname='freebsd cjg-freebsd13 13.0-release-p11 freebsd 13.0-release-p11 #0: tue apr 5 18:54:35 utc 2022 root@amd64-builder.daemonology.net:usrobjusrsrcamd64.amd64sysgeneric amd64 '
config_args='-des -Dprefix=~/bin/perl-blead -Dscriptdir=~/bin/perl-blead/bin -Dusedevel -Duse64bitall'
hint=recommended
useposix=true
d_sigaction=define
useithreads=undef
usemultiplicity=undef
use64bitint=define
use64bitall=define
uselongdouble=undef
usemymalloc=n
default_inc_excludes_dot=define
Compiler:
cc='cc'
ccflags ='-DHAS_FPSETMASK -DHAS_FLOATINGPOINT_H -fno-strict-aliasing -pipe -fstack-protector-strong -I/usr/local/include'
optimize='-O2'
cppflags='-DHAS_FPSETMASK -DHAS_FLOATINGPOINT_H -fno-strict-aliasing -pipe -fstack-protector-strong -I/usr/local/include'
ccversion=''
gccversion='FreeBSD Clang 11.0.1 (git@github.com:llvm/llvm-project.git llvmorg-11.0.1-0-g43ff75f2c3fe)'
gccosandvers=''
intsize=4
longsize=8
ptrsize=8
doublesize=8
byteorder=12345678
doublekind=3
d_longlong=define
longlongsize=8
d_longdbl=define
longdblsize=16
longdblkind=3
ivtype='long'
ivsize=8
nvtype='double'
nvsize=8
Off_t='off_t'
lseeksize=8
alignbytes=8
prototype=define
Linker and Libraries:
ld='cc'
ldflags ='-Wl,-E -fstack-protector-strong -L/usr/local/lib'
libpth=/usr/lib /usr/local/lib /usr/lib/clang/11.0.1/lib
libs=-lpthread -ldl -lm -lcrypt -lutil -lc
perllibs=-lpthread -ldl -lm -lcrypt -lutil -lc
libc=
so=so
useshrplib=false
libperl=libperl.a
gnulibc_version=''
Dynamic Linking:
dlsrc=dl_dlopen.xs
dlext=so
d_dlsymun=undef
ccdlflags=' '
cccdlflags='-DPIC -fPIC'
lddlflags='-shared -L/usr/local/lib -fstack-protector-strong'
Characteristics of this binary (from libperl):
Compile-time options:
HAS_TIMES
PERLIO_LAYERS
PERL_COPY_ON_WRITE
PERL_DONT_CREATE_GVSV
PERL_MALLOC_WRAP
PERL_OP_PARENT
PERL_PRESERVE_IVUV
PERL_USE_DEVEL
PERL_USE_SAFE_PUTENV
USE_64_BIT_ALL
USE_64_BIT_INT
USE_LARGE_FILES
USE_LOCALE
USE_LOCALE_COLLATE
USE_LOCALE_CTYPE
USE_LOCALE_NUMERIC
USE_LOCALE_TIME
USE_PERLIO
USE_PERL_ATOF
Built under freebsd
Compiled at Jul 2 2022 13:47:28
%ENV:
PERL5LIB=""
PERL5OPT=""
PERL5_CPANPLUS_IS_RUNNING="23266"
PERL5_CPAN_IS_RUNNING="23266"
PERL_MM_USE_DEFAULT="1"
PERL_USE_UNSAFE_INC="1"
PERL_VERSION="blead"
@INC:
/home/cpan/bin/perl-blead/lib/site_perl/5.37.2/amd64-freebsd
/home/cpan/bin/perl-blead/lib/site_perl/5.37.2
/home/cpan/bin/perl-blead/lib/5.37.2/amd64-freebsd
/home/cpan/bin/perl-blead/lib/5.37.2
.