Back
From: metabase:user:314402c4-2aae-11df-837a-5e0a49663a4f
Subject: FAIL Message-MongoDB-1.142810 v5.26.0 RC1 GNU/Linux
Date: 2017-05-18T08:27:49Z
This distribution has been tested as part of the CPAN Testers
project, supporting the Perl programming language. See
http://wiki.cpantesters.org/ for more information or email
questions to cpan-testers-discuss@perl.org
--
Dear Dana M. Diederich,
This is a computer-generated report for Message-MongoDB-1.142810
on perl 5.26.0, created by CPAN-Reporter-1.2018.
Thank you for uploading your work to CPAN. However, there was a problem
testing your distribution.
If you think this report is invalid, please consult the CPAN Testers Wiki
for suggestions on how to avoid getting FAIL reports for missing library
or binary dependencies, unsupported operating systems, and so on:
http://wiki.cpantesters.org/wiki/CPANAuthorNotes
Sections of this report:
* Tester comments
* Program output
* Prerequisites
* Environment and other context
------------------------------
TESTER COMMENTS
------------------------------
Additional comments from tester:
none provided
------------------------------
PROGRAM OUTPUT
------------------------------
Output from '/usr/bin/make test':
PERL_DL_NONLAZY=1 "/opt/perl-5.26.0-RC1/bin/perl" "-MExtUtils::Command::MM" "-MTest::Harness" "-e" "undef *Test::Harness::Switches; test_harness(0, 'blib/lib', 'blib/arch')" t/*.t
# Testing Message::MongoDB 0.1, Perl 5.026000, /opt/perl-5.26.0-RC1/bin/perl
t/00-load.t ....... ok
#
# *** DEPRECATION WARNING ***
#
# The 'insert' method will be removed in a future major release.
# Use 'insert_one' instead.
# MongoDB::Collection::insert called at /home/cpansand/.cpan/build/2017051806/Message-MongoDB-1.142810-0/blib/lib/Message/MongoDB.pm line 182
# Message::MongoDB::message called at t/basic.t line 34
# (eval) called at t/basic.t line 33
Error: MongoDB::SelectionError: No writable server available. MongoDB server status:
Topology type: Single; Member status:
localhost:27017 (type: Unknown, error: MongoDB::NetworkError: Could not connect to 'localhost:27017': Connection refused )
# Failed test at t/basic.t line 42.
Error: MongoDB::SelectionError: No readable server available for matching read preference primary. MongoDB server status:
Topology type: Single; Member status:
localhost:27017 (type: Unknown, error: MongoDB::NetworkError: Could not connect to 'localhost:27017': Connection refused )
# Failed test at t/basic.t line 49.
Error: MongoDB::SelectionError: No writable server available. MongoDB server status:
Topology type: Single; Member status:
localhost:27017 (type: Unknown, error: MongoDB::NetworkError: Could not connect to 'localhost:27017': Connection refused )
# Failed test at t/basic.t line 61.
Error: MongoDB::SelectionError: No readable server available for matching read preference primary. MongoDB server status:
Topology type: Single; Member status:
localhost:27017 (type: Unknown, error: MongoDB::NetworkError: Could not connect to 'localhost:27017': Connection refused )
# Failed test at t/basic.t line 68.
Error: MongoDB::SelectionError: No writable server available. MongoDB server status:
Topology type: Single; Member status:
localhost:27017 (type: Unknown, error: MongoDB::NetworkError: Could not connect to 'localhost:27017': Connection refused )
# Failed test at t/basic.t line 81.
Error: MongoDB::SelectionError: No readable server available for matching read preference primary. MongoDB server status:
Topology type: Single; Member status:
localhost:27017 (type: Unknown, error: MongoDB::NetworkError: Could not connect to 'localhost:27017': Connection refused )
# Failed test at t/basic.t line 88.
Error: MongoDB::SelectionError: No writable server available. MongoDB server status:
Topology type: Single; Member status:
localhost:27017 (type: Unknown, error: MongoDB::NetworkError: Could not connect to 'localhost:27017': Connection refused )
# Failed test at t/basic.t line 101.
Error: MongoDB::SelectionError: No readable server available for matching read preference primary. MongoDB server status:
Topology type: Single; Member status:
localhost:27017 (type: Unknown, error: MongoDB::NetworkError: Could not connect to 'localhost:27017': Connection refused )
# Failed test at t/basic.t line 108.
Error: MongoDB::SelectionError: No readable server available for matching read preference primary. MongoDB server status:
Topology type: Single; Member status:
localhost:27017 (type: Unknown, error: MongoDB::NetworkError: Could not connect to 'localhost:27017': Connection refused )
# Failed test at t/basic.t line 123.
Error: MongoDB::SelectionError: No readable server available for matching read preference primary. MongoDB server status:
Topology type: Single; Member status:
localhost:27017 (type: Unknown, error: MongoDB::NetworkError: Could not connect to 'localhost:27017': Connection refused )
# Failed test at t/basic.t line 130.
# Failed test at t/basic.t line 132.
Use of uninitialized value in string eq at t/basic.t line 133.
MongoDB::SelectionError: No writable server available. MongoDB server status:
Topology type: Single; Member status:
localhost:27017 (type: Unknown, error: MongoDB::NetworkError: Could not connect to 'localhost:27017': Connection refused )
END failed--call queue aborted.
# Tests were run but no plan was declared and done_testing() was not seen.
# Looks like your test exited with 111 just after 15.
t/basic.t .........
Dubious, test returned 111 (wstat 28416, 0x6f00)
Failed 11/15 subtests
t/pod-coverage.t .. ok
t/pod.t ........... ok
Test Summary Report
-------------------
t/basic.t (Wstat: 28416 Tests: 15 Failed: 11)
Failed tests: 4-11, 13-15
Non-zero exit status: 111
Parse errors: No plan found in TAP output
Files=4, Tests=20, 9 wallclock secs ( 0.04 usr 0.00 sys + 2.91 cusr 0.17 csys = 3.12 CPU)
Result: FAIL
Failed 1/4 test programs. 11/20 subtests failed.
Makefile:861: recipe for target 'test_dynamic' failed
make: *** [test_dynamic] Error 255
------------------------------
PREREQUISITES
------------------------------
Prerequisite modules loaded:
requires:
Module Need Have
------------------- ---- --------
MongoDB 0 v1.8.0
strict 0 1.11
Test::More 0 1.302085
warnings 0 1.37
build_requires:
Module Need Have
------------------- ---- --------
Data::Dumper 0 2.161
ExtUtils::MakeMaker 0 7.24
configure_requires:
Module Need Have
------------------- ---- --------
ExtUtils::MakeMaker 0 7.24
------------------------------
ENVIRONMENT AND OTHER CONTEXT
------------------------------
Environment variables:
LANG = en_US.UTF-8
LANGUAGE = en_US:en
PATH = /usr/local/bin:/usr/bin:/bin:/usr/local/sbin:/usr/sbin:/sbin:/home/cpansand/bin/linux-gnu:/home/cpansand/bin/sh:/home/cpansand/bin:/usr/games:/home/cpansand/devel:/home/eserte/src/srezic-misc/scripts
PERL5LIB =
PERL5OPT =
PERL5_CPANPLUS_IS_RUNNING = 16410
PERL5_CPAN_IS_RUNNING = 16410
PERL5_CPAN_IS_RUNNING_IN_RECURSION = 5350,16410
PERLDOC = -MPod::Perldoc::ToTextOverstrike
PERL_BATCH = yes
PERL_CANARY_STABILITY_NOPROMPT = 1
PERL_CPAN_REPORTER_CONFIG = /var/tmp/cpansmoker-1002/2017051806/cpanreporter_000_config.ini
PERL_EXTUTILS_AUTOINSTALL = --defaultdeps
PERL_USE_UNSAFE_INC = 1
SHELL = /bin/zsh
TERM = screen.xterm-256color
TMPDIR = /var/tmp/cpansmoker-1002/2017051806
Perl special variables (and OS-specific diagnostics, for MSWin32):
$^X = /opt/perl-5.26.0-RC1/bin/perl
$UID/$EUID = 1002 / 1002
$GID = 1002 1002
$EGID = 1002 1002
Perl module toolchain versions installed:
Module Have
------------------- ----------
CPAN 2.18
CPAN::Meta 2.150010
Cwd 3.67
ExtUtils::CBuilder 0.280224
ExtUtils::Command 7.24
ExtUtils::Install 2.08
ExtUtils::MakeMaker 7.24
ExtUtils::Manifest 1.70
ExtUtils::ParseXS 3.30
File::Spec 3.67
JSON 2.92
JSON::PP 2.27400_02
Module::Build 0.4222
Module::Signature 0.81
Parse::CPAN::Meta 2.150010
Test::Harness 3.39
Test::More 1.302085
YAML 1.23
YAML::Syck 1.30
version 0.9918
--
Summary of my perl5 (revision 5 version 26 subversion 0) configuration:
Platform:
osname=linux
osvers=4.9.0-2-amd64
archname=x86_64-linux
uname='linux prod4 4.9.0-2-amd64 #1 smp debian 4.9.18-1 (2017-03-30) x86_64 gnulinux '
config_args='-ds -e -Dprefix=/opt/perl-5.26.0-RC1 -Dcf_email=srezic@cpan.org'
hint=recommended
useposix=true
d_sigaction=define
useithreads=undef
usemultiplicity=undef
use64bitint=define
use64bitall=define
uselongdouble=undef
usemymalloc=n
default_inc_excludes_dot=define
bincompat5005=undef
Compiler:
cc='cc'
ccflags ='-fwrapv -fno-strict-aliasing -pipe -fstack-protector-strong -I/usr/local/include -D_LARGEFILE_SOURCE -D_FILE_OFFSET_BITS=64'
optimize='-O2'
cppflags='-fwrapv -fno-strict-aliasing -pipe -fstack-protector-strong -I/usr/local/include'
ccversion=''
gccversion='6.3.0 20170425'
gccosandvers=''
intsize=4
longsize=8
ptrsize=8
doublesize=8
byteorder=12345678
doublekind=3
d_longlong=define
longlongsize=8
d_longdbl=define
longdblsize=16
longdblkind=3
ivtype='long'
ivsize=8
nvtype='double'
nvsize=8
Off_t='off_t'
lseeksize=8
alignbytes=8
prototype=define
Linker and Libraries:
ld='cc'
ldflags =' -fstack-protector-strong -L/usr/local/lib'
libpth=/usr/local/lib /usr/lib/gcc/x86_64-linux-gnu/6/include-fixed /usr/include/x86_64-linux-gnu /usr/lib /lib/x86_64-linux-gnu /lib/../lib /usr/lib/x86_64-linux-gnu /usr/lib/../lib /lib
libs=-lpthread -lnsl -lgdbm -ldb -ldl -lm -lcrypt -lutil -lc -lgdbm_compat
perllibs=-lpthread -lnsl -ldl -lm -lcrypt -lutil -lc
libc=libc-2.24.so
so=so
useshrplib=false
libperl=libperl.a
gnulibc_version='2.24'
Dynamic Linking:
dlsrc=dl_dlopen.xs
dlext=so
d_dlsymun=undef
ccdlflags='-Wl,-E'
cccdlflags='-fPIC'
lddlflags='-shared -O2 -L/usr/local/lib -fstack-protector-strong'
Characteristics of this binary (from libperl):
Compile-time options:
HAS_TIMES
PERLIO_LAYERS
PERL_COPY_ON_WRITE
PERL_DONT_CREATE_GVSV
PERL_MALLOC_WRAP
PERL_OP_PARENT
PERL_PRESERVE_IVUV
USE_64_BIT_ALL
USE_64_BIT_INT
USE_LARGE_FILES
USE_LOCALE
USE_LOCALE_COLLATE
USE_LOCALE_CTYPE
USE_LOCALE_NUMERIC
USE_LOCALE_TIME
USE_PERLIO
USE_PERL_ATOF
Locally applied patches:
RC1
Built under linux
Compiled at May 11 2017 21:08:17
%ENV:
PERL5LIB=""
PERL5OPT=""
PERL5_CPANPLUS_IS_RUNNING="16410"
PERL5_CPAN_IS_RUNNING="16410"
PERL5_CPAN_IS_RUNNING_IN_RECURSION="5350,16410"
PERLDOC="-MPod::Perldoc::ToTextOverstrike"
PERL_BATCH="yes"
PERL_CANARY_STABILITY_NOPROMPT="1"
PERL_CPAN_REPORTER_CONFIG="/var/tmp/cpansmoker-1002/2017051806/cpanreporter_000_config.ini"
PERL_EXTUTILS_AUTOINSTALL="--defaultdeps"
PERL_USE_UNSAFE_INC="1"
@INC:
/opt/perl-5.26.0-RC1/lib/site_perl/5.26.0/x86_64-linux
/opt/perl-5.26.0-RC1/lib/site_perl/5.26.0
/opt/perl-5.26.0-RC1/lib/5.26.0/x86_64-linux
/opt/perl-5.26.0-RC1/lib/5.26.0
.