Report for Music-Tag-0.4103

Back
From: metabase:user:320bfe00-2aae-11df-837a-5e0a49663a4f
Subject: FAIL Music-Tag-0.4103 v5.22.1 RC1 GNU/Linux
Date: 2015-11-04T16:27:00Z

This distribution has been tested as part of the CPAN Testers
project, supporting the Perl programming language.  See
http://wiki.cpantesters.org/ for more information or email
questions to cpan-testers-discuss@perl.org


--
Dear Edward J. Allen III,

This is a computer-generated report for Music-Tag-0.4103
on perl 5.22.1, created by CPAN-Reporter-1.2015.

Thank you for uploading your work to CPAN.  However, there was a problem
testing your distribution.

If you think this report is invalid, please consult the CPAN Testers Wiki
for suggestions on how to avoid getting FAIL reports for missing library
or binary dependencies, unsupported operating systems, and so on:

http://wiki.cpantesters.org/wiki/CPANAuthorNotes

Sections of this report:

    * Tester comments
    * Program output
    * Prerequisites
    * Environment and other context

------------------------------
TESTER COMMENTS
------------------------------

Additional comments from tester:

this report is from an automated smoke testing program
and was not reviewed by a human for accuracy

------------------------------
PROGRAM OUTPUT
------------------------------

Output from '/usr/bin/make test':

PERL_DL_NONLAZY=1 "/tmp/basesmoker-reloperl-22bG/bin/perl" "-MExtUtils::Command::MM" "-MTest::Harness" "-e" "undef *Test::Harness::Switches; test_harness(0, 'blib/lib', 'blib/arch')" t/*.t
t/1-general.t ........ ok
t/2-options.t ........ ok
Music::Tag::Auto Sorry, I can't find a plugin for /tmp/loop_over_bdir-16020-t3vGXM/Music-Tag-0.4103-GdF12G/t/fake.music at /tmp/loop_over_bdir-16020-t3vGXM/Music-Tag-0.4103-GdF12G/blib/lib/Music/Tag.pm line 147.
t/3-auto.t ........... ok
t/5-generic.t ........ ok
t/6-unaccent.t ....... skipped: Text::Unaccent::PurePerl required for testing accent changes

#   Failed test 'POD test for blib/lib/Music/Tag.pm'
#   at /home/sand/src/perl/repoperls/installed-perls/perl/v5.22.1-RC1/8005/lib/site_perl/5.22.1/Test/Pod.pm line 187.
# blib/lib/Music/Tag.pm (2085): Non-ASCII character seen before =encoding in '©'. Assuming UTF-8

#   Failed test 'POD test for blib/lib/Music/Tag/Option.pm'
#   at /home/sand/src/perl/repoperls/installed-perls/perl/v5.22.1-RC1/8005/lib/site_perl/5.22.1/Test/Pod.pm line 187.
# blib/lib/Music/Tag/Option.pm (131): Non-ASCII character seen before =encoding in '©'. Assuming UTF-8

#   Failed test 'POD test for blib/lib/Music/Tag/Generic.pm'
#   at /home/sand/src/perl/repoperls/installed-perls/perl/v5.22.1-RC1/8005/lib/site_perl/5.22.1/Test/Pod.pm line 187.
# blib/lib/Music/Tag/Generic.pm (364): Non-ASCII character seen before =encoding in '©'. Assuming UTF-8

#   Failed test 'POD test for blib/lib/Music/Tag/Test.pm'
#   at /home/sand/src/perl/repoperls/installed-perls/perl/v5.22.1-RC1/8005/lib/site_perl/5.22.1/Test/Pod.pm line 187.
# blib/lib/Music/Tag/Test.pm (328): Non-ASCII character seen before =encoding in '©'. Assuming UTF-8

#   Failed test 'POD test for blib/lib/Music/Tag/Auto.pm'
#   at /home/sand/src/perl/repoperls/installed-perls/perl/v5.22.1-RC1/8005/lib/site_perl/5.22.1/Test/Pod.pm line 187.
# blib/lib/Music/Tag/Auto.pm (175): Non-ASCII character seen before =encoding in '©'. Assuming UTF-8
# Looks like you failed 5 tests of 6.
t/97-pod.t ........... 
Dubious, test returned 5 (wstat 1280, 0x500)
Failed 5/6 subtests 
t/98-pod-coverage.t .. ok

Test Summary Report
-------------------
t/97-pod.t         (Wstat: 1280 Tests: 6 Failed: 5)
  Failed tests:  2-6
  Non-zero exit status: 5
Files=7, Tests=249,  3 wallclock secs ( 0.05 usr  0.06 sys +  2.52 cusr  0.60 csys =  3.23 CPU)
Result: FAIL
Failed 1/7 test programs. 5/249 subtests failed.
Makefile:910: recipe for target 'test_dynamic' failed
make: *** [test_dynamic] Error 255

------------------------------
PREREQUISITES
------------------------------

Prerequisite modules loaded:

requires:

    Module              Need   Have    
    ------------------- ------ --------
    Config::Options     0.07   0.08    
    Data::Dumper        2      2.158   
    DateTimeX::Easy     0.088  0.089   
    Digest::SHA1        2.11   2.13    
    Encode              2.12   2.72    
    File::Copy          2      2.30    
    File::Slurp         1      9999.19 
    File::Spec          3.24   3.56    
    File::stat          1      1.07    
    IO::Dir             1      1.10    
    IO::File            1.13   1.16    
    Locale::Country     2.07   3.36    
    Readonly            1      2.00    
    Scalar::Util        1.21   1.42    
    Test::More          0.1    1.001014
    Time::Local         1.1901 1.2300  

build_requires:

    Module              Need   Have    
    ------------------- ------ --------
    ExtUtils::MakeMaker 0      7.10    

configure_requires:

    Module              Need   Have    
    ------------------- ------ --------
    ExtUtils::MakeMaker 0      7.10    


------------------------------
ENVIRONMENT AND OTHER CONTEXT
------------------------------

Environment variables:

    AUTOMATED_TESTING = 1
    LANG = en_US.UTF-8
    LANGUAGE = en_US:en
    PATH = /home/sand/bin:/usr/local/bin:/usr/bin:/bin:/usr/games:/usr/local/perl/bin:/usr/X11/bin:/sbin:/usr/sbin
    PERL5LIB = /tmp/loop_over_bdir-16020-t3vGXM/FusionInventory-Agent-2.3.17-9m8nIN/blib/arch:/tmp/loop_over_bdir-16020-t3vGXM/FusionInventory-Agent-2.3.17-9m8nIN/blib/lib:/tmp/loop_over_bdir-16020-t3vGXM/Alien-ActiveMQ-0.00005-fY72IT/blib/arch:/tmp/loop_over_bdir-16020-t3vGXM/Alien-ActiveMQ-0.00005-fY72IT/blib/lib
    PERL5OPT = 
    PERL5_CPANPLUS_IS_RUNNING = 11658
    PERL5_CPAN_IS_RUNNING = 11658
    PERL_MM_USE_DEFAULT = 1
    SHELL = /usr/bin/zsh
    TERM = screen

Perl special variables (and OS-specific diagnostics, for MSWin32):

    $^X = /tmp/basesmoker-reloperl-22bG/bin/perl
    $UID/$EUID = 1005 / 1005
    $GID = 1005 1005
    $EGID = 1005 1005

Perl module toolchain versions installed:

    Module              Have    
    ------------------- --------
    CPAN                2.10    
    CPAN::Meta          2.150005
    Cwd                 3.56    
    ExtUtils::CBuilder  0.280224
    ExtUtils::Command   7.10    
    ExtUtils::Install   2.04    
    ExtUtils::MakeMaker 7.10    
    ExtUtils::Manifest  1.70    
    ExtUtils::ParseXS   3.28    
    File::Spec          3.56    
    JSON                2.90    
    JSON::PP            2.27300 
    Module::Build       0.4214  
    Module::Signature   0.79    
    Parse::CPAN::Meta   1.4417  
    Test::Harness       3.35    
    Test::More          1.001014
    YAML                1.15    
    YAML::Syck          1.29    
    version             0.9909  


--

Summary of my perl5 (revision 5 version 22 subversion 1) configuration:
  Commit id: 1d1576655bd7c05fcb6260f3b6c9bc72f7e3a7a8
  Platform:
    osname=linux, osvers=4.1.0-2-amd64, archname=x86_64-linux-thread-multi
    uname='linux k83 4.1.0-2-amd64 #1 smp debian 4.1.6-1 (2015-08-23) x86_64 gnulinux '
    config_args='-Dprefix=/home/sand/src/perl/repoperls/installed-perls/perl/v5.22.1-RC1/8005 -Dmyhostname=k83 -Dinstallusrbinperl=n -Uversiononly -Dusedevel -des -Ui_db -Duseithreads -Uuselongdouble'
    hint=recommended, useposix=true, d_sigaction=define
    useithreads=define, usemultiplicity=define
    use64bitint=define, use64bitall=define, uselongdouble=undef
    usemymalloc=n, bincompat5005=undef
  Compiler:
    cc='cc', ccflags ='-D_REENTRANT -D_GNU_SOURCE -fwrapv -fno-strict-aliasing -pipe -fstack-protector-strong -I/usr/local/include -D_LARGEFILE_SOURCE -D_FILE_OFFSET_BITS=64',
    optimize='-O2',
    cppflags='-D_REENTRANT -D_GNU_SOURCE -fwrapv -fno-strict-aliasing -pipe -fstack-protector-strong -I/usr/local/include'
    ccversion='', gccversion='5.2.1 20150911', gccosandvers=''
    intsize=4, longsize=8, ptrsize=8, doublesize=8, byteorder=12345678, doublekind=3
    d_longlong=define, longlongsize=8, d_longdbl=define, longdblsize=16, longdblkind=3
    ivtype='long', ivsize=8, nvtype='double', nvsize=8, Off_t='off_t', lseeksize=8
    alignbytes=8, prototype=define
  Linker and Libraries:
    ld='cc', ldflags =' -fstack-protector-strong -L/usr/local/lib'
    libpth=/usr/local/lib /usr/lib/gcc/x86_64-linux-gnu/5/include-fixed /usr/include/x86_64-linux-gnu /usr/lib /lib/x86_64-linux-gnu /lib/../lib /usr/lib/x86_64-linux-gnu /usr/lib/../lib /lib
    libs=-lpthread -lnsl -lgdbm -ldb -ldl -lm -lcrypt -lutil -lc -lgdbm_compat
    perllibs=-lpthread -lnsl -ldl -lm -lcrypt -lutil -lc
    libc=libc-2.19.so, so=so, useshrplib=false, libperl=libperl.a
    gnulibc_version='2.19'
  Dynamic Linking:
    dlsrc=dl_dlopen.xs, dlext=so, d_dlsymun=undef, ccdlflags='-Wl,-E'
    cccdlflags='-fPIC', lddlflags='-shared -O2 -L/usr/local/lib -fstack-protector-strong'


Characteristics of this binary (from libperl): 
  Compile-time options: HAS_TIMES MULTIPLICITY PERLIO_LAYERS
                        PERL_DONT_CREATE_GVSV
                        PERL_HASH_FUNC_ONE_AT_A_TIME_HARD
                        PERL_IMPLICIT_CONTEXT PERL_MALLOC_WRAP
                        PERL_NEW_COPY_ON_WRITE PERL_PRESERVE_IVUV
                        PERL_USE_DEVEL USE_64_BIT_ALL USE_64_BIT_INT
                        USE_ITHREADS USE_LARGE_FILES USE_LOCALE
                        USE_LOCALE_COLLATE USE_LOCALE_CTYPE
                        USE_LOCALE_NUMERIC USE_LOCALE_TIME USE_PERLIO
                        USE_PERL_ATOF USE_REENTRANT_API
  Locally applied patches:
	RC1
  Built under linux
  Compiled at Nov  1 2015 01:44:08
  %ENV:
    PERL5LIB="/tmp/loop_over_bdir-16020-t3vGXM/FusionInventory-Agent-2.3.17-9m8nIN/blib/arch:/tmp/loop_over_bdir-16020-t3vGXM/FusionInventory-Agent-2.3.17-9m8nIN/blib/lib:/tmp/loop_over_bdir-16020-t3vGXM/Alien-ActiveMQ-0.00005-fY72IT/blib/arch:/tmp/loop_over_bdir-16020-t3vGXM/Alien-ActiveMQ-0.00005-fY72IT/blib/lib"
    PERL5OPT=""
    PERL5_CPANPLUS_IS_RUNNING="11658"
    PERL5_CPAN_IS_RUNNING="11658"
    PERL_MM_USE_DEFAULT="1"
  @INC:
    /tmp/loop_over_bdir-16020-t3vGXM/FusionInventory-Agent-2.3.17-9m8nIN/blib/arch
    /tmp/loop_over_bdir-16020-t3vGXM/FusionInventory-Agent-2.3.17-9m8nIN/blib/lib
    /tmp/loop_over_bdir-16020-t3vGXM/Alien-ActiveMQ-0.00005-fY72IT/blib/arch
    /tmp/loop_over_bdir-16020-t3vGXM/Alien-ActiveMQ-0.00005-fY72IT/blib/lib
    /home/sand/src/perl/repoperls/installed-perls/perl/v5.22.1-RC1/8005/lib/site_perl/5.22.1/x86_64-linux-thread-multi
    /home/sand/src/perl/repoperls/installed-perls/perl/v5.22.1-RC1/8005/lib/site_perl/5.22.1
    /home/sand/src/perl/repoperls/installed-perls/perl/v5.22.1-RC1/8005/lib/5.22.1/x86_64-linux-thread-multi
    /home/sand/src/perl/repoperls/installed-perls/perl/v5.22.1-RC1/8005/lib/5.22.1
    .