Report for Froody-42.005

Back
From: metabase:user:9820532a-708b-1014-9a05-b18a96298da1
Subject: FAIL Froody-42.005 v5.8.9 GNU/Linux
Date: 2011-10-21T01:13:24Z

This distribution has been tested as part of the CPAN Testers
project, supporting the Perl programming language.  See
http://wiki.cpantesters.org/ for more information or email
questions to cpan-testers-discuss@perl.org


--
Dear Fotango Ltd,

This is a computer-generated report for Froody-42.005
on perl 5.8.9, created by CPAN-Reporter-1.2002.

Thank you for uploading your work to CPAN.  However, there was a problem
testing your distribution.

If you think this report is invalid, please consult the CPAN Testers Wiki
for suggestions on how to avoid getting FAIL reports for missing library
or binary dependencies, unsupported operating systems, and so on:

http://wiki.cpantesters.org/wiki/CPANAuthorNotes

Sections of this report:

    * Tester comments
    * Program output
    * Prerequisites
    * Environment and other context

------------------------------
TESTER COMMENTS
------------------------------

Additional comments from tester:

this report is from an automated smoke testing program
and was not reviewed by a human for accuracy

------------------------------
PROGRAM OUTPUT
------------------------------

Output from './Build test':

t/000compile.t ...... ok
t/001pragmas.t ...... ok
t/003pod.t .......... ok
t/004uselib.t ....... ok
t/api.t ............. ok
t/complex_invoke.t .. ok
t/copy.t ............ ok

#   Failed test 'expected XML'
#   at t/dispatch.t line 44.
#          got: '<?xml version="1.0" encoding="utf-8"?>
# <rsp stat="ok">
#   <value>é</value>
# </rsp>
# '
#     expected: '<?xml version="1.0" encoding="utf-8"?>
# <rsp stat="ok">
#   <value>é</value>
# </rsp>
# '

#   Failed test 'expected XML'
#   at t/dispatch.t line 44.
#          got: '<?xml version="1.0" encoding="utf-8"?>
# <rsp stat="ok">
#   <value>≤</value>
# </rsp>
# '
#     expected: '<?xml version="1.0" encoding="utf-8"?>
# <rsp stat="ok">
#   <value>≤</value>
# </rsp>
# '
froody.invoke.nosuchmethod - Method 'y.y.y' not found:
  Method 'y.y.y' not found at /home/test/.cpan/build/Froody-42.005-JN8EVl/blib/lib/Froody/Repository.pm line 137
  	Froody::Repository::get_method() called at /home/test/.cpan/build/Froody-42.005-JN8EVl/blib/lib/Froody/Dispatch.pm line 223
  	eval {...} called at /home/test/.cpan/build/Froody-42.005-JN8EVl/blib/lib/Froody/Dispatch.pm line 211
  	Froody::Dispatch::dispatch() called at /home/test/.cpan/build/Froody-42.005-JN8EVl/blib/lib/Froody/Dispatch.pm line 334
  	Froody::Dispatch::call() called at t/dispatch.t line 53
  	Test::Exception::throws_ok() called at t/dispatch.t line 54
froody.invoke.nosuchmethod - Method 'y.y.y' not found:
  Method 'y.y.y' not found at /home/test/.cpan/build/Froody-42.005-JN8EVl/blib/lib/Froody/Repository.pm line 137
  	Froody::Repository::get_method() called at /home/test/.cpan/build/Froody-42.005-JN8EVl/blib/lib/Froody/Dispatch.pm line 223
  	eval {...} called at /home/test/.cpan/build/Froody-42.005-JN8EVl/blib/lib/Froody/Dispatch.pm line 211
  	Froody::Dispatch::dispatch() called at t/dispatch.t line 57
  	Test::Exception::throws_ok() called at t/dispatch.t line 58
An error occurred while executing "foo.test.haltandcatchfire": test.error - I'm on fire:
  I'm on fire at t/lib/DTest/Test.pm line 24
  	DTest::Test::haltandcatchfire() called at /home/test/.cpan/build/Froody-42.005-JN8EVl/blib/lib/Froody/Invoker/Implementation.pm line 42
  	eval {...} called at /home/test/.cpan/build/Froody-42.005-JN8EVl/blib/lib/Froody/Invoker/Implementation.pm line 37
  	Froody::Invoker::Implementation::invoke() called at /home/test/.cpan/build/Froody-42.005-JN8EVl/blib/lib/Froody/Method.pm line 74
  	Froody::Method::call() called at /home/test/.cpan/build/Froody-42.005-JN8EVl/blib/lib/Froody/Dispatch.pm line 224
  	eval {...} called at /home/test/.cpan/build/Froody-42.005-JN8EVl/blib/lib/Froody/Dispatch.pm line 211
  	Froody::Dispatch::dispatch() called at /home/test/.cpan/build/Froody-42.005-JN8EVl/blib/lib/Froody/Dispatch.pm line 334
  	Froody::Dispatch::call() called at t/dispatch.t line 72
  	Test::Exception::throws_ok() called at t/dispatch.t line 73
 at t/dispatch.t line 72
# Looks like you failed 2 tests of 19.
t/dispatch.t ........ 
Dubious, test returned 2 (wstat 512, 0x200)
Failed 2/19 subtests 
t/err_isa.t ......... ok
t/error.t ........... ok
Use of uninitialized value in subroutine entry at /home/test/perl5/perlbrew/perls/perl-5.8.9-th-ld/lib/site_perl/5.8.9/x86_64-linux-thread-multi-ld/XML/LibXML.pm line 1544, <DATA> line 16.
Use of uninitialized value in subroutine entry at /home/test/perl5/perlbrew/perls/perl-5.8.9-th-ld/lib/site_perl/5.8.9/x86_64-linux-thread-multi-ld/XML/LibXML.pm line 1544, <DATA> line 16.
Use of uninitialized value in subroutine entry at /home/test/perl5/perlbrew/perls/perl-5.8.9-th-ld/lib/site_perl/5.8.9/x86_64-linux-thread-multi-ld/XML/LibXML.pm line 1544, <DATA> line 16.
Use of uninitialized value in subroutine entry at /home/test/perl5/perlbrew/perls/perl-5.8.9-th-ld/lib/site_perl/5.8.9/x86_64-linux-thread-multi-ld/XML/LibXML.pm line 1544, <DATA> line 16.
Use of uninitialized value in subroutine entry at /home/test/perl5/perlbrew/perls/perl-5.8.9-th-ld/lib/site_perl/5.8.9/x86_64-linux-thread-multi-ld/XML/LibXML.pm line 1544, <DATA> line 16.
Use of uninitialized value in subroutine entry at /home/test/perl5/perlbrew/perls/perl-5.8.9-th-ld/lib/site_perl/5.8.9/x86_64-linux-thread-multi-ld/XML/LibXML.pm line 1544, <DATA> line 16.
Use of uninitialized value in subroutine entry at /home/test/perl5/perlbrew/perls/perl-5.8.9-th-ld/lib/site_perl/5.8.9/x86_64-linux-thread-multi-ld/XML/LibXML.pm line 1544, <DATA> line 16.
Use of uninitialized value in subroutine entry at /home/test/perl5/perlbrew/perls/perl-5.8.9-th-ld/lib/site_perl/5.8.9/x86_64-linux-thread-multi-ld/XML/LibXML.pm line 1544, <DATA> line 16.
Use of uninitialized value in subroutine entry at /home/test/perl5/perlbrew/perls/perl-5.8.9-th-ld/lib/site_perl/5.8.9/x86_64-linux-thread-multi-ld/XML/LibXML.pm line 1544, <DATA> line 16.

#   Failed test 'We get the right answer back.'
#   at t/high-level.t line 60.
#          got: 'é'
#     expected: 'é'
froody.invoke.nosuchmethod - Method 'foo.foo.bar' not found:
  Method 'foo.foo.bar' not found at /home/test/.cpan/build/Froody-42.005-JN8EVl/blib/lib/Froody/Repository.pm line 137
  	Froody::Repository::get_method() called at /home/test/.cpan/build/Froody-42.005-JN8EVl/blib/lib/Froody/Dispatch.pm line 223
  	eval {...} called at /home/test/.cpan/build/Froody-42.005-JN8EVl/blib/lib/Froody/Dispatch.pm line 211
  	Froody::Dispatch::dispatch() called at /home/test/.cpan/build/Froody-42.005-JN8EVl/blib/lib/Froody/Dispatch.pm line 334
  	Froody::Dispatch::call() called at t/high-level.t line 69
  	Test::Exception::throws_ok() called at t/high-level.t line 70
An error occurred while executing "foo.test.haltandcatchfire": test.error - I'm on fire:
  I'm on fire at t/lib/DTest/Test.pm line 24
  	DTest::Test::haltandcatchfire('Froody::Invoker::Implementation=HASH(0x29f3580)', 'HASH(0x29fc860)') called at /home/test/.cpan/build/Froody-42.005-JN8EVl/blib/lib/Froody/Invoker/Implementation.pm line 42
  	eval {...} called at /home/test/.cpan/build/Froody-42.005-JN8EVl/blib/lib/Froody/Invoker/Implementation.pm line 37
  	Froody::Invoker::Implementation::invoke('Froody::Invoker::Implementation=HASH(0x29f3580)', 'Froody::Method=HASH(0x29e3520)', 'HASH(0x29fc860)') called at /home/test/.cpan/build/Froody-42.005-JN8EVl/blib/lib/Froody/Method.pm line 74
  	Froody::Method::call('Froody::Method=HASH(0x29e3520)', 'HASH(0x29fc860)') called at /home/test/.cpan/build/Froody-42.005-JN8EVl/blib/lib/Froody/Dispatch.pm line 224
  	eval {...} called at /home/test/.cpan/build/Froody-42.005-JN8EVl/blib/lib/Froody/Dispatch.pm line 211
  	Froody::Dispatch::dispatch('Froody::Dispatch=HASH(0x2985230)', 'method', 'foo.test.haltandcatchfire', 'params', 'HASH(0x29fc860)') called at /home/test/.cpan/build/Froody-42.005-JN8EVl/blib/lib/Froody/Server/Standalone.pm line 48
  	Froody::Server::Standalone::handle_request('Froody::Server::Standalone=HASH(0x1c34350)', 'CGI=HASH(0x2937730)') called at /home/test/perl5/perlbrew/perls/perl-5.8.9-th-ld/lib/site_perl/5.8.9/HTTP/Server/Simple/CGI.pm line 154
  	eval {...} called at /home/test/perl5/perlbrew/perls/perl-5.8.9-th-ld/lib/site_perl/5.8.9/HTTP/Server/Simple/CGI.pm line 154
  	HTTP::Server::Simple::CGI::handler('Froody::Server::Standalone=HASH(0x1c34350)') called at /home/test/perl5/perlbrew/perls/perl-5.8.9-th-ld/lib/site_perl/5.8.9/HTTP/Server/Simple.pm line 402
  	HTTP::Server::Simple::__ANON__('Froody::Server::Standalone::NetServer0') called at /home/test/perl5/perlbrew/perls/perl-5.8.9-th-ld/lib/site_perl/5.8.9/HTTP/Server/Simple.pm line 307
  	HTTP::Server::Simple::__ANON__('Froody::Server::Standalone::NetServer0', 'port', 32200) called at /home/test/perl5/perlbrew/perls/perl-5.8.9-th-ld/lib/site_perl/5.8.9/HTTP/Server/Simple.pm line 271
  	HTTP::Server::Simple::run('Froody::Server::Standalone=HASH(0x1c34350)') called at t/high-level.t line 41
 at /home/test/.cpan/build/Froody-42.005-JN8EVl/blib/lib/Froody/Server/Standalone.pm line 48
# Looks like you failed 1 test of 12.
t/high-level.t ...... 
Dubious, test returned 1 (wstat 256, 0x100)
Failed 1/12 subtests 
t/implementation.t .. ok
t/inv_rem.t ......... ok
t/meta_err.t ........ ok
t/method.t .......... ok
t/method_basic.t .... ok
t/reflection.t ...... ok
Use of uninitialized value in subroutine entry at /home/test/perl5/perlbrew/perls/perl-5.8.9-th-ld/lib/site_perl/5.8.9/x86_64-linux-thread-multi-ld/XML/LibXML.pm line 1544.
t/reflection2.t ..... ok
t/repos.t ........... ok
t/rsp_basic.t ....... ok
t/rsp_convert.t ..... ok
t/rsp_err.t ......... ok
error : string is not in UTF-8
encoding error : output conversion failed due to conv error, bytes 0xE9 0x6F 0x6E 0x3D
I/O error : encoder error
t/rsp_perlds.t ...... ok

#   Failed test 'Boney's fine'
#   at t/rsp_terse.t line 91.
Undefined subroutine &main::Dump called at t/rsp_terse.t line 91.
# Looks like you failed 1 test of 9.
# Looks like your test exited with 255 just after 9.
t/rsp_terse.t ....... 
Dubious, test returned 255 (wstat 65280, 0xff00)
Failed 1/9 subtests 

#   Failed test 'contains right thing'
#   at t/rsp_xml.t line 32.
#                   '<?xml version="1.0" encoding="utf-8"?>
# <rsp stat="ok"><foo>Léon</foo></rsp>
# '
#     doesn't match '(?-xism:<foo>L\x{c3}\x{a9}on</foo>)'
# Looks like you failed 1 test of 4.
t/rsp_xml.t ......... 
Dubious, test returned 1 (wstat 256, 0x100)
Failed 1/4 subtests 
t/structure.t ....... ok
t/t.t ............... ok
t/xml.t ............. ok

Test Summary Report
-------------------
t/dispatch.t      (Wstat: 512 Tests: 19 Failed: 2)
  Failed tests:  5, 9
  Non-zero exit status: 2
t/high-level.t    (Wstat: 256 Tests: 12 Failed: 1)
  Failed test:  5
  Non-zero exit status: 1
t/rsp_terse.t     (Wstat: 65280 Tests: 9 Failed: 1)
  Failed test:  9
  Non-zero exit status: 255
t/rsp_xml.t       (Wstat: 256 Tests: 4 Failed: 1)
  Failed test:  3
  Non-zero exit status: 1
Files=28, Tests=825, 11 wallclock secs ( 0.20 usr  0.11 sys +  5.33 cusr  1.29 csys =  6.93 CPU)
Result: FAIL
Failed 4/28 test programs. 5/825 subtests failed.

------------------------------
PREREQUISITES
------------------------------

Prerequisite modules loaded:

requires:

    Module                   Need  Have    
    ------------------------ ----- --------
    Class::Accessor          0     0.34    
    Class::Accessor::Chained 0     0.01    
    Error                    0.15  0.17016 
    File::Spec               0     3.33    
    HTTP::Request::Common    0     6.00    
    HTTP::Server::Simple     0     0.45_01 
    List::MoreUtils          0     0.33    
    LWP::Simple              0     6.00    
    LWP::UserAgent           0     6.03    
    Params::Validate         0     1.00    
    perl                     5.008 5.008009
    UNIVERSAL::require       0     0.13    
    XML::LibXML              0     1.88    
    YAML                     0     0.73    

build_requires:

    Module                   Need  Have    
    ------------------------ ----- --------
    File::Find::Rule         0     0.33    
    Test::Differences        0     0.61    
    Test::Exception          0     0.31    
    Test::More               0     0.98    
    Test::XML                0     0.08    


------------------------------
ENVIRONMENT AND OTHER CONTEXT
------------------------------

Environment variables:

    AUTOMATED_TESTING = 1
    LANG = C
    LC_ALL = C
    PATH = /home/test/perl5/perlbrew/bin:/home/test/perl5/perlbrew/perls/perl-5.8.9-th-ld/bin:/home/test/bin:~/bin:/usr/bin:/bin
    PATH_WITHOUT_PERLBREW = /home/test/bin:~/bin:/usr/bin:/bin
    PERL5LIB = 
    PERL5OPT = 
    PERL5_CPANPLUS_IS_RUNNING = 13160
    PERL5_CPAN_IS_RUNNING = 13160
    PERL5_CPAN_IS_RUNNING_IN_RECURSION = 27336,13160
    PERLBREW_BASHRC_VERSION = 0.30
    PERLBREW_HOME = /home/test/.perlbrew
    PERLBREW_PATH = /home/test/perl5/perlbrew/bin:/home/test/perl5/perlbrew/perls/perl-5.8.9-th-ld/bin
    PERLBREW_PERL = perl-5.8.9-th-ld
    PERLBREW_ROOT = /home/test/perl5/perlbrew
    PERLBREW_VERSION = 0.30
    PERL_CPANM_OPT = --prompt --mirror file:///mirrors/cpan/
    PERL_CR_SMOKER_CURRENT = Froody-42.005
    PERL_EXTUTILS_AUTOINSTALL = --defaultdeps
    PERL_MM_USE_DEFAULT = 1
    SHELL = /bin/bash
    TERM = linux

Perl special variables (and OS-specific diagnostics, for MSWin32):

    $^X = /home/test/perl5/perlbrew/perls/perl-5.8.9-th-ld/bin/perl
    $UID/$EUID = 1001 / 1001
    $GID = 1001 1001
    $EGID = 1001 1001

Perl module toolchain versions installed:

    Module              Have    
    ------------------- --------
    CPAN                1.9800  
    CPAN::Meta          2.112621
    Cwd                 3.33    
    ExtUtils::CBuilder  0.280202
    ExtUtils::Command   1.16    
    ExtUtils::Install   1.52    
    ExtUtils::MakeMaker 6.59    
    ExtUtils::Manifest  1.58    
    ExtUtils::ParseXS   3.05    
    File::Spec          3.33    
    JSON                2.53    
    JSON::PP            2.27104 
    Module::Build       0.3800  
    Module::Signature   n/a     
    Parse::CPAN::Meta   1.4401  
    Test::Harness       3.23    
    Test::More          0.98    
    YAML                0.73    
    YAML::Syck          1.17    
    version             0.94    


--

Summary of my perl5 (revision 5 version 8 subversion 9) configuration:
  Platform:
    osname=linux, osvers=2.6.35-28-generic, archname=x86_64-linux-thread-multi-ld
    uname='linux zippy 2.6.35-28-generic #50-ubuntu smp fri mar 18 18:42:20 utc 2011 x86_64 gnulinux '
    config_args='-de -Dprefix=/home/test/perl5/perlbrew/perls/perl-5.8.9-th-ld -Dusethreads -Duselongdouble'
    hint=recommended, useposix=true, d_sigaction=define
    usethreads=define use5005threads=undef useithreads=define usemultiplicity=define
    useperlio=define d_sfio=undef uselargefiles=define usesocks=undef
    use64bitint=define use64bitall=define uselongdouble=define
    usemymalloc=n, bincompat5005=undef
  Compiler:
    cc='cc', ccflags ='-D_REENTRANT -D_GNU_SOURCE -fno-strict-aliasing -pipe -I/usr/local/include -D_LARGEFILE_SOURCE -D_FILE_OFFSET_BITS=64',
    optimize='-O2',
    cppflags='-D_REENTRANT -D_GNU_SOURCE -fno-strict-aliasing -pipe -I/usr/local/include'
    ccversion='', gccversion='4.4.5', gccosandvers=''
    intsize=4, longsize=8, ptrsize=8, doublesize=8, byteorder=12345678
    d_longlong=define, longlongsize=8, d_longdbl=define, longdblsize=16
    ivtype='long', ivsize=8, nvtype='long double', nvsize=16, Off_t='off_t', lseeksize=8
    alignbytes=16, prototype=define
  Linker and Libraries:
    ld='cc', ldflags =' -L/usr/local/lib'
    libpth=/usr/local/lib /lib/../lib /usr/lib/../lib /lib /usr/lib /usr/lib/x86_64-linux-gnu /lib64 /usr/lib64
    libs=-lnsl -ldl -lm -lcrypt -lutil -lpthread -lc
    perllibs=-lnsl -ldl -lm -lcrypt -lutil -lpthread -lc
    libc=/lib/libc-2.12.1.so, so=so, useshrplib=false, libperl=libperl.a
    gnulibc_version='2.12.1'
  Dynamic Linking:
    dlsrc=dl_dlopen.xs, dlext=so, d_dlsymun=undef, ccdlflags='-Wl,-E'
    cccdlflags='-fPIC', lddlflags='-shared -O2 -L/usr/local/lib'


Characteristics of this binary (from libperl): 
  Compile-time options: MULTIPLICITY PERL_IMPLICIT_CONTEXT PERL_MALLOC_WRAP
                        USE_64_BIT_ALL USE_64_BIT_INT USE_FAST_STDIO
                        USE_ITHREADS USE_LARGE_FILES USE_LONG_DOUBLE
                        USE_PERLIO USE_REENTRANT_API
  Built under linux
  Compiled at Oct 17 2011 10:24:42
  %ENV:
    PERL5LIB=""
    PERL5OPT=""
    PERL5_CPANPLUS_IS_RUNNING="13160"
    PERL5_CPAN_IS_RUNNING="13160"
    PERL5_CPAN_IS_RUNNING_IN_RECURSION="27336,13160"
    PERLBREW_BASHRC_VERSION="0.30"
    PERLBREW_HOME="/home/test/.perlbrew"
    PERLBREW_PATH="/home/test/perl5/perlbrew/bin:/home/test/perl5/perlbrew/perls/perl-5.8.9-th-ld/bin"
    PERLBREW_PERL="perl-5.8.9-th-ld"
    PERLBREW_ROOT="/home/test/perl5/perlbrew"
    PERLBREW_VERSION="0.30"
    PERL_CPANM_OPT="--prompt --mirror file:///mirrors/cpan/"
    PERL_CR_SMOKER_CURRENT="Froody-42.005"
    PERL_EXTUTILS_AUTOINSTALL="--defaultdeps"
    PERL_MM_USE_DEFAULT="1"
  @INC:
    /home/test/perl5/perlbrew/perls/perl-5.8.9-th-ld/lib/5.8.9/x86_64-linux-thread-multi-ld
    /home/test/perl5/perlbrew/perls/perl-5.8.9-th-ld/lib/5.8.9
    /home/test/perl5/perlbrew/perls/perl-5.8.9-th-ld/lib/site_perl/5.8.9/x86_64-linux-thread-multi-ld
    /home/test/perl5/perlbrew/perls/perl-5.8.9-th-ld/lib/site_perl/5.8.9
    .