Report for Facebook-Graph-1.0900

Back
From: metabase:user:320bfe00-2aae-11df-837a-5e0a49663a4f
Subject: FAIL Facebook-Graph-1.0900 v5.25.2 GNU/Linux
Date: 2016-06-04T23:34:26Z

This distribution has been tested as part of the CPAN Testers
project, supporting the Perl programming language.  See
http://wiki.cpantesters.org/ for more information or email
questions to cpan-testers-discuss@perl.org


--
Dear JT Smith,

This is a computer-generated report for Facebook-Graph-1.0900
on perl 5.25.2, created by CPAN-Reporter-1.2017.

Thank you for uploading your work to CPAN.  However, there was a problem
testing your distribution.

If you think this report is invalid, please consult the CPAN Testers Wiki
for suggestions on how to avoid getting FAIL reports for missing library
or binary dependencies, unsupported operating systems, and so on:

http://wiki.cpantesters.org/wiki/CPANAuthorNotes

Sections of this report:

    * Tester comments
    * Program output
    * Prerequisites
    * Environment and other context

------------------------------
TESTER COMMENTS
------------------------------

Additional comments from tester:

this report is from an automated smoke testing program
and was not reviewed by a human for accuracy

------------------------------
PROGRAM OUTPUT
------------------------------

Output from '/usr/bin/make test':

PERL_DL_NONLAZY=1 "/tmp/basesmoker-reloperl-J2Gt/bin/perl" "-MExtUtils::Command::MM" "-MTest::Harness" "-e" "undef *Test::Harness::Switches; test_harness(0, 'blib/lib', 'blib/arch')" t/*.t
Could not execute request (https://graph.facebook.com/sarahbownds): OAuthException - (#803) Cannot query users by their username (sarahbownds) at /tmp/loop_over_bdir-17258-EMoKNY/Facebook-Graph-1.0900-0/blib/lib/Facebook/Graph/Response.pm line 37.
# Looks like your test exited with 255 just after 2.
t/02_public_fetch.t ....... 
Dubious, test returned 255 (wstat 65280, 0xff00)
Failed 2/4 subtests 
t/02_signed_requests.t .... ok
Not an ARRAY reference at t/03_public_query.t line 25.
# Looks like your test exited with 255 just after 8.
t/03_public_query.t ....... 
Dubious, test returned 255 (wstat 65280, 0xff00)
Failed 8/16 subtests 
t/04_picture.t ............ ok
t/release-pod-coverage.t .. skipped: these tests are for release candidate testing
t/release-pod-syntax.t .... skipped: these tests are for release candidate testing

Test Summary Report
-------------------
t/02_public_fetch.t     (Wstat: 65280 Tests: 2 Failed: 0)
  Non-zero exit status: 255
  Parse errors: Bad plan.  You planned 4 tests but ran 2.
t/03_public_query.t     (Wstat: 65280 Tests: 8 Failed: 0)
  Non-zero exit status: 255
  Parse errors: Bad plan.  You planned 16 tests but ran 8.
Files=6, Tests=20,  2 wallclock secs ( 0.04 usr  0.03 sys +  1.27 cusr  0.22 csys =  1.56 CPU)
Result: FAIL
Failed 2/6 test programs. 0/20 subtests failed.
Makefile:974: recipe for target 'test_dynamic' failed
make: *** [test_dynamic] Error 255

------------------------------
PREREQUISITES
------------------------------

Prerequisite modules loaded:

requires:

    Module                         Need   Have    
    ------------------------------ ------ --------
    AnyEvent::HTTP::LWP::UserAgent 0.08   0.10    
    AnyEvent::TLS                  0      7.12    
    DateTime                       0.61   1.28    
    DateTime::Format::Strptime     1.4000 1.68    
    JSON                           2.16   2.90    
    MIME::Base64::URLSafe          0.01   0.01    
    Moo                            0      2.001001
    Ouch                           0.0400 0.0409  
    Test::More                     0      1.302022
    URI                            1.54   1.71    

build_requires:

    Module                         Need   Have    
    ------------------------------ ------ --------
    ExtUtils::MakeMaker            0      7.18    

configure_requires:

    Module                         Need   Have    
    ------------------------------ ------ --------
    ExtUtils::MakeMaker            6.30   7.18    


------------------------------
ENVIRONMENT AND OTHER CONTEXT
------------------------------

Environment variables:

    AUTOMATED_TESTING = 1
    LANG = en_US.UTF-8
    LANGUAGE = en_US:en
    PATH = /usr/lib/ccache:/home/sand/bin:/usr/local/bin:/usr/bin:/bin:/usr/games:/usr/local/perl/bin:/usr/X11/bin:/sbin:/usr/sbin
    PERL5LIB = /tmp/loop_over_bdir-17258-EMoKNY/FusionInventory-Agent-2.3.17-0/blib/arch:/tmp/loop_over_bdir-17258-EMoKNY/FusionInventory-Agent-2.3.17-0/blib/lib:/tmp/loop_over_bdir-17258-EMoKNY/Alien-ActiveMQ-0.00005-0/blib/arch:/tmp/loop_over_bdir-17258-EMoKNY/Alien-ActiveMQ-0.00005-0/blib/lib
    PERL5OPT = 
    PERL5_CPANPLUS_IS_RUNNING = 23829
    PERL5_CPAN_IS_RUNNING = 23829
    PERL_CANARY_STABILITY_NOPROMPT = 1
    PERL_MM_USE_DEFAULT = 1
    SHELL = /usr/bin/zsh
    TERM = screen

Perl special variables (and OS-specific diagnostics, for MSWin32):

    $^X = /tmp/basesmoker-reloperl-J2Gt/bin/perl
    $UID/$EUID = 1005 / 1005
    $GID = 1005 1005
    $EGID = 1005 1005

Perl module toolchain versions installed:

    Module              Have    
    ------------------- --------
    CPAN                2.13    
    CPAN::Meta          2.150005
    Cwd                 3.64    
    ExtUtils::CBuilder  0.280225
    ExtUtils::Command   7.18    
    ExtUtils::Install   2.04    
    ExtUtils::MakeMaker 7.18    
    ExtUtils::Manifest  1.70    
    ExtUtils::ParseXS   3.32    
    File::Spec          3.64    
    JSON                2.90    
    JSON::PP            2.27300 
    Module::Build       0.4218  
    Module::Signature   0.79    
    Parse::CPAN::Meta   1.4417  
    Test::Harness       3.36    
    Test::More          1.302022
    YAML                1.15    
    YAML::Syck          1.29    
    version             0.9917  


--

Summary of my perl5 (revision 5 version 25 subversion 2) configuration:
  Commit id: e7127e21a1976771d8a5eaf45c257b1d97ca9232
  Platform:
    osname=linux, osvers=4.3.0-1-amd64, archname=x86_64-linux-ld
    uname='linux k83 4.3.0-1-amd64 #1 smp debian 4.3.3-7 (2016-01-19) x86_64 gnulinux '
    config_args='-Dprefix=/home/sand/src/perl/repoperls/installed-perls/perl/v5.25.1-104-ge7127e2/8942 -Dmyhostname=k83 -Dinstallusrbinperl=n -Uversiononly -Dusedevel -des -Ui_db -Dlibswanted=cl pthread socket inet nsl gdbm dbm malloc dl ld sun m crypt sec util c cposix posix ucb BSD gdbm_compat -Uuseithreads -Duselongdouble -DDEBUGGING=-g'
    hint=recommended, useposix=true, d_sigaction=define
    useithreads=undef, usemultiplicity=undef
    use64bitint=define, use64bitall=define, uselongdouble=define
    usemymalloc=n, bincompat5005=undef
  Compiler:
    cc='cc', ccflags ='-fwrapv -fno-strict-aliasing -pipe -fstack-protector-strong -I/usr/local/include -D_LARGEFILE_SOURCE -D_FILE_OFFSET_BITS=64 -D_FORTIFY_SOURCE=2',
    optimize='-O2 -g',
    cppflags='-fwrapv -fno-strict-aliasing -pipe -fstack-protector-strong -I/usr/local/include'
    ccversion='', gccversion='5.3.1 20160121', gccosandvers=''
    intsize=4, longsize=8, ptrsize=8, doublesize=8, byteorder=12345678, doublekind=3
    d_longlong=define, longlongsize=8, d_longdbl=define, longdblsize=16, longdblkind=3
    ivtype='long', ivsize=8, nvtype='long double', nvsize=16, Off_t='off_t', lseeksize=8
    alignbytes=16, prototype=define
  Linker and Libraries:
    ld='cc', ldflags =' -fstack-protector-strong -L/usr/local/lib'
    libpth=/usr/local/lib /usr/lib/gcc/x86_64-linux-gnu/5/include-fixed /usr/include/x86_64-linux-gnu /usr/lib /lib/x86_64-linux-gnu /lib/../lib /usr/lib/x86_64-linux-gnu /usr/lib/../lib /lib
    libs=-lpthread -lnsl -lgdbm -ldl -lm -lcrypt -lutil -lc -lgdbm_compat
    perllibs=-lpthread -lnsl -ldl -lm -lcrypt -lutil -lc
    libc=libc-2.21.so, so=so, useshrplib=false, libperl=libperl.a
    gnulibc_version='2.21'
  Dynamic Linking:
    dlsrc=dl_dlopen.xs, dlext=so, d_dlsymun=undef, ccdlflags='-Wl,-E'
    cccdlflags='-fPIC', lddlflags='-shared -O2 -g -L/usr/local/lib -fstack-protector-strong'


Characteristics of this binary (from libperl): 
  Compile-time options: HAS_TIMES PERLIO_LAYERS PERL_COPY_ON_WRITE
                        PERL_DONT_CREATE_GVSV
                        PERL_HASH_FUNC_ONE_AT_A_TIME_HARD PERL_MALLOC_WRAP
                        PERL_OP_PARENT PERL_PRESERVE_IVUV PERL_USE_DEVEL
                        USE_64_BIT_ALL USE_64_BIT_INT USE_LARGE_FILES
                        USE_LOCALE USE_LOCALE_COLLATE USE_LOCALE_CTYPE
                        USE_LOCALE_NUMERIC USE_LOCALE_TIME USE_LONG_DOUBLE
                        USE_PERLIO USE_PERL_ATOF
  Built under linux
  Compiled at Jun  3 2016 07:53:36
  %ENV:
    PERL5LIB="/tmp/loop_over_bdir-17258-EMoKNY/FusionInventory-Agent-2.3.17-0/blib/arch:/tmp/loop_over_bdir-17258-EMoKNY/FusionInventory-Agent-2.3.17-0/blib/lib:/tmp/loop_over_bdir-17258-EMoKNY/Alien-ActiveMQ-0.00005-0/blib/arch:/tmp/loop_over_bdir-17258-EMoKNY/Alien-ActiveMQ-0.00005-0/blib/lib"
    PERL5OPT=""
    PERL5_CPANPLUS_IS_RUNNING="23829"
    PERL5_CPAN_IS_RUNNING="23829"
    PERL_CANARY_STABILITY_NOPROMPT="1"
    PERL_MM_USE_DEFAULT="1"
  @INC:
    /tmp/loop_over_bdir-17258-EMoKNY/FusionInventory-Agent-2.3.17-0/blib/arch
    /tmp/loop_over_bdir-17258-EMoKNY/FusionInventory-Agent-2.3.17-0/blib/lib
    /tmp/loop_over_bdir-17258-EMoKNY/Alien-ActiveMQ-0.00005-0/blib/arch
    /tmp/loop_over_bdir-17258-EMoKNY/Alien-ActiveMQ-0.00005-0/blib/lib
    /home/sand/src/perl/repoperls/installed-perls/perl/v5.25.1-104-ge7127e2/8942/lib/site_perl/5.25.2/x86_64-linux-ld
    /home/sand/src/perl/repoperls/installed-perls/perl/v5.25.1-104-ge7127e2/8942/lib/site_perl/5.25.2
    /home/sand/src/perl/repoperls/installed-perls/perl/v5.25.1-104-ge7127e2/8942/lib/5.25.2/x86_64-linux-ld
    /home/sand/src/perl/repoperls/installed-perls/perl/v5.25.1-104-ge7127e2/8942/lib/5.25.2
    .