AWS-CLIWrapper v1.27 Perl 5 v5.12.3 amd64-freebsd
- Status
- Fail
- From
- Chris Williams (BINGOS)
- Dist
-
AWS-CLIWrapper v1.27
- Platform
- Perl 5 v5.12.3 amd64-freebsd
- Date
- 2023-06-29 16:06:14
- ID
- df4593e6-1696-11ee-98b0-b3c3213a625c
This distribution has been tested as part of the CPAN Testers
project, supporting the Perl programming language. See
http://wiki.cpantesters.org/ for more information or email
questions to cpan-testers-discuss@perl.org
--
Dear HIROSE,
This is a computer-generated error report created automatically by
CPANPLUS, version 0.9914. Testers personal comments may appear
at the end of this report.
Thank you for uploading your work to CPAN. However, it appears that
there were some problems testing your distribution.
TEST RESULTS:
Below is the error stack from stage 'make test':
PERL_DL_NONLAZY=1 "/usr/home/cpan/pit/bare/perl-5.12.3/bin/perl" "-MExtUtils::Command::MM" "-MTest::Harness" "-e" "undef *Test::Harness::Switches; test_harness(0, 'blib/lib', 'blib/arch')" t/*.t
t/00_compile.t .............. ok
t/01_new.t .................. ok
t/03_awscli_path.t .......... ok
t/03_awscli_timeout.t ....... ok
t/03_awscli_version.t ....... ok
t/03_region.t ............... ok
t/04_errors.t ............... skipped: not found aws command
# Failed test 'mock-aws version'
# at t/05_catch_error_options.t line 33.
# got: '0'
# expected: '2.42.4242'
# Looks like you failed 1 test of 25.
t/05_catch_error_options.t ..
Dubious, test returned 1 (wstat 256, 0x100)
Failed 1/25 subtests
# Failed test 'catch-with-croak retry counter exhausted'
# at t/06_catch_errors.t line 47.
# got: '3'
# expected: '0'
# Failed test 'catch-with-croak error message'
# at t/06_catch_errors.t line 51.
# 'exited with code [255]
# stderr:
# open3: exec of t/bin/mock-aws ecs list-clusters failed at /usr/home/cpan/pit/bare/perl-5.12.3/lib/site_perl/5.12.3/IPC/Cmd.pm line 534
#
# '
# doesn't match '(?-xism:^$)'
# Failed test 'catch-with-croak result'
# at t/06_catch_errors.t line 54.
# Structures begin differing at:
# $got = undef
# $expected = HASH(0x828262fe8)
# Failed test 'no-croak error message'
# at t/06_catch_errors.t line 51.
# 'exited with code [255]
# stderr:
# open3: exec of t/bin/mock-aws ecs list-clusters failed at /usr/home/cpan/pit/bare/perl-5.12.3/lib/site_perl/5.12.3/IPC/Cmd.pm line 534
#
# '
# doesn't match '(?-xism:uh-oh)'
# Failed test 'no-error error message'
# at t/06_catch_errors.t line 51.
# 'exited with code [255]
# stderr:
# open3: exec of t/bin/mock-aws ecs list-clusters failed at /usr/home/cpan/pit/bare/perl-5.12.3/lib/site_perl/5.12.3/IPC/Cmd.pm line 534
#
# '
# doesn't match '(?-xism:^$)'
# Failed test 'no-error result'
# at t/06_catch_errors.t line 54.
# Structures begin differing at:
# $got = undef
# $expected = HASH(0x828262868)
# Failed test 'catch-no-croak retry counter exhausted'
# at t/06_catch_errors.t line 47.
# got: '2'
# expected: '0'
# Failed test 'catch-no-croak error message'
# at t/06_catch_errors.t line 51.
# 'exited with code [255]
# stderr:
# open3: exec of t/bin/mock-aws ecs list-clusters failed at /usr/home/cpan/pit/bare/perl-5.12.3/lib/site_perl/5.12.3/IPC/Cmd.pm line 534
#
# '
# doesn't match '(?-xism:^$)'
# Failed test 'catch-no-croak result'
# at t/06_catch_errors.t line 54.
# Structures begin differing at:
# $got = undef
# $expected = HASH(0x828262d60)
# Failed test 'with-croak exception'
# at t/06_catch_errors.t line 50.
# 'exited with code [255]
# stderr:
# open3: exec of t/bin/mock-aws ecs list-clusters failed at /usr/home/cpan/pit/bare/perl-5.12.3/lib/site_perl/5.12.3/IPC/Cmd.pm line 534
#
# at t/06_catch_errors.t line 40
# '
# doesn't match '(?-xism:foobaroo)'
# Failed test 'with-croak error message'
# at t/06_catch_errors.t line 51.
# 'exited with code [255]
# stderr:
# open3: exec of t/bin/mock-aws ecs list-clusters failed at /usr/home/cpan/pit/bare/perl-5.12.3/lib/site_perl/5.12.3/IPC/Cmd.pm line 534
#
# '
# doesn't match '(?-xism:foobaroo)'
# Looks like you failed 11 tests of 17.
t/06_catch_errors.t .........
Dubious, test returned 11 (wstat 2816, 0xb00)
Failed 11/17 subtests
Test Summary Report
-------------------
t/05_catch_error_options.t (Wstat: 256 (exited 1) Tests: 25 Failed: 1)
Failed test: 17
Non-zero exit status: 1
t/06_catch_errors.t (Wstat: 2816 (exited 11) Tests: 17 Failed: 11)
Failed tests: 1, 3-4, 6, 9-11, 13-16
Non-zero exit status: 11
Files=9, Tests=50, 4 wallclock secs ( 0.12 usr 0.09 sys + 2.89 cusr 0.76 csys = 3.86 CPU)
Result: FAIL
Failed 2/9 test programs. 12/50 subtests failed.
*** Error code 11
Stop.
make: stopped in /usr/home/cpan/pit/bare/conf/perl-5.12.3/.cpanplus/5.12.3/build/gxwtDmF32r/AWS-CLIWrapper-1.27
PREREQUISITES:
Here is a list of prerequisites you specified and versions we
managed to load:
Module Name Have Want
IPC::Cmd 1.04 0
JSON 4.10 2
String::ShellQuote 1.04 0
Test::More 1.302194 0
version 0.9929 0.77
Perl module toolchain versions installed:
Module Name Have
CPANPLUS 0.9914
CPANPLUS::Dist::Build 0.90
Cwd 3.75
ExtUtils::CBuilder 0.280236
ExtUtils::Command 7.70
ExtUtils::Install 2.22
ExtUtils::MakeMaker 7.70
ExtUtils::Manifest 1.73
ExtUtils::ParseXS 3.44
File::Spec 3.75
Module::Build 0.4232
Pod::Parser 1.37
Pod::Simple 3.14
Test2 1.302194
Test::Harness 3.44
Test::More 1.302194
version 0.9929
******************************** NOTE ********************************
The comments above are created mechanically, possibly without manual
checking by the sender. As there are many people performing automatic
tests on each upload to CPAN, it is likely that you will receive
identical messages about the same problem.
If you believe that the message is mistaken, please reply to the first
one with correction and/or additional informations, and do not take
it personally. We appreciate your patience. :)
**********************************************************************
Additional comments:
This report was machine-generated by CPANPLUS::Dist::YACSmoke 1.08.
Powered by minismokebox version 0.68
CPANPLUS is prefering Build.PL
------------------------------
ENVIRONMENT AND OTHER CONTEXT
------------------------------
Environment variables:
AUTOMATED_TESTING = 1
LANG = C.UTF-8
NONINTERACTIVE_TESTING = 1
PATH = /sbin:/bin:/usr/sbin:/usr/bin:/usr/local/sbin:/usr/local/bin:/home/cpan/bin
PERL5LIB = /usr/home/cpan/pit/jail/EuCE3aM9hv/lib/perl5:/usr/home/cpan/pit/bare/conf/perl-5.12.3/.cpanplus/5.12.3/build/gxwtDmF32r/AWS-CLIWrapper-1.27/blib/lib:/usr/home/cpan/pit/bare/conf/perl-5.12.3/.cpanplus/5.12.3/build/gxwtDmF32r/AWS-CLIWrapper-1.27/blib/arch
PERL5_CPANPLUS_IS_RUNNING = 77562
PERL5_CPANPLUS_IS_VERSION = 0.9914
PERL5_MINISMOKEBOX = 0.68
PERL5_YACSMOKE_BASE = /usr/home/cpan/pit/bare/conf/perl-5.12.3
PERL_EXTUTILS_AUTOINSTALL = --defaultdeps
PERL_LOCAL_LIB_ROOT = /usr/home/cpan/pit/jail/EuCE3aM9hv
PERL_MB_OPT = --install_base "/usr/home/cpan/pit/jail/EuCE3aM9hv"
PERL_MM_OPT = INSTALL_BASE=/usr/home/cpan/pit/jail/EuCE3aM9hv
PERL_MM_USE_DEFAULT = 1
SHELL = /usr/local/bin/bash
TERM = screen
Perl special variables (and OS-specific diagnostics, for MSWin32):
Perl: $^X = /usr/home/cpan/pit/bare/perl-5.12.3/bin/perl
UID: $< = 1002
EUID: $> = 1002
GID: $( = 1002 1002
EGID: $) = 1002 1002
-------------------------------
--
Summary of my perl5 (revision 5 version 12 subversion 3) configuration:
Platform:
osname=freebsd, osvers=13.2-release, archname=amd64-freebsd
uname='freebsd fever 13.2-release freebsd 13.2-release releng13.2-n254617-525ecfdad597 generic amd64 '
config_args='-des -Dprefix=/usr/home/cpan/pit/bare/perl-5.12.3'
hint=recommended, useposix=true, d_sigaction=define
useithreads=undef, usemultiplicity=undef
useperlio=define, d_sfio=undef, uselargefiles=define, usesocks=undef
use64bitint=define, use64bitall=define, uselongdouble=undef
usemymalloc=n, bincompat5005=undef
Compiler:
cc='cc', ccflags ='-DHAS_FPSETMASK -DHAS_FLOATINGPOINT_H -fno-strict-aliasing -pipe -fstack-protector -I/usr/local/include',
optimize='-O2',
cppflags='-DHAS_FPSETMASK -DHAS_FLOATINGPOINT_H -fno-strict-aliasing -pipe -fstack-protector -I/usr/local/include'
ccversion='', gccversion='FreeBSD Clang 14.0.5 (https://github.com/llvm/llvm-project.git llvmorg-14.0.5-0-gc12386ae247c)', gccosandvers=''
intsize=4, longsize=8, ptrsize=8, doublesize=8, byteorder=12345678
d_longlong=define, longlongsize=8, d_longdbl=define, longdblsize=16
ivtype='long', ivsize=8, nvtype='double', nvsize=8, Off_t='off_t', lseeksize=8
alignbytes=8, prototype=define
Linker and Libraries:
ld='cc', ldflags ='-Wl,-E -fstack-protector -L/usr/local/lib'
libpth=/usr/lib /usr/local/lib
libs=-lgdbm -ldl -lm -lcrypt -lutil -lc
perllibs=-ldl -lm -lcrypt -lutil -lc
libc=, so=so, useshrplib=false, libperl=libperl.a
gnulibc_version=''
Dynamic Linking:
dlsrc=dl_dlopen.xs, dlext=so, d_dlsymun=undef, ccdlflags=' '
cccdlflags='-DPIC -fPIC', lddlflags='-shared -L/usr/local/lib -fstack-protector'
Characteristics of this binary (from libperl):
Compile-time options: PERL_DONT_CREATE_GVSV PERL_MALLOC_WRAP USE_64_BIT_ALL
USE_64_BIT_INT USE_LARGE_FILES USE_PERLIO
USE_PERL_ATOF
Locally applied patches:
Devel::PatchPerl 2.08
Built under freebsd
Compiled at Apr 23 2023 18:09:52
%ENV:
PERL5LIB="/usr/home/cpan/pit/jail/EuCE3aM9hv/lib/perl5:/usr/home/cpan/pit/bare/conf/perl-5.12.3/.cpanplus/5.12.3/build/gxwtDmF32r/AWS-CLIWrapper-1.27/blib/lib:/usr/home/cpan/pit/bare/conf/perl-5.12.3/.cpanplus/5.12.3/build/gxwtDmF32r/AWS-CLIWrapper-1.27/blib/arch"
PERL5_CPANPLUS_IS_RUNNING="77562"
PERL5_CPANPLUS_IS_VERSION="0.9914"
PERL5_MINISMOKEBOX="0.68"
PERL5_YACSMOKE_BASE="/usr/home/cpan/pit/bare/conf/perl-5.12.3"
PERL_EXTUTILS_AUTOINSTALL="--defaultdeps"
PERL_LOCAL_LIB_ROOT="/usr/home/cpan/pit/jail/EuCE3aM9hv"
PERL_MB_OPT="--install_base "/usr/home/cpan/pit/jail/EuCE3aM9hv""
PERL_MM_OPT="INSTALL_BASE=/usr/home/cpan/pit/jail/EuCE3aM9hv"
PERL_MM_USE_DEFAULT="1"
@INC:
/usr/home/cpan/pit/jail/EuCE3aM9hv/lib/perl5/5.12.3/amd64-freebsd
/usr/home/cpan/pit/jail/EuCE3aM9hv/lib/perl5/5.12.3
/usr/home/cpan/pit/jail/EuCE3aM9hv/lib/perl5/amd64-freebsd
/usr/home/cpan/pit/jail/EuCE3aM9hv/lib/perl5
/usr/home/cpan/pit/bare/conf/perl-5.12.3/.cpanplus/5.12.3/build/gxwtDmF32r/AWS-CLIWrapper-1.27/blib/lib
/usr/home/cpan/pit/bare/conf/perl-5.12.3/.cpanplus/5.12.3/build/gxwtDmF32r/AWS-CLIWrapper-1.27/blib/arch
/usr/home/cpan/pit/bare/perl-5.12.3/lib/site_perl/5.12.3/amd64-freebsd
/usr/home/cpan/pit/bare/perl-5.12.3/lib/site_perl/5.12.3
/usr/home/cpan/pit/bare/perl-5.12.3/lib/5.12.3/amd64-freebsd
/usr/home/cpan/pit/bare/perl-5.12.3/lib/5.12.3
.