Report for DBI-Test-0.001

Back
From: metabase:user:a0e144f2-373b-11e6-8edd-c6848980b093
Subject: FAIL DBI-Test-0.001 v5.25.6 GNU/Linux
Date: 2016-11-09T07:26:46Z

This distribution has been tested as part of the CPAN Testers
project, supporting the Perl programming language.  See
http://wiki.cpantesters.org/ for more information or email
questions to cpan-testers-discuss@perl.org


--
Dear Jens Rehsack,

This is a computer-generated report for DBI-Test-0.001
on perl 5.25.6, created by CPAN-Reporter-1.2018.

Thank you for uploading your work to CPAN.  However, there was a problem
testing your distribution.

If you think this report is invalid, please consult the CPAN Testers Wiki
for suggestions on how to avoid getting FAIL reports for missing library
or binary dependencies, unsupported operating systems, and so on:

http://wiki.cpantesters.org/wiki/CPANAuthorNotes

Sections of this report:

    * Tester comments
    * Program output
    * Prerequisites
    * Environment and other context

------------------------------
TESTER COMMENTS
------------------------------

Additional comments from tester:

this report is from an automated smoke testing program
and was not reviewed by a human for accuracy

------------------------------
PROGRAM OUTPUT
------------------------------

Output from '/usr/bin/make test':

PERL_DL_NONLAZY=1 "/home/cpan3/install/bin/perl" "-MExtUtils::Command::MM" "-MTest::Harness" "-e" "undef *Test::Harness::Switches; test_harness(0, 'blib/lib', 'blib/arch')" xt/*.t t/basic/*.t
t/basic/dva_disconnect.t .. ok
t/basic/dva_connect.t ..... ok
t/basic/dvc_connect.t ..... ok
DBI connect('','',...) failed: Can't connect to : Can't connect: IO::Socket::INET: connect: Connection refused at /home/cpan3/install/lib/perl5/site_perl/5.25.6/DBD/Cassandra/Connection.pm line 21.
 at /home/cpan3/.cpan/build/DBI-Test-0.001-0/blib/lib/DBI/Test.pm line 31.

#   Failed test 'basic connect'
#   at /home/cpan3/.cpan/build/DBI-Test-0.001-0/blib/lib/DBI/Test/Case/basic/disconnect.pm line 20.
Can't call method "disconnect" on an undefined value at /home/cpan3/.cpan/build/DBI-Test-0.001-0/blib/lib/DBI/Test/Case/basic/disconnect.pm line 22.
# Tests were run but no plan was declared and done_testing() was not seen.
# Looks like your test exited with 255 just after 1.
t/basic/dvc_disconnect.t .. 
Dubious, test returned 255 (wstat 65280, 0xff00)
Failed 1/1 subtests 
t/basic/dvd_disconnect.t .. ok
t/basic/dvd_connect.t ..... ok
t/basic/dve_connect.t ..... ok
t/basic/dve_disconnect.t .. ok
t/basic/dvf_connect.t ..... ok
t/basic/dvf_disconnect.t .. ok
No such database ()! at /home/cpan3/install/lib/perl5/site_perl/5.25.6/DBD/LDAP.pm line 401, <DATA> line 755.
DBI connect('','',...) failed: No such database ()! at /home/cpan3/.cpan/build/DBI-Test-0.001-0/blib/lib/DBI/Test.pm line 31.

#   Failed test 'basic connect'
#   at /home/cpan3/.cpan/build/DBI-Test-0.001-0/blib/lib/DBI/Test/Case/basic/disconnect.pm line 20.
Can't call method "disconnect" on an undefined value at /home/cpan3/.cpan/build/DBI-Test-0.001-0/blib/lib/DBI/Test/Case/basic/disconnect.pm line 22, <DATA> line 755.
# Tests were run but no plan was declared and done_testing() was not seen.
# Looks like your test exited with 255 just after 1.
t/basic/dvl_disconnect.t .. 
Dubious, test returned 255 (wstat 65280, 0xff00)
Failed 1/1 subtests 
No such database ()! at /home/cpan3/install/lib/perl5/site_perl/5.25.6/DBD/LDAP.pm line 401, <DATA> line 755.
DBI connect('','',...) failed: No such database ()! at /home/cpan3/.cpan/build/DBI-Test-0.001-0/blib/lib/DBI/Test.pm line 31.

#   Failed test 'basic connect'
#   at /home/cpan3/.cpan/build/DBI-Test-0.001-0/blib/lib/DBI/Test/Case/basic/connect.pm line 16.

#   Failed test 'dbh is active'
#   at /home/cpan3/.cpan/build/DBI-Test-0.001-0/blib/lib/DBI/Test/Case/basic/connect.pm line 20.
No such database ()! at /home/cpan3/install/lib/perl5/site_perl/5.25.6/DBD/LDAP.pm line 401, <DATA> line 755.
DBI connect('','',...) failed: No such database ()! at /home/cpan3/.cpan/build/DBI-Test-0.001-0/blib/lib/DBI/Test.pm line 31.

#   Failed test 'basic connect'
#   at /home/cpan3/.cpan/build/DBI-Test-0.001-0/blib/lib/DBI/Test/Case/basic/connect.pm line 29.
No such database ()! at /home/cpan3/install/lib/perl5/site_perl/5.25.6/DBD/LDAP.pm line 401, <DATA> line 755.
DBI connect('','',...) failed: No such database ()! at /home/cpan3/.cpan/build/DBI-Test-0.001-0/blib/lib/DBI/Test.pm line 31.

#   Failed test 'connect without attr'
#   at /home/cpan3/.cpan/build/DBI-Test-0.001-0/blib/lib/DBI/Test/Case/basic/connect.pm line 46.
Use of uninitialized value $got in numeric eq (==) at (eval in cmp_ok) /home/cpan3/.cpan/build/DBI-Test-0.001-0/blib/lib/DBI/Test/Case/basic/connect.pm line 50, <DATA> line 755.

#   Failed test 'AutoCommit == 1'
#   at /home/cpan3/.cpan/build/DBI-Test-0.001-0/blib/lib/DBI/Test/Case/basic/connect.pm line 50.
Use of uninitialized value $val in addition (+) at /home/cpan3/install/lib/perl5/site_perl/5.25.6/Test/Builder.pm line 720, <DATA> line 755.
#          got: undef
#     expected: 1
Can't call method "FETCH" on unblessed reference at /home/cpan3/.cpan/build/DBI-Test-0.001-0/blib/lib/DBI/Test/Case/basic/connect.pm line 51, <DATA> line 755.
# Tests were run but no plan was declared and done_testing() was not seen.
# Looks like your test exited with 255 just after 5.
t/basic/dvl_connect.t ..... 
Dubious, test returned 255 (wstat 65280, 0xff00)
Failed 5/5 subtests 

#   Failed test 'Disconnect'
#   at /home/cpan3/.cpan/build/DBI-Test-0.001-0/blib/lib/DBI/Test/Case/basic/disconnect.pm line 22.
# Looks like you failed 1 test of 19.
t/basic/dvm_disconnect.t .. 
Dubious, test returned 1 (wstat 256, 0x100)
Failed 1/19 subtests 
	(less 1 skipped subtest: 17 okay)
	(7 TODO tests unexpectedly succeeded)

#   Failed test 'dbh is active'
#   at /home/cpan3/.cpan/build/DBI-Test-0.001-0/blib/lib/DBI/Test/Case/basic/connect.pm line 20.
# Looks like you failed 1 test of 16.
t/basic/dvm_connect.t ..... 
Dubious, test returned 1 (wstat 256, 0x100)
Failed 1/16 subtests 
DBI connect('','',...) failed: Can't connect to : REST::Neo4p::CommException : Can't connect to localhost:7474 (500) at /home/cpan3/.cpan/build/DBI-Test-0.001-0/blib/lib/DBI/Test.pm line 31.

#   Failed test 'basic connect'
#   at /home/cpan3/.cpan/build/DBI-Test-0.001-0/blib/lib/DBI/Test/Case/basic/connect.pm line 16.

#   Failed test 'dbh is active'
#   at /home/cpan3/.cpan/build/DBI-Test-0.001-0/blib/lib/DBI/Test/Case/basic/connect.pm line 20.
DBI connect('','',...) failed: Can't connect to : REST::Neo4p::CommException : Can't connect to localhost:7474 (500) at /home/cpan3/.cpan/build/DBI-Test-0.001-0/blib/lib/DBI/Test.pm line 31.

#   Failed test 'basic connect'
#   at /home/cpan3/.cpan/build/DBI-Test-0.001-0/blib/lib/DBI/Test/Case/basic/connect.pm line 29.
DBI connect('','',...) failed: Can't connect to : REST::Neo4p::CommException : Can't connect to localhost:7474 (500) at /home/cpan3/.cpan/build/DBI-Test-0.001-0/blib/lib/DBI/Test.pm line 31.

#   Failed test 'connect without attr'
#   at /home/cpan3/.cpan/build/DBI-Test-0.001-0/blib/lib/DBI/Test/Case/basic/connect.pm line 46.
Use of uninitialized value $got in numeric eq (==) at (eval in cmp_ok) /home/cpan3/.cpan/build/DBI-Test-0.001-0/blib/lib/DBI/Test/Case/basic/connect.pm line 50.

#   Failed test 'AutoCommit == 1'
#   at /home/cpan3/.cpan/build/DBI-Test-0.001-0/blib/lib/DBI/Test/Case/basic/connect.pm line 50.
Use of uninitialized value $val in addition (+) at /home/cpan3/install/lib/perl5/site_perl/5.25.6/Test/Builder.pm line 720.
#          got: undef
#     expected: 1
Can't call method "FETCH" on unblessed reference at /home/cpan3/.cpan/build/DBI-Test-0.001-0/blib/lib/DBI/Test/Case/basic/connect.pm line 51.
# Tests were run but no plan was declared and done_testing() was not seen.
# Looks like your test exited with 255 just after 5.
t/basic/dvn_connect.t ..... 
Dubious, test returned 255 (wstat 65280, 0xff00)
Failed 5/5 subtests 
DBI connect('','',...) failed: Can't connect to : REST::Neo4p::CommException : Can't connect to localhost:7474 (500) at /home/cpan3/.cpan/build/DBI-Test-0.001-0/blib/lib/DBI/Test.pm line 31.

#   Failed test 'basic connect'
#   at /home/cpan3/.cpan/build/DBI-Test-0.001-0/blib/lib/DBI/Test/Case/basic/disconnect.pm line 20.
Can't call method "disconnect" on an undefined value at /home/cpan3/.cpan/build/DBI-Test-0.001-0/blib/lib/DBI/Test/Case/basic/disconnect.pm line 22.
# Tests were run but no plan was declared and done_testing() was not seen.
# Looks like your test exited with 255 just after 1.
t/basic/dvn_disconnect.t .. 
Dubious, test returned 255 (wstat 65280, 0xff00)
Failed 1/1 subtests 
install_driver(SQLAnywhere) failed: Attempt to reload DBD/SQLAnywhere.pm aborted.
Compilation failed in require at (eval 155) line 3.

 at /home/cpan3/.cpan/build/DBI-Test-0.001-0/blib/lib/DBI/Test.pm line 31.
t/basic/dvs_connect.t ..... 
Dubious, test returned 2 (wstat 512, 0x200)
No subtests run 
install_driver(SQLAnywhere) failed: Attempt to reload DBD/SQLAnywhere.pm aborted.
Compilation failed in require at (eval 155) line 3.

 at /home/cpan3/.cpan/build/DBI-Test-0.001-0/blib/lib/DBI/Test.pm line 31.
t/basic/dvs_disconnect.t .. 
Dubious, test returned 2 (wstat 512, 0x200)
No subtests run 

#   Failed test 'dbh is active'
#   at /home/cpan3/.cpan/build/DBI-Test-0.001-0/blib/lib/DBI/Test/Case/basic/connect.pm line 20.
# Looks like you failed 1 test of 16.
t/basic/dvx_connect.t ..... 
Dubious, test returned 1 (wstat 256, 0x100)
Failed 1/16 subtests 
	(4 TODO tests unexpectedly succeeded)
t/basic/dvx_disconnect.t .. ok

Test Summary Report
-------------------
t/basic/dva_disconnect.t (Wstat: 0 Tests: 19 Failed: 0)
  TODO passed:   8-9, 14-15, 18
t/basic/dvc_disconnect.t (Wstat: 65280 Tests: 1 Failed: 1)
  Failed test:  1
  Non-zero exit status: 255
  Parse errors: No plan found in TAP output
t/basic/dvd_disconnect.t (Wstat: 0 Tests: 19 Failed: 0)
  TODO passed:   8-9, 14-15, 18
t/basic/dve_disconnect.t (Wstat: 0 Tests: 19 Failed: 0)
  TODO passed:   8-9, 14-15, 18
t/basic/dvf_disconnect.t (Wstat: 0 Tests: 19 Failed: 0)
  TODO passed:   8-9, 14-15, 18
t/basic/dvl_disconnect.t (Wstat: 65280 Tests: 1 Failed: 1)
  Failed test:  1
  Non-zero exit status: 255
  Parse errors: No plan found in TAP output
t/basic/dvl_connect.t   (Wstat: 65280 Tests: 5 Failed: 5)
  Failed tests:  1-5
  Non-zero exit status: 255
  Parse errors: No plan found in TAP output
t/basic/dvm_disconnect.t (Wstat: 256 Tests: 19 Failed: 1)
  Failed test:  3
  TODO passed:   8-10, 14-16, 18
  Non-zero exit status: 1
t/basic/dvm_connect.t   (Wstat: 256 Tests: 16 Failed: 1)
  Failed test:  3
  Non-zero exit status: 1
t/basic/dvn_connect.t   (Wstat: 65280 Tests: 5 Failed: 5)
  Failed tests:  1-5
  Non-zero exit status: 255
  Parse errors: No plan found in TAP output
t/basic/dvn_disconnect.t (Wstat: 65280 Tests: 1 Failed: 1)
  Failed test:  1
  Non-zero exit status: 255
  Parse errors: No plan found in TAP output
t/basic/dvs_connect.t   (Wstat: 512 Tests: 0 Failed: 0)
  Non-zero exit status: 2
  Parse errors: No plan found in TAP output
t/basic/dvs_disconnect.t (Wstat: 512 Tests: 0 Failed: 0)
  Non-zero exit status: 2
  Parse errors: No plan found in TAP output
t/basic/dvx_connect.t   (Wstat: 256 Tests: 16 Failed: 1)
  Failed test:  3
  TODO passed:   13-16
  Non-zero exit status: 1
t/basic/dvx_disconnect.t (Wstat: 0 Tests: 19 Failed: 0)
  TODO passed:   8-9, 14-15, 18
Files=20, Tests=245,  3 wallclock secs ( 0.13 usr  0.03 sys +  9.42 cusr  0.39 csys =  9.97 CPU)
Result: FAIL
Failed 10/20 test programs. 16/245 subtests failed.
Makefile:899: recipe for target 'test_dynamic' failed
make: *** [test_dynamic] Error 255

------------------------------
PREREQUISITES
------------------------------

Prerequisite modules loaded:

requires:

    Module              Need     Have    
    ------------------- -------- --------
    perl                5.008001 5.025006

build_requires:

    Module              Need     Have    
    ------------------- -------- --------
    Test::Simple        0.90     1.302062

configure_requires:

    Module              Need     Have    
    ------------------- -------- --------
    ExtUtils::MakeMaker 0        7.24    


------------------------------
ENVIRONMENT AND OTHER CONTEXT
------------------------------

Environment variables:

    AUTOMATED_TESTING = 1
    HARNESS_OPTIONS = j3
    LANG = en_US.UTF-8
    PATH = /usr/local/bin:/usr/bin:/bin:/usr/local/games:/usr/games
    PERL5LIB = 
    PERL5OPT = 
    PERL5_CPANPLUS_IS_RUNNING = 7494
    PERL5_CPAN_IS_RUNNING = 7494
    PERL5_CPAN_IS_RUNNING_IN_RECURSION = 7970,7494
    PERLBREW_BASHRC_VERSION = 0.76
    PERLBREW_HOME = /home/dcollins/.perlbrew
    PERLBREW_ROOT = /home/dcollins/toolchain/perl5
    PERL_CR_SMOKER_CURRENT = DBI-Test-0.001
    PERL_CR_SMOKER_RUNONCE = 1
    PERL_EXTUTILS_AUTOINSTALL = --defaultdeps
    PERL_MM_USE_DEFAULT = 1
    SHELL = /bin/bash
    TERM = putty

Perl special variables (and OS-specific diagnostics, for MSWin32):

    $^X = /home/cpan3/install/bin/perl
    $UID/$EUID = 1004 / 1004
    $GID = 1004 1004
    $EGID = 1004 1004

Perl module toolchain versions installed:

    Module              Have    
    ------------------- --------
    CPAN                2.14    
    CPAN::Meta          2.150010
    Cwd                 3.62    
    ExtUtils::CBuilder  0.280224
    ExtUtils::Command   7.24    
    ExtUtils::Install   2.04    
    ExtUtils::MakeMaker 7.24    
    ExtUtils::Manifest  1.70    
    ExtUtils::ParseXS   3.30    
    File::Spec          3.62    
    JSON                2.90    
    JSON::PP            2.27400 
    Module::Build       0.4220  
    Module::Signature   0.81    
    Parse::CPAN::Meta   2.150010
    Test::Harness       3.36    
    Test::More          1.302062
    YAML                1.18    
    YAML::Syck          1.29    
    version             0.9917  


--

Summary of my perl5 (revision 5 version 25 subversion 6) configuration:
  Commit id: 11a12be6c2df2fcd9601f9fde8c7df8c7538c956
  Platform:
    osname=linux
    osvers=3.16.0-4-amd64
    archname=x86_64-linux-thread-multi
    uname='linux digitalis 3.16.0-4-amd64 #1 smp debian 3.16.36-1+deb8u1 (2016-09-03) x86_64 gnulinux '
    config_args='-Dusedevel -DDEBUGGING -Dusethreads -Dprefix=/home/cpan3/install -Uversiononly -des'
    hint=recommended
    useposix=true
    d_sigaction=define
    useithreads=define
    usemultiplicity=define
    use64bitint=define
    use64bitall=define
    uselongdouble=undef
    usemymalloc=n
    bincompat5005=undef
  Compiler:
    cc='cc'
    ccflags ='-D_REENTRANT -D_GNU_SOURCE -fwrapv -DDEBUGGING -fno-strict-aliasing -pipe -fstack-protector-strong -I/usr/local/include -D_LARGEFILE_SOURCE -D_FILE_OFFSET_BITS=64 -D_FORTIFY_SOURCE=2'
    optimize='-O2 -g'
    cppflags='-D_REENTRANT -D_GNU_SOURCE -fwrapv -DDEBUGGING -fno-strict-aliasing -pipe -fstack-protector-strong -I/usr/local/include'
    ccversion=''
    gccversion='4.9.2'
    gccosandvers=''
    intsize=4
    longsize=8
    ptrsize=8
    doublesize=8
    byteorder=12345678
    doublekind=3
    d_longlong=define
    longlongsize=8
    d_longdbl=define
    longdblsize=16
    longdblkind=3
    ivtype='long'
    ivsize=8
    nvtype='double'
    nvsize=8
    Off_t='off_t'
    lseeksize=8
    alignbytes=8
    prototype=define
  Linker and Libraries:
    ld='cc'
    ldflags =' -fstack-protector-strong -L/usr/local/lib'
    libpth=/usr/local/lib /usr/lib/gcc/x86_64-linux-gnu/4.9/include-fixed /usr/include/x86_64-linux-gnu /usr/lib /lib/x86_64-linux-gnu /lib/../lib /usr/lib/x86_64-linux-gnu /usr/lib/../lib /lib
    libs=-lpthread -lnsl -ldl -lm -lcrypt -lutil -lc
    perllibs=-lpthread -lnsl -ldl -lm -lcrypt -lutil -lc
    libc=libc-2.19.so
    so=so
    useshrplib=false
    libperl=libperl.a
    gnulibc_version='2.19'
  Dynamic Linking:
    dlsrc=dl_dlopen.xs
    dlext=so
    d_dlsymun=undef
    ccdlflags='-Wl,-E'
    cccdlflags='-fPIC'
    lddlflags='-shared -O2 -g -L/usr/local/lib -fstack-protector-strong'


Characteristics of this binary (from libperl): 
  Compile-time options:
    DEBUGGING
    HAS_TIMES
    MULTIPLICITY
    PERLIO_LAYERS
    PERL_COPY_ON_WRITE
    PERL_DONT_CREATE_GVSV
    PERL_HASH_FUNC_ONE_AT_A_TIME_HARD
    PERL_IMPLICIT_CONTEXT
    PERL_MALLOC_WRAP
    PERL_OP_PARENT
    PERL_PRESERVE_IVUV
    PERL_TRACK_MEMPOOL
    PERL_USE_DEVEL
    USE_64_BIT_ALL
    USE_64_BIT_INT
    USE_ITHREADS
    USE_LARGE_FILES
    USE_LOCALE
    USE_LOCALE_COLLATE
    USE_LOCALE_CTYPE
    USE_LOCALE_NUMERIC
    USE_LOCALE_TIME
    USE_PERLIO
    USE_PERL_ATOF
    USE_REENTRANT_API
  Built under linux
  Compiled at Oct 30 2016 10:43:21
  %ENV:
    PERL5LIB=""
    PERL5OPT=""
    PERL5_CPANPLUS_IS_RUNNING="7494"
    PERL5_CPAN_IS_RUNNING="7494"
    PERL5_CPAN_IS_RUNNING_IN_RECURSION="7970,7494"
    PERLBREW_BASHRC_VERSION="0.76"
    PERLBREW_HOME="/home/dcollins/.perlbrew"
    PERLBREW_ROOT="/home/dcollins/toolchain/perl5"
    PERL_CR_SMOKER_CURRENT="DBI-Test-0.001"
    PERL_CR_SMOKER_RUNONCE="1"
    PERL_EXTUTILS_AUTOINSTALL="--defaultdeps"
    PERL_MM_USE_DEFAULT="1"
  @INC:
    /home/cpan3/install/lib/perl5/site_perl/5.25.6/x86_64-linux-thread-multi
    /home/cpan3/install/lib/perl5/site_perl/5.25.6
    /home/cpan3/install/lib/perl5/5.25.6/x86_64-linux-thread-multi
    /home/cpan3/install/lib/perl5/5.25.6
    .