Syntax-Feature-QwComments vv1.14.0 Perl 5 v5.18.2 MSWin32-x86-multi-thread

Status
Fail
From
Alexandr Ciornii (CHORNY)
Dist
Syntax-Feature-QwComments vv1.14.0
Platform
Perl 5 v5.18.2 MSWin32-x86-multi-thread
Date
2018-01-27 02:32:02
ID
dec010c2-6ca9-1014-ac38-46e6d5a096b1
This distribution has been tested as part of the CPAN Testers
project, supporting the Perl programming language.  See
http://wiki.cpantesters.org/ for more information or email
questions to cpan-testers-discuss@perl.org


--
Dear ikegami,

This is a computer-generated report for Syntax-Feature-QwComments-v1.14.0
on perl 5.18.2, created by CPAN-Reporter-1.2011.

Thank you for uploading your work to CPAN.  However, there was a problem
testing your distribution.

If you think this report is invalid, please consult the CPAN Testers Wiki
for suggestions on how to avoid getting FAIL reports for missing library
or binary dependencies, unsupported operating systems, and so on:

http://wiki.cpantesters.org/wiki/CPANAuthorNotes

Sections of this report:

    * Tester comments
    * Program output
    * Prerequisites
    * Environment and other context

------------------------------
TESTER COMMENTS
------------------------------

Additional comments from tester:

this report is from an automated smoke testing program
and was not reviewed by a human for accuracy

------------------------------
PROGRAM OUTPUT
------------------------------

Output from 'C:\strawberry182\perl\bin\perl.exe ./Build test':

Generating script 'lib\Syntax\Feature\QwComments.lds'
dlltool --def "lib\Syntax\Feature\QwComments.def" --output-exp "lib\Syntax\Feature\QwComments.exp"
g++ -o "blib\arch\auto\Syntax\Feature\QwComments\QwComments.dll" -Wl,--base-file,"lib\Syntax\Feature\QwComments.base" -Wl,--image-base,0x3c1a0000 -mdll -s -L"C:\strawberry182\perl\lib\CORE" -L"C:\strawberry182\c\lib" "lib\Syntax\Feature\QwComments.lds" "lib\Syntax\Feature\QwComments.exp"
lib\Syntax\Feature\QwComments.o:QwComments.c:(.text+0x640): undefined reference to `_imp__C8K61oRQKxigiqmUlVdk_scp1'
collect2.exe: error: ld returned 1 exit status
dlltool --def "lib\Syntax\Feature\QwComments.def" --output-exp "lib\Syntax\Feature\QwComments.exp" --base-file "lib\Syntax\Feature\QwComments.base"
g++ -o "blib\arch\auto\Syntax\Feature\QwComments\QwComments.dll" -Wl,--image-base,0x3c1a0000 -mdll -s -L"C:\strawberry182\perl\lib\CORE" -L"C:\strawberry182\c\lib" "lib\Syntax\Feature\QwComments.lds" "lib\Syntax\Feature\QwComments.exp"
lib\Syntax\Feature\QwComments.o:QwComments.c:(.text+0x640): undefined reference to `_imp__C8K61oRQKxigiqmUlVdk_scp1'
collect2.exe: error: ld returned 1 exit status

#   Failed test 'require Syntax::Feature::QwComments;'
#   at t\00_load.t line 6.
#     Tried to require 'Syntax::Feature::QwComments'.
#     Error:  Can't locate loadable object for module Syntax::Feature::QwComments in @INC (@INC contains: C:\strawberry182\cpan\build\Syntax-Feature-QwComments-v1.14.0-bR3z0p\blib\lib C:\strawberry182\cpan\build\Syntax-Feature-QwComments-v1.14.0-bR3z0p\blib\arch C:/strawberry182/perl/site/lib C:/strawberry182/perl/vendor/lib C:/strawberry182/perl/lib .) at (eval 4) line 2.
# Compilation failed in require at (eval 4) line 2.
# Testing Syntax::Feature::QwComments v1.14.0
# Using Perl 5.018002
# Looks like you failed 1 test of 1.
t\00_load.t ............. 
Dubious, test returned 1 (wstat 256, 0x100)
Failed 1/1 subtests 
Can't locate loadable object for module Syntax::Feature::QwComments in @INC (@INC contains: C:\strawberry182\cpan\build\Syntax-Feature-QwComments-v1.14.0-bR3z0p\blib\lib C:\strawberry182\cpan\build\Syntax-Feature-QwComments-v1.14.0-bR3z0p\blib\arch C:/strawberry182/perl/site/lib C:/strawberry182/perl/vendor/lib C:/strawberry182/perl/lib .) at t\01_basic.t line 6.
Compilation failed in require at C:/strawberry182/perl/site/lib/syntax.pm line 111.
BEGIN failed--compilation aborted at t\01_basic.t line 6.
t\01_basic.t ............ 
Dubious, test returned 2 (wstat 512, 0x200)
Failed 24/24 subtests 
Can't locate loadable object for module Syntax::Feature::QwComments in @INC (@INC contains: C:\strawberry182\cpan\build\Syntax-Feature-QwComments-v1.14.0-bR3z0p\blib\lib C:\strawberry182\cpan\build\Syntax-Feature-QwComments-v1.14.0-bR3z0p\blib\arch C:/strawberry182/perl/site/lib C:/strawberry182/perl/vendor/lib C:/strawberry182/perl/lib .) at t\02_pragma_a.t line 15.
Compilation failed in require at t\02_pragma_a.t line 15.
BEGIN failed--compilation aborted at t\02_pragma_a.t line 15.
t\02_pragma_a.t ......... 
Dubious, test returned 255 (wstat 65280, 0xff00)
Failed 6/6 subtests 
Can't locate loadable object for module Syntax::Feature::QwComments in @INC (@INC contains: C:\strawberry182\cpan\build\Syntax-Feature-QwComments-v1.14.0-bR3z0p\blib\lib C:\strawberry182\cpan\build\Syntax-Feature-QwComments-v1.14.0-bR3z0p\blib\arch C:/strawberry182/perl/site/lib C:/strawberry182/perl/vendor/lib C:/strawberry182/perl/lib .) at t\02_pragma_b.t line 15.
Compilation failed in require at t\02_pragma_b.t line 15.
BEGIN failed--compilation aborted at t\02_pragma_b.t line 15.
t\02_pragma_b.t ......... 
Dubious, test returned 255 (wstat 65280, 0xff00)
Failed 6/6 subtests 
Can't locate loadable object for module Syntax::Feature::QwComments in @INC (@INC contains: C:\strawberry182\cpan\build\Syntax-Feature-QwComments-v1.14.0-bR3z0p\blib\lib C:\strawberry182\cpan\build\Syntax-Feature-QwComments-v1.14.0-bR3z0p\blib\arch C:/strawberry182/perl/site/lib C:/strawberry182/perl/vendor/lib C:/strawberry182/perl/lib .) at t\03_line_numbers.t line 14.
Compilation failed in require at C:/strawberry182/perl/site/lib/syntax.pm line 111.
BEGIN failed--compilation aborted at t\03_line_numbers.t line 14.
t\03_line_numbers.t ..... 
Dubious, test returned 2 (wstat 512, 0x200)
Failed 3/3 subtests 
Can't locate loadable object for module Syntax::Feature::QwComments in @INC (@INC contains: C:\strawberry182\cpan\build\Syntax-Feature-QwComments-v1.14.0-bR3z0p\blib\lib C:\strawberry182\cpan\build\Syntax-Feature-QwComments-v1.14.0-bR3z0p\blib\arch C:/strawberry182/perl/site/lib C:/strawberry182/perl/vendor/lib C:/strawberry182/perl/lib .) at t\04_errors.t line 13.
Compilation failed in require at C:/strawberry182/perl/site/lib/syntax.pm line 111.
BEGIN failed--compilation aborted at t\04_errors.t line 13.
t\04_errors.t ........... 
Dubious, test returned 2 (wstat 512, 0x200)
Failed 21/21 subtests 
Can't locate loadable object for module Syntax::Feature::QwComments in @INC (@INC contains: C:\strawberry182\cpan\build\Syntax-Feature-QwComments-v1.14.0-bR3z0p\blib\lib C:\strawberry182\cpan\build\Syntax-Feature-QwComments-v1.14.0-bR3z0p\blib\arch C:/strawberry182/perl/site/lib C:/strawberry182/perl/vendor/lib C:/strawberry182/perl/lib .) at t\05_unicode.t line 14.
Compilation failed in require at C:/strawberry182/perl/site/lib/syntax.pm line 111.
BEGIN failed--compilation aborted at t\05_unicode.t line 14.
t\05_unicode.t .......... 
Dubious, test returned 2 (wstat 512, 0x200)
Failed 4/4 subtests 
t\devel-pod-coverage.t .. skipped: Pod coverage is only tested when DEVEL_TESTS=1
t\pod.t ................. ok

Test Summary Report
-------------------
t\00_load.t           (Wstat: 256 Tests: 1 Failed: 1)
  Failed test:  1
  Non-zero exit status: 1
t\01_basic.t          (Wstat: 512 Tests: 0 Failed: 0)
  Non-zero exit status: 2
  Parse errors: Bad plan.  You planned 24 tests but ran 0.
t\02_pragma_a.t       (Wstat: 65280 Tests: 0 Failed: 0)
  Non-zero exit status: 255
  Parse errors: Bad plan.  You planned 6 tests but ran 0.
t\02_pragma_b.t       (Wstat: 65280 Tests: 0 Failed: 0)
  Non-zero exit status: 255
  Parse errors: Bad plan.  You planned 6 tests but ran 0.
t\03_line_numbers.t   (Wstat: 512 Tests: 0 Failed: 0)
  Non-zero exit status: 2
  Parse errors: Bad plan.  You planned 3 tests but ran 0.
t\04_errors.t         (Wstat: 512 Tests: 0 Failed: 0)
  Non-zero exit status: 2
  Parse errors: Bad plan.  You planned 21 tests but ran 0.
t\05_unicode.t        (Wstat: 512 Tests: 0 Failed: 0)
  Non-zero exit status: 2
  Parse errors: Bad plan.  You planned 4 tests but ran 0.
Files=9, Tests=2,  2 wallclock secs ( 0.09 usr +  0.01 sys =  0.10 CPU)
Result: FAIL
Failed 7/9 test programs. 1/2 subtests failed.

------------------------------
PREREQUISITES
------------------------------

Prerequisite modules loaded:

requires:

    Module                     Need   Have    
    -------------------------- ------ --------
    Devel::CallParser          0      0.002   
    Lexical::Sub               0      0.009   
    perl                       5.014  5.018002
    syntax                     0.004  0.004   
    version                    0      0.9904  
    XSLoader                   0      0.16    

build_requires:

    Module                     Need   Have    
    -------------------------- ------ --------
    ExtUtils::CBuilder         0      0.280212
    Test::More                 0      1.001002

configure_requires:

    Module                     Need   Have    
    -------------------------- ------ --------
    Module::Build              0.3614 0.4203  
    Software::License::CC0_1_0 0      0.103009


------------------------------
ENVIRONMENT AND OTHER CONTEXT
------------------------------

Environment variables:

    AUTOMATED_TESTING = 1
    COMSPEC = C:\WINDOWS\system32\cmd.exe
    NUMBER_OF_PROCESSORS = 1
    PATH = C:\WINDOWS\system32;C:\WINDOWS;C:\WINDOWS\System32\Wbem;C:\strawberry182\c\bin;C:\strawberry182\perl\site\bin;C:\strawberry182\perl\bin
    PERL5LIB = 
    PERL5OPT = 
    PERL5_CPANPLUS_IS_RUNNING = 1628
    PERL5_CPAN_IS_RUNNING = 1628
    PERL5_CPAN_IS_RUNNING_IN_RECURSION = 776,1628
    PERL_CR_SMOKER_CURRENT = Syntax-Feature-QwComments-v1.14.0
    PERL_CR_SMOKER_RUNONCE = 1
    PERL_EXTUTILS_AUTOINSTALL = --defaultdeps
    PERL_HASH_SEED = 0x11111111
    PERL_MM_USE_DEFAULT = 1
    PROCESSOR_IDENTIFIER = x86 Family 18 Model 1 Stepping 0, AuthenticAMD
    TEMP = C:\DOCUME~1\c\LOCALS~1\Temp
    TERM = dumb

Perl special variables (and OS-specific diagnostics, for MSWin32):

    $^X = C:\strawberry182\perl\bin\perl.exe
    $UID/$EUID = 0 / 0
    $GID = 0
    $EGID = 0
    Win32::GetOSName = WinXP/.Net
    Win32::GetOSVersion = Service Pack 3, 5, 1, 2600, 2, 3, 0, 256, 1
    Win32::FsType = NTFS
    Win32::IsAdminUser = 1

Perl module toolchain versions installed:

    Module              Have    
    ------------------- --------
    CPAN                2.00    
    CPAN::Meta          2.133380
    Cwd                 3.40    
    ExtUtils::CBuilder  0.280212
    ExtUtils::Command   1.18    
    ExtUtils::Install   1.59    
    ExtUtils::MakeMaker 6.84    
    ExtUtils::Manifest  1.63    
    ExtUtils::ParseXS   3.22    
    File::Spec          3.40    
    JSON                2.90    
    JSON::PP            2.27203 
    Module::Build       0.4203  
    Module::Signature   n/a     
    Parse::CPAN::Meta   1.4414  
    Test::Harness       3.30    
    Test::More          1.001002
    YAML                0.90    
    YAML::Syck          1.27    
    version             0.9904  


--

Summary of my perl5 (revision 5 version 18 subversion 2) configuration:
   
  Platform:
    osname=MSWin32, osvers=6.2, archname=MSWin32-x86-multi-thread
    uname='Win32 strawberry-perl-no64 5.18.2.1 #1 Tue Jan  7 19:43:33 2014 i386'
    config_args='undef'
    hint=recommended, useposix=true, d_sigaction=undef
    useithreads=define, usemultiplicity=define
    useperlio=define, d_sfio=undef, uselargefiles=define, usesocks=undef
    use64bitint=undef, use64bitall=undef, uselongdouble=undef
    usemymalloc=n, bincompat5005=undef
  Compiler:
    cc='gcc', ccflags =' -s -O2 -DWIN32  -DPERL_TEXTMODE_SCRIPTS -DPERL_IMPLICIT_CONTEXT -DPERL_IMPLICIT_SYS -DUSE_PERLIO -fno-strict-aliasing -mms-bitfields',
    optimize='-s -O2',
    cppflags='-DWIN32'
    ccversion='', gccversion='4.7.3', gccosandvers=''
    intsize=4, longsize=4, ptrsize=4, doublesize=8, byteorder=1234
    d_longlong=define, longlongsize=8, d_longdbl=define, longdblsize=12
    ivtype='long', ivsize=4, nvtype='double', nvsize=8, Off_t='long long', lseeksize=8
    alignbytes=8, prototype=define
  Linker and Libraries:
    ld='g++', ldflags ='-s -L"C:\strawberry182\perl\lib\CORE" -L"C:\strawberry182\c\lib"'
    libpth=C:\strawberry182\c\lib C:\strawberry182\c\i686-w64-mingw32\lib C:\strawberry182\c\lib\gcc\i686-w64-mingw32\4.7.3
    libs=-lmoldname -lkernel32 -luser32 -lgdi32 -lwinspool -lcomdlg32 -ladvapi32 -lshell32 -lole32 -loleaut32 -lnetapi32 -luuid -lws2_32 -lmpr -lwinmm -lversion -lodbc32 -lodbccp32 -lcomctl32
    perllibs=-lmoldname -lkernel32 -luser32 -lgdi32 -lwinspool -lcomdlg32 -ladvapi32 -lshell32 -lole32 -loleaut32 -lnetapi32 -luuid -lws2_32 -lmpr -lwinmm -lversion -lodbc32 -lodbccp32 -lcomctl32
    libc=, so=dll, useshrplib=true, libperl=libperl518.a
    gnulibc_version=''
  Dynamic Linking:
    dlsrc=dl_win32.xs, dlext=dll, d_dlsymun=undef, ccdlflags=' '
    cccdlflags=' ', lddlflags='-mdll -s -L"C:\strawberry182\perl\lib\CORE" -L"C:\strawberry182\c\lib"'


Characteristics of this binary (from libperl): 
  Compile-time options: HAS_TIMES HAVE_INTERP_INTERN MULTIPLICITY
                        PERLIO_LAYERS PERL_DONT_CREATE_GVSV
                        PERL_HASH_FUNC_ONE_AT_A_TIME_HARD
                        PERL_IMPLICIT_CONTEXT PERL_IMPLICIT_SYS
                        PERL_MALLOC_WRAP PERL_PRESERVE_IVUV PERL_SAWAMPERSAND
                        USE_ITHREADS USE_LARGE_FILES USE_LOCALE
                        USE_LOCALE_COLLATE USE_LOCALE_CTYPE
                        USE_LOCALE_NUMERIC USE_PERLIO USE_PERL_ATOF
  Built under MSWin32
  Compiled at Jan  7 2014 19:51:54
  %ENV:
    PERL5_CPANPLUS_IS_RUNNING="1628"
    PERL5_CPAN_IS_RUNNING="1628"
    PERL5_CPAN_IS_RUNNING_IN_RECURSION="776,1628"
    PERL_CR_SMOKER_CURRENT="Syntax-Feature-QwComments-v1.14.0"
    PERL_CR_SMOKER_RUNONCE="1"
    PERL_EXTUTILS_AUTOINSTALL="--defaultdeps"
    PERL_HASH_SEED="0x11111111"
    PERL_MM_USE_DEFAULT="1"
  @INC:
    C:/strawberry182/perl/site/lib
    C:/strawberry182/perl/vendor/lib
    C:/strawberry182/perl/lib
    .